-- Table structure for table `core_email_queue_recipients`
--

CREATE TABLE `core_email_queue_recipients` (
  `recipient_id` int unsigned NOT NULL AUTO_INCREMENT COMMENT 'Recipient Id',
  `message_id` int unsigned NOT NULL COMMENT 'Message ID',
  `recipient_email` varchar(128) NOT NULL COMMENT 'Recipient Email',
  `recipient_name` varchar(255) NOT NULL COMMENT 'Recipient Name',
  `email_type` smallint NOT NULL DEFAULT '0' COMMENT 'Email Type',
  PRIMARY KEY (`recipient_id`),
  UNIQUE KEY `19BDB9C5FE4BD685FCF992A71E976CD0` (`message_id`,`recipient_email`,`email_type`),
  KEY `IDX_CORE_EMAIL_QUEUE_RECIPIENTS_RECIPIENT_EMAIL` (`recipient_email`),
  KEY `IDX_CORE_EMAIL_QUEUE_RECIPIENTS_EMAIL_TYPE` (`email_type`)
) ENGINE=InnoDB AUTO_INCREMENT=8 DEFAULT CHARSET=utf8 COMMENT='Email Queue';

--
-- Dumping data for table `core_email_queue_recipients`
--

INSERT INTO `core_email_queue_recipients` VALUES (1,1,'dguerrini@hipay.com','Daniele Guerrini',0),(2,2,'dguerrini@hipay.com','Daniele Guerrini',0),(3,3,'dguerrini@hipay.com','Daniele Guerrini',0),(4,4,'dguerrini@hipay.com','Daniele Guerrini',0),(5,5,'dguerrini@hipay.com','Daniele Guerrini',0),(6,6,'dguerrini@hipay.com','Daniele Guerrini',0),(7,7,'dguerrini@hipay.com','Daniele Guerrini',0);

--
-- Table structure for table `core_email_template`
--

CREATE TABLE `core_email_template` (
  `template_id` int unsigned NOT NULL AUTO_INCREMENT COMMENT 'Template Id',
  `template_code` varchar(150) NOT NULL COMMENT 'Template Name',
  `template_text` text NOT NULL COMMENT 'Template Content',
  `template_styles` text COMMENT 'Templste Styles',
  `template_type` int unsigned DEFAULT NULL COMMENT 'Template Type',
  `template_subject` varchar(200) NOT NULL COMMENT 'Template Subject',
  `template_sender_name` varchar(200) DEFAULT NULL COMMENT 'Template Sender Name',
  `template_sender_email` varchar(200) DEFAULT NULL COMMENT 'Template Sender Email',
  `added_at` timestamp NULL DEFAULT NULL COMMENT 'Date of Template Creation',
  `modified_at` timestamp NULL DEFAULT NULL COMMENT 'Date of Template Modification',
  `orig_template_code` varchar(200) DEFAULT NULL COMMENT 'Original Template Code',
  `orig_template_variables` text COMMENT 'Original Template Variables',
  PRIMARY KEY (`template_id`),
  UNIQUE KEY `UNQ_CORE_EMAIL_TEMPLATE_TEMPLATE_CODE` (`template_code`),
  KEY `IDX_CORE_EMAIL_TEMPLATE_ADDED_AT` (`added_at`),
  KEY `IDX_CORE_EMAIL_TEMPLATE_MODIFIED_AT` (`modified_at`)
) ENGINE=InnoDB DEFAULT CHARSET=utf8 COMMENT='Email Templates';

--
-- Dumping data for table `core_email_template`
--


--
-- Table structure for table `core_flag`
--

CREATE TABLE `core_flag` (
  `flag_id` int unsigned NOT NULL AUTO_INCREMENT COMMENT 'Flag Id',
  `flag_code` varchar(255) NOT NULL COMMENT 'Flag Code',
  `state` smallint unsigned NOT NULL DEFAULT '0' COMMENT 'Flag State',
  `flag_data` text COMMENT 'Flag Data',
  `last_update` timestamp NOT NULL DEFAULT CURRENT_TIMESTAMP ON UPDATE CURRENT_TIMESTAMP COMMENT 'Date of Last Flag Update',
  PRIMARY KEY (`flag_id`),
  KEY `IDX_CORE_FLAG_LAST_UPDATE` (`last_update`)
) ENGINE=InnoDB AUTO_INCREMENT=3 DEFAULT CHARSET=utf8 COMMENT='Flag';

--
-- Dumping data for table `core_flag`
--

INSERT INTO `core_flag` VALUES (1,'admin_notification_survey',0,'a:1:{s:13:\"survey_viewed\";b:1;}','2019-02-01 14:42:22'),(2,'catalog_product_flat',0,'a:2:{s:8:\"is_built\";b:1;s:16:\"is_store_built_1\";b:1;}','2019-02-01 15:54:21');

--
-- Table structure for table `core_layout_link`
--

CREATE TABLE `core_layout_link` (
  `layout_link_id` int unsigned NOT NULL AUTO_INCREMENT COMMENT 'Link Id',
  `store_id` smallint unsigned NOT NULL DEFAULT '0' COMMENT 'Store Id',
  `area` varchar(64) DEFAULT NULL COMMENT 'Area',
  `package` varchar(64) DEFAULT NULL COMMENT 'Package',
  `theme` varchar(64) DEFAULT NULL COMMENT 'Theme',
  `layout_update_id` int unsigned NOT NULL DEFAULT '0' COMMENT 'Layout Update Id',
  PRIMARY KEY (`layout_link_id`),
  UNIQUE KEY `UNQ_CORE_LAYOUT_LINK_STORE_ID_PACKAGE_THEME_LAYOUT_UPDATE_ID` (`store_id`,`package`,`theme`,`layout_update_id`),
  KEY `IDX_CORE_LAYOUT_LINK_LAYOUT_UPDATE_ID` (`layout_update_id`)
) ENGINE=InnoDB DEFAULT CHARSET=utf8 COMMENT='Layout Link';

--
-- Dumping data for table `core_layout_link`
--


--
-- Table structure for table `core_layout_update`
--

CREATE TABLE `core_layout_update` (
  `layout_update_id` int unsigned NOT NULL AUTO_INCREMENT COMMENT 'Layout Update Id',
  `handle` varchar(255) DEFAULT NULL COMMENT 'Handle',
  `xml` text COMMENT 'Xml',
  `sort_order` smallint NOT NULL DEFAULT '0' COMMENT 'Sort Order',
  PRIMARY KEY (`layout_update_id`),
  KEY `IDX_CORE_LAYOUT_UPDATE_HANDLE` (`handle`)
) ENGINE=InnoDB DEFAULT CHARSET=utf8 COMMENT='Layout Updates';

--
-- Dumping data for table `core_layout_update`
--


--
-- Table structure for table `core_resource`
--

CREATE TABLE `core_resource` (
  `code` varchar(50) NOT NULL COMMENT 'Resource Code',
  `version` varchar(50) DEFAULT NULL COMMENT 'Resource Version',
  `data_version` varchar(50) DEFAULT NULL COMMENT 'Data Version',
  PRIMARY KEY (`code`)
) ENGINE=InnoDB DEFAULT CHARSET=utf8 COMMENT='Resources';

--
-- Dumping data for table `core_resource`
--

INSERT INTO `core_resource` VALUES ('adminnotification_setup','1.6.0.0','1.6.0.0'),('admin_setup','1.6.1.2','1.6.1.2'),('allopass_hipay_setup','1.13.2','1.13.2'),('api2_setup','1.0.0.0','1.0.0.0'),('api_setup','1.6.0.1','1.6.0.1'),('bundle_setup','1.6.0.0.1','1.6.0.0.1'),('captcha_setup','1.7.0.0.0','1.7.0.0.0'),('catalogindex_setup','1.6.0.0','1.6.0.0'),('cataloginventory_setup','1.6.0.0.2','1.6.0.0.2'),('catalogrule_setup','1.6.0.3','1.6.0.3'),('catalogsearch_setup','1.8.2.0','1.8.2.0'),('catalog_setup','1.6.0.0.19.1.5','1.6.0.0.19.1.5'),('checkout_setup','1.6.0.0','1.6.0.0'),('cms_setup','1.6.0.0.2','1.6.0.0.2'),('compiler_setup','1.6.0.0','1.6.0.0'),('contacts_setup','1.6.0.0','1.6.0.0'),('core_setup','1.6.0.8','1.6.0.8'),('cron_setup','1.6.0.0','1.6.0.0'),('customer_setup','1.6.2.0.7','1.6.2.0.7'),('dataflow_setup','1.6.0.0','1.6.0.0'),('directory_setup','1.6.0.3','1.6.0.3'),('downloadable_setup','1.6.0.0.3','1.6.0.0.3'),('eav_setup','1.6.0.1','1.6.0.1'),('giftmessage_setup','1.6.0.0','1.6.0.0'),('googleanalytics_setup','1.6.0.0','1.6.0.0'),('importexport_setup','1.6.0.2','1.6.0.2'),('index_setup','1.6.0.0','1.6.0.0'),('iwdall_setup','2.2.4','2.2.4'),('log_setup','1.6.1.1','1.6.1.1'),('moneybookers_setup','1.6.0.0','1.6.0.0'),('newsletter_setup','1.6.0.2','1.6.0.2'),('oauth_setup','1.0.0.0','1.0.0.0'),('paygate_setup','1.6.0.0','1.6.0.0'),('payment_setup','1.6.0.1','1.6.0.1'),('paypaluk_setup','1.6.0.0','1.6.0.0'),('paypal_setup','1.6.0.6','1.6.0.6'),('persistent_setup','1.0.0.0','1.0.0.0'),('poll_setup','1.6.0.1','1.6.0.1'),('productalert_setup','1.6.0.0','1.6.0.0'),('rating_setup','1.6.0.1','1.6.0.1'),('reports_setup','1.6.0.0.1','1.6.0.0.1'),('review_setup','1.6.0.0','1.6.0.0'),('rss_setup','1.6.0.0','1.6.0.0'),('salesrule_setup','1.6.0.3','1.6.0.3'),('sales_setup','1.6.0.10','1.6.0.10'),('sendfriend_setup','1.6.0.1','1.6.0.1'),('shipping_setup','1.6.0.0','1.6.0.0'),('sitemap_setup','1.6.0.0','1.6.0.0'),('tag_setup','1.6.0.0','1.6.0.0'),('tax_setup','1.6.0.4','1.6.0.4'),('usa_setup','1.6.0.3','1.6.0.3'),('weee_setup','1.6.0.0','1.6.0.0'),('widget_setup','1.6.0.0','1.6.0.0'),('wishlist_setup','1.6.0.0','1.6.0.0');

--
-- Table structure for table `core_session`
--

CREATE TABLE `core_session` (
  `session_id` varchar(255) NOT NULL COMMENT 'Session Id',
  `session_expires` int unsigned NOT NULL DEFAULT '0' COMMENT 'Date of Session Expiration',
  `session_data` mediumblob NOT NULL COMMENT 'Session Data',
  PRIMARY KEY (`session_id`)
) ENGINE=InnoDB DEFAULT CHARSET=utf8 COMMENT='Database Sessions Storage';

--
-- Dumping data for table `core_session`
--


--
-- Table structure for table `core_store`
--

CREATE TABLE `core_store` (
  `store_id` smallint unsigned NOT NULL AUTO_INCREMENT COMMENT 'Store Id',
  `code` varchar(32) DEFAULT NULL COMMENT 'Code',
  `website_id` smallint unsigned NOT NULL DEFAULT '0' COMMENT 'Website Id',
  `group_id` smallint unsigned NOT NULL DEFAULT '0' COMMENT 'Group Id',
  `name` varchar(255) NOT NULL COMMENT 'Store Name',
  `sort_order` smallint unsigned NOT NULL DEFAULT '0' COMMENT 'Store Sort Order',
  `is_active` smallint unsigned NOT NULL DEFAULT '0' COMMENT 'Store Activity',
  PRIMARY KEY (`store_id`),
  UNIQUE KEY `UNQ_CORE_STORE_CODE` (`code`),
  KEY `IDX_CORE_STORE_WEBSITE_ID` (`website_id`),
  KEY `IDX_CORE_STORE_IS_ACTIVE_SORT_ORDER` (`is_active`,`sort_order`),
  KEY `IDX_CORE_STORE_GROUP_ID` (`group_id`)
) ENGINE=InnoDB AUTO_INCREMENT=2 DEFAULT CHARSET=utf8 COMMENT='Stores';

--
-- Dumping data for table `core_store`
--

INSERT INTO `core_store` VALUES (0,'admin',0,0,'Admin',0,1),(1,'default',1,1,'Default Store View',0,1);

--
-- Table structure for table `core_store_group`
--

CREATE TABLE `core_store_group` (
  `group_id` smallint unsigned NOT NULL AUTO_INCREMENT COMMENT 'Group Id',
  `website_id` smallint unsigned NOT NULL DEFAULT '0' COMMENT 'Website Id',
  `name` varchar(255) NOT NULL COMMENT 'Store Group Name',
  `root_category_id` int unsigned NOT NULL DEFAULT '0' COMMENT 'Root Category Id',
  `default_store_id` smallint unsigned NOT NULL DEFAULT '0' COMMENT 'Default Store Id',
  PRIMARY KEY (`group_id`),
  KEY `IDX_CORE_STORE_GROUP_WEBSITE_ID` (`website_id`),
  KEY `IDX_CORE_STORE_GROUP_DEFAULT_STORE_ID` (`default_store_id`)
) ENGINE=InnoDB AUTO_INCREMENT=2 DEFAULT CHARSET=utf8 COMMENT='Store Groups';

--
-- Dumping data for table `core_store_group`
--

INSERT INTO `core_store_group` VALUES (0,0,'Default',0,0),(1,1,'Main Website Store',2,1);

--
-- Table structure for table `core_translate`
--

CREATE TABLE `core_translate` (
  `key_id` int unsigned NOT NULL AUTO_INCREMENT COMMENT 'Key Id of Translation',
  `string` varchar(255) NOT NULL DEFAULT 'Translate String' COMMENT 'Translation String',
  `store_id` smallint unsigned NOT NULL DEFAULT '0' COMMENT 'Store Id',
  `translate` varchar(255) DEFAULT NULL COMMENT 'Translate',
  `locale` varchar(20) NOT NULL DEFAULT 'en_US' COMMENT 'Locale',
  `crc_string` bigint NOT NULL DEFAULT '1591228201' COMMENT 'Translation String CRC32 Hash',
  PRIMARY KEY (`key_id`),
  UNIQUE KEY `UNQ_CORE_TRANSLATE_STORE_ID_LOCALE_CRC_STRING_STRING` (`store_id`,`locale`,`crc_string`,`string`),
  KEY `IDX_CORE_TRANSLATE_STORE_ID` (`store_id`)
) ENGINE=InnoDB DEFAULT CHARSET=utf8 COMMENT='Translations';

--
-- Dumping data for table `core_translate`
--


--
-- Table structure for table `core_url_rewrite`
--

CREATE TABLE `core_url_rewrite` (
  `url_rewrite_id` int unsigned NOT NULL AUTO_INCREMENT COMMENT 'Rewrite Id',
  `store_id` smallint unsigned NOT NULL DEFAULT '0' COMMENT 'Store Id',
  `id_path` varchar(255) DEFAULT NULL COMMENT 'Id Path',
  `request_path` varchar(255) DEFAULT NULL COMMENT 'Request Path',
  `target_path` varchar(255) DEFAULT NULL COMMENT 'Target Path',
  `is_system` smallint unsigned DEFAULT '1' COMMENT 'Defines is Rewrite System',
  `options` varchar(255) DEFAULT NULL COMMENT 'Options',
  `description` varchar(255) DEFAULT NULL COMMENT 'Deascription',
  `category_id` int unsigned DEFAULT NULL COMMENT 'Category Id',
  `product_id` int unsigned DEFAULT NULL COMMENT 'Product Id',
  PRIMARY KEY (`url_rewrite_id`),
  UNIQUE KEY `UNQ_CORE_URL_REWRITE_REQUEST_PATH_STORE_ID` (`request_path`,`store_id`),
  UNIQUE KEY `UNQ_CORE_URL_REWRITE_ID_PATH_IS_SYSTEM_STORE_ID` (`id_path`,`is_system`,`store_id`),
  KEY `IDX_CORE_URL_REWRITE_TARGET_PATH_STORE_ID` (`target_path`,`store_id`),
  KEY `IDX_CORE_URL_REWRITE_ID_PATH` (`id_path`),
  KEY `IDX_CORE_URL_REWRITE_STORE_ID` (`store_id`),
  KEY `FK_CORE_URL_REWRITE_CTGR_ID_CAT_CTGR_ENTT_ENTT_ID` (`category_id`),
  KEY `FK_CORE_URL_REWRITE_PRODUCT_ID_CATALOG_CATEGORY_ENTITY_ENTITY_ID` (`product_id`)
) ENGINE=InnoDB AUTO_INCREMENT=2 DEFAULT CHARSET=utf8 COMMENT='Url Rewrites';

--
-- Dumping data for table `core_url_rewrite`
--

INSERT INTO `core_url_rewrite` VALUES (1,1,'product/1','test-01.html','catalog/product/view/id/1',1,NULL,NULL,NULL,1);

--
-- Table structure for table `core_variable`
--

CREATE TABLE `core_variable` (
  `variable_id` int unsigned NOT NULL AUTO_INCREMENT COMMENT 'Variable Id',
  `code` varchar(255) DEFAULT NULL COMMENT 'Variable Code',
  `name` varchar(255) DEFAULT NULL COMMENT 'Variable Name',
  PRIMARY KEY (`variable_id`),
  UNIQUE KEY `UNQ_CORE_VARIABLE_CODE` (`code`)
) ENGINE=InnoDB DEFAULT CHARSET=utf8 COMMENT='Variables';

--
-- Dumping data for table `core_variable`
--


--
-- Table structure for table `core_variable_value`
--

CREATE TABLE `core_variable_value` (
  `value_id` int unsigned NOT NULL AUTO_INCREMENT COMMENT 'Variable Value Id',
  `variable_id` int unsigned NOT NULL DEFAULT '0' COMMENT 'Variable Id',
  `store_id` smallint unsigned NOT NULL DEFAULT '0' COMMENT 'Store Id',
  `plain_value` text COMMENT 'Plain Text Value',
  `html_value` text COMMENT 'Html Value',
  PRIMARY KEY (`value_id`),
  UNIQUE KEY `UNQ_CORE_VARIABLE_VALUE_VARIABLE_ID_STORE_ID` (`variable_id`,`store_id`),
  KEY `IDX_CORE_VARIABLE_VALUE_VARIABLE_ID` (`variable_id`),
  KEY `IDX_CORE_VARIABLE_VALUE_STORE_ID` (`store_id`)
) ENGINE=InnoDB DEFAULT CHARSET=utf8 COMMENT='Variable Value';

--
-- Dumping data for table `core_variable_value`
--


--
-- Table structure for table `core_website`
--

CREATE TABLE `core_website` (
  `website_id` smallint unsigned NOT NULL AUTO_INCREMENT COMMENT 'Website Id',
  `code` varchar(32) DEFAULT NULL COMMENT 'Code',
  `name` varchar(64) DEFAULT NULL COMMENT 'Website Name',
  `sort_order` smallint unsigned NOT NULL DEFAULT '0' COMMENT 'Sort Order',
  `default_group_id` smallint unsigned NOT NULL DEFAULT '0' COMMENT 'Default Group Id',
  `is_default` smallint unsigned DEFAULT '0' COMMENT 'Defines Is Website Default',
  PRIMARY KEY (`website_id`),
  UNIQUE KEY `UNQ_CORE_WEBSITE_CODE` (`code`),
  KEY `IDX_CORE_WEBSITE_SORT_ORDER` (`sort_order`),
  KEY `IDX_CORE_WEBSITE_DEFAULT_GROUP_ID` (`default_group_id`)
) ENGINE=InnoDB AUTO_INCREMENT=2 DEFAULT CHARSET=utf8 COMMENT='Websites';

--
-- Dumping data for table `core_website`
--

INSERT INTO `core_website` VALUES (0,'admin','Admin',0,0,0),(1,'base','Main Website',0,1,1);

--
-- Table structure for table `coupon_aggregated`
--

CREATE TABLE `coupon_aggregated` (
  `id` int unsigned NOT NULL AUTO_INCREMENT COMMENT 'Id',
  `period` date NOT NULL COMMENT 'Period',
  `store_id` smallint unsigned DEFAULT NULL COMMENT 'Store Id',
  `order_status` varchar(50) DEFAULT NULL COMMENT 'Order Status',
  `coupon_code` varchar(50) DEFAULT NULL COMMENT 'Coupon Code',
  `coupon_uses` int NOT NULL DEFAULT '0' COMMENT 'Coupon Uses',
  `subtotal_amount` decimal(12,4) NOT NULL DEFAULT '0.0000' COMMENT 'Subtotal Amount',
  `discount_amount` decimal(12,4) NOT NULL DEFAULT '0.0000' COMMENT 'Discount Amount',
  `total_amount` decimal(12,4) NOT NULL DEFAULT '0.0000' COMMENT 'Total Amount',
  `subtotal_amount_actual` decimal(12,4) NOT NULL DEFAULT '0.0000' COMMENT 'Subtotal Amount Actual',
  `discount_amount_actual` decimal(12,4) NOT NULL DEFAULT '0.0000' COMMENT 'Discount Amount Actual',
  `total_amount_actual` decimal(12,4) NOT NULL DEFAULT '0.0000' COMMENT 'Total Amount Actual',
  `rule_name` varchar(255) DEFAULT NULL COMMENT 'Rule Name',
  PRIMARY KEY (`id`),
  UNIQUE KEY `UNQ_COUPON_AGGREGATED_PERIOD_STORE_ID_ORDER_STATUS_COUPON_CODE` (`period`,`store_id`,`order_status`,`coupon_code`),
  KEY `IDX_COUPON_AGGREGATED_STORE_ID` (`store_id`),
  KEY `IDX_COUPON_AGGREGATED_RULE_NAME` (`rule_name`)
) ENGINE=InnoDB DEFAULT CHARSET=utf8 COMMENT='Coupon Aggregated';

--
-- Dumping data for table `coupon_aggregated`
--


--
-- Table structure for table `coupon_aggregated_order`
--

CREATE TABLE `coupon_aggregated_order` (
  `id` int unsigned NOT NULL AUTO_INCREMENT COMMENT 'Id',
  `period` date NOT NULL COMMENT 'Period',
  `store_id` smallint unsigned DEFAULT NULL COMMENT 'Store Id',
  `order_status` varchar(50) DEFAULT NULL COMMENT 'Order Status',
  `coupon_code` varchar(50) DEFAULT NULL COMMENT 'Coupon Code',
  `coupon_uses` int NOT NULL DEFAULT '0' COMMENT 'Coupon Uses',
  `subtotal_amount` decimal(12,4) NOT NULL DEFAULT '0.0000' COMMENT 'Subtotal Amount',
  `discount_amount` decimal(12,4) NOT NULL DEFAULT '0.0000' COMMENT 'Discount Amount',
  `total_amount` decimal(12,4) NOT NULL DEFAULT '0.0000' COMMENT 'Total Amount',
  `rule_name` varchar(255) DEFAULT NULL COMMENT 'Rule Name',
  PRIMARY KEY (`id`),
  UNIQUE KEY `UNQ_COUPON_AGGRED_ORDER_PERIOD_STORE_ID_ORDER_STS_COUPON_CODE` (`period`,`store_id`,`order_status`,`coupon_code`),
  KEY `IDX_COUPON_AGGREGATED_ORDER_STORE_ID` (`store_id`),
  KEY `IDX_COUPON_AGGREGATED_ORDER_RULE_NAME` (`rule_name`)
) ENGINE=InnoDB DEFAULT CHARSET=utf8 COMMENT='Coupon Aggregated Order';

--
-- Dumping data for table `coupon_aggregated_order`
--


--
-- Table structure for table `coupon_aggregated_updated`
--

CREATE TABLE `coupon_aggregated_updated` (
  `id` int unsigned NOT NULL AUTO_INCREMENT COMMENT 'Id',
  `period` date NOT NULL COMMENT 'Period',
  `store_id` smallint unsigned DEFAULT NULL COMMENT 'Store Id',
  `order_status` varchar(50) DEFAULT NULL COMMENT 'Order Status',
  `coupon_code` varchar(50) DEFAULT NULL COMMENT 'Coupon Code',
  `coupon_uses` int NOT NULL DEFAULT '0' COMMENT 'Coupon Uses',
  `subtotal_amount` decimal(12,4) NOT NULL DEFAULT '0.0000' COMMENT 'Subtotal Amount',
  `discount_amount` decimal(12,4) NOT NULL DEFAULT '0.0000' COMMENT 'Discount Amount',
  `total_amount` decimal(12,4) NOT NULL DEFAULT '0.0000' COMMENT 'Total Amount',
  `subtotal_amount_actual` decimal(12,4) NOT NULL DEFAULT '0.0000' COMMENT 'Subtotal Amount Actual',
  `discount_amount_actual` decimal(12,4) NOT NULL DEFAULT '0.0000' COMMENT 'Discount Amount Actual',
  `total_amount_actual` decimal(12,4) NOT NULL DEFAULT '0.0000' COMMENT 'Total Amount Actual',
  `rule_name` varchar(255) DEFAULT NULL COMMENT 'Rule Name',
  PRIMARY KEY (`id`),
  UNIQUE KEY `UNQ_COUPON_AGGRED_UPDATED_PERIOD_STORE_ID_ORDER_STS_COUPON_CODE` (`period`,`store_id`,`order_status`,`coupon_code`),
  KEY `IDX_COUPON_AGGREGATED_UPDATED_STORE_ID` (`store_id`),
  KEY `IDX_COUPON_AGGREGATED_UPDATED_RULE_NAME` (`rule_name`)
) ENGINE=InnoDB DEFAULT CHARSET=utf8 COMMENT='Coupon Aggregated Updated';

--
-- Dumping data for table `coupon_aggregated_updated`
--


--
-- Table structure for table `cron_schedule`
--

CREATE TABLE `cron_schedule` (
  `schedule_id` int unsigned NOT NULL AUTO_INCREMENT COMMENT 'Schedule Id',
  `job_code` varchar(255) NOT NULL DEFAULT '0' COMMENT 'Job Code',
  `status` varchar(7) NOT NULL DEFAULT 'pending' COMMENT 'Status',
  `messages` text COMMENT 'Messages',
  `created_at` timestamp NOT NULL DEFAULT '0000-00-00 00:00:00' COMMENT 'Created At',
  `scheduled_at` timestamp NULL DEFAULT NULL COMMENT 'Scheduled At',
  `executed_at` timestamp NULL DEFAULT NULL COMMENT 'Executed At',
  `finished_at` timestamp NULL DEFAULT NULL COMMENT 'Finished At',
  PRIMARY KEY (`schedule_id`),
  KEY `IDX_CRON_SCHEDULE_JOB_CODE` (`job_code`),
  KEY `IDX_CRON_SCHEDULE_SCHEDULED_AT_STATUS` (`scheduled_at`,`status`)
) ENGINE=InnoDB DEFAULT CHARSET=utf8 COMMENT='Cron Schedule';

--
-- Dumping data for table `cron_schedule`
--


--
-- Table structure for table `customer_address_entity`
--

CREATE TABLE `customer_address_entity` (
  `entity_id` int unsigned NOT NULL AUTO_INCREMENT COMMENT 'Entity Id',
  `entity_type_id` smallint unsigned NOT NULL DEFAULT '0' COMMENT 'Entity Type Id',
  `attribute_set_id` smallint unsigned NOT NULL DEFAULT '0' COMMENT 'Attribute Set Id',
  `increment_id` varchar(50) DEFAULT NULL COMMENT 'Increment Id',
  `parent_id` int unsigned DEFAULT NULL COMMENT 'Parent Id',
  `created_at` timestamp NOT NULL DEFAULT '0000-00-00 00:00:00' COMMENT 'Created At',
  `updated_at` timestamp NOT NULL DEFAULT '0000-00-00 00:00:00' COMMENT 'Updated At',
  `is_active` smallint unsigned NOT NULL DEFAULT '1' COMMENT 'Is Active',
  PRIMARY KEY (`entity_id`),
  KEY `IDX_CUSTOMER_ADDRESS_ENTITY_PARENT_ID` (`parent_id`)
) ENGINE=InnoDB AUTO_INCREMENT=2 DEFAULT CHARSET=utf8 COMMENT='Customer Address Entity';

--
-- Dumping data for table `customer_address_entity`
--

INSERT INTO `customer_address_entity` VALUES (1,2,0,NULL,1,'2019-02-02 11:37:40','2019-10-24 12:32:39',1);

--
-- Table structure for table `customer_address_entity_datetime`
--

CREATE TABLE `customer_address_entity_datetime` (
  `value_id` int NOT NULL AUTO_INCREMENT COMMENT 'Value Id',
  `entity_type_id` smallint unsigned NOT NULL DEFAULT '0' COMMENT 'Entity Type Id',
  `attribute_id` smallint unsigned NOT NULL DEFAULT '0' COMMENT 'Attribute Id',
  `entity_id` int unsigned NOT NULL DEFAULT '0' COMMENT 'Entity Id',
  `value` datetime NOT NULL DEFAULT '0000-00-00 00:00:00' COMMENT 'Value',
  PRIMARY KEY (`value_id`),
  UNIQUE KEY `UNQ_CUSTOMER_ADDRESS_ENTITY_DATETIME_ENTITY_ID_ATTRIBUTE_ID` (`entity_id`,`attribute_id`),
  KEY `IDX_CUSTOMER_ADDRESS_ENTITY_DATETIME_ENTITY_TYPE_ID` (`entity_type_id`),
  KEY `IDX_CUSTOMER_ADDRESS_ENTITY_DATETIME_ATTRIBUTE_ID` (`attribute_id`),
  KEY `IDX_CUSTOMER_ADDRESS_ENTITY_DATETIME_ENTITY_ID` (`entity_id`),
  KEY `IDX_CSTR_ADDR_ENTT_DTIME_ENTT_ID_ATTR_ID_VAL` (`entity_id`,`attribute_id`,`value`)
) ENGINE=InnoDB DEFAULT CHARSET=utf8 COMMENT='Customer Address Entity Datetime';

--
-- Dumping data for table `customer_address_entity_datetime`
--


--
-- Table structure for table `customer_address_entity_decimal`
--

CREATE TABLE `customer_address_entity_decimal` (
  `value_id` int NOT NULL AUTO_INCREMENT COMMENT 'Value Id',
  `entity_type_id` smallint unsigned NOT NULL DEFAULT '0' COMMENT 'Entity Type Id',
  `attribute_id` smallint unsigned NOT NULL DEFAULT '0' COMMENT 'Attribute Id',
  `entity_id` int unsigned NOT NULL DEFAULT '0' COMMENT 'Entity Id',
  `value` decimal(12,4) NOT NULL DEFAULT '0.0000' COMMENT 'Value',
  PRIMARY KEY (`value_id`),
  UNIQUE KEY `UNQ_CUSTOMER_ADDRESS_ENTITY_DECIMAL_ENTITY_ID_ATTRIBUTE_ID` (`entity_id`,`attribute_id`),
  KEY `IDX_CUSTOMER_ADDRESS_ENTITY_DECIMAL_ENTITY_TYPE_ID` (`entity_type_id`),
  KEY `IDX_CUSTOMER_ADDRESS_ENTITY_DECIMAL_ATTRIBUTE_ID` (`attribute_id`),
  KEY `IDX_CUSTOMER_ADDRESS_ENTITY_DECIMAL_ENTITY_ID` (`entity_id`),
  KEY `IDX_CUSTOMER_ADDRESS_ENTITY_DECIMAL_ENTITY_ID_ATTRIBUTE_ID_VALUE` (`entity_id`,`attribute_id`,`value`)
) ENGINE=InnoDB DEFAULT CHARSET=utf8 COMMENT='Customer Address Entity Decimal';

--
-- Dumping data for table `customer_address_entity_decimal`
--


--
-- Table structure for table `customer_address_entity_int`
--

CREATE TABLE `customer_address_entity_int` (
  `value_id` int NOT NULL AUTO_INCREMENT COMMENT 'Value Id',
  `entity_type_id` smallint unsigned NOT NULL DEFAULT '0' COMMENT 'Entity Type Id',
  `attribute_id` smallint unsigned NOT NULL DEFAULT '0' COMMENT 'Attribute Id',
  `entity_id` int unsigned NOT NULL DEFAULT '0' COMMENT 'Entity Id',
  `value` int NOT NULL DEFAULT '0' COMMENT 'Value',
  PRIMARY KEY (`value_id`),
  UNIQUE KEY `UNQ_CUSTOMER_ADDRESS_ENTITY_INT_ENTITY_ID_ATTRIBUTE_ID` (`entity_id`,`attribute_id`),
  KEY `IDX_CUSTOMER_ADDRESS_ENTITY_INT_ENTITY_TYPE_ID` (`entity_type_id`),
  KEY `IDX_CUSTOMER_ADDRESS_ENTITY_INT_ATTRIBUTE_ID` (`attribute_id`),
  KEY `IDX_CUSTOMER_ADDRESS_ENTITY_INT_ENTITY_ID` (`entity_id`),
  KEY `IDX_CUSTOMER_ADDRESS_ENTITY_INT_ENTITY_ID_ATTRIBUTE_ID_VALUE` (`entity_id`,`attribute_id`,`value`)
) ENGINE=InnoDB AUTO_INCREMENT=2 DEFAULT CHARSET=utf8 COMMENT='Customer Address Entity Int';

--
-- Dumping data for table `customer_address_entity_int`
--

INSERT INTO `customer_address_entity_int` VALUES (1,2,29,1,0);

--
-- Table structure for table `customer_address_entity_text`
--

CREATE TABLE `customer_address_entity_text` (
  `value_id` int NOT NULL AUTO_INCREMENT COMMENT 'Value Id',
  `entity_type_id` smallint unsigned NOT NULL DEFAULT '0' COMMENT 'Entity Type Id',
  `attribute_id` smallint unsigned NOT NULL DEFAULT '0' COMMENT 'Attribute Id',
  `entity_id` int unsigned NOT NULL DEFAULT '0' COMMENT 'Entity Id',
  `value` text NOT NULL COMMENT 'Value',
  PRIMARY KEY (`value_id`),
  UNIQUE KEY `UNQ_CUSTOMER_ADDRESS_ENTITY_TEXT_ENTITY_ID_ATTRIBUTE_ID` (`entity_id`,`attribute_id`),
  KEY `IDX_CUSTOMER_ADDRESS_ENTITY_TEXT_ENTITY_TYPE_ID` (`entity_type_id`),
  KEY `IDX_CUSTOMER_ADDRESS_ENTITY_TEXT_ATTRIBUTE_ID` (`attribute_id`),
  KEY `IDX_CUSTOMER_ADDRESS_ENTITY_TEXT_ENTITY_ID` (`entity_id`)
) ENGINE=InnoDB AUTO_INCREMENT=2 DEFAULT CHARSET=utf8 COMMENT='Customer Address Entity Text';

--
-- Dumping data for table `customer_address_entity_text`
--

INSERT INTO `customer_address_entity_text` VALUES (1,2,25,1,'Via Festa del Perdono\n11');

--
-- Table structure for table `customer_address_entity_varchar`
--

CREATE TABLE `customer_address_entity_varchar` (
  `value_id` int NOT NULL AUTO_INCREMENT COMMENT 'Value Id',
  `entity_type_id` smallint unsigned NOT NULL DEFAULT '0' COMMENT 'Entity Type Id',
  `attribute_id` smallint unsigned NOT NULL DEFAULT '0' COMMENT 'Attribute Id',
  `entity_id` int unsigned NOT NULL DEFAULT '0' COMMENT 'Entity Id',
  `value` varchar(255) DEFAULT NULL COMMENT 'Value',
  PRIMARY KEY (`value_id`),
  UNIQUE KEY `UNQ_CUSTOMER_ADDRESS_ENTITY_VARCHAR_ENTITY_ID_ATTRIBUTE_ID` (`entity_id`,`attribute_id`),
  KEY `IDX_CUSTOMER_ADDRESS_ENTITY_VARCHAR_ENTITY_TYPE_ID` (`entity_type_id`),
  KEY `IDX_CUSTOMER_ADDRESS_ENTITY_VARCHAR_ATTRIBUTE_ID` (`attribute_id`),
  KEY `IDX_CUSTOMER_ADDRESS_ENTITY_VARCHAR_ENTITY_ID` (`entity_id`),
  KEY `IDX_CUSTOMER_ADDRESS_ENTITY_VARCHAR_ENTITY_ID_ATTRIBUTE_ID_VALUE` (`entity_id`,`attribute_id`,`value`)
) ENGINE=InnoDB AUTO_INCREMENT=11 DEFAULT CHARSET=utf8 COMMENT='Customer Address Entity Varchar';

--
-- Dumping data for table `customer_address_entity_varchar`
--

INSERT INTO `customer_address_entity_varchar` VALUES (1,2,20,1,'Daniele'),(2,2,22,1,'Guerrini'),(3,2,26,1,'Milano'),(4,2,30,1,'20122'),(5,2,27,1,'IT'),(6,2,31,1,'+393421961773'),(7,2,21,1,NULL),(8,2,24,1,NULL),(9,2,28,1,NULL),(10,2,32,1,NULL);

--
-- Table structure for table `customer_eav_attribute`
--

CREATE TABLE `customer_eav_attribute` (
  `attribute_id` smallint unsigned NOT NULL COMMENT 'Attribute Id',
  `is_visible` smallint unsigned NOT NULL DEFAULT '1' COMMENT 'Is Visible',
  `input_filter` varchar(255) DEFAULT NULL COMMENT 'Input Filter',
  `multiline_count` smallint unsigned NOT NULL DEFAULT '1' COMMENT 'Multiline Count',
  `validate_rules` text COMMENT 'Validate Rules',
  `is_system` smallint unsigned NOT NULL DEFAULT '0' COMMENT 'Is System',
  `sort_order` int unsigned NOT NULL DEFAULT '0' COMMENT 'Sort Order',
  `data_model` varchar(255) DEFAULT NULL COMMENT 'Data Model',
  PRIMARY KEY (`attribute_id`)
) ENGINE=InnoDB DEFAULT CHARSET=utf8 COMMENT='Customer Eav Attribute';

--
-- Dumping data for table `customer_eav_attribute`
--

INSERT INTO `customer_eav_attribute` VALUES (1,1,NULL,0,NULL,1,10,NULL),(2,0,NULL,0,NULL,1,0,NULL),(3,1,NULL,0,NULL,1,20,NULL),(4,0,NULL,0,NULL,0,30,NULL),(5,1,NULL,0,'a:2:{s:15:\"max_text_length\";i:255;s:15:\"min_text_length\";i:1;}',1,40,NULL),(6,1,NULL,0,NULL,0,50,NULL),(7,1,NULL,0,'a:2:{s:15:\"max_text_length\";i:255;s:15:\"min_text_length\";i:1;}',1,60,NULL),(8,0,NULL,0,NULL,0,70,NULL),(9,1,NULL,0,'a:1:{s:16:\"input_validation\";s:5:\"email\";}',1,80,NULL),(10,1,NULL,0,NULL,1,25,NULL),(11,0,'date',0,'a:1:{s:16:\"input_validation\";s:4:\"date\";}',0,90,NULL),(12,0,NULL,0,NULL,1,0,NULL),(13,0,NULL,0,NULL,1,0,NULL),(14,0,NULL,0,NULL,1,0,NULL),(15,0,NULL,0,'a:1:{s:15:\"max_text_length\";i:255;}',0,100,NULL),(16,0,NULL,0,NULL,1,0,NULL),(17,0,'datetime',0,NULL,0,0,NULL),(18,0,NULL,0,'a:0:{}',0,110,NULL),(19,0,NULL,0,NULL,0,10,NULL),(20,1,NULL,0,'a:2:{s:15:\"max_text_length\";i:255;s:15:\"min_text_length\";i:1;}',1,20,NULL),(21,1,NULL,0,NULL,0,30,NULL),(22,1,NULL,0,'a:2:{s:15:\"max_text_length\";i:255;s:15:\"min_text_length\";i:1;}',1,40,NULL),(23,0,NULL,0,NULL,0,50,NULL),(24,1,NULL,0,'a:2:{s:15:\"max_text_length\";i:255;s:15:\"min_text_length\";i:1;}',1,60,NULL),(25,1,NULL,2,'a:2:{s:15:\"max_text_length\";i:255;s:15:\"min_text_length\";i:1;}',1,70,NULL),(26,1,NULL,0,'a:2:{s:15:\"max_text_length\";i:255;s:15:\"min_text_length\";i:1;}',1,80,NULL),(27,1,NULL,0,NULL,1,90,NULL),(28,1,NULL,0,NULL,1,100,NULL),(29,1,NULL,0,NULL,1,100,NULL),(30,1,NULL,0,'a:0:{}',1,110,'customer/attribute_data_postcode'),(31,1,NULL,0,'a:2:{s:15:\"max_text_length\";i:255;s:15:\"min_text_length\";i:1;}',1,120,NULL),(32,1,NULL,0,'a:2:{s:15:\"max_text_length\";i:255;s:15:\"min_text_length\";i:1;}',1,130,NULL),(33,0,NULL,0,NULL,1,0,NULL),(34,0,NULL,0,'a:1:{s:16:\"input_validation\";s:4:\"date\";}',1,0,NULL),(35,1,NULL,0,NULL,1,28,NULL),(36,1,NULL,0,NULL,1,140,NULL),(37,0,NULL,0,NULL,1,0,NULL),(38,0,NULL,0,NULL,1,0,NULL),(39,0,NULL,0,NULL,1,0,NULL),(40,0,NULL,0,NULL,1,0,NULL),(41,0,NULL,0,NULL,1,0,NULL),(42,0,NULL,0,NULL,1,0,NULL),(134,1,NULL,0,NULL,1,700,NULL),(135,1,NULL,0,NULL,1,700,NULL),(136,1,NULL,0,NULL,1,700,NULL),(137,1,NULL,0,NULL,1,700,NULL),(138,1,NULL,0,NULL,1,800,NULL);

--
-- Table structure for table `customer_eav_attribute_website`
--

CREATE TABLE `customer_eav_attribute_website` (
  `attribute_id` smallint unsigned NOT NULL COMMENT 'Attribute Id',
  `website_id` smallint unsigned NOT NULL COMMENT 'Website Id',
  `is_visible` smallint unsigned DEFAULT NULL COMMENT 'Is Visible',
  `is_required` smallint unsigned DEFAULT NULL COMMENT 'Is Required',
  `default_value` text COMMENT 'Default Value',
  `multiline_count` smallint unsigned DEFAULT NULL COMMENT 'Multiline Count',
  PRIMARY KEY (`attribute_id`,`website_id`),
  KEY `IDX_CUSTOMER_EAV_ATTRIBUTE_WEBSITE_WEBSITE_ID` (`website_id`)
) ENGINE=InnoDB DEFAULT CHARSET=utf8 COMMENT='Customer Eav Attribute Website';

--
-- Dumping data for table `customer_eav_attribute_website`
--

INSERT INTO `customer_eav_attribute_website` VALUES (134,1,NULL,NULL,NULL,NULL),(135,1,NULL,NULL,NULL,NULL),(136,1,NULL,NULL,NULL,NULL),(137,1,NULL,NULL,NULL,NULL),(138,1,NULL,NULL,NULL,NULL);

--
-- Table structure for table `customer_entity`
--

CREATE TABLE `customer_entity` (
  `entity_id` int unsigned NOT NULL AUTO_INCREMENT COMMENT 'Entity Id',
  `entity_type_id` smallint unsigned NOT NULL DEFAULT '0' COMMENT 'Entity Type Id',
  `attribute_set_id` smallint unsigned NOT NULL DEFAULT '0' COMMENT 'Attribute Set Id',
  `website_id` smallint unsigned DEFAULT NULL COMMENT 'Website Id',
  `email` varchar(255) DEFAULT NULL COMMENT 'Email',
  `group_id` smallint unsigned NOT NULL DEFAULT '0' COMMENT 'Group Id',
  `increment_id` varchar(50) DEFAULT NULL COMMENT 'Increment Id',
  `store_id` smallint unsigned DEFAULT '0' COMMENT 'Store Id',
  `created_at` timestamp NOT NULL DEFAULT '0000-00-00 00:00:00' COMMENT 'Created At',
  `updated_at` timestamp NOT NULL DEFAULT '0000-00-00 00:00:00' COMMENT 'Updated At',
  `is_active` smallint unsigned NOT NULL DEFAULT '1' COMMENT 'Is Active',
  `disable_auto_group_change` smallint unsigned NOT NULL DEFAULT '0' COMMENT 'Disable automatic group change based on VAT ID',
  PRIMARY KEY (`entity_id`),
  UNIQUE KEY `UNQ_CUSTOMER_ENTITY_EMAIL_WEBSITE_ID` (`email`,`website_id`),
  KEY `IDX_CUSTOMER_ENTITY_STORE_ID` (`store_id`),
  KEY `IDX_CUSTOMER_ENTITY_ENTITY_TYPE_ID` (`entity_type_id`),
  KEY `IDX_CUSTOMER_ENTITY_EMAIL_WEBSITE_ID` (`email`,`website_id`),
  KEY `IDX_CUSTOMER_ENTITY_WEBSITE_ID` (`website_id`)
) ENGINE=InnoDB AUTO_INCREMENT=2 DEFAULT CHARSET=utf8 COMMENT='Customer Entity';

--
-- Dumping data for table `customer_entity`
--

INSERT INTO `customer_entity` VALUES (1,1,0,1,'dguerrini@hipay.com',1,NULL,1,'2019-02-04 14:32:55','2019-10-24 12:32:39',1,0);

--
-- Table structure for table `customer_entity_datetime`
--

CREATE TABLE `customer_entity_datetime` (
  `value_id` int NOT NULL AUTO_INCREMENT COMMENT 'Value Id',
  `entity_type_id` smallint unsigned NOT NULL DEFAULT '0' COMMENT 'Entity Type Id',
  `attribute_id` smallint unsigned NOT NULL DEFAULT '0' COMMENT 'Attribute Id',
  `entity_id` int unsigned NOT NULL DEFAULT '0' COMMENT 'Entity Id',
  `value` datetime NOT NULL DEFAULT '0000-00-00 00:00:00' COMMENT 'Value',
  PRIMARY KEY (`value_id`),
  UNIQUE KEY `UNQ_CUSTOMER_ENTITY_DATETIME_ENTITY_ID_ATTRIBUTE_ID` (`entity_id`,`attribute_id`),
  KEY `IDX_CUSTOMER_ENTITY_DATETIME_ENTITY_TYPE_ID` (`entity_type_id`),
  KEY `IDX_CUSTOMER_ENTITY_DATETIME_ATTRIBUTE_ID` (`attribute_id`),
  KEY `IDX_CUSTOMER_ENTITY_DATETIME_ENTITY_ID` (`entity_id`),
  KEY `IDX_CUSTOMER_ENTITY_DATETIME_ENTITY_ID_ATTRIBUTE_ID_VALUE` (`entity_id`,`attribute_id`,`value`)
) ENGINE=InnoDB DEFAULT CHARSET=utf8 COMMENT='Customer Entity Datetime';

--
-- Dumping data for table `customer_entity_datetime`
--


--
-- Table structure for table `customer_entity_decimal`
--

CREATE TABLE `customer_entity_decimal` (
  `value_id` int NOT NULL AUTO_INCREMENT COMMENT 'Value Id',
  `entity_type_id` smallint unsigned NOT NULL DEFAULT '0' COMMENT 'Entity Type Id',
  `attribute_id` smallint unsigned NOT NULL DEFAULT '0' COMMENT 'Attribute Id',
  `entity_id` int unsigned NOT NULL DEFAULT '0' COMMENT 'Entity Id',
  `value` decimal(12,4) NOT NULL DEFAULT '0.0000' COMMENT 'Value',
  PRIMARY KEY (`value_id`),
  UNIQUE KEY `UNQ_CUSTOMER_ENTITY_DECIMAL_ENTITY_ID_ATTRIBUTE_ID` (`entity_id`,`attribute_id`),
  KEY `IDX_CUSTOMER_ENTITY_DECIMAL_ENTITY_TYPE_ID` (`entity_type_id`),
  KEY `IDX_CUSTOMER_ENTITY_DECIMAL_ATTRIBUTE_ID` (`attribute_id`),
  KEY `IDX_CUSTOMER_ENTITY_DECIMAL_ENTITY_ID` (`entity_id`),
  KEY `IDX_CUSTOMER_ENTITY_DECIMAL_ENTITY_ID_ATTRIBUTE_ID_VALUE` (`entity_id`,`attribute_id`,`value`)
) ENGINE=InnoDB DEFAULT CHARSET=utf8 COMMENT='Customer Entity Decimal';

--
-- Dumping data for table `customer_entity_decimal`
--


--
-- Table structure for table `customer_entity_int`
--

CREATE TABLE `customer_entity_int` (
  `value_id` int NOT NULL AUTO_INCREMENT COMMENT 'Value Id',
  `entity_type_id` smallint unsigned NOT NULL DEFAULT '0' COMMENT 'Entity Type Id',
  `attribute_id` smallint unsigned NOT NULL DEFAULT '0' COMMENT 'Attribute Id',
  `entity_id` int unsigned NOT NULL DEFAULT '0' COMMENT 'Entity Id',
  `value` int NOT NULL DEFAULT '0' COMMENT 'Value',
  PRIMARY KEY (`value_id`),
  UNIQUE KEY `UNQ_CUSTOMER_ENTITY_INT_ENTITY_ID_ATTRIBUTE_ID` (`entity_id`,`attribute_id`),
  KEY `IDX_CUSTOMER_ENTITY_INT_ENTITY_TYPE_ID` (`entity_type_id`),
  KEY `IDX_CUSTOMER_ENTITY_INT_ATTRIBUTE_ID` (`attribute_id`),
  KEY `IDX_CUSTOMER_ENTITY_INT_ENTITY_ID` (`entity_id`),
  KEY `IDX_CUSTOMER_ENTITY_INT_ENTITY_ID_ATTRIBUTE_ID_VALUE` (`entity_id`,`attribute_id`,`value`)
) ENGINE=InnoDB AUTO_INCREMENT=4 DEFAULT CHARSET=utf8 COMMENT='Customer Entity Int';

--
-- Dumping data for table `customer_entity_int`
--

INSERT INTO `customer_entity_int` VALUES (1,1,41,1,1549294375),(2,1,13,1,1),(3,1,14,1,1);

--
-- Table structure for table `customer_entity_text`
--

CREATE TABLE `customer_entity_text` (
  `value_id` int NOT NULL AUTO_INCREMENT COMMENT 'Value Id',
  `entity_type_id` smallint unsigned NOT NULL DEFAULT '0' COMMENT 'Entity Type Id',
  `attribute_id` smallint unsigned NOT NULL DEFAULT '0' COMMENT 'Attribute Id',
  `entity_id` int unsigned NOT NULL DEFAULT '0' COMMENT 'Entity Id',
  `value` text NOT NULL COMMENT 'Value',
  PRIMARY KEY (`value_id`),
  UNIQUE KEY `UNQ_CUSTOMER_ENTITY_TEXT_ENTITY_ID_ATTRIBUTE_ID` (`entity_id`,`attribute_id`),
  KEY `IDX_CUSTOMER_ENTITY_TEXT_ENTITY_TYPE_ID` (`entity_type_id`),
  KEY `IDX_CUSTOMER_ENTITY_TEXT_ATTRIBUTE_ID` (`attribute_id`),
  KEY `IDX_CUSTOMER_ENTITY_TEXT_ENTITY_ID` (`entity_id`)
) ENGINE=InnoDB DEFAULT CHARSET=utf8 COMMENT='Customer Entity Text';

--
-- Dumping data for table `customer_entity_text`
--


--
-- Table structure for table `customer_entity_varchar`
--

CREATE TABLE `customer_entity_varchar` (
  `value_id` int NOT NULL AUTO_INCREMENT COMMENT 'Value Id',
  `entity_type_id` smallint unsigned NOT NULL DEFAULT '0' COMMENT 'Entity Type Id',
  `attribute_id` smallint unsigned NOT NULL DEFAULT '0' COMMENT 'Attribute Id',
  `entity_id` int unsigned NOT NULL DEFAULT '0' COMMENT 'Entity Id',
  `value` varchar(255) DEFAULT NULL COMMENT 'Value',
  PRIMARY KEY (`value_id`),
  UNIQUE KEY `UNQ_CUSTOMER_ENTITY_VARCHAR_ENTITY_ID_ATTRIBUTE_ID` (`entity_id`,`attribute_id`),
  KEY `IDX_CUSTOMER_ENTITY_VARCHAR_ENTITY_TYPE_ID` (`entity_type_id`),
  KEY `IDX_CUSTOMER_ENTITY_VARCHAR_ATTRIBUTE_ID` (`attribute_id`),
  KEY `IDX_CUSTOMER_ENTITY_VARCHAR_ENTITY_ID` (`entity_id`),
  KEY `IDX_CUSTOMER_ENTITY_VARCHAR_ENTITY_ID_ATTRIBUTE_ID_VALUE` (`entity_id`,`attribute_id`,`value`)
) ENGINE=InnoDB AUTO_INCREMENT=6 DEFAULT CHARSET=utf8 COMMENT='Customer Entity Varchar';

--
-- Dumping data for table `customer_entity_varchar`
--

INSERT INTO `customer_entity_varchar` VALUES (1,1,5,1,'Daniele'),(3,1,7,1,'Guerrini'),(4,1,12,1,'68156cf60c09e67459d54249efa08b3c:yNceCvbhKJcU1hBj83puEaMsdLj0Mklf'),(5,1,3,1,'Default Store View');

--
-- Table structure for table `customer_flowpassword`
--

CREATE TABLE `customer_flowpassword` (
  `flowpassword_id` int unsigned NOT NULL AUTO_INCREMENT COMMENT 'Flow password Id',
  `ip` varchar(50) NOT NULL COMMENT 'User IP',
  `email` varchar(255) NOT NULL COMMENT 'Requested email for change',
  `requested_date` varchar(255) NOT NULL DEFAULT '0000-00-00 00:00:00' COMMENT 'Requested date for change',
  PRIMARY KEY (`flowpassword_id`),
  KEY `IDX_CUSTOMER_FLOWPASSWORD_EMAIL` (`email`),
  KEY `IDX_CUSTOMER_FLOWPASSWORD_IP` (`ip`),
  KEY `IDX_CUSTOMER_FLOWPASSWORD_REQUESTED_DATE` (`requested_date`)
) ENGINE=InnoDB DEFAULT CHARSET=utf8 COMMENT='Customer flow password';

--
-- Dumping data for table `customer_flowpassword`
--


--
-- Table structure for table `customer_form_attribute`
--

CREATE TABLE `customer_form_attribute` (
  `form_code` varchar(32) NOT NULL COMMENT 'Form Code',
  `attribute_id` smallint unsigned NOT NULL COMMENT 'Attribute Id',
  PRIMARY KEY (`form_code`,`attribute_id`),
  KEY `IDX_CUSTOMER_FORM_ATTRIBUTE_ATTRIBUTE_ID` (`attribute_id`)
) ENGINE=InnoDB DEFAULT CHARSET=utf8 COMMENT='Customer Form Attribute';

--
-- Dumping data for table `customer_form_attribute`
--

INSERT INTO `customer_form_attribute` VALUES ('adminhtml_customer',1),('adminhtml_customer',3),('adminhtml_customer',4),('checkout_register',4),('customer_account_create',4),('customer_account_edit',4),('adminhtml_customer',5),('checkout_register',5),('customer_account_create',5),('customer_account_edit',5),('adminhtml_customer',6),('checkout_register',6),('customer_account_create',6),('customer_account_edit',6),('adminhtml_customer',7),('checkout_register',7),('customer_account_create',7),('customer_account_edit',7),('adminhtml_customer',8),('checkout_register',8),('customer_account_create',8),('customer_account_edit',8),('adminhtml_checkout',9),('adminhtml_customer',9),('checkout_register',9),('customer_account_create',9),('customer_account_edit',9),('adminhtml_checkout',10),('adminhtml_customer',10),('adminhtml_checkout',11),('adminhtml_customer',11),('checkout_register',11),('customer_account_create',11),('customer_account_edit',11),('adminhtml_checkout',15),('adminhtml_customer',15),('checkout_register',15),('customer_account_create',15),('customer_account_edit',15),('adminhtml_customer',17),('checkout_register',17),('customer_account_create',17),('customer_account_edit',17),('adminhtml_checkout',18),('adminhtml_customer',18),('checkout_register',18),('customer_account_create',18),('customer_account_edit',18),('adminhtml_customer_address',19),('customer_address_edit',19),('customer_register_address',19),('adminhtml_customer_address',20),('customer_address_edit',20),('customer_register_address',20),('adminhtml_customer_address',21),('customer_address_edit',21),('customer_register_address',21),('adminhtml_customer_address',22),('customer_address_edit',22),('customer_register_address',22),('adminhtml_customer_address',23),('customer_address_edit',23),('customer_register_address',23),('adminhtml_customer_address',24),('customer_address_edit',24),('customer_register_address',24),('adminhtml_customer_address',25),('customer_address_edit',25),('customer_register_address',25),('adminhtml_customer_address',26),('customer_address_edit',26),('customer_register_address',26),('adminhtml_customer_address',27),('customer_address_edit',27),('customer_register_address',27),('adminhtml_customer_address',28),('customer_address_edit',28),('customer_register_address',28),('adminhtml_customer_address',29),('customer_address_edit',29),('customer_register_address',29),('adminhtml_customer_address',30),('customer_address_edit',30),('customer_register_address',30),('adminhtml_customer_address',31),('customer_address_edit',31),('customer_register_address',31),('adminhtml_customer_address',32),('customer_address_edit',32),('customer_register_address',32),('adminhtml_customer',35),('adminhtml_customer_address',36),('customer_address_edit',36),('customer_register_address',36),('adminhtml_customer',134),('adminhtml_customer',135),('adminhtml_customer',136),('adminhtml_customer',137),('adminhtml_customer',138);

--
-- Table structure for table `customer_group`
--

CREATE TABLE `customer_group` (
  `customer_group_id` smallint unsigned NOT NULL AUTO_INCREMENT COMMENT 'Customer Group Id',
  `customer_group_code` varchar(32) NOT NULL COMMENT 'Customer Group Code',
  `tax_class_id` int unsigned NOT NULL DEFAULT '0' COMMENT 'Tax Class Id',
  PRIMARY KEY (`customer_group_id`)
) ENGINE=InnoDB AUTO_INCREMENT=4 DEFAULT CHARSET=utf8 COMMENT='Customer Group';

--
-- Dumping data for table `customer_group`
--

INSERT INTO `customer_group` VALUES (0,'NOT LOGGED IN',3),(1,'General',3),(2,'Wholesale',3),(3,'Retailer',3);

--
-- Table structure for table `dataflow_batch`
--

CREATE TABLE `dataflow_batch` (
  `batch_id` int unsigned NOT NULL AUTO_INCREMENT COMMENT 'Batch Id',
  `profile_id` int unsigned NOT NULL DEFAULT '0' COMMENT 'Profile ID',
  `store_id` smallint unsigned NOT NULL DEFAULT '0' COMMENT 'Store Id',
  `adapter` varchar(128) DEFAULT NULL COMMENT 'Adapter',
  `params` text COMMENT 'Parameters',
  `created_at` timestamp NULL DEFAULT NULL COMMENT 'Created At',
  PRIMARY KEY (`batch_id`),
  KEY `IDX_DATAFLOW_BATCH_PROFILE_ID` (`profile_id`),
  KEY `IDX_DATAFLOW_BATCH_STORE_ID` (`store_id`),
  KEY `IDX_DATAFLOW_BATCH_CREATED_AT` (`created_at`)
) ENGINE=InnoDB DEFAULT CHARSET=utf8 COMMENT='Dataflow Batch';

--
-- Dumping data for table `dataflow_batch`
--


--
-- Table structure for table `dataflow_batch_export`
--

CREATE TABLE `dataflow_batch_export` (
  `batch_export_id` bigint unsigned NOT NULL AUTO_INCREMENT COMMENT 'Batch Export Id',
  `batch_id` int unsigned NOT NULL DEFAULT '0' COMMENT 'Batch Id',
  `batch_data` longtext COMMENT 'Batch Data',
  `status` smallint unsigned NOT NULL DEFAULT '0' COMMENT 'Status',
  PRIMARY KEY (`batch_export_id`),
  KEY `IDX_DATAFLOW_BATCH_EXPORT_BATCH_ID` (`batch_id`)
) ENGINE=InnoDB DEFAULT CHARSET=utf8 COMMENT='Dataflow Batch Export';

--
-- Dumping data for table `dataflow_batch_export`
--


--
-- Table structure for table `dataflow_batch_import`
--

CREATE TABLE `dataflow_batch_import` (
  `batch_import_id` bigint unsigned NOT NULL AUTO_INCREMENT COMMENT 'Batch Import Id',
  `batch_id` int unsigned NOT NULL DEFAULT '0' COMMENT 'Batch Id',
  `batch_data` longtext COMMENT 'Batch Data',
  `status` smallint unsigned NOT NULL DEFAULT '0' COMMENT 'Status',
  PRIMARY KEY (`batch_import_id`),
  KEY `IDX_DATAFLOW_BATCH_IMPORT_BATCH_ID` (`batch_id`)
) ENGINE=InnoDB DEFAULT CHARSET=utf8 COMMENT='Dataflow Batch Import';

--
-- Dumping data for table `dataflow_batch_import`
--


--
-- Table structure for table `dataflow_import_data`
--

CREATE TABLE `dataflow_import_data` (
  `import_id` int NOT NULL AUTO_INCREMENT COMMENT 'Import Id',
  `session_id` int DEFAULT NULL COMMENT 'Session Id',
  `serial_number` int NOT NULL DEFAULT '0' COMMENT 'Serial Number',
  `value` text COMMENT 'Value',
  `status` int NOT NULL DEFAULT '0' COMMENT 'Status',
  PRIMARY KEY (`import_id`),
  KEY `IDX_DATAFLOW_IMPORT_DATA_SESSION_ID` (`session_id`)
) ENGINE=InnoDB DEFAULT CHARSET=utf8 COMMENT='Dataflow Import Data';

--
-- Dumping data for table `dataflow_import_data`
--


--
-- Table structure for table `dataflow_profile`
--

CREATE TABLE `dataflow_profile` (
  `profile_id` int unsigned NOT NULL AUTO_INCREMENT COMMENT 'Profile Id',
  `name` varchar(255) DEFAULT NULL COMMENT 'Name',
  `created_at` timestamp NULL DEFAULT NULL COMMENT 'Created At',
  `updated_at` timestamp NULL DEFAULT NULL COMMENT 'Updated At',
  `actions_xml` text COMMENT 'Actions Xml',
  `gui_data` text COMMENT 'Gui Data',
  `direction` varchar(6) DEFAULT NULL COMMENT 'Direction',
  `entity_type` varchar(64) DEFAULT NULL COMMENT 'Entity Type',
  `store_id` smallint unsigned NOT NULL DEFAULT '0' COMMENT 'Store Id',
  `data_transfer` varchar(11) DEFAULT NULL COMMENT 'Data Transfer',
  PRIMARY KEY (`profile_id`)
) ENGINE=InnoDB AUTO_INCREMENT=7 DEFAULT CHARSET=utf8 COMMENT='Dataflow Profile';

--
-- Dumping data for table `dataflow_profile`
--

INSERT INTO `dataflow_profile` VALUES (1,'Export All Products','2019-02-01 14:39:16','2019-02-01 14:39:16','<action type=\"catalog/convert_adapter_product\" method=\"load\">\\r\\n    <var name=\"store\"><![CDATA[0]]></var>\\r\\n</action>\\r\\n\\r\\n<action type=\"catalog/convert_parser_product\" method=\"unparse\">\\r\\n    <var name=\"store\"><![CDATA[0]]></var>\\r\\n</action>\\r\\n\\r\\n<action type=\"dataflow/convert_mapper_column\" method=\"map\">\\r\\n</action>\\r\\n\\r\\n<action type=\"dataflow/convert_parser_csv\" method=\"unparse\">\\r\\n    <var name=\"delimiter\"><![CDATA[,]]></var>\\r\\n    <var name=\"enclose\"><![CDATA[\"]]></var>\\r\\n    <var name=\"fieldnames\">true</var>\\r\\n</action>\\r\\n\\r\\n<action type=\"dataflow/convert_adapter_io\" method=\"save\">\\r\\n    <var name=\"type\">file</var>\\r\\n    <var name=\"path\">var/export</var>\\r\\n    <var name=\"filename\"><![CDATA[export_all_products.csv]]></var>\\r\\n</action>\\r\\n\\r\\n','a:5:{s:4:\"file\";a:7:{s:4:\"type\";s:4:\"file\";s:8:\"filename\";s:23:\"export_all_products.csv\";s:4:\"path\";s:10:\"var/export\";s:4:\"host\";s:0:\"\";s:4:\"user\";s:0:\"\";s:8:\"password\";s:0:\"\";s:7:\"passive\";s:0:\"\";}s:5:\"parse\";a:5:{s:4:\"type\";s:3:\"csv\";s:12:\"single_sheet\";s:0:\"\";s:9:\"delimiter\";s:1:\",\";s:7:\"enclose\";s:1:\"\"\";s:10:\"fieldnames\";s:4:\"true\";}s:3:\"map\";a:3:{s:14:\"only_specified\";s:0:\"\";s:7:\"product\";a:2:{s:2:\"db\";a:0:{}s:4:\"file\";a:0:{}}s:8:\"customer\";a:2:{s:2:\"db\";a:0:{}s:4:\"file\";a:0:{}}}s:7:\"product\";a:1:{s:6:\"filter\";a:8:{s:4:\"name\";s:0:\"\";s:3:\"sku\";s:0:\"\";s:4:\"type\";s:1:\"0\";s:13:\"attribute_set\";s:0:\"\";s:5:\"price\";a:2:{s:4:\"from\";s:0:\"\";s:2:\"to\";s:0:\"\";}s:3:\"qty\";a:2:{s:4:\"from\";s:0:\"\";s:2:\"to\";s:0:\"\";}s:10:\"visibility\";s:1:\"0\";s:6:\"status\";s:1:\"0\";}}s:8:\"customer\";a:1:{s:6:\"filter\";a:10:{s:9:\"firstname\";s:0:\"\";s:8:\"lastname\";s:0:\"\";s:5:\"email\";s:0:\"\";s:5:\"group\";s:1:\"0\";s:10:\"adressType\";s:15:\"default_billing\";s:9:\"telephone\";s:0:\"\";s:8:\"postcode\";s:0:\"\";s:7:\"country\";s:0:\"\";s:6:\"region\";s:0:\"\";s:10:\"created_at\";a:2:{s:4:\"from\";s:0:\"\";s:2:\"to\";s:0:\"\";}}}}','export','product',0,'file'),(2,'Export Product Stocks','2019-02-01 14:39:16','2019-02-01 14:39:16','<action type=\"catalog/convert_adapter_product\" method=\"load\">\\r\\n    <var name=\"store\"><![CDATA[0]]></var>\\r\\n</action>\\r\\n\\r\\n<action type=\"catalog/convert_parser_product\" method=\"unparse\">\\r\\n    <var name=\"store\"><![CDATA[0]]></var>\\r\\n</action>\\r\\n\\r\\n<action type=\"dataflow/convert_mapper_column\" method=\"map\">\\r\\n</action>\\r\\n\\r\\n<action type=\"dataflow/convert_parser_csv\" method=\"unparse\">\\r\\n    <var name=\"delimiter\"><![CDATA[,]]></var>\\r\\n    <var name=\"enclose\"><![CDATA[\"]]></var>\\r\\n    <var name=\"fieldnames\">true</var>\\r\\n</action>\\r\\n\\r\\n<action type=\"dataflow/convert_adapter_io\" method=\"save\">\\r\\n    <var name=\"type\">file</var>\\r\\n    <var name=\"path\">var/export</var>\\r\\n    <var name=\"filename\"><![CDATA[export_all_products.csv]]></var>\\r\\n</action>\\r\\n\\r\\n','a:5:{s:4:\"file\";a:7:{s:4:\"type\";s:4:\"file\";s:8:\"filename\";s:25:\"export_product_stocks.csv\";s:4:\"path\";s:10:\"var/export\";s:4:\"host\";s:0:\"\";s:4:\"user\";s:0:\"\";s:8:\"password\";s:0:\"\";s:7:\"passive\";s:0:\"\";}s:5:\"parse\";a:5:{s:4:\"type\";s:3:\"csv\";s:12:\"single_sheet\";s:0:\"\";s:9:\"delimiter\";s:1:\",\";s:7:\"enclose\";s:1:\"\"\";s:10:\"fieldnames\";s:4:\"true\";}s:3:\"map\";a:3:{s:14:\"only_specified\";s:4:\"true\";s:7:\"product\";a:2:{s:2:\"db\";a:4:{i:1;s:5:\"store\";i:2;s:3:\"sku\";i:3;s:3:\"qty\";i:4;s:11:\"is_in_stock\";}s:4:\"file\";a:4:{i:1;s:5:\"store\";i:2;s:3:\"sku\";i:3;s:3:\"qty\";i:4;s:11:\"is_in_stock\";}}s:8:\"customer\";a:2:{s:2:\"db\";a:0:{}s:4:\"file\";a:0:{}}}s:7:\"product\";a:1:{s:6:\"filter\";a:8:{s:4:\"name\";s:0:\"\";s:3:\"sku\";s:0:\"\";s:4:\"type\";s:1:\"0\";s:13:\"attribute_set\";s:0:\"\";s:5:\"price\";a:2:{s:4:\"from\";s:0:\"\";s:2:\"to\";s:0:\"\";}s:3:\"qty\";a:2:{s:4:\"from\";s:0:\"\";s:2:\"to\";s:0:\"\";}s:10:\"visibility\";s:1:\"0\";s:6:\"status\";s:1:\"0\";}}s:8:\"customer\";a:1:{s:6:\"filter\";a:10:{s:9:\"firstname\";s:0:\"\";s:8:\"lastname\";s:0:\"\";s:5:\"email\";s:0:\"\";s:5:\"group\";s:1:\"0\";s:10:\"adressType\";s:15:\"default_billing\";s:9:\"telephone\";s:0:\"\";s:8:\"postcode\";s:0:\"\";s:7:\"country\";s:0:\"\";s:6:\"region\";s:0:\"\";s:10:\"created_at\";a:2:{s:4:\"from\";s:0:\"\";s:2:\"to\";s:0:\"\";}}}}','export','product',0,'file'),(3,'Import All Products','2019-02-01 14:39:16','2019-02-01 14:39:16','<action type=\"dataflow/convert_parser_csv\" method=\"parse\">\\r\\n    <var name=\"delimiter\"><![CDATA[,]]></var>\\r\\n    <var name=\"enclose\"><![CDATA[\"]]></var>\\r\\n    <var name=\"fieldnames\">true</var>\\r\\n    <var name=\"store\"><![CDATA[0]]></var>\\r\\n    <var name=\"adapter\">catalog/convert_adapter_product</var>\\r\\n    <var name=\"method\">parse</var>\\r\\n</action>','a:5:{s:4:\"file\";a:7:{s:4:\"type\";s:4:\"file\";s:8:\"filename\";s:23:\"export_all_products.csv\";s:4:\"path\";s:10:\"var/export\";s:4:\"host\";s:0:\"\";s:4:\"user\";s:0:\"\";s:8:\"password\";s:0:\"\";s:7:\"passive\";s:0:\"\";}s:5:\"parse\";a:5:{s:4:\"type\";s:3:\"csv\";s:12:\"single_sheet\";s:0:\"\";s:9:\"delimiter\";s:1:\",\";s:7:\"enclose\";s:1:\"\"\";s:10:\"fieldnames\";s:4:\"true\";}s:3:\"map\";a:3:{s:14:\"only_specified\";s:0:\"\";s:7:\"product\";a:2:{s:2:\"db\";a:0:{}s:4:\"file\";a:0:{}}s:8:\"customer\";a:2:{s:2:\"db\";a:0:{}s:4:\"file\";a:0:{}}}s:7:\"product\";a:1:{s:6:\"filter\";a:8:{s:4:\"name\";s:0:\"\";s:3:\"sku\";s:0:\"\";s:4:\"type\";s:1:\"0\";s:13:\"attribute_set\";s:0:\"\";s:5:\"price\";a:2:{s:4:\"from\";s:0:\"\";s:2:\"to\";s:0:\"\";}s:3:\"qty\";a:2:{s:4:\"from\";s:0:\"\";s:2:\"to\";s:0:\"\";}s:10:\"visibility\";s:1:\"0\";s:6:\"status\";s:1:\"0\";}}s:8:\"customer\";a:1:{s:6:\"filter\";a:10:{s:9:\"firstname\";s:0:\"\";s:8:\"lastname\";s:0:\"\";s:5:\"email\";s:0:\"\";s:5:\"group\";s:1:\"0\";s:10:\"adressType\";s:15:\"default_billing\";s:9:\"telephone\";s:0:\"\";s:8:\"postcode\";s:0:\"\";s:7:\"country\";s:0:\"\";s:6:\"region\";s:0:\"\";s:10:\"created_at\";a:2:{s:4:\"from\";s:0:\"\";s:2:\"to\";s:0:\"\";}}}}','import','product',0,'interactive'),(4,'Import Product Stocks','2019-02-01 14:39:16','2019-02-01 14:39:16','<action type=\"dataflow/convert_parser_csv\" method=\"parse\">\\r\\n    <var name=\"delimiter\"><![CDATA[,]]></var>\\r\\n    <var name=\"enclose\"><![CDATA[\"]]></var>\\r\\n    <var name=\"fieldnames\">true</var>\\r\\n    <var name=\"store\"><![CDATA[0]]></var>\\r\\n    <var name=\"adapter\">catalog/convert_adapter_product</var>\\r\\n    <var name=\"method\">parse</var>\\r\\n</action>','a:5:{s:4:\"file\";a:7:{s:4:\"type\";s:4:\"file\";s:8:\"filename\";s:18:\"export_product.csv\";s:4:\"path\";s:10:\"var/export\";s:4:\"host\";s:0:\"\";s:4:\"user\";s:0:\"\";s:8:\"password\";s:0:\"\";s:7:\"passive\";s:0:\"\";}s:5:\"parse\";a:5:{s:4:\"type\";s:3:\"csv\";s:12:\"single_sheet\";s:0:\"\";s:9:\"delimiter\";s:1:\",\";s:7:\"enclose\";s:1:\"\"\";s:10:\"fieldnames\";s:4:\"true\";}s:3:\"map\";a:3:{s:14:\"only_specified\";s:0:\"\";s:7:\"product\";a:2:{s:2:\"db\";a:0:{}s:4:\"file\";a:0:{}}s:8:\"customer\";a:2:{s:2:\"db\";a:0:{}s:4:\"file\";a:0:{}}}s:7:\"product\";a:1:{s:6:\"filter\";a:8:{s:4:\"name\";s:0:\"\";s:3:\"sku\";s:0:\"\";s:4:\"type\";s:1:\"0\";s:13:\"attribute_set\";s:0:\"\";s:5:\"price\";a:2:{s:4:\"from\";s:0:\"\";s:2:\"to\";s:0:\"\";}s:3:\"qty\";a:2:{s:4:\"from\";s:0:\"\";s:2:\"to\";s:0:\"\";}s:10:\"visibility\";s:1:\"0\";s:6:\"status\";s:1:\"0\";}}s:8:\"customer\";a:1:{s:6:\"filter\";a:10:{s:9:\"firstname\";s:0:\"\";s:8:\"lastname\";s:0:\"\";s:5:\"email\";s:0:\"\";s:5:\"group\";s:1:\"0\";s:10:\"adressType\";s:15:\"default_billing\";s:9:\"telephone\";s:0:\"\";s:8:\"postcode\";s:0:\"\";s:7:\"country\";s:0:\"\";s:6:\"region\";s:0:\"\";s:10:\"created_at\";a:2:{s:4:\"from\";s:0:\"\";s:2:\"to\";s:0:\"\";}}}}','import','product',0,'interactive'),(5,'Export Customers','2019-02-01 14:39:16','2019-02-01 14:39:16','<action type=\"customer/convert_adapter_customer\" method=\"load\">\\r\\n    <var name=\"store\"><![CDATA[0]]></var>\\r\\n    <var name=\"filter/adressType\"><![CDATA[default_billing]]></var>\\r\\n</action>\\r\\n\\r\\n<action type=\"customer/convert_parser_customer\" method=\"unparse\">\\r\\n    <var name=\"store\"><![CDATA[0]]></var>\\r\\n</action>\\r\\n\\r\\n<action type=\"dataflow/convert_mapper_column\" method=\"map\">\\r\\n</action>\\r\\n\\r\\n<action type=\"dataflow/convert_parser_csv\" method=\"unparse\">\\r\\n    <var name=\"delimiter\"><![CDATA[,]]></var>\\r\\n    <var name=\"enclose\"><![CDATA[\"]]></var>\\r\\n    <var name=\"fieldnames\">true</var>\\r\\n</action>\\r\\n\\r\\n<action type=\"dataflow/convert_adapter_io\" method=\"save\">\\r\\n    <var name=\"type\">file</var>\\r\\n    <var name=\"path\">var/export</var>\\r\\n    <var name=\"filename\"><![CDATA[export_customers.csv]]></var>\\r\\n</action>\\r\\n\\r\\n','a:5:{s:4:\"file\";a:7:{s:4:\"type\";s:4:\"file\";s:8:\"filename\";s:20:\"export_customers.csv\";s:4:\"path\";s:10:\"var/export\";s:4:\"host\";s:0:\"\";s:4:\"user\";s:0:\"\";s:8:\"password\";s:0:\"\";s:7:\"passive\";s:0:\"\";}s:5:\"parse\";a:5:{s:4:\"type\";s:3:\"csv\";s:12:\"single_sheet\";s:0:\"\";s:9:\"delimiter\";s:1:\",\";s:7:\"enclose\";s:1:\"\"\";s:10:\"fieldnames\";s:4:\"true\";}s:3:\"map\";a:3:{s:14:\"only_specified\";s:0:\"\";s:7:\"product\";a:2:{s:2:\"db\";a:0:{}s:4:\"file\";a:0:{}}s:8:\"customer\";a:2:{s:2:\"db\";a:0:{}s:4:\"file\";a:0:{}}}s:7:\"product\";a:1:{s:6:\"filter\";a:8:{s:4:\"name\";s:0:\"\";s:3:\"sku\";s:0:\"\";s:4:\"type\";s:1:\"0\";s:13:\"attribute_set\";s:0:\"\";s:5:\"price\";a:2:{s:4:\"from\";s:0:\"\";s:2:\"to\";s:0:\"\";}s:3:\"qty\";a:2:{s:4:\"from\";s:0:\"\";s:2:\"to\";s:0:\"\";}s:10:\"visibility\";s:1:\"0\";s:6:\"status\";s:1:\"0\";}}s:8:\"customer\";a:1:{s:6:\"filter\";a:10:{s:9:\"firstname\";s:0:\"\";s:8:\"lastname\";s:0:\"\";s:5:\"email\";s:0:\"\";s:5:\"group\";s:1:\"0\";s:10:\"adressType\";s:15:\"default_billing\";s:9:\"telephone\";s:0:\"\";s:8:\"postcode\";s:0:\"\";s:7:\"country\";s:0:\"\";s:6:\"region\";s:0:\"\";s:10:\"created_at\";a:2:{s:4:\"from\";s:0:\"\";s:2:\"to\";s:0:\"\";}}}}','export','customer',0,'file'),(6,'Import Customers','2019-02-01 14:39:17','2019-02-01 14:39:17','<action type=\"dataflow/convert_parser_csv\" method=\"parse\">\\r\\n    <var name=\"delimiter\"><![CDATA[,]]></var>\\r\\n    <var name=\"enclose\"><![CDATA[\"]]></var>\\r\\n    <var name=\"fieldnames\">true</var>\\r\\n    <var name=\"store\"><![CDATA[0]]></var>\\r\\n    <var name=\"adapter\">customer/convert_adapter_customer</var>\\r\\n    <var name=\"method\">parse</var>\\r\\n</action>','a:5:{s:4:\"file\";a:7:{s:4:\"type\";s:4:\"file\";s:8:\"filename\";s:19:\"export_customer.csv\";s:4:\"path\";s:10:\"var/export\";s:4:\"host\";s:0:\"\";s:4:\"user\";s:0:\"\";s:8:\"password\";s:0:\"\";s:7:\"passive\";s:0:\"\";}s:5:\"parse\";a:5:{s:4:\"type\";s:3:\"csv\";s:12:\"single_sheet\";s:0:\"\";s:9:\"delimiter\";s:1:\",\";s:7:\"enclose\";s:1:\"\"\";s:10:\"fieldnames\";s:4:\"true\";}s:3:\"map\";a:3:{s:14:\"only_specified\";s:0:\"\";s:7:\"product\";a:2:{s:2:\"db\";a:0:{}s:4:\"file\";a:0:{}}s:8:\"customer\";a:2:{s:2:\"db\";a:0:{}s:4:\"file\";a:0:{}}}s:7:\"product\";a:1:{s:6:\"filter\";a:8:{s:4:\"name\";s:0:\"\";s:3:\"sku\";s:0:\"\";s:4:\"type\";s:1:\"0\";s:13:\"attribute_set\";s:0:\"\";s:5:\"price\";a:2:{s:4:\"from\";s:0:\"\";s:2:\"to\";s:0:\"\";}s:3:\"qty\";a:2:{s:4:\"from\";s:0:\"\";s:2:\"to\";s:0:\"\";}s:10:\"visibility\";s:1:\"0\";s:6:\"status\";s:1:\"0\";}}s:8:\"customer\";a:1:{s:6:\"filter\";a:10:{s:9:\"firstname\";s:0:\"\";s:8:\"lastname\";s:0:\"\";s:5:\"email\";s:0:\"\";s:5:\"group\";s:1:\"0\";s:10:\"adressType\";s:15:\"default_billing\";s:9:\"telephone\";s:0:\"\";s:8:\"postcode\";s:0:\"\";s:7:\"country\";s:0:\"\";s:6:\"region\";s:0:\"\";s:10:\"created_at\";a:2:{s:4:\"from\";s:0:\"\";s:2:\"to\";s:0:\"\";}}}}','import','customer',0,'interactive');

--
-- Table structure for table `dataflow_profile_history`
--

CREATE TABLE `dataflow_profile_history` (
  `history_id` int unsigned NOT NULL AUTO_INCREMENT COMMENT 'History Id',
  `profile_id` int unsigned NOT NULL DEFAULT '0' COMMENT 'Profile Id',
  `action_code` varchar(64) DEFAULT NULL COMMENT 'Action Code',
  `user_id` int unsigned NOT NULL DEFAULT '0' COMMENT 'User Id',
  `performed_at` timestamp NULL DEFAULT NULL COMMENT 'Performed At',
  PRIMARY KEY (`history_id`),
  KEY `IDX_DATAFLOW_PROFILE_HISTORY_PROFILE_ID` (`profile_id`)
) ENGINE=InnoDB AUTO_INCREMENT=7 DEFAULT CHARSET=utf8 COMMENT='Dataflow Profile History';

--
-- Dumping data for table `dataflow_profile_history`
--

INSERT INTO `dataflow_profile_history` VALUES (1,1,'create',0,'2019-02-01 14:39:16'),(2,2,'create',0,'2019-02-01 14:39:16'),(3,3,'create',0,'2019-02-01 14:39:16'),(4,4,'create',0,'2019-02-01 14:39:16'),(5,5,'create',0,'2019-02-01 14:39:17'),(6,6,'create',0,'2019-02-01 14:39:17');

--
-- Table structure for table `dataflow_session`
--

CREATE TABLE `dataflow_session` (
  `session_id` int NOT NULL AUTO_INCREMENT COMMENT 'Session Id',
  `user_id` int NOT NULL COMMENT 'User Id',
  `created_date` timestamp NULL DEFAULT NULL COMMENT 'Created Date',
  `file` varchar(255) DEFAULT NULL COMMENT 'File',
  `type` varchar(32) DEFAULT NULL COMMENT 'Type',
  `direction` varchar(32) DEFAULT NULL COMMENT 'Direction',
  `comment` varchar(255) DEFAULT NULL COMMENT 'Comment',
  PRIMARY KEY (`session_id`)
) ENGINE=InnoDB DEFAULT CHARSET=utf8 COMMENT='Dataflow Session';

--
-- Dumping data for table `dataflow_session`
--


--
-- Table structure for table `design_change`
--

CREATE TABLE `design_change` (
  `design_change_id` int NOT NULL AUTO_INCREMENT COMMENT 'Design Change Id',
  `store_id` smallint unsigned NOT NULL DEFAULT '0' COMMENT 'Store Id',
  `design` varchar(255) DEFAULT NULL COMMENT 'Design',
  `date_from` date DEFAULT NULL COMMENT 'First Date of Design Activity',
  `date_to` date DEFAULT NULL COMMENT 'Last Date of Design Activity',
  PRIMARY KEY (`design_change_id`),
  KEY `IDX_DESIGN_CHANGE_STORE_ID` (`store_id`)
) ENGINE=InnoDB DEFAULT CHARSET=utf8 COMMENT='Design Changes';

--
-- Dumping data for table `design_change`
--


--
-- Table structure for table `directory_country`
--

CREATE TABLE `directory_country` (
  `country_id` varchar(2) NOT NULL DEFAULT '' COMMENT 'Country Id in ISO-2',
  `iso2_code` varchar(2) DEFAULT NULL COMMENT 'Country ISO-2 format',
  `iso3_code` varchar(3) DEFAULT NULL COMMENT 'Country ISO-3',
  PRIMARY KEY (`country_id`)
) ENGINE=InnoDB DEFAULT CHARSET=utf8 COMMENT='Directory Country';

--
-- Dumping data for table `directory_country`
--

INSERT INTO `directory_country` VALUES ('AD','AD','AND'),('AE','AE','ARE'),('AF','AF','AFG'),('AG','AG','ATG'),('AI','AI','AIA'),('AL','AL','ALB'),('AM','AM','ARM'),('AN','AN','ANT'),('AO','AO','AGO'),('AQ','AQ','ATA'),('AR','AR','ARG'),('AS','AS','ASM'),('AT','AT','AUT'),('AU','AU','AUS'),('AW','AW','ABW'),('AX','AX','ALA'),('AZ','AZ','AZE'),('BA','BA','BIH'),('BB','BB','BRB'),('BD','BD','BGD'),('BE','BE','BEL'),('BF','BF','BFA'),('BG','BG','BGR'),('BH','BH','BHR'),('BI','BI','BDI'),('BJ','BJ','BEN'),('BL','BL','BLM'),('BM','BM','BMU'),('BN','BN','BRN'),('BO','BO','BOL'),('BR','BR','BRA'),('BS','BS','BHS'),('BT','BT','BTN'),('BV','BV','BVT'),('BW','BW','BWA'),('BY','BY','BLR'),('BZ','BZ','BLZ'),('CA','CA','CAN'),('CC','CC','CCK'),('CD','CD','COD'),('CF','CF','CAF'),('CG','CG','COG'),('CH','CH','CHE'),('CI','CI','CIV'),('CK','CK','COK'),('CL','CL','CHL'),('CM','CM','CMR'),('CN','CN','CHN'),('CO','CO','COL'),('CR','CR','CRI'),('CU','CU','CUB'),('CV','CV','CPV'),('CX','CX','CXR'),('CY','CY','CYP'),('CZ','CZ','CZE'),('DE','DE','DEU'),('DJ','DJ','DJI'),('DK','DK','DNK'),('DM','DM','DMA'),('DO','DO','DOM'),('DZ','DZ','DZA'),('EC','EC','ECU'),('EE','EE','EST'),('EG','EG','EGY'),('EH','EH','ESH'),('ER','ER','ERI'),('ES','ES','ESP'),('ET','ET','ETH'),('FI','FI','FIN'),('FJ','FJ','FJI'),('FK','FK','FLK'),('FM','FM','FSM'),('FO','FO','FRO'),('FR','FR','FRA'),('GA','GA','GAB'),('GB','GB','GBR'),('GD','GD','GRD'),('GE','GE','GEO'),('GF','GF','GUF'),('GG','GG','GGY'),('GH','GH','GHA'),('GI','GI','GIB'),('GL','GL','GRL'),('GM','GM','GMB'),('GN','GN','GIN'),('GP','GP','GLP'),('GQ','GQ','GNQ'),('GR','GR','GRC'),('GS','GS','SGS'),('GT','GT','GTM'),('GU','GU','GUM'),('GW','GW','GNB'),('GY','GY','GUY'),('HK','HK','HKG'),('HM','HM','HMD'),('HN','HN','HND'),('HR','HR','HRV'),('HT','HT','HTI'),('HU','HU','HUN'),('ID','ID','IDN'),('IE','IE','IRL'),('IL','IL','ISR'),('IM','IM','IMN'),('IN','IN','IND'),('IO','IO','IOT'),('IQ','IQ','IRQ'),('IR','IR','IRN'),('IS','IS','ISL'),('IT','IT','ITA'),('JE','JE','JEY'),('JM','JM','JAM'),('JO','JO','JOR'),('JP','JP','JPN'),('KE','KE','KEN'),('KG','KG','KGZ'),('KH','KH','KHM'),('KI','KI','KIR'),('KM','KM','COM'),('KN','KN','KNA'),('KP','KP','PRK'),('KR','KR','KOR'),('KW','KW','KWT'),('KY','KY','CYM'),('KZ','KZ','KAZ'),('LA','LA','LAO'),('LB','LB','LBN'),('LC','LC','LCA'),('LI','LI','LIE'),('LK','LK','LKA'),('LR','LR','LBR'),('LS','LS','LSO'),('LT','LT','LTU'),('LU','LU','LUX'),('LV','LV','LVA'),('LY','LY','LBY'),('MA','MA','MAR'),('MC','MC','MCO'),('MD','MD','MDA'),('ME','ME','MNE'),('MF','MF','MAF'),('MG','MG','MDG'),('MH','MH','MHL'),('MK','MK','MKD'),('ML','ML','MLI'),('MM','MM','MMR'),('MN','MN','MNG'),('MO','MO','MAC'),('MP','MP','MNP'),('MQ','MQ','MTQ'),('MR','MR','MRT'),('MS','MS','MSR'),('MT','MT','MLT'),('MU','MU','MUS'),('MV','MV','MDV'),('MW','MW','MWI'),('MX','MX','MEX'),('MY','MY','MYS'),('MZ','MZ','MOZ'),('NA','NA','NAM'),('NC','NC','NCL'),('NE','NE','NER'),('NF','NF','NFK'),('NG','NG','NGA'),('NI','NI','NIC'),('NL','NL','NLD'),('NO','NO','NOR'),('NP','NP','NPL'),('NR','NR','NRU'),('NU','NU','NIU'),('NZ','NZ','NZL'),('OM','OM','OMN'),('PA','PA','PAN'),('PE','PE','PER'),('PF','PF','PYF'),('PG','PG','PNG'),('PH','PH','PHL'),('PK','PK','PAK'),('PL','PL','POL'),('PM','PM','SPM'),('PN','PN','PCN'),('PR','PR','PRI'),('PS','PS','PSE'),('PT','PT','PRT'),('PW','PW','PLW'),('PY','PY','PRY'),('QA','QA','QAT'),('RE','RE','REU'),('RO','RO','ROU'),('RS','RS','SRB'),('RU','RU','RUS'),('RW','RW','RWA'),('SA','SA','SAU'),('SB','SB','SLB'),('SC','SC','SYC'),('SD','SD','SDN'),('SE','SE','SWE'),('SG','SG','SGP'),('SH','SH','SHN'),('SI','SI','SVN'),('SJ','SJ','SJM'),('SK','SK','SVK'),('SL','SL','SLE'),('SM','SM','SMR'),('SN','SN','SEN'),('SO','SO','SOM'),('SR','SR','SUR'),('ST','ST','STP'),('SV','SV','SLV'),('SY','SY','SYR'),('SZ','SZ','SWZ'),('TC','TC','TCA'),('TD','TD','TCD'),('TF','TF','ATF'),('TG','TG','TGO'),('TH','TH','THA'),('TJ','TJ','TJK'),('TK','TK','TKL'),('TL','TL','TLS'),('TM','TM','TKM'),('TN','TN','TUN'),('TO','TO','TON'),('TR','TR','TUR'),('TT','TT','TTO'),('TV','TV','TUV'),('TW','TW','TWN'),('TZ','TZ','TZA'),('UA','UA','UKR'),('UG','UG','UGA'),('UM','UM','UMI'),('US','US','USA'),('UY','UY','URY'),('UZ','UZ','UZB'),('VA','VA','VAT'),('VC','VC','VCT'),('VE','VE','VEN'),('VG','VG','VGB'),('VI','VI','VIR'),('VN','VN','VNM'),('VU','VU','VUT'),('WF','WF','WLF'),('WS','WS','WSM'),('YE','YE','YEM'),('YT','YT','MYT'),('ZA','ZA','ZAF'),('ZM','ZM','ZMB'),('ZW','ZW','ZWE');

--
-- Table structure for table `directory_country_format`
--

CREATE TABLE `directory_country_format` (
  `country_format_id` int unsigned NOT NULL AUTO_INCREMENT COMMENT 'Country Format Id',
  `country_id` varchar(2) DEFAULT NULL COMMENT 'Country Id in ISO-2',
  `type` varchar(30) DEFAULT NULL COMMENT 'Country Format Type',
  `format` text NOT NULL COMMENT 'Country Format',
  PRIMARY KEY (`country_format_id`),
  UNIQUE KEY `UNQ_DIRECTORY_COUNTRY_FORMAT_COUNTRY_ID_TYPE` (`country_id`,`type`)
) ENGINE=InnoDB DEFAULT CHARSET=utf8 COMMENT='Directory Country Format';

--
-- Dumping data for table `directory_country_format`
--


--
-- Table structure for table `directory_country_region`
--

CREATE TABLE `directory_country_region` (
  `region_id` int unsigned NOT NULL AUTO_INCREMENT COMMENT 'Region Id',
  `country_id` varchar(4) NOT NULL DEFAULT '0' COMMENT 'Country Id in ISO-2',
  `code` varchar(32) DEFAULT NULL COMMENT 'Region code',
  `default_name` varchar(255) DEFAULT NULL COMMENT 'Region Name',
  PRIMARY KEY (`region_id`),
  KEY `IDX_DIRECTORY_COUNTRY_REGION_COUNTRY_ID` (`country_id`)
) ENGINE=InnoDB AUTO_INCREMENT=485 DEFAULT CHARSET=utf8 COMMENT='Directory Country Region';

--
-- Dumping data for table `directory_country_region`
--

INSERT INTO `directory_country_region` VALUES (1,'US','AL','Alabama'),(2,'US','AK','Alaska'),(3,'US','AS','American Samoa'),(4,'US','AZ','Arizona'),(5,'US','AR','Arkansas'),(6,'US','AF','Armed Forces Africa'),(7,'US','AA','Armed Forces Americas'),(8,'US','AC','Armed Forces Canada'),(9,'US','AE','Armed Forces Europe'),(10,'US','AM','Armed Forces Middle East'),(11,'US','AP','Armed Forces Pacific'),(12,'US','CA','California'),(13,'US','CO','Colorado'),(14,'US','CT','Connecticut'),(15,'US','DE','Delaware'),(16,'US','DC','District of Columbia'),(17,'US','FM','Federated States Of Micronesia'),(18,'US','FL','Florida'),(19,'US','GA','Georgia'),(20,'US','GU','Guam'),(21,'US','HI','Hawaii'),(22,'US','ID','Idaho'),(23,'US','IL','Illinois'),(24,'US','IN','Indiana'),(25,'US','IA','Iowa'),(26,'US','KS','Kansas'),(27,'US','KY','Kentucky'),(28,'US','LA','Louisiana'),(29,'US','ME','Maine'),(30,'US','MH','Marshall Islands'),(31,'US','MD','Maryland'),(32,'US','MA','Massachusetts'),(33,'US','MI','Michigan'),(34,'US','MN','Minnesota'),(35,'US','MS','Mississippi'),(36,'US','MO','Missouri'),(37,'US','MT','Montana'),(38,'US','NE','Nebraska'),(39,'US','NV','Nevada'),(40,'US','NH','New Hampshire'),(41,'US','NJ','New Jersey'),(42,'US','NM','New Mexico'),(43,'US','NY','New York'),(44,'US','NC','North Carolina'),(45,'US','ND','North Dakota'),(46,'US','MP','Northern Mariana Islands'),(47,'US','OH','Ohio'),(48,'US','OK','Oklahoma'),(49,'US','OR','Oregon'),(50,'US','PW','Palau'),(51,'US','PA','Pennsylvania'),(52,'US','PR','Puerto Rico'),(53,'US','RI','Rhode Island'),(54,'US','SC','South Carolina'),(55,'US','SD','South Dakota'),(56,'US','TN','Tennessee'),(57,'US','TX','Texas'),(58,'US','UT','Utah'),(59,'US','VT','Vermont'),(60,'US','VI','Virgin Islands'),(61,'US','VA','Virginia'),(62,'US','WA','Washington'),(63,'US','WV','West Virginia'),(64,'US','WI','Wisconsin'),(65,'US','WY','Wyoming'),(66,'CA','AB','Alberta'),(67,'CA','BC','British Columbia'),(68,'CA','MB','Manitoba'),(69,'CA','NL','Newfoundland and Labrador'),(70,'CA','NB','New Brunswick'),(71,'CA','NS','Nova Scotia'),(72,'CA','NT','Northwest Territories'),(73,'CA','NU','Nunavut'),(74,'CA','ON','Ontario'),(75,'CA','PE','Prince Edward Island'),(76,'CA','QC','Quebec'),(77,'CA','SK','Saskatchewan'),(78,'CA','YT','Yukon Territory'),(79,'DE','NDS','Niedersachsen'),(80,'DE','BAW','Baden-Württemberg'),(81,'DE','BAY','Bayern'),(82,'DE','BER','Berlin'),(83,'DE','BRG','Brandenburg'),(84,'DE','BRE','Bremen'),(85,'DE','HAM','Hamburg'),(86,'DE','HES','Hessen'),(87,'DE','MEC','Mecklenburg-Vorpommern'),(88,'DE','NRW','Nordrhein-Westfalen'),(89,'DE','RHE','Rheinland-Pfalz'),(90,'DE','SAR','Saarland'),(91,'DE','SAS','Sachsen'),(92,'DE','SAC','Sachsen-Anhalt'),(93,'DE','SCN','Schleswig-Holstein'),(94,'DE','THE','Thüringen'),(95,'AT','WI','Wien'),(96,'AT','NO','Niederösterreich'),(97,'AT','OO','Oberösterreich'),(98,'AT','SB','Salzburg'),(99,'AT','KN','Kärnten'),(100,'AT','ST','Steiermark'),(101,'AT','TI','Tirol'),(102,'AT','BL','Burgenland'),(103,'AT','VB','Vorarlberg'),(104,'CH','AG','Aargau'),(105,'CH','AI','Appenzell Innerrhoden'),(106,'CH','AR','Appenzell Ausserrhoden'),(107,'CH','BE','Bern'),(108,'CH','BL','Basel-Landschaft'),(109,'CH','BS','Basel-Stadt'),(110,'CH','FR','Freiburg'),(111,'CH','GE','Genf'),(112,'CH','GL','Glarus'),(113,'CH','GR','Graubünden'),(114,'CH','JU','Jura'),(115,'CH','LU','Luzern'),(116,'CH','NE','Neuenburg'),(117,'CH','NW','Nidwalden'),(118,'CH','OW','Obwalden'),(119,'CH','SG','St. Gallen'),(120,'CH','SH','Schaffhausen'),(121,'CH','SO','Solothurn'),(122,'CH','SZ','Schwyz'),(123,'CH','TG','Thurgau'),(124,'CH','TI','Tessin'),(125,'CH','UR','Uri'),(126,'CH','VD','Waadt'),(127,'CH','VS','Wallis'),(128,'CH','ZG','Zug'),(129,'CH','ZH','Zürich'),(130,'ES','A Coruсa','A Coruña'),(131,'ES','Alava','Alava'),(132,'ES','Albacete','Albacete'),(133,'ES','Alicante','Alicante'),(134,'ES','Almeria','Almeria'),(135,'ES','Asturias','Asturias'),(136,'ES','Avila','Avila'),(137,'ES','Badajoz','Badajoz'),(138,'ES','Baleares','Baleares'),(139,'ES','Barcelona','Barcelona'),(140,'ES','Burgos','Burgos'),(141,'ES','Caceres','Caceres'),(142,'ES','Cadiz','Cadiz'),(143,'ES','Cantabria','Cantabria'),(144,'ES','Castellon','Castellon'),(145,'ES','Ceuta','Ceuta'),(146,'ES','Ciudad Real','Ciudad Real'),(147,'ES','Cordoba','Cordoba'),(148,'ES','Cuenca','Cuenca'),(149,'ES','Girona','Girona'),(150,'ES','Granada','Granada'),(151,'ES','Guadalajara','Guadalajara'),(152,'ES','Guipuzcoa','Guipuzcoa'),(153,'ES','Huelva','Huelva'),(154,'ES','Huesca','Huesca'),(155,'ES','Jaen','Jaen'),(156,'ES','La Rioja','La Rioja'),(157,'ES','Las Palmas','Las Palmas'),(158,'ES','Leon','Leon'),(159,'ES','Lleida','Lleida'),(160,'ES','Lugo','Lugo'),(161,'ES','Madrid','Madrid'),(162,'ES','Malaga','Malaga'),(163,'ES','Melilla','Melilla'),(164,'ES','Murcia','Murcia'),(165,'ES','Navarra','Navarra'),(166,'ES','Ourense','Ourense'),(167,'ES','Palencia','Palencia'),(168,'ES','Pontevedra','Pontevedra'),(169,'ES','Salamanca','Salamanca'),(170,'ES','Santa Cruz de Tenerife','Santa Cruz de Tenerife'),(171,'ES','Segovia','Segovia'),(172,'ES','Sevilla','Sevilla'),(173,'ES','Soria','Soria'),(174,'ES','Tarragona','Tarragona'),(175,'ES','Teruel','Teruel'),(176,'ES','Toledo','Toledo'),(177,'ES','Valencia','Valencia'),(178,'ES','Valladolid','Valladolid'),(179,'ES','Vizcaya','Vizcaya'),(180,'ES','Zamora','Zamora'),(181,'ES','Zaragoza','Zaragoza'),(182,'FR','1','Ain'),(183,'FR','2','Aisne'),(184,'FR','3','Allier'),(185,'FR','4','Alpes-de-Haute-Provence'),(186,'FR','5','Hautes-Alpes'),(187,'FR','6','Alpes-Maritimes'),(188,'FR','7','Ardèche'),(189,'FR','8','Ardennes'),(190,'FR','9','Ariège'),(191,'FR','10','Aube'),(192,'FR','11','Aude'),(193,'FR','12','Aveyron'),(194,'FR','13','Bouches-du-Rhône'),(195,'FR','14','Calvados'),(196,'FR','15','Cantal'),(197,'FR','16','Charente'),(198,'FR','17','Charente-Maritime'),(199,'FR','18','Cher'),(200,'FR','19','Corrèze'),(201,'FR','2A','Corse-du-Sud'),(202,'FR','2B','Haute-Corse'),(203,'FR','21','Côte-d\'Or'),(204,'FR','22','Côtes-d\'Armor'),(205,'FR','23','Creuse'),(206,'FR','24','Dordogne'),(207,'FR','25','Doubs'),(208,'FR','26','Drôme'),(209,'FR','27','Eure'),(210,'FR','28','Eure-et-Loir'),(211,'FR','29','Finistère'),(212,'FR','30','Gard'),(213,'FR','31','Haute-Garonne'),(214,'FR','32','Gers'),(215,'FR','33','Gironde'),(216,'FR','34','Hérault'),(217,'FR','35','Ille-et-Vilaine'),(218,'FR','36','Indre'),(219,'FR','37','Indre-et-Loire'),(220,'FR','38','Isère'),(221,'FR','39','Jura'),(222,'FR','40','Landes'),(223,'FR','41','Loir-et-Cher'),(224,'FR','42','Loire'),(225,'FR','43','Haute-Loire'),(226,'FR','44','Loire-Atlantique'),(227,'FR','45','Loiret'),(228,'FR','46','Lot'),(229,'FR','47','Lot-et-Garonne'),(230,'FR','48','Lozère'),(231,'FR','49','Maine-et-Loire'),(232,'FR','50','Manche'),(233,'FR','51','Marne'),(234,'FR','52','Haute-Marne'),(235,'FR','53','Mayenne'),(236,'FR','54','Meurthe-et-Moselle'),(237,'FR','55','Meuse'),(238,'FR','56','Morbihan'),(239,'FR','57','Moselle'),(240,'FR','58','Nièvre'),(241,'FR','59','Nord'),(242,'FR','60','Oise'),(243,'FR','61','Orne'),(244,'FR','62','Pas-de-Calais'),(245,'FR','63','Puy-de-Dôme'),(246,'FR','64','Pyrénées-Atlantiques'),(247,'FR','65','Hautes-Pyrénées'),(248,'FR','66','Pyrénées-Orientales'),(249,'FR','67','Bas-Rhin'),(250,'FR','68','Haut-Rhin'),(251,'FR','69','Rhône'),(252,'FR','70','Haute-Saône'),(253,'FR','71','Saône-et-Loire'),(254,'FR','72','Sarthe'),(255,'FR','73','Savoie'),(256,'FR','74','Haute-Savoie'),(257,'FR','75','Paris'),(258,'FR','76','Seine-Maritime'),(259,'FR','77','Seine-et-Marne'),(260,'FR','78','Yvelines'),(261,'FR','79','Deux-Sèvres'),(262,'FR','80','Somme'),(263,'FR','81','Tarn'),(264,'FR','82','Tarn-et-Garonne'),(265,'FR','83','Var'),(266,'FR','84','Vaucluse'),(267,'FR','85','Vendée'),(268,'FR','86','Vienne'),(269,'FR','87','Haute-Vienne'),(270,'FR','88','Vosges'),(271,'FR','89','Yonne'),(272,'FR','90','Territoire-de-Belfort'),(273,'FR','91','Essonne'),(274,'FR','92','Hauts-de-Seine'),(275,'FR','93','Seine-Saint-Denis'),(276,'FR','94','Val-de-Marne'),(277,'FR','95','Val-d\'Oise'),(278,'RO','AB','Alba'),(279,'RO','AR','Arad'),(280,'RO','AG','Argeş'),(281,'RO','BC','Bacău'),(282,'RO','BH','Bihor'),(283,'RO','BN','Bistriţa-Năsăud'),(284,'RO','BT','Botoşani'),(285,'RO','BV','Braşov'),(286,'RO','BR','Brăila'),(287,'RO','B','Bucureşti'),(288,'RO','BZ','Buzău'),(289,'RO','CS','Caraş-Severin'),(290,'RO','CL','Călăraşi'),(291,'RO','CJ','Cluj'),(292,'RO','CT','Constanţa'),(293,'RO','CV','Covasna'),(294,'RO','DB','Dâmboviţa'),(295,'RO','DJ','Dolj'),(296,'RO','GL','Galaţi'),(297,'RO','GR','Giurgiu'),(298,'RO','GJ','Gorj'),(299,'RO','HR','Harghita'),(300,'RO','HD','Hunedoara'),(301,'RO','IL','Ialomiţa'),(302,'RO','IS','Iaşi'),(303,'RO','IF','Ilfov'),(304,'RO','MM','Maramureş'),(305,'RO','MH','Mehedinţi'),(306,'RO','MS','Mureş'),(307,'RO','NT','Neamţ'),(308,'RO','OT','Olt'),(309,'RO','PH','Prahova'),(310,'RO','SM','Satu-Mare'),(311,'RO','SJ','Sălaj'),(312,'RO','SB','Sibiu'),(313,'RO','SV','Suceava'),(314,'RO','TR','Teleorman'),(315,'RO','TM','Timiş'),(316,'RO','TL','Tulcea'),(317,'RO','VS','Vaslui'),(318,'RO','VL','Vâlcea'),(319,'RO','VN','Vrancea'),(320,'FI','Lappi','Lappi'),(321,'FI','Pohjois-Pohjanmaa','Pohjois-Pohjanmaa'),(322,'FI','Kainuu','Kainuu'),(323,'FI','Pohjois-Karjala','Pohjois-Karjala'),(324,'FI','Pohjois-Savo','Pohjois-Savo'),(325,'FI','Etelä-Savo','Etelä-Savo'),(326,'FI','Etelä-Pohjanmaa','Etelä-Pohjanmaa'),(327,'FI','Pohjanmaa','Pohjanmaa'),(328,'FI','Pirkanmaa','Pirkanmaa'),(329,'FI','Satakunta','Satakunta'),(330,'FI','Keski-Pohjanmaa','Keski-Pohjanmaa'),(331,'FI','Keski-Suomi','Keski-Suomi'),(332,'FI','Varsinais-Suomi','Varsinais-Suomi'),(333,'FI','Etelä-Karjala','Etelä-Karjala'),(334,'FI','Päijät-Häme','Päijät-Häme'),(335,'FI','Kanta-Häme','Kanta-Häme'),(336,'FI','Uusimaa','Uusimaa'),(337,'FI','Itä-Uusimaa','Itä-Uusimaa'),(338,'FI','Kymenlaakso','Kymenlaakso'),(339,'FI','Ahvenanmaa','Ahvenanmaa'),(340,'EE','EE-37','Harjumaa'),(341,'EE','EE-39','Hiiumaa'),(342,'EE','EE-44','Ida-Virumaa'),(343,'EE','EE-49','Jõgevamaa'),(344,'EE','EE-51','Järvamaa'),(345,'EE','EE-57','Läänemaa'),(346,'EE','EE-59','Lääne-Virumaa'),(347,'EE','EE-65','Põlvamaa'),(348,'EE','EE-67','Pärnumaa'),(349,'EE','EE-70','Raplamaa'),(350,'EE','EE-74','Saaremaa'),(351,'EE','EE-78','Tartumaa'),(352,'EE','EE-82','Valgamaa'),(353,'EE','EE-84','Viljandimaa'),(354,'EE','EE-86','Võrumaa'),(355,'LV','LV-DGV','Daugavpils'),(356,'LV','LV-JEL','Jelgava'),(357,'LV','Jēkabpils','Jēkabpils'),(358,'LV','LV-JUR','Jūrmala'),(359,'LV','LV-LPX','Liepāja'),(360,'LV','LV-LE','Liepājas novads'),(361,'LV','LV-REZ','Rēzekne'),(362,'LV','LV-RIX','Rīga'),(363,'LV','LV-RI','Rīgas novads'),(364,'LV','Valmiera','Valmiera'),(365,'LV','LV-VEN','Ventspils'),(366,'LV','Aglonas novads','Aglonas novads'),(367,'LV','LV-AI','Aizkraukles novads'),(368,'LV','Aizputes novads','Aizputes novads'),(369,'LV','Aknīstes novads','Aknīstes novads'),(370,'LV','Alojas novads','Alojas novads'),(371,'LV','Alsungas novads','Alsungas novads'),(372,'LV','LV-AL','Alūksnes novads'),(373,'LV','Amatas novads','Amatas novads'),(374,'LV','Apes novads','Apes novads'),(375,'LV','Auces novads','Auces novads'),(376,'LV','Babītes novads','Babītes novads'),(377,'LV','Baldones novads','Baldones novads'),(378,'LV','Baltinavas novads','Baltinavas novads'),(379,'LV','LV-BL','Balvu novads'),(380,'LV','LV-BU','Bauskas novads'),(381,'LV','Beverīnas novads','Beverīnas novads'),(382,'LV','Brocēnu novads','Brocēnu novads'),(383,'LV','Burtnieku novads','Burtnieku novads'),(384,'LV','Carnikavas novads','Carnikavas novads'),(385,'LV','Cesvaines novads','Cesvaines novads'),(386,'LV','Ciblas novads','Ciblas novads'),(387,'LV','LV-CE','Cēsu novads'),(388,'LV','Dagdas novads','Dagdas novads'),(389,'LV','LV-DA','Daugavpils novads'),(390,'LV','LV-DO','Dobeles novads'),(391,'LV','Dundagas novads','Dundagas novads'),(392,'LV','Durbes novads','Durbes novads'),(393,'LV','Engures novads','Engures novads'),(394,'LV','Garkalnes novads','Garkalnes novads'),(395,'LV','Grobiņas novads','Grobiņas novads'),(396,'LV','LV-GU','Gulbenes novads'),(397,'LV','Iecavas novads','Iecavas novads'),(398,'LV','Ikšķiles novads','Ikšķiles novads'),(399,'LV','Ilūkstes novads','Ilūkstes novads'),(400,'LV','Inčukalna novads','Inčukalna novads'),(401,'LV','Jaunjelgavas novads','Jaunjelgavas novads'),(402,'LV','Jaunpiebalgas novads','Jaunpiebalgas novads'),(403,'LV','Jaunpils novads','Jaunpils novads'),(404,'LV','LV-JL','Jelgavas novads'),(405,'LV','LV-JK','Jēkabpils novads'),(406,'LV','Kandavas novads','Kandavas novads'),(407,'LV','Kokneses novads','Kokneses novads'),(408,'LV','Krimuldas novads','Krimuldas novads'),(409,'LV','Krustpils novads','Krustpils novads'),(410,'LV','LV-KR','Krāslavas novads'),(411,'LV','LV-KU','Kuldīgas novads'),(412,'LV','Kārsavas novads','Kārsavas novads'),(413,'LV','Lielvārdes novads','Lielvārdes novads'),(414,'LV','LV-LM','Limbažu novads'),(415,'LV','Lubānas novads','Lubānas novads'),(416,'LV','LV-LU','Ludzas novads'),(417,'LV','Līgatnes novads','Līgatnes novads'),(418,'LV','Līvānu novads','Līvānu novads'),(419,'LV','LV-MA','Madonas novads'),(420,'LV','Mazsalacas novads','Mazsalacas novads'),(421,'LV','Mālpils novads','Mālpils novads'),(422,'LV','Mārupes novads','Mārupes novads'),(423,'LV','Naukšēnu novads','Naukšēnu novads'),(424,'LV','Neretas novads','Neretas novads'),(425,'LV','Nīcas novads','Nīcas novads'),(426,'LV','LV-OG','Ogres novads'),(427,'LV','Olaines novads','Olaines novads'),(428,'LV','Ozolnieku novads','Ozolnieku novads'),(429,'LV','LV-PR','Preiļu novads'),(430,'LV','Priekules novads','Priekules novads'),(431,'LV','Priekuļu novads','Priekuļu novads'),(432,'LV','Pārgaujas novads','Pārgaujas novads'),(433,'LV','Pāvilostas novads','Pāvilostas novads'),(434,'LV','Pļaviņu novads','Pļaviņu novads'),(435,'LV','Raunas novads','Raunas novads'),(436,'LV','Riebiņu novads','Riebiņu novads'),(437,'LV','Rojas novads','Rojas novads'),(438,'LV','Ropažu novads','Ropažu novads'),(439,'LV','Rucavas novads','Rucavas novads'),(440,'LV','Rugāju novads','Rugāju novads'),(441,'LV','Rundāles novads','Rundāles novads'),(442,'LV','LV-RE','Rēzeknes novads'),(443,'LV','Rūjienas novads','Rūjienas novads'),(444,'LV','Salacgrīvas novads','Salacgrīvas novads'),(445,'LV','Salas novads','Salas novads'),(446,'LV','Salaspils novads','Salaspils novads'),(447,'LV','LV-SA','Saldus novads'),(448,'LV','Saulkrastu novads','Saulkrastu novads'),(449,'LV','Siguldas novads','Siguldas novads'),(450,'LV','Skrundas novads','Skrundas novads'),(451,'LV','Skrīveru novads','Skrīveru novads'),(452,'LV','Smiltenes novads','Smiltenes novads'),(453,'LV','Stopiņu novads','Stopiņu novads'),(454,'LV','Strenču novads','Strenču novads'),(455,'LV','Sējas novads','Sējas novads'),(456,'LV','LV-TA','Talsu novads'),(457,'LV','LV-TU','Tukuma novads'),(458,'LV','Tērvetes novads','Tērvetes novads'),(459,'LV','Vaiņodes novads','Vaiņodes novads'),(460,'LV','LV-VK','Valkas novads'),(461,'LV','LV-VM','Valmieras novads'),(462,'LV','Varakļānu novads','Varakļānu novads'),(463,'LV','Vecpiebalgas novads','Vecpiebalgas novads'),(464,'LV','Vecumnieku novads','Vecumnieku novads'),(465,'LV','LV-VE','Ventspils novads'),(466,'LV','Viesītes novads','Viesītes novads'),(467,'LV','Viļakas novads','Viļakas novads'),(468,'LV','Viļānu novads','Viļānu novads'),(469,'LV','Vārkavas novads','Vārkavas novads'),(470,'LV','Zilupes novads','Zilupes novads'),(471,'LV','Ādažu novads','Ādažu novads'),(472,'LV','Ērgļu novads','Ērgļu novads'),(473,'LV','Ķeguma novads','Ķeguma novads'),(474,'LV','Ķekavas novads','Ķekavas novads'),(475,'LT','LT-AL','Alytaus Apskritis'),(476,'LT','LT-KU','Kauno Apskritis'),(477,'LT','LT-KL','Klaipėdos Apskritis'),(478,'LT','LT-MR','Marijampolės Apskritis'),(479,'LT','LT-PN','Panevėžio Apskritis'),(480,'LT','LT-SA','Šiaulių Apskritis'),(481,'LT','LT-TA','Tauragės Apskritis'),(482,'LT','LT-TE','Telšių Apskritis'),(483,'LT','LT-UT','Utenos Apskritis'),(484,'LT','LT-VL','Vilniaus Apskritis');

--
-- Table structure for table `directory_country_region_name`
--

CREATE TABLE `directory_country_region_name` (
  `locale` varchar(8) NOT NULL DEFAULT '' COMMENT 'Locale',
  `region_id` int unsigned NOT NULL DEFAULT '0' COMMENT 'Region Id',
  `name` varchar(255) DEFAULT NULL COMMENT 'Region Name',
  PRIMARY KEY (`locale`,`region_id`),
  KEY `IDX_DIRECTORY_COUNTRY_REGION_NAME_REGION_ID` (`region_id`)
) ENGINE=InnoDB DEFAULT CHARSET=utf8 COMMENT='Directory Country Region Name';

--
-- Dumping data for table `directory_country_region_name`
--

INSERT INTO `directory_country_region_name` VALUES ('en_US',1,'Alabama'),('en_US',2,'Alaska'),('en_US',3,'American Samoa'),('en_US',4,'Arizona'),('en_US',5,'Arkansas'),('en_US',6,'Armed Forces Africa'),('en_US',7,'Armed Forces Americas'),('en_US',8,'Armed Forces Canada'),('en_US',9,'Armed Forces Europe'),('en_US',10,'Armed Forces Middle East'),('en_US',11,'Armed Forces Pacific'),('en_US',12,'California'),('en_US',13,'Colorado'),('en_US',14,'Connecticut'),('en_US',15,'Delaware'),('en_US',16,'District of Columbia'),('en_US',17,'Federated States Of Micronesia'),('en_US',18,'Florida'),('en_US',19,'Georgia'),('en_US',20,'Guam'),('en_US',21,'Hawaii'),('en_US',22,'Idaho'),('en_US',23,'Illinois'),('en_US',24,'Indiana'),('en_US',25,'Iowa'),('en_US',26,'Kansas'),('en_US',27,'Kentucky'),('en_US',28,'Louisiana'),('en_US',29,'Maine'),('en_US',30,'Marshall Islands'),('en_US',31,'Maryland'),('en_US',32,'Massachusetts'),('en_US',33,'Michigan'),('en_US',34,'Minnesota'),('en_US',35,'Mississippi'),('en_US',36,'Missouri'),('en_US',37,'Montana'),('en_US',38,'Nebraska'),('en_US',39,'Nevada'),('en_US',40,'New Hampshire'),('en_US',41,'New Jersey'),('en_US',42,'New Mexico'),('en_US',43,'New York'),('en_US',44,'North Carolina'),('en_US',45,'North Dakota'),('en_US',46,'Northern Mariana Islands'),('en_US',47,'Ohio'),('en_US',48,'Oklahoma'),('en_US',49,'Oregon'),('en_US',50,'Palau'),('en_US',51,'Pennsylvania'),('en_US',52,'Puerto Rico'),('en_US',53,'Rhode Island'),('en_US',54,'South Carolina'),('en_US',55,'South Dakota'),('en_US',56,'Tennessee'),('en_US',57,'Texas'),('en_US',58,'Utah'),('en_US',59,'Vermont'),('en_US',60,'Virgin Islands'),('en_US',61,'Virginia'),('en_US',62,'Washington'),('en_US',63,'West Virginia'),('en_US',64,'Wisconsin'),('en_US',65,'Wyoming'),('en_US',66,'Alberta'),('en_US',67,'British Columbia'),('en_US',68,'Manitoba'),('en_US',69,'Newfoundland and Labrador'),('en_US',70,'New Brunswick'),('en_US',71,'Nova Scotia'),('en_US',72,'Northwest Territories'),('en_US',73,'Nunavut'),('en_US',74,'Ontario'),('en_US',75,'Prince Edward Island'),('en_US',76,'Quebec'),('en_US',77,'Saskatchewan'),('en_US',78,'Yukon Territory'),('en_US',79,'Niedersachsen'),('en_US',80,'Baden-Württemberg'),('en_US',81,'Bayern'),('en_US',82,'Berlin'),('en_US',83,'Brandenburg'),('en_US',84,'Bremen'),('en_US',85,'Hamburg'),('en_US',86,'Hessen'),('en_US',87,'Mecklenburg-Vorpommern'),('en_US',88,'Nordrhein-Westfalen'),('en_US',89,'Rheinland-Pfalz'),('en_US',90,'Saarland'),('en_US',91,'Sachsen'),('en_US',92,'Sachsen-Anhalt'),('en_US',93,'Schleswig-Holstein'),('en_US',94,'Thüringen'),('en_US',95,'Wien'),('en_US',96,'Niederösterreich'),('en_US',97,'Oberösterreich'),('en_US',98,'Salzburg'),('en_US',99,'Kärnten'),('en_US',100,'Steiermark'),('en_US',101,'Tirol'),('en_US',102,'Burgenland'),('en_US',103,'Vorarlberg'),('en_US',104,'Aargau'),('en_US',105,'Appenzell Innerrhoden'),('en_US',106,'Appenzell Ausserrhoden'),('en_US',107,'Bern'),('en_US',108,'Basel-Landschaft'),('en_US',109,'Basel-Stadt'),('en_US',110,'Freiburg'),('en_US',111,'Genf'),('en_US',112,'Glarus'),('en_US',113,'Graubünden'),('en_US',114,'Jura'),('en_US',115,'Luzern'),('en_US',116,'Neuenburg'),('en_US',117,'Nidwalden'),('en_US',118,'Obwalden'),('en_US',119,'St. Gallen'),('en_US',120,'Schaffhausen'),('en_US',121,'Solothurn'),('en_US',122,'Schwyz'),('en_US',123,'Thurgau'),('en_US',124,'Tessin'),('en_US',125,'Uri'),('en_US',126,'Waadt'),('en_US',127,'Wallis'),('en_US',128,'Zug'),('en_US',129,'Zürich'),('en_US',130,'A Coruña'),('en_US',131,'Alava'),('en_US',132,'Albacete'),('en_US',133,'Alicante'),('en_US',134,'Almeria'),('en_US',135,'Asturias'),('en_US',136,'Avila'),('en_US',137,'Badajoz'),('en_US',138,'Baleares'),('en_US',139,'Barcelona'),('en_US',140,'Burgos'),('en_US',141,'Caceres'),('en_US',142,'Cadiz'),('en_US',143,'Cantabria'),('en_US',144,'Castellon'),('en_US',145,'Ceuta'),('en_US',146,'Ciudad Real'),('en_US',147,'Cordoba'),('en_US',148,'Cuenca'),('en_US',149,'Girona'),('en_US',150,'Granada'),('en_US',151,'Guadalajara'),('en_US',152,'Guipuzcoa'),('en_US',153,'Huelva'),('en_US',154,'Huesca'),('en_US',155,'Jaen'),('en_US',156,'La Rioja'),('en_US',157,'Las Palmas'),('en_US',158,'Leon'),('en_US',159,'Lleida'),('en_US',160,'Lugo'),('en_US',161,'Madrid'),('en_US',162,'Malaga'),('en_US',163,'Melilla'),('en_US',164,'Murcia'),('en_US',165,'Navarra'),('en_US',166,'Ourense'),('en_US',167,'Palencia'),('en_US',168,'Pontevedra'),('en_US',169,'Salamanca'),('en_US',170,'Santa Cruz de Tenerife'),('en_US',171,'Segovia'),('en_US',172,'Sevilla'),('en_US',173,'Soria'),('en_US',174,'Tarragona'),('en_US',175,'Teruel'),('en_US',176,'Toledo'),('en_US',177,'Valencia'),('en_US',178,'Valladolid'),('en_US',179,'Vizcaya'),('en_US',180,'Zamora'),('en_US',181,'Zaragoza'),('en_US',182,'Ain'),('en_US',183,'Aisne'),('en_US',184,'Allier'),('en_US',185,'Alpes-de-Haute-Provence'),('en_US',186,'Hautes-Alpes'),('en_US',187,'Alpes-Maritimes'),('en_US',188,'Ardèche'),('en_US',189,'Ardennes'),('en_US',190,'Ariège'),('en_US',191,'Aube'),('en_US',192,'Aude'),('en_US',193,'Aveyron'),('en_US',194,'Bouches-du-Rhône'),('en_US',195,'Calvados'),('en_US',196,'Cantal'),('en_US',197,'Charente'),('en_US',198,'Charente-Maritime'),('en_US',199,'Cher'),('en_US',200,'Corrèze'),('en_US',201,'Corse-du-Sud'),('en_US',202,'Haute-Corse'),('en_US',203,'Côte-d\'Or'),('en_US',204,'Côtes-d\'Armor'),('en_US',205,'Creuse'),('en_US',206,'Dordogne'),('en_US',207,'Doubs'),('en_US',208,'Drôme'),('en_US',209,'Eure'),('en_US',210,'Eure-et-Loir'),('en_US',211,'Finistère'),('en_US',212,'Gard'),('en_US',213,'Haute-Garonne'),('en_US',214,'Gers'),('en_US',215,'Gironde'),('en_US',216,'Hérault'),('en_US',217,'Ille-et-Vilaine'),('en_US',218,'Indre'),('en_US',219,'Indre-et-Loire'),('en_US',220,'Isère'),('en_US',221,'Jura'),('en_US',222,'Landes'),('en_US',223,'Loir-et-Cher'),('en_US',224,'Loire'),('en_US',225,'Haute-Loire'),('en_US',226,'Loire-Atlantique'),('en_US',227,'Loiret'),('en_US',228,'Lot'),('en_US',229,'Lot-et-Garonne'),('en_US',230,'Lozère'),('en_US',231,'Maine-et-Loire'),('en_US',232,'Manche'),('en_US',233,'Marne'),('en_US',234,'Haute-Marne'),('en_US',235,'Mayenne'),('en_US',236,'Meurthe-et-Moselle'),('en_US',237,'Meuse'),('en_US',238,'Morbihan'),('en_US',239,'Moselle'),('en_US',240,'Nièvre'),('en_US',241,'Nord'),('en_US',242,'Oise'),('en_US',243,'Orne'),('en_US',244,'Pas-de-Calais'),('en_US',245,'Puy-de-Dôme'),('en_US',246,'Pyrénées-Atlantiques'),('en_US',247,'Hautes-Pyrénées'),('en_US',248,'Pyrénées-Orientales'),('en_US',249,'Bas-Rhin'),('en_US',250,'Haut-Rhin'),('en_US',251,'Rhône'),('en_US',252,'Haute-Saône'),('en_US',253,'Saône-et-Loire'),('en_US',254,'Sarthe'),('en_US',255,'Savoie'),('en_US',256,'Haute-Savoie'),('en_US',257,'Paris'),('en_US',258,'Seine-Maritime'),('en_US',259,'Seine-et-Marne'),('en_US',260,'Yvelines'),('en_US',261,'Deux-Sèvres'),('en_US',262,'Somme'),('en_US',263,'Tarn'),('en_US',264,'Tarn-et-Garonne'),('en_US',265,'Var'),('en_US',266,'Vaucluse'),('en_US',267,'Vendée'),('en_US',268,'Vienne'),('en_US',269,'Haute-Vienne'),('en_US',270,'Vosges'),('en_US',271,'Yonne'),('en_US',272,'Territoire-de-Belfort'),('en_US',273,'Essonne'),('en_US',274,'Hauts-de-Seine'),('en_US',275,'Seine-Saint-Denis'),('en_US',276,'Val-de-Marne'),('en_US',277,'Val-d\'Oise'),('en_US',278,'Alba'),('en_US',279,'Arad'),('en_US',280,'Argeş'),('en_US',281,'Bacău'),('en_US',282,'Bihor'),('en_US',283,'Bistriţa-Năsăud'),('en_US',284,'Botoşani'),('en_US',285,'Braşov'),('en_US',286,'Brăila'),('en_US',287,'Bucureşti'),('en_US',288,'Buzău'),('en_US',289,'Caraş-Severin'),('en_US',290,'Călăraşi'),('en_US',291,'Cluj'),('en_US',292,'Constanţa'),('en_US',293,'Covasna'),('en_US',294,'Dâmboviţa'),('en_US',295,'Dolj'),('en_US',296,'Galaţi'),('en_US',297,'Giurgiu'),('en_US',298,'Gorj'),('en_US',299,'Harghita'),('en_US',300,'Hunedoara'),('en_US',301,'Ialomiţa'),('en_US',302,'Iaşi'),('en_US',303,'Ilfov'),('en_US',304,'Maramureş'),('en_US',305,'Mehedinţi'),('en_US',306,'Mureş'),('en_US',307,'Neamţ'),('en_US',308,'Olt'),('en_US',309,'Prahova'),('en_US',310,'Satu-Mare'),('en_US',311,'Sălaj'),('en_US',312,'Sibiu'),('en_US',313,'Suceava'),('en_US',314,'Teleorman'),('en_US',315,'Timiş'),('en_US',316,'Tulcea'),('en_US',317,'Vaslui'),('en_US',318,'Vâlcea'),('en_US',319,'Vrancea'),('en_US',320,'Lappi'),('en_US',321,'Pohjois-Pohjanmaa'),('en_US',322,'Kainuu'),('en_US',323,'Pohjois-Karjala'),('en_US',324,'Pohjois-Savo'),('en_US',325,'Etelä-Savo'),('en_US',326,'Etelä-Pohjanmaa'),('en_US',327,'Pohjanmaa'),('en_US',328,'Pirkanmaa'),('en_US',329,'Satakunta'),('en_US',330,'Keski-Pohjanmaa'),('en_US',331,'Keski-Suomi'),('en_US',332,'Varsinais-Suomi'),('en_US',333,'Etelä-Karjala'),('en_US',334,'Päijät-Häme'),('en_US',335,'Kanta-Häme'),('en_US',336,'Uusimaa'),('en_US',337,'Itä-Uusimaa'),('en_US',338,'Kymenlaakso'),('en_US',339,'Ahvenanmaa'),('en_US',340,'Harjumaa'),('en_US',341,'Hiiumaa'),('en_US',342,'Ida-Virumaa'),('en_US',343,'Jõgevamaa'),('en_US',344,'Järvamaa'),('en_US',345,'Läänemaa'),('en_US',346,'Lääne-Virumaa'),('en_US',347,'Põlvamaa'),('en_US',348,'Pärnumaa'),('en_US',349,'Raplamaa'),('en_US',350,'Saaremaa'),('en_US',351,'Tartumaa'),('en_US',352,'Valgamaa'),('en_US',353,'Viljandimaa'),('en_US',354,'Võrumaa'),('en_US',355,'Daugavpils'),('en_US',356,'Jelgava'),('en_US',357,'Jēkabpils'),('en_US',358,'Jūrmala'),('en_US',359,'Liepāja'),('en_US',360,'Liepājas novads'),('en_US',361,'Rēzekne'),('en_US',362,'Rīga'),('en_US',363,'Rīgas novads'),('en_US',364,'Valmiera'),('en_US',365,'Ventspils'),('en_US',366,'Aglonas novads'),('en_US',367,'Aizkraukles novads'),('en_US',368,'Aizputes novads'),('en_US',369,'Aknīstes novads'),('en_US',370,'Alojas novads'),('en_US',371,'Alsungas novads'),('en_US',372,'Alūksnes novads'),('en_US',373,'Amatas novads'),('en_US',374,'Apes novads'),('en_US',375,'Auces novads'),('en_US',376,'Babītes novads'),('en_US',377,'Baldones novads'),('en_US',378,'Baltinavas novads'),('en_US',379,'Balvu novads'),('en_US',380,'Bauskas novads'),('en_US',381,'Beverīnas novads'),('en_US',382,'Brocēnu novads'),('en_US',383,'Burtnieku novads'),('en_US',384,'Carnikavas novads'),('en_US',385,'Cesvaines novads'),('en_US',386,'Ciblas novads'),('en_US',387,'Cēsu novads'),('en_US',388,'Dagdas novads'),('en_US',389,'Daugavpils novads'),('en_US',390,'Dobeles novads'),('en_US',391,'Dundagas novads'),('en_US',392,'Durbes novads'),('en_US',393,'Engures novads'),('en_US',394,'Garkalnes novads'),('en_US',395,'Grobiņas novads'),('en_US',396,'Gulbenes novads'),('en_US',397,'Iecavas novads'),('en_US',398,'Ikšķiles novads'),('en_US',399,'Ilūkstes novads'),('en_US',400,'Inčukalna novads'),('en_US',401,'Jaunjelgavas novads'),('en_US',402,'Jaunpiebalgas novads'),('en_US',403,'Jaunpils novads'),('en_US',404,'Jelgavas novads'),('en_US',405,'Jēkabpils novads'),('en_US',406,'Kandavas novads'),('en_US',407,'Kokneses novads'),('en_US',408,'Krimuldas novads'),('en_US',409,'Krustpils novads'),('en_US',410,'Krāslavas novads'),('en_US',411,'Kuldīgas novads'),('en_US',412,'Kārsavas novads'),('en_US',413,'Lielvārdes novads'),('en_US',414,'Limbažu novads'),('en_US',415,'Lubānas novads'),('en_US',416,'Ludzas novads'),('en_US',417,'Līgatnes novads'),('en_US',418,'Līvānu novads'),('en_US',419,'Madonas novads'),('en_US',420,'Mazsalacas novads'),('en_US',421,'Mālpils novads'),('en_US',422,'Mārupes novads'),('en_US',423,'Naukšēnu novads'),('en_US',424,'Neretas novads'),('en_US',425,'Nīcas novads'),('en_US',426,'Ogres novads'),('en_US',427,'Olaines novads'),('en_US',428,'Ozolnieku novads'),('en_US',429,'Preiļu novads'),('en_US',430,'Priekules novads'),('en_US',431,'Priekuļu novads'),('en_US',432,'Pārgaujas novads'),('en_US',433,'Pāvilostas novads'),('en_US',434,'Pļaviņu novads'),('en_US',435,'Raunas novads'),('en_US',436,'Riebiņu novads'),('en_US',437,'Rojas novads'),('en_US',438,'Ropažu novads'),('en_US',439,'Rucavas novads'),('en_US',440,'Rugāju novads'),('en_US',441,'Rundāles novads'),('en_US',442,'Rēzeknes novads'),('en_US',443,'Rūjienas novads'),('en_US',444,'Salacgrīvas novads'),('en_US',445,'Salas novads'),('en_US',446,'Salaspils novads'),('en_US',447,'Saldus novads'),('en_US',448,'Saulkrastu novads'),('en_US',449,'Siguldas novads'),('en_US',450,'Skrundas novads'),('en_US',451,'Skrīveru novads'),('en_US',452,'Smiltenes novads'),('en_US',453,'Stopiņu novads'),('en_US',454,'Strenču novads'),('en_US',455,'Sējas novads'),('en_US',456,'Talsu novads'),('en_US',457,'Tukuma novads'),('en_US',458,'Tērvetes novads'),('en_US',459,'Vaiņodes novads'),('en_US',460,'Valkas novads'),('en_US',461,'Valmieras novads'),('en_US',462,'Varakļānu novads'),('en_US',463,'Vecpiebalgas novads'),('en_US',464,'Vecumnieku novads'),('en_US',465,'Ventspils novads'),('en_US',466,'Viesītes novads'),('en_US',467,'Viļakas novads'),('en_US',468,'Viļānu novads'),('en_US',469,'Vārkavas novads'),('en_US',470,'Zilupes novads'),('en_US',471,'Ādažu novads'),('en_US',472,'Ērgļu novads'),('en_US',473,'Ķeguma novads'),('en_US',474,'Ķekavas novads'),('en_US',475,'Alytaus Apskritis'),('en_US',476,'Kauno Apskritis'),('en_US',477,'Klaipėdos Apskritis'),('en_US',478,'Marijampolės Apskritis'),('en_US',479,'Panevėžio Apskritis'),('en_US',480,'Šiaulių Apskritis'),('en_US',481,'Tauragės Apskritis'),('en_US',482,'Telšių Apskritis'),('en_US',483,'Utenos Apskritis'),('en_US',484,'Vilniaus Apskritis');

--
-- Table structure for table `directory_currency_rate`
--

CREATE TABLE `directory_currency_rate` (
  `currency_from` varchar(3) NOT NULL DEFAULT '' COMMENT 'Currency Code Convert From',
  `currency_to` varchar(3) NOT NULL DEFAULT '' COMMENT 'Currency Code Convert To',
  `rate` decimal(24,12) NOT NULL DEFAULT '0.000000000000' COMMENT 'Currency Conversion Rate',
  PRIMARY KEY (`currency_from`,`currency_to`),
  KEY `IDX_DIRECTORY_CURRENCY_RATE_CURRENCY_TO` (`currency_to`)
) ENGINE=InnoDB DEFAULT CHARSET=utf8 COMMENT='Directory Currency Rate';

--
-- Dumping data for table `directory_currency_rate`
--

INSERT INTO `directory_currency_rate` VALUES ('EUR','EUR',1.000000000000),('EUR','USD',1.415000000000),('USD','EUR',0.706700000000),('USD','USD',1.000000000000);

--
-- Table structure for table `downloadable_link`
--

CREATE TABLE `downloadable_link` (
  `link_id` int unsigned NOT NULL AUTO_INCREMENT COMMENT 'Link ID',
  `product_id` int unsigned NOT NULL DEFAULT '0' COMMENT 'Product ID',
  `sort_order` int unsigned NOT NULL DEFAULT '0' COMMENT 'Sort order',
  `number_of_downloads` int DEFAULT NULL COMMENT 'Number of downloads',
  `is_shareable` smallint unsigned NOT NULL DEFAULT '0' COMMENT 'Shareable flag',
  `link_url` varchar(255) DEFAULT NULL COMMENT 'Link Url',
  `link_file` varchar(255) DEFAULT NULL COMMENT 'Link File',
  `link_type` varchar(20) DEFAULT NULL COMMENT 'Link Type',
  `sample_url` varchar(255) DEFAULT NULL COMMENT 'Sample Url',
  `sample_file` varchar(255) DEFAULT NULL COMMENT 'Sample File',
  `sample_type` varchar(20) DEFAULT NULL COMMENT 'Sample Type',
  PRIMARY KEY (`link_id`),
  KEY `IDX_DOWNLOADABLE_LINK_PRODUCT_ID` (`product_id`),
  KEY `IDX_DOWNLOADABLE_LINK_PRODUCT_ID_SORT_ORDER` (`product_id`,`sort_order`)
) ENGINE=InnoDB DEFAULT CHARSET=utf8 COMMENT='Downloadable Link Table';

--
-- Dumping data for table `downloadable_link`
--


--
-- Table structure for table `downloadable_link_price`
--

CREATE TABLE `downloadable_link_price` (
  `price_id` int unsigned NOT NULL AUTO_INCREMENT COMMENT 'Price ID',
  `link_id` int unsigned NOT NULL DEFAULT '0' COMMENT 'Link ID',
  `website_id` smallint unsigned NOT NULL DEFAULT '0' COMMENT 'Website ID',
  `price` decimal(12,4) NOT NULL DEFAULT '0.0000' COMMENT 'Price',
  PRIMARY KEY (`price_id`),
  KEY `IDX_DOWNLOADABLE_LINK_PRICE_LINK_ID` (`link_id`),
  KEY `IDX_DOWNLOADABLE_LINK_PRICE_WEBSITE_ID` (`website_id`)
) ENGINE=InnoDB DEFAULT CHARSET=utf8 COMMENT='Downloadable Link Price Table';

--
-- Dumping data for table `downloadable_link_price`
--


--
-- Table structure for table `downloadable_link_purchased`
--

CREATE TABLE `downloadable_link_purchased` (
  `purchased_id` int unsigned NOT NULL AUTO_INCREMENT COMMENT 'Purchased ID',
  `order_id` int unsigned DEFAULT '0' COMMENT 'Order ID',
  `order_increment_id` varchar(50) DEFAULT NULL COMMENT 'Order Increment ID',
  `order_item_id` int unsigned NOT NULL DEFAULT '0' COMMENT 'Order Item ID',
  `created_at` timestamp NOT NULL DEFAULT '0000-00-00 00:00:00' COMMENT 'Date of creation',
  `updated_at` timestamp NOT NULL DEFAULT '0000-00-00 00:00:00' COMMENT 'Date of modification',
  `customer_id` int unsigned DEFAULT '0' COMMENT 'Customer ID',
  `product_name` varchar(255) DEFAULT NULL COMMENT 'Product name',
  `product_sku` varchar(255) DEFAULT NULL COMMENT 'Product sku',
  `link_section_title` varchar(255) DEFAULT NULL COMMENT 'Link_section_title',
  PRIMARY KEY (`purchased_id`),
  KEY `IDX_DOWNLOADABLE_LINK_PURCHASED_ORDER_ID` (`order_id`),
  KEY `IDX_DOWNLOADABLE_LINK_PURCHASED_ORDER_ITEM_ID` (`order_item_id`),
  KEY `IDX_DOWNLOADABLE_LINK_PURCHASED_CUSTOMER_ID` (`customer_id`)
) ENGINE=InnoDB DEFAULT CHARSET=utf8 COMMENT='Downloadable Link Purchased Table';

--
-- Dumping data for table `downloadable_link_purchased`
--


--
-- Table structure for table `downloadable_link_purchased_item`
--

CREATE TABLE `downloadable_link_purchased_item` (
  `item_id` int unsigned NOT NULL AUTO_INCREMENT COMMENT 'Item ID',
  `purchased_id` int unsigned NOT NULL DEFAULT '0' COMMENT 'Purchased ID',
  `order_item_id` int unsigned DEFAULT '0' COMMENT 'Order Item ID',
  `product_id` int unsigned DEFAULT '0' COMMENT 'Product ID',
  `link_hash` varchar(255) DEFAULT NULL COMMENT 'Link hash',
  `number_of_downloads_bought` int unsigned NOT NULL DEFAULT '0' COMMENT 'Number of downloads bought',
  `number_of_downloads_used` int unsigned NOT NULL DEFAULT '0' COMMENT 'Number of downloads used',
  `link_id` int unsigned NOT NULL DEFAULT '0' COMMENT 'Link ID',
  `link_title` varchar(255) DEFAULT NULL COMMENT 'Link Title',
  `is_shareable` smallint unsigned NOT NULL DEFAULT '0' COMMENT 'Shareable Flag',
  `link_url` varchar(255) DEFAULT NULL COMMENT 'Link Url',
  `link_file` varchar(255) DEFAULT NULL COMMENT 'Link File',
  `link_type` varchar(255) DEFAULT NULL COMMENT 'Link Type',
  `status` varchar(50) DEFAULT NULL COMMENT 'Status',
  `created_at` timestamp NOT NULL DEFAULT '0000-00-00 00:00:00' COMMENT 'Creation Time',
  `updated_at` timestamp NOT NULL DEFAULT '0000-00-00 00:00:00' COMMENT 'Update Time',
  PRIMARY KEY (`item_id`),
  KEY `IDX_DOWNLOADABLE_LINK_PURCHASED_ITEM_LINK_HASH` (`link_hash`),
  KEY `IDX_DOWNLOADABLE_LINK_PURCHASED_ITEM_ORDER_ITEM_ID` (`order_item_id`),
  KEY `IDX_DOWNLOADABLE_LINK_PURCHASED_ITEM_PURCHASED_ID` (`purchased_id`)
) ENGINE=InnoDB DEFAULT CHARSET=utf8 COMMENT='Downloadable Link Purchased Item Table';

--
-- Dumping data for table `downloadable_link_purchased_item`
--


--
-- Table structure for table `downloadable_link_title`
--

CREATE TABLE `downloadable_link_title` (
  `title_id` int unsigned NOT NULL AUTO_INCREMENT COMMENT 'Title ID',
  `link_id` int unsigned NOT NULL DEFAULT '0' COMMENT 'Link ID',
  `store_id` smallint unsigned NOT NULL DEFAULT '0' COMMENT 'Store ID',
  `title` varchar(255) DEFAULT NULL COMMENT 'Title',
  PRIMARY KEY (`title_id`),
  UNIQUE KEY `UNQ_DOWNLOADABLE_LINK_TITLE_LINK_ID_STORE_ID` (`link_id`,`store_id`),
  KEY `IDX_DOWNLOADABLE_LINK_TITLE_LINK_ID` (`link_id`),
  KEY `IDX_DOWNLOADABLE_LINK_TITLE_STORE_ID` (`store_id`)
) ENGINE=InnoDB DEFAULT CHARSET=utf8 COMMENT='Link Title Table';

--
-- Dumping data for table `downloadable_link_title`
--


--
-- Table structure for table `downloadable_sample`
--

CREATE TABLE `downloadable_sample` (
  `sample_id` int unsigned NOT NULL AUTO_INCREMENT COMMENT 'Sample ID',
  `product_id` int unsigned NOT NULL DEFAULT '0' COMMENT 'Product ID',
  `sample_url` varchar(255) DEFAULT NULL COMMENT 'Sample URL',
  `sample_file` varchar(255) DEFAULT NULL COMMENT 'Sample file',
  `sample_type` varchar(20) DEFAULT NULL COMMENT 'Sample Type',
  `sort_order` int unsigned NOT NULL DEFAULT '0' COMMENT 'Sort Order',
  PRIMARY KEY (`sample_id`),
  KEY `IDX_DOWNLOADABLE_SAMPLE_PRODUCT_ID` (`product_id`)
) ENGINE=InnoDB DEFAULT CHARSET=utf8 COMMENT='Downloadable Sample Table';

--
-- Dumping data for table `downloadable_sample`
--


--
-- Table structure for table `downloadable_sample_title`
--

CREATE TABLE `downloadable_sample_title` (
  `title_id` int unsigned NOT NULL AUTO_INCREMENT COMMENT 'Title ID',
  `sample_id` int unsigned NOT NULL DEFAULT '0' COMMENT 'Sample ID',
  `store_id` smallint unsigned NOT NULL DEFAULT '0' COMMENT 'Store ID',
  `title` varchar(255) DEFAULT NULL COMMENT 'Title',
  PRIMARY KEY (`title_id`),
  UNIQUE KEY `UNQ_DOWNLOADABLE_SAMPLE_TITLE_SAMPLE_ID_STORE_ID` (`sample_id`,`store_id`),
  KEY `IDX_DOWNLOADABLE_SAMPLE_TITLE_SAMPLE_ID` (`sample_id`),
  KEY `IDX_DOWNLOADABLE_SAMPLE_TITLE_STORE_ID` (`store_id`)
) ENGINE=InnoDB DEFAULT CHARSET=utf8 COMMENT='Downloadable Sample Title Table';

--
-- Dumping data for table `downloadable_sample_title`
--


--
-- Table structure for table `eav_attribute`
--

CREATE TABLE `eav_attribute` (
  `attribute_id` smallint unsigned NOT NULL AUTO_INCREMENT COMMENT 'Attribute Id',
  `entity_type_id` smallint unsigned NOT NULL DEFAULT '0' COMMENT 'Entity Type Id',
  `attribute_code` varchar(255) DEFAULT NULL COMMENT 'Attribute Code',
  `attribute_model` varchar(255) DEFAULT NULL COMMENT 'Attribute Model',
  `backend_model` varchar(255) DEFAULT NULL COMMENT 'Backend Model',
  `backend_type` varchar(8) NOT NULL DEFAULT 'static' COMMENT 'Backend Type',
  `backend_table` varchar(255) DEFAULT NULL COMMENT 'Backend Table',
  `frontend_model` varchar(255) DEFAULT NULL COMMENT 'Frontend Model',
  `frontend_input` varchar(50) DEFAULT NULL COMMENT 'Frontend Input',
  `frontend_label` varchar(255) DEFAULT NULL COMMENT 'Frontend Label',
  `frontend_class` varchar(255) DEFAULT NULL COMMENT 'Frontend Class',
  `source_model` varchar(255) DEFAULT NULL COMMENT 'Source Model',
  `is_required` smallint unsigned NOT NULL DEFAULT '0' COMMENT 'Defines Is Required',
  `is_user_defined` smallint unsigned NOT NULL DEFAULT '0' COMMENT 'Defines Is User Defined',
  `default_value` text COMMENT 'Default Value',
  `is_unique` smallint unsigned NOT NULL DEFAULT '0' COMMENT 'Defines Is Unique',
  `note` varchar(255) DEFAULT NULL COMMENT 'Note',
  PRIMARY KEY (`attribute_id`),
  UNIQUE KEY `UNQ_EAV_ATTRIBUTE_ENTITY_TYPE_ID_ATTRIBUTE_CODE` (`entity_type_id`,`attribute_code`),
  KEY `IDX_EAV_ATTRIBUTE_ENTITY_TYPE_ID` (`entity_type_id`)
) ENGINE=InnoDB AUTO_INCREMENT=139 DEFAULT CHARSET=utf8 COMMENT='Eav Attribute';

--
-- Dumping data for table `eav_attribute`
--

INSERT INTO `eav_attribute` VALUES (1,1,'website_id',NULL,'customer/customer_attribute_backend_website','static',NULL,NULL,'select','Associate to Website',NULL,'customer/customer_attribute_source_website',1,0,NULL,0,NULL),(2,1,'store_id',NULL,'customer/customer_attribute_backend_store','static',NULL,NULL,'select','Create In',NULL,'customer/customer_attribute_source_store',1,0,NULL,0,NULL),(3,1,'created_in',NULL,NULL,'varchar',NULL,NULL,'text','Created From',NULL,NULL,0,0,NULL,0,NULL),(4,1,'prefix',NULL,NULL,'varchar',NULL,NULL,'text','Prefix',NULL,NULL,0,0,NULL,0,NULL),(5,1,'firstname',NULL,NULL,'varchar',NULL,NULL,'text','First Name',NULL,NULL,1,0,NULL,0,NULL),(6,1,'middlename',NULL,NULL,'varchar',NULL,NULL,'text','Middle Name/Initial',NULL,NULL,0,0,NULL,0,NULL),(7,1,'lastname',NULL,NULL,'varchar',NULL,NULL,'text','Last Name',NULL,NULL,1,0,NULL,0,NULL),(8,1,'suffix',NULL,NULL,'varchar',NULL,NULL,'text','Suffix',NULL,NULL,0,0,NULL,0,NULL),(9,1,'email',NULL,NULL,'static',NULL,NULL,'text','Email',NULL,NULL,1,0,NULL,0,NULL),(10,1,'group_id',NULL,NULL,'static',NULL,NULL,'select','Group',NULL,'customer/customer_attribute_source_group',1,0,NULL,0,NULL),(11,1,'dob',NULL,'eav/entity_attribute_backend_datetime','datetime',NULL,'eav/entity_attribute_frontend_datetime','date','Date Of Birth',NULL,NULL,0,0,NULL,0,NULL),(12,1,'password_hash',NULL,'customer/customer_attribute_backend_password','varchar',NULL,NULL,'hidden',NULL,NULL,NULL,0,0,NULL,0,NULL),(13,1,'default_billing',NULL,'customer/customer_attribute_backend_billing','int',NULL,NULL,'text','Default Billing Address',NULL,NULL,0,0,NULL,0,NULL),(14,1,'default_shipping',NULL,'customer/customer_attribute_backend_shipping','int',NULL,NULL,'text','Default Shipping Address',NULL,NULL,0,0,NULL,0,NULL),(15,1,'taxvat',NULL,NULL,'varchar',NULL,NULL,'text','Tax/VAT Number',NULL,NULL,0,0,NULL,0,NULL),(16,1,'confirmation',NULL,NULL,'varchar',NULL,NULL,'text','Is Confirmed',NULL,NULL,0,0,NULL,0,NULL),(17,1,'created_at',NULL,NULL,'static',NULL,NULL,'datetime','Created At',NULL,NULL,0,0,NULL,0,NULL),(18,1,'gender',NULL,NULL,'int',NULL,NULL,'select','Gender',NULL,'eav/entity_attribute_source_table',0,0,NULL,0,NULL),(19,2,'prefix',NULL,NULL,'varchar',NULL,NULL,'text','Prefix',NULL,NULL,0,0,NULL,0,NULL),(20,2,'firstname',NULL,NULL,'varchar',NULL,NULL,'text','First Name',NULL,NULL,1,0,NULL,0,NULL),(21,2,'middlename',NULL,NULL,'varchar',NULL,NULL,'text','Middle Name/Initial',NULL,NULL,0,0,NULL,0,NULL),(22,2,'lastname',NULL,NULL,'varchar',NULL,NULL,'text','Last Name',NULL,NULL,1,0,NULL,0,NULL),(23,2,'suffix',NULL,NULL,'varchar',NULL,NULL,'text','Suffix',NULL,NULL,0,0,NULL,0,NULL),(24,2,'company',NULL,NULL,'varchar',NULL,NULL,'text','Company',NULL,NULL,0,0,NULL,0,NULL),(25,2,'street',NULL,'customer/entity_address_attribute_backend_street','text',NULL,NULL,'multiline','Street Address',NULL,NULL,1,0,NULL,0,NULL),(26,2,'city',NULL,NULL,'varchar',NULL,NULL,'text','City',NULL,NULL,1,0,NULL,0,NULL),(27,2,'country_id',NULL,NULL,'varchar',NULL,NULL,'select','Country',NULL,'customer/entity_address_attribute_source_country',1,0,NULL,0,NULL),(28,2,'region',NULL,'customer/entity_address_attribute_backend_region','varchar',NULL,NULL,'text','State/Province',NULL,NULL,0,0,NULL,0,NULL),(29,2,'region_id',NULL,NULL,'int',NULL,NULL,'hidden','State/Province',NULL,'customer/entity_address_attribute_source_region',0,0,NULL,0,NULL),(30,2,'postcode',NULL,NULL,'varchar',NULL,NULL,'text','Zip/Postal Code',NULL,NULL,1,0,NULL,0,NULL),(31,2,'telephone',NULL,NULL,'varchar',NULL,NULL,'text','Telephone',NULL,NULL,1,0,NULL,0,NULL),(32,2,'fax',NULL,NULL,'varchar',NULL,NULL,'text','Fax',NULL,NULL,0,0,NULL,0,NULL),(33,1,'rp_token',NULL,NULL,'varchar',NULL,NULL,'hidden',NULL,NULL,NULL,0,0,NULL,0,NULL),(34,1,'rp_token_created_at',NULL,NULL,'datetime',NULL,NULL,'date',NULL,NULL,NULL,0,0,NULL,0,NULL),(35,1,'disable_auto_group_change',NULL,'customer/attribute_backend_data_boolean','static',NULL,NULL,'boolean','Disable Automatic Group Change Based on VAT ID',NULL,NULL,0,0,NULL,0,NULL),(36,2,'vat_id',NULL,NULL,'varchar',NULL,NULL,'text','VAT number',NULL,NULL,0,0,NULL,0,NULL),(37,2,'vat_is_valid',NULL,NULL,'int',NULL,NULL,'text','VAT number validity',NULL,NULL,0,0,NULL,0,NULL),(38,2,'vat_request_id',NULL,NULL,'varchar',NULL,NULL,'text','VAT number validation request ID',NULL,NULL,0,0,NULL,0,NULL),(39,2,'vat_request_date',NULL,NULL,'varchar',NULL,NULL,'text','VAT number validation request date',NULL,NULL,0,0,NULL,0,NULL),(40,2,'vat_request_success',NULL,NULL,'int',NULL,NULL,'text','VAT number validation request success',NULL,NULL,0,0,NULL,0,NULL),(41,1,'password_created_at',NULL,NULL,'int',NULL,NULL,'text','Password created at',NULL,NULL,0,0,NULL,0,NULL),(42,1,'rp_customer_id',NULL,NULL,'varchar',NULL,NULL,'hidden',NULL,NULL,NULL,0,0,NULL,0,NULL),(43,3,'name',NULL,NULL,'varchar',NULL,NULL,'text','Name',NULL,NULL,1,0,NULL,0,NULL),(44,3,'is_active',NULL,NULL,'int',NULL,NULL,'select','Is Active',NULL,'eav/entity_attribute_source_boolean',1,0,NULL,0,NULL),(45,3,'url_key',NULL,'catalog/category_attribute_backend_urlkey','varchar',NULL,NULL,'text','URL Key',NULL,NULL,0,0,NULL,0,NULL),(46,3,'description',NULL,NULL,'text',NULL,NULL,'textarea','Description',NULL,NULL,0,0,NULL,0,NULL),(47,3,'image',NULL,'catalog/category_attribute_backend_image','varchar',NULL,NULL,'image','Image',NULL,NULL,0,0,NULL,0,NULL),(48,3,'meta_title',NULL,NULL,'varchar',NULL,NULL,'text','Page Title',NULL,NULL,0,0,NULL,0,NULL),(49,3,'meta_keywords',NULL,NULL,'text',NULL,NULL,'textarea','Meta Keywords',NULL,NULL,0,0,NULL,0,NULL),(50,3,'meta_description',NULL,NULL,'text',NULL,NULL,'textarea','Meta Description',NULL,NULL,0,0,NULL,0,NULL),(51,3,'display_mode',NULL,NULL,'varchar',NULL,NULL,'select','Display Mode',NULL,'catalog/category_attribute_source_mode',0,0,NULL,0,NULL),(52,3,'landing_page',NULL,NULL,'int',NULL,NULL,'select','CMS Block',NULL,'catalog/category_attribute_source_page',0,0,NULL,0,NULL),(53,3,'is_anchor',NULL,NULL,'int',NULL,NULL,'select','Is Anchor',NULL,'eav/entity_attribute_source_boolean',0,0,NULL,0,NULL),(54,3,'path',NULL,NULL,'static',NULL,NULL,'text','Path',NULL,NULL,0,0,NULL,0,NULL),(55,3,'position',NULL,NULL,'static',NULL,NULL,'text','Position',NULL,NULL,0,0,NULL,0,NULL),(56,3,'all_children',NULL,NULL,'text',NULL,NULL,'text',NULL,NULL,NULL,0,0,NULL,0,NULL),(57,3,'path_in_store',NULL,NULL,'text',NULL,NULL,'text',NULL,NULL,NULL,0,0,NULL,0,NULL),(58,3,'children',NULL,NULL,'text',NULL,NULL,'text',NULL,NULL,NULL,0,0,NULL,0,NULL),(59,3,'url_path',NULL,NULL,'varchar',NULL,NULL,'text',NULL,NULL,NULL,0,0,NULL,0,NULL),(60,3,'custom_design',NULL,NULL,'varchar',NULL,NULL,'select','Custom Design',NULL,'core/design_source_design',0,0,NULL,0,NULL),(61,3,'custom_design_from',NULL,'eav/entity_attribute_backend_datetime','datetime',NULL,NULL,'date','Active From',NULL,NULL,0,0,NULL,0,NULL),(62,3,'custom_design_to',NULL,'eav/entity_attribute_backend_datetime','datetime',NULL,NULL,'date','Active To',NULL,NULL,0,0,NULL,0,NULL),(63,3,'page_layout',NULL,NULL,'varchar',NULL,NULL,'select','Page Layout',NULL,'catalog/category_attribute_source_layout',0,0,NULL,0,NULL),(64,3,'custom_layout_update',NULL,'catalog/attribute_backend_customlayoutupdate','text',NULL,NULL,'textarea','Custom Layout Update',NULL,NULL,0,0,NULL,0,NULL),(65,3,'level',NULL,NULL,'static',NULL,NULL,'text','Level',NULL,NULL,0,0,NULL,0,NULL),(66,3,'children_count',NULL,NULL,'static',NULL,NULL,'text','Children Count',NULL,NULL,0,0,NULL,0,NULL),(67,3,'available_sort_by',NULL,'catalog/category_attribute_backend_sortby','text',NULL,NULL,'multiselect','Available Product Listing Sort By',NULL,'catalog/category_attribute_source_sortby',1,0,NULL,0,NULL),(68,3,'default_sort_by',NULL,'catalog/category_attribute_backend_sortby','varchar',NULL,NULL,'select','Default Product Listing Sort By',NULL,'catalog/category_attribute_source_sortby',1,0,NULL,0,NULL),(69,3,'include_in_menu',NULL,NULL,'int',NULL,NULL,'select','Include in Navigation Menu',NULL,'eav/entity_attribute_source_boolean',1,0,'1',0,NULL),(70,3,'custom_use_parent_settings',NULL,NULL,'int',NULL,NULL,'select','Use Parent Category Settings',NULL,'eav/entity_attribute_source_boolean',0,0,NULL,0,NULL),(71,3,'custom_apply_to_products',NULL,NULL,'int',NULL,NULL,'select','Apply To Products',NULL,'eav/entity_attribute_source_boolean',0,0,NULL,0,NULL),(72,3,'filter_price_range',NULL,NULL,'decimal',NULL,NULL,'text','Layered Navigation Price Step',NULL,NULL,0,0,NULL,0,NULL),(73,4,'name',NULL,NULL,'varchar',NULL,NULL,'text','Name',NULL,NULL,1,0,NULL,0,NULL),(74,4,'description',NULL,NULL,'text',NULL,NULL,'textarea','Description',NULL,NULL,1,0,NULL,0,NULL),(75,4,'short_description',NULL,NULL,'text',NULL,NULL,'textarea','Short Description',NULL,NULL,1,0,NULL,0,NULL),(76,4,'sku',NULL,'catalog/product_attribute_backend_sku','static',NULL,NULL,'text','SKU',NULL,NULL,1,0,NULL,1,NULL),(77,4,'price',NULL,'catalog/product_attribute_backend_price','decimal',NULL,NULL,'price','Price',NULL,NULL,1,0,NULL,0,NULL),(78,4,'special_price',NULL,'catalog/product_attribute_backend_price','decimal',NULL,NULL,'price','Special Price','validate-special-price',NULL,0,0,NULL,0,NULL),(79,4,'special_from_date',NULL,'catalog/product_attribute_backend_startdate_specialprice','datetime',NULL,NULL,'date','Special Price From Date',NULL,NULL,0,0,NULL,0,NULL),(80,4,'special_to_date',NULL,'eav/entity_attribute_backend_datetime','datetime',NULL,NULL,'date','Special Price To Date',NULL,NULL,0,0,NULL,0,NULL),(81,4,'cost',NULL,'catalog/product_attribute_backend_price','decimal',NULL,NULL,'price','Cost',NULL,NULL,0,1,NULL,0,NULL),(82,4,'weight',NULL,NULL,'decimal',NULL,NULL,'weight','Weight',NULL,NULL,1,0,NULL,0,NULL),(83,4,'manufacturer',NULL,NULL,'int',NULL,NULL,'select','Manufacturer',NULL,NULL,0,1,NULL,0,NULL),(84,4,'meta_title',NULL,NULL,'varchar',NULL,NULL,'text','Meta Title',NULL,NULL,0,0,NULL,0,NULL),(85,4,'meta_keyword',NULL,NULL,'text',NULL,NULL,'textarea','Meta Keywords',NULL,NULL,0,0,NULL,0,NULL),(86,4,'meta_description',NULL,NULL,'varchar',NULL,NULL,'textarea','Meta Description',NULL,NULL,0,0,NULL,0,'Maximum 255 chars'),(87,4,'image',NULL,NULL,'varchar',NULL,'catalog/product_attribute_frontend_image','media_image','Base Image',NULL,NULL,0,0,NULL,0,NULL),(88,4,'small_image',NULL,NULL,'varchar',NULL,'catalog/product_attribute_frontend_image','media_image','Small Image',NULL,NULL,0,0,NULL,0,NULL),(89,4,'thumbnail',NULL,NULL,'varchar',NULL,'catalog/product_attribute_frontend_image','media_image','Thumbnail',NULL,NULL,0,0,NULL,0,NULL),(90,4,'media_gallery',NULL,'catalog/product_attribute_backend_media','varchar',NULL,NULL,'gallery','Media Gallery',NULL,NULL,0,0,NULL,0,NULL),(91,4,'old_id',NULL,NULL,'int',NULL,NULL,'text',NULL,NULL,NULL,0,0,NULL,0,NULL),(92,4,'group_price',NULL,'catalog/product_attribute_backend_groupprice','decimal',NULL,NULL,'text','Group Price',NULL,NULL,0,0,NULL,0,NULL),(93,4,'tier_price',NULL,'catalog/product_attribute_backend_tierprice','decimal',NULL,NULL,'text','Tier Price',NULL,NULL,0,0,NULL,0,NULL),(94,4,'color',NULL,NULL,'int',NULL,NULL,'select','Color',NULL,NULL,0,1,NULL,0,NULL),(95,4,'news_from_date',NULL,'catalog/product_attribute_backend_startdate','datetime',NULL,NULL,'date','Set Product as New from Date',NULL,NULL,0,0,NULL,0,NULL),(96,4,'news_to_date',NULL,'eav/entity_attribute_backend_datetime','datetime',NULL,NULL,'date','Set Product as New to Date',NULL,NULL,0,0,NULL,0,NULL),(97,4,'gallery',NULL,NULL,'varchar',NULL,NULL,'gallery','Image Gallery',NULL,NULL,0,0,NULL,0,NULL),(98,4,'status',NULL,NULL,'int',NULL,NULL,'select','Status',NULL,'catalog/product_status',1,0,NULL,0,NULL),(99,4,'url_key',NULL,'catalog/product_attribute_backend_urlkey','varchar',NULL,NULL,'text','URL Key',NULL,NULL,0,0,NULL,0,NULL),(100,4,'url_path',NULL,NULL,'varchar',NULL,NULL,'text',NULL,NULL,NULL,0,0,NULL,0,NULL),(101,4,'minimal_price',NULL,NULL,'decimal',NULL,NULL,'price','Minimal Price',NULL,NULL,0,0,NULL,0,NULL),(102,4,'is_recurring',NULL,NULL,'int',NULL,NULL,'select','Enable Recurring Profile',NULL,'eav/entity_attribute_source_boolean',0,0,NULL,0,'Products with recurring profile participate in catalog as nominal items.'),(103,4,'recurring_profile',NULL,'catalog/product_attribute_backend_recurring','text',NULL,NULL,'text','Recurring Payment Profile',NULL,NULL,0,0,NULL,0,NULL),(104,4,'visibility',NULL,NULL,'int',NULL,NULL,'select','Visibility',NULL,'catalog/product_visibility',1,0,'4',0,NULL),(105,4,'custom_design',NULL,NULL,'varchar',NULL,NULL,'select','Custom Design',NULL,'core/design_source_design',0,0,NULL,0,NULL),(106,4,'custom_design_from',NULL,'catalog/product_attribute_backend_startdate','datetime',NULL,NULL,'date','Active From',NULL,NULL,0,0,NULL,0,NULL),(107,4,'custom_design_to',NULL,'eav/entity_attribute_backend_datetime','datetime',NULL,NULL,'date','Active To',NULL,NULL,0,0,NULL,0,NULL),(108,4,'custom_layout_update',NULL,'catalog/attribute_backend_customlayoutupdate','text',NULL,NULL,'textarea','Custom Layout Update',NULL,NULL,0,0,NULL,0,NULL),(109,4,'page_layout',NULL,NULL,'varchar',NULL,NULL,'select','Page Layout',NULL,'catalog/product_attribute_source_layout',0,0,NULL,0,NULL),(110,4,'category_ids',NULL,NULL,'static',NULL,NULL,'text',NULL,NULL,NULL,0,0,NULL,0,NULL),(111,4,'options_container',NULL,NULL,'varchar',NULL,NULL,'select','Display Product Options In',NULL,'catalog/entity_product_attribute_design_options_container',0,0,'container1',0,NULL),(112,4,'required_options',NULL,NULL,'static',NULL,NULL,'text',NULL,NULL,NULL,0,0,NULL,0,NULL),(113,4,'has_options',NULL,NULL,'static',NULL,NULL,'text',NULL,NULL,NULL,0,0,NULL,0,NULL),(114,4,'image_label',NULL,NULL,'varchar',NULL,NULL,'text','Image Label',NULL,NULL,0,0,NULL,0,NULL),(115,4,'small_image_label',NULL,NULL,'varchar',NULL,NULL,'text','Small Image Label',NULL,NULL,0,0,NULL,0,NULL),(116,4,'thumbnail_label',NULL,NULL,'varchar',NULL,NULL,'text','Thumbnail Label',NULL,NULL,0,0,NULL,0,NULL),(117,4,'created_at',NULL,'eav/entity_attribute_backend_time_created','static',NULL,NULL,'text',NULL,NULL,NULL,1,0,NULL,0,NULL),(118,4,'updated_at',NULL,'eav/entity_attribute_backend_time_updated','static',NULL,NULL,'text',NULL,NULL,NULL,1,0,NULL,0,NULL),(119,4,'country_of_manufacture',NULL,NULL,'varchar',NULL,NULL,'select','Country of Manufacture',NULL,'catalog/product_attribute_source_countryofmanufacture',0,0,NULL,0,NULL),(120,4,'msrp_enabled',NULL,'catalog/product_attribute_backend_msrp','varchar',NULL,NULL,'select','Apply MAP',NULL,'catalog/product_attribute_source_msrp_type_enabled',0,0,'2',0,NULL),(121,4,'msrp_display_actual_price_type',NULL,'catalog/product_attribute_backend_boolean','varchar',NULL,NULL,'select','Display Actual Price',NULL,'catalog/product_attribute_source_msrp_type_price',0,0,'4',0,NULL),(122,4,'msrp',NULL,'catalog/product_attribute_backend_price','decimal',NULL,NULL,'price','Manufacturer\'s Suggested Retail Price',NULL,NULL,0,0,NULL,0,NULL),(123,4,'tax_class_id',NULL,NULL,'int',NULL,NULL,'select','Tax Class',NULL,'tax/class_source_product',1,0,NULL,0,NULL),(124,4,'gift_message_available',NULL,'catalog/product_attribute_backend_boolean','varchar',NULL,NULL,'select','Allow Gift Message',NULL,'eav/entity_attribute_source_boolean',0,0,NULL,0,NULL),(125,4,'price_type',NULL,NULL,'int',NULL,NULL,NULL,NULL,NULL,NULL,1,0,NULL,0,NULL),(126,4,'sku_type',NULL,NULL,'int',NULL,NULL,NULL,NULL,NULL,NULL,1,0,NULL,0,NULL),(127,4,'weight_type',NULL,NULL,'int',NULL,NULL,NULL,NULL,NULL,NULL,1,0,NULL,0,NULL),(128,4,'price_view',NULL,NULL,'int',NULL,NULL,'select','Price View',NULL,'bundle/product_attribute_source_price_view',1,0,NULL,0,NULL),(129,4,'shipment_type',NULL,NULL,'int',NULL,NULL,NULL,'Shipment',NULL,NULL,1,0,NULL,0,NULL),(130,4,'links_purchased_separately',NULL,NULL,'int',NULL,NULL,NULL,'Links can be purchased separately',NULL,NULL,1,0,NULL,0,NULL),(131,4,'samples_title',NULL,NULL,'varchar',NULL,NULL,NULL,'Samples title',NULL,NULL,1,0,NULL,0,NULL),(132,4,'links_title',NULL,NULL,'varchar',NULL,NULL,NULL,'Links title',NULL,NULL,1,0,NULL,0,NULL),(133,4,'links_exist',NULL,NULL,'int',NULL,NULL,NULL,NULL,NULL,NULL,0,0,'0',0,NULL),(134,1,'hipay_alias_oneclick',NULL,NULL,'varchar',NULL,NULL,'text','Alias Oneclick Hipay',NULL,NULL,0,0,'0',0,NULL),(135,1,'hipay_alias_recurring',NULL,NULL,'varchar',NULL,NULL,'text','Alias Recurring Hipay',NULL,NULL,0,0,'0',0,NULL),(136,1,'hipay_cc_number_enc',NULL,NULL,'varchar',NULL,NULL,'text','Card number encrypted hipay',NULL,NULL,0,0,'0',0,NULL),(137,1,'hipay_cc_exp_date',NULL,NULL,'varchar',NULL,NULL,'text','Card expiration date hipay',NULL,NULL,0,0,'0',0,NULL),(138,1,'hipay_cc_type',NULL,NULL,'varchar',NULL,NULL,'text','Card Type hipay',NULL,NULL,0,0,'0',0,NULL);

--
-- Table structure for table `eav_attribute_group`
--

CREATE TABLE `eav_attribute_group` (
  `attribute_group_id` smallint unsigned NOT NULL AUTO_INCREMENT COMMENT 'Attribute Group Id',
  `attribute_set_id` smallint unsigned NOT NULL DEFAULT '0' COMMENT 'Attribute Set Id',
  `attribute_group_name` varchar(255) DEFAULT NULL COMMENT 'Attribute Group Name',
  `sort_order` smallint NOT NULL DEFAULT '0' COMMENT 'Sort Order',
  `default_id` smallint unsigned DEFAULT '0' COMMENT 'Default Id',
  PRIMARY KEY (`attribute_group_id`),
  UNIQUE KEY `UNQ_EAV_ATTRIBUTE_GROUP_ATTRIBUTE_SET_ID_ATTRIBUTE_GROUP_NAME` (`attribute_set_id`,`attribute_group_name`),
  KEY `IDX_EAV_ATTRIBUTE_GROUP_ATTRIBUTE_SET_ID_SORT_ORDER` (`attribute_set_id`,`sort_order`)
) ENGINE=InnoDB AUTO_INCREMENT=18 DEFAULT CHARSET=utf8 COMMENT='Eav Attribute Group';

--
-- Dumping data for table `eav_attribute_group`
--

INSERT INTO `eav_attribute_group` VALUES (1,1,'General',1,1),(2,2,'General',1,1),(3,3,'General',10,1),(4,3,'General Information',2,0),(5,3,'Display Settings',20,0),(6,3,'Custom Design',30,0),(7,4,'General',1,1),(8,4,'Prices',2,0),(9,4,'Meta Information',3,0),(10,4,'Images',4,0),(11,4,'Recurring Profile',5,0),(12,4,'Design',6,0),(13,5,'General',1,1),(14,6,'General',1,1),(15,7,'General',1,1),(16,8,'General',1,1),(17,4,'Gift Options',7,0);

--
-- Table structure for table `eav_attribute_label`
--

CREATE TABLE `eav_attribute_label` (
  `attribute_label_id` int unsigned NOT NULL AUTO_INCREMENT COMMENT 'Attribute Label Id',
  `attribute_id` smallint unsigned NOT NULL DEFAULT '0' COMMENT 'Attribute Id',
  `store_id` smallint unsigned NOT NULL DEFAULT '0' COMMENT 'Store Id',
  `value` varchar(255) DEFAULT NULL COMMENT 'Value',
  PRIMARY KEY (`attribute_label_id`),
  KEY `IDX_EAV_ATTRIBUTE_LABEL_ATTRIBUTE_ID` (`attribute_id`),
  KEY `IDX_EAV_ATTRIBUTE_LABEL_STORE_ID` (`store_id`),
  KEY `IDX_EAV_ATTRIBUTE_LABEL_ATTRIBUTE_ID_STORE_ID` (`attribute_id`,`store_id`)
) ENGINE=InnoDB DEFAULT CHARSET=utf8 COMMENT='Eav Attribute Label';

--
-- Dumping data for table `eav_attribute_label`
--


--
-- Table structure for table `eav_attribute_option`
--

CREATE TABLE `eav_attribute_option` (
  `option_id` int unsigned NOT NULL AUTO_INCREMENT COMMENT 'Option Id',
  `attribute_id` smallint unsigned NOT NULL DEFAULT '0' COMMENT 'Attribute Id',
  `sort_order` smallint unsigned NOT NULL DEFAULT '0' COMMENT 'Sort Order',
  PRIMARY KEY (`option_id`),
  KEY `IDX_EAV_ATTRIBUTE_OPTION_ATTRIBUTE_ID` (`attribute_id`)
) ENGINE=InnoDB AUTO_INCREMENT=3 DEFAULT CHARSET=utf8 COMMENT='Eav Attribute Option';

--
-- Dumping data for table `eav_attribute_option`
--

INSERT INTO `eav_attribute_option` VALUES (1,18,0),(2,18,1);

--
-- Table structure for table `eav_attribute_option_value`
--

CREATE TABLE `eav_attribute_option_value` (
  `value_id` int unsigned NOT NULL AUTO_INCREMENT COMMENT 'Value Id',
  `option_id` int unsigned NOT NULL DEFAULT '0' COMMENT 'Option Id',
  `store_id` smallint unsigned NOT NULL DEFAULT '0' COMMENT 'Store Id',
  `value` varchar(255) DEFAULT NULL COMMENT 'Value',
  PRIMARY KEY (`value_id`),
  KEY `IDX_EAV_ATTRIBUTE_OPTION_VALUE_OPTION_ID` (`option_id`),
  KEY `IDX_EAV_ATTRIBUTE_OPTION_VALUE_STORE_ID` (`store_id`)
) ENGINE=InnoDB AUTO_INCREMENT=3 DEFAULT CHARSET=utf8 COMMENT='Eav Attribute Option Value';

--
-- Dumping data for table `eav_attribute_option_value`
--

INSERT INTO `eav_attribute_option_value` VALUES (1,1,0,'Male'),(2,2,0,'Female');

--
-- Table structure for table `eav_attribute_set`
--

CREATE TABLE `eav_attribute_set` (
  `attribute_set_id` smallint unsigned NOT NULL AUTO_INCREMENT COMMENT 'Attribute Set Id',
  `entity_type_id` smallint unsigned NOT NULL DEFAULT '0' COMMENT 'Entity Type Id',
  `attribute_set_name` varchar(255) DEFAULT NULL COMMENT 'Attribute Set Name',
  `sort_order` smallint NOT NULL DEFAULT '0' COMMENT 'Sort Order',
  PRIMARY KEY (`attribute_set_id`),
  UNIQUE KEY `UNQ_EAV_ATTRIBUTE_SET_ENTITY_TYPE_ID_ATTRIBUTE_SET_NAME` (`entity_type_id`,`attribute_set_name`),
  KEY `IDX_EAV_ATTRIBUTE_SET_ENTITY_TYPE_ID_SORT_ORDER` (`entity_type_id`,`sort_order`)
) ENGINE=InnoDB AUTO_INCREMENT=9 DEFAULT CHARSET=utf8 COMMENT='Eav Attribute Set';

--
-- Dumping data for table `eav_attribute_set`
--

INSERT INTO `eav_attribute_set` VALUES (1,1,'Default',1),(2,2,'Default',1),(3,3,'Default',1),(4,4,'Default',1),(5,5,'Default',1),(6,6,'Default',1),(7,7,'Default',1),(8,8,'Default',1);

--
-- Table structure for table `eav_entity`
--

CREATE TABLE `eav_entity` (
  `entity_id` int unsigned NOT NULL AUTO_INCREMENT COMMENT 'Entity Id',
  `entity_type_id` smallint unsigned NOT NULL DEFAULT '0' COMMENT 'Entity Type Id',
  `attribute_set_id` smallint unsigned NOT NULL DEFAULT '0' COMMENT 'Attribute Set Id',
  `increment_id` varchar(50) DEFAULT NULL COMMENT 'Increment Id',
  `parent_id` int unsigned NOT NULL DEFAULT '0' COMMENT 'Parent Id',
  `store_id` smallint unsigned NOT NULL DEFAULT '0' COMMENT 'Store Id',
  `created_at` timestamp NOT NULL DEFAULT '0000-00-00 00:00:00' COMMENT 'Created At',
  `updated_at` timestamp NOT NULL DEFAULT '0000-00-00 00:00:00' COMMENT 'Updated At',
  `is_active` smallint unsigned NOT NULL DEFAULT '1' COMMENT 'Defines Is Entity Active',
  PRIMARY KEY (`entity_id`),
  KEY `IDX_EAV_ENTITY_ENTITY_TYPE_ID` (`entity_type_id`),
  KEY `IDX_EAV_ENTITY_STORE_ID` (`store_id`)
) ENGINE=InnoDB DEFAULT CHARSET=utf8 COMMENT='Eav Entity';

--
-- Dumping data for table `eav_entity`
--


--
-- Table structure for table `eav_entity_attribute`
--

CREATE TABLE `eav_entity_attribute` (
  `entity_attribute_id` int unsigned NOT NULL AUTO_INCREMENT COMMENT 'Entity Attribute Id',
  `entity_type_id` smallint unsigned NOT NULL DEFAULT '0' COMMENT 'Entity Type Id',
  `attribute_set_id` smallint unsigned NOT NULL DEFAULT '0' COMMENT 'Attribute Set Id',
  `attribute_group_id` smallint unsigned NOT NULL DEFAULT '0' COMMENT 'Attribute Group Id',
  `attribute_id` smallint unsigned NOT NULL DEFAULT '0' COMMENT 'Attribute Id',
  `sort_order` smallint NOT NULL DEFAULT '0' COMMENT 'Sort Order',
  PRIMARY KEY (`entity_attribute_id`),
  UNIQUE KEY `UNQ_EAV_ENTITY_ATTRIBUTE_ATTRIBUTE_SET_ID_ATTRIBUTE_ID` (`attribute_set_id`,`attribute_id`),
  UNIQUE KEY `UNQ_EAV_ENTITY_ATTRIBUTE_ATTRIBUTE_GROUP_ID_ATTRIBUTE_ID` (`attribute_group_id`,`attribute_id`),
  KEY `IDX_EAV_ENTITY_ATTRIBUTE_ATTRIBUTE_SET_ID_SORT_ORDER` (`attribute_set_id`,`sort_order`),
  KEY `IDX_EAV_ENTITY_ATTRIBUTE_ATTRIBUTE_ID` (`attribute_id`)
) ENGINE=InnoDB AUTO_INCREMENT=137 DEFAULT CHARSET=utf8 COMMENT='Eav Entity Attributes';

--
-- Dumping data for table `eav_entity_attribute`
--

INSERT INTO `eav_entity_attribute` VALUES (1,1,1,1,1,10),(2,1,1,1,2,0),(3,1,1,1,3,20),(4,1,1,1,4,30),(5,1,1,1,5,40),(6,1,1,1,6,50),(7,1,1,1,7,60),(8,1,1,1,8,70),(9,1,1,1,9,80),(10,1,1,1,10,25),(11,1,1,1,11,90),(12,1,1,1,12,0),(13,1,1,1,13,0),(14,1,1,1,14,0),(15,1,1,1,15,100),(16,1,1,1,16,0),(17,1,1,1,17,86),(18,1,1,1,18,110),(19,2,2,2,19,10),(20,2,2,2,20,20),(21,2,2,2,21,30),(22,2,2,2,22,40),(23,2,2,2,23,50),(24,2,2,2,24,60),(25,2,2,2,25,70),(26,2,2,2,26,80),(27,2,2,2,27,90),(28,2,2,2,28,100),(29,2,2,2,29,100),(30,2,2,2,30,110),(31,2,2,2,31,120),(32,2,2,2,32,130),(33,1,1,1,33,111),(34,1,1,1,34,112),(35,1,1,1,35,28),(36,2,2,2,36,140),(37,2,2,2,37,132),(38,2,2,2,38,133),(39,2,2,2,39,134),(40,2,2,2,40,135),(41,1,1,1,41,113),(42,1,1,1,42,114),(43,3,3,4,43,1),(44,3,3,4,44,2),(45,3,3,4,45,3),(46,3,3,4,46,4),(47,3,3,4,47,5),(48,3,3,4,48,6),(49,3,3,4,49,7),(50,3,3,4,50,8),(51,3,3,5,51,10),(52,3,3,5,52,20),(53,3,3,5,53,30),(54,3,3,4,54,12),(55,3,3,4,55,13),(56,3,3,4,56,14),(57,3,3,4,57,15),(58,3,3,4,58,16),(59,3,3,4,59,17),(60,3,3,6,60,10),(61,3,3,6,61,30),(62,3,3,6,62,40),(63,3,3,6,63,50),(64,3,3,6,64,60),(65,3,3,4,65,24),(66,3,3,4,66,25),(67,3,3,5,67,40),(68,3,3,5,68,50),(69,3,3,4,69,10),(70,3,3,6,70,5),(71,3,3,6,71,6),(72,3,3,5,72,51),(73,4,4,7,73,1),(74,4,4,7,74,2),(75,4,4,7,75,3),(76,4,4,7,76,4),(77,4,4,8,77,1),(78,4,4,8,78,3),(79,4,4,8,79,4),(80,4,4,8,80,5),(81,4,4,8,81,6),(82,4,4,7,82,5),(83,4,4,9,84,1),(84,4,4,9,85,2),(85,4,4,9,86,3),(86,4,4,10,87,1),(87,4,4,10,88,2),(88,4,4,10,89,3),(89,4,4,10,90,4),(90,4,4,7,91,6),(91,4,4,8,92,2),(92,4,4,8,93,7),(93,4,4,7,95,7),(94,4,4,7,96,8),(95,4,4,10,97,5),(96,4,4,7,98,9),(97,4,4,7,99,10),(98,4,4,7,100,11),(99,4,4,8,101,8),(100,4,4,11,102,1),(101,4,4,11,103,2),(102,4,4,7,104,12),(103,4,4,12,105,1),(104,4,4,12,106,2),(105,4,4,12,107,3),(106,4,4,12,108,4),(107,4,4,12,109,5),(108,4,4,7,110,13),(109,4,4,12,111,6),(110,4,4,7,112,14),(111,4,4,7,113,15),(112,4,4,7,114,16),(113,4,4,7,115,17),(114,4,4,7,116,18),(115,4,4,7,117,19),(116,4,4,7,118,20),(117,4,4,7,119,21),(118,4,4,8,120,9),(119,4,4,8,121,10),(120,4,4,8,122,11),(121,4,4,8,123,12),(122,4,4,17,124,1),(123,4,4,7,125,22),(124,4,4,7,126,23),(125,4,4,7,127,24),(126,4,4,8,128,13),(127,4,4,7,129,25),(128,4,4,7,130,26),(129,4,4,7,131,27),(130,4,4,7,132,28),(131,4,4,7,133,29),(132,1,1,1,134,700),(133,1,1,1,135,700),(134,1,1,1,136,700),(135,1,1,1,137,700),(136,1,1,1,138,800);

--
-- Table structure for table `eav_entity_datetime`
--

CREATE TABLE `eav_entity_datetime` (
  `value_id` int NOT NULL AUTO_INCREMENT COMMENT 'Value Id',
  `entity_type_id` smallint unsigned NOT NULL DEFAULT '0' COMMENT 'Entity Type Id',
  `attribute_id` smallint unsigned NOT NULL DEFAULT '0' COMMENT 'Attribute Id',
  `store_id` smallint unsigned NOT NULL DEFAULT '0' COMMENT 'Store Id',
  `entity_id` int unsigned NOT NULL DEFAULT '0' COMMENT 'Entity Id',
  `value` datetime NOT NULL DEFAULT '0000-00-00 00:00:00' COMMENT 'Attribute Value',
  PRIMARY KEY (`value_id`),
  UNIQUE KEY `UNQ_EAV_ENTITY_DATETIME_ENTITY_ID_ATTRIBUTE_ID_STORE_ID` (`entity_id`,`attribute_id`,`store_id`),
  KEY `IDX_EAV_ENTITY_DATETIME_ENTITY_TYPE_ID` (`entity_type_id`),
  KEY `IDX_EAV_ENTITY_DATETIME_ATTRIBUTE_ID` (`attribute_id`),
  KEY `IDX_EAV_ENTITY_DATETIME_STORE_ID` (`store_id`),
  KEY `IDX_EAV_ENTITY_DATETIME_ENTITY_ID` (`entity_id`),
  KEY `IDX_EAV_ENTITY_DATETIME_ATTRIBUTE_ID_VALUE` (`attribute_id`,`value`),
  KEY `IDX_EAV_ENTITY_DATETIME_ENTITY_TYPE_ID_VALUE` (`entity_type_id`,`value`)
) ENGINE=InnoDB DEFAULT CHARSET=utf8 COMMENT='Eav Entity Value Prefix';

--
-- Dumping data for table `eav_entity_datetime`
--


--
-- Table structure for table `eav_entity_decimal`
--

CREATE TABLE `eav_entity_decimal` (
  `value_id` int NOT NULL AUTO_INCREMENT COMMENT 'Value Id',
  `entity_type_id` smallint unsigned NOT NULL DEFAULT '0' COMMENT 'Entity Type Id',
  `attribute_id` smallint unsigned NOT NULL DEFAULT '0' COMMENT 'Attribute Id',
  `store_id` smallint unsigned NOT NULL DEFAULT '0' COMMENT 'Store Id',
  `entity_id` int unsigned NOT NULL DEFAULT '0' COMMENT 'Entity Id',
  `value` decimal(12,4) NOT NULL DEFAULT '0.0000' COMMENT 'Attribute Value',
  PRIMARY KEY (`value_id`),
  UNIQUE KEY `UNQ_EAV_ENTITY_DECIMAL_ENTITY_ID_ATTRIBUTE_ID_STORE_ID` (`entity_id`,`attribute_id`,`store_id`),
  KEY `IDX_EAV_ENTITY_DECIMAL_ENTITY_TYPE_ID` (`entity_type_id`),
  KEY `IDX_EAV_ENTITY_DECIMAL_ATTRIBUTE_ID` (`attribute_id`),
  KEY `IDX_EAV_ENTITY_DECIMAL_STORE_ID` (`store_id`),
  KEY `IDX_EAV_ENTITY_DECIMAL_ENTITY_ID` (`entity_id`),
  KEY `IDX_EAV_ENTITY_DECIMAL_ATTRIBUTE_ID_VALUE` (`attribute_id`,`value`),
  KEY `IDX_EAV_ENTITY_DECIMAL_ENTITY_TYPE_ID_VALUE` (`entity_type_id`,`value`)
) ENGINE=InnoDB DEFAULT CHARSET=utf8 COMMENT='Eav Entity Value Prefix';

--
-- Dumping data for table `eav_entity_decimal`
--


--
-- Table structure for table `eav_entity_int`
--

CREATE TABLE `eav_entity_int` (
  `value_id` int NOT NULL AUTO_INCREMENT COMMENT 'Value Id',
  `entity_type_id` smallint unsigned NOT NULL DEFAULT '0' COMMENT 'Entity Type Id',
  `attribute_id` smallint unsigned NOT NULL DEFAULT '0' COMMENT 'Attribute Id',
  `store_id` smallint unsigned NOT NULL DEFAULT '0' COMMENT 'Store Id',
  `entity_id` int unsigned NOT NULL DEFAULT '0' COMMENT 'Entity Id',
  `value` int NOT NULL DEFAULT '0' COMMENT 'Attribute Value',
  PRIMARY KEY (`value_id`),
  UNIQUE KEY `UNQ_EAV_ENTITY_INT_ENTITY_ID_ATTRIBUTE_ID_STORE_ID` (`entity_id`,`attribute_id`,`store_id`),
  KEY `IDX_EAV_ENTITY_INT_ENTITY_TYPE_ID` (`entity_type_id`),
  KEY `IDX_EAV_ENTITY_INT_ATTRIBUTE_ID` (`attribute_id`),
  KEY `IDX_EAV_ENTITY_INT_STORE_ID` (`store_id`),
  KEY `IDX_EAV_ENTITY_INT_ENTITY_ID` (`entity_id`),
  KEY `IDX_EAV_ENTITY_INT_ATTRIBUTE_ID_VALUE` (`attribute_id`,`value`),
  KEY `IDX_EAV_ENTITY_INT_ENTITY_TYPE_ID_VALUE` (`entity_type_id`,`value`)
) ENGINE=InnoDB DEFAULT CHARSET=utf8 COMMENT='Eav Entity Value Prefix';

--
-- Dumping data for table `eav_entity_int`
--


--
-- Table structure for table `eav_entity_store`
--

CREATE TABLE `eav_entity_store` (
  `entity_store_id` int unsigned NOT NULL AUTO_INCREMENT COMMENT 'Entity Store Id',
  `entity_type_id` smallint unsigned NOT NULL DEFAULT '0' COMMENT 'Entity Type Id',
  `store_id` smallint unsigned NOT NULL DEFAULT '0' COMMENT 'Store Id',
  `increment_prefix` varchar(20) DEFAULT NULL COMMENT 'Increment Prefix',
  `increment_last_id` varchar(50) DEFAULT NULL COMMENT 'Last Incremented Id',
  PRIMARY KEY (`entity_store_id`),
  KEY `IDX_EAV_ENTITY_STORE_ENTITY_TYPE_ID` (`entity_type_id`),
  KEY `IDX_EAV_ENTITY_STORE_STORE_ID` (`store_id`)
) ENGINE=InnoDB AUTO_INCREMENT=5 DEFAULT CHARSET=utf8 COMMENT='Eav Entity Store';

--
-- Dumping data for table `eav_entity_store`
--

INSERT INTO `eav_entity_store` VALUES (1,5,1,'1','100000052'),(2,6,1,'1','100000005'),(3,8,1,'1','100000003'),(4,7,1,'1','100000002');

--
-- Table structure for table `eav_entity_text`
--

CREATE TABLE `eav_entity_text` (
  `value_id` int NOT NULL AUTO_INCREMENT COMMENT 'Value Id',
  `entity_type_id` smallint unsigned NOT NULL DEFAULT '0' COMMENT 'Entity Type Id',
  `attribute_id` smallint unsigned NOT NULL DEFAULT '0' COMMENT 'Attribute Id',
  `store_id` smallint unsigned NOT NULL DEFAULT '0' COMMENT 'Store Id',
  `entity_id` int unsigned NOT NULL DEFAULT '0' COMMENT 'Entity Id',
  `value` text NOT NULL COMMENT 'Attribute Value',
  PRIMARY KEY (`value_id`),
  UNIQUE KEY `UNQ_EAV_ENTITY_TEXT_ENTITY_ID_ATTRIBUTE_ID_STORE_ID` (`entity_id`,`attribute_id`,`store_id`),
  KEY `IDX_EAV_ENTITY_TEXT_ENTITY_TYPE_ID` (`entity_type_id`),
  KEY `IDX_EAV_ENTITY_TEXT_ATTRIBUTE_ID` (`attribute_id`),
  KEY `IDX_EAV_ENTITY_TEXT_STORE_ID` (`store_id`),
  KEY `IDX_EAV_ENTITY_TEXT_ENTITY_ID` (`entity_id`)
) ENGINE=InnoDB DEFAULT CHARSET=utf8 COMMENT='Eav Entity Value Prefix';

--
-- Dumping data for table `eav_entity_text`
--


--
-- Table structure for table `eav_entity_type`
--

CREATE TABLE `eav_entity_type` (
  `entity_type_id` smallint unsigned NOT NULL AUTO_INCREMENT COMMENT 'Entity Type Id',
  `entity_type_code` varchar(50) NOT NULL COMMENT 'Entity Type Code',
  `entity_model` varchar(255) NOT NULL COMMENT 'Entity Model',
  `attribute_model` varchar(255) DEFAULT NULL COMMENT 'Attribute Model',
  `entity_table` varchar(255) DEFAULT NULL COMMENT 'Entity Table',
  `value_table_prefix` varchar(255) DEFAULT NULL COMMENT 'Value Table Prefix',
  `entity_id_field` varchar(255) DEFAULT NULL COMMENT 'Entity Id Field',
  `is_data_sharing` smallint unsigned NOT NULL DEFAULT '1' COMMENT 'Defines Is Data Sharing',
  `data_sharing_key` varchar(100) DEFAULT 'default' COMMENT 'Data Sharing Key',
  `default_attribute_set_id` smallint unsigned NOT NULL DEFAULT '0' COMMENT 'Default Attribute Set Id',
  `increment_model` varchar(255) DEFAULT '' COMMENT 'Increment Model',
  `increment_per_store` smallint unsigned NOT NULL DEFAULT '0' COMMENT 'Increment Per Store',
  `increment_pad_length` smallint unsigned NOT NULL DEFAULT '8' COMMENT 'Increment Pad Length',
  `increment_pad_char` varchar(1) NOT NULL DEFAULT '0' COMMENT 'Increment Pad Char',
  `additional_attribute_table` varchar(255) DEFAULT '' COMMENT 'Additional Attribute Table',
  `entity_attribute_collection` varchar(255) DEFAULT NULL COMMENT 'Entity Attribute Collection',
  PRIMARY KEY (`entity_type_id`),
  KEY `IDX_EAV_ENTITY_TYPE_ENTITY_TYPE_CODE` (`entity_type_code`)
) ENGINE=InnoDB AUTO_INCREMENT=9 DEFAULT CHARSET=utf8 COMMENT='Eav Entity Type';

--
-- Dumping data for table `eav_entity_type`
--

INSERT INTO `eav_entity_type` VALUES (1,'customer','customer/customer','customer/attribute','customer/entity',NULL,NULL,1,'default',1,'eav/entity_increment_numeric',0,8,'0','customer/eav_attribute','customer/attribute_collection'),(2,'customer_address','customer/address','customer/attribute','customer/address_entity',NULL,NULL,1,'default',2,NULL,0,8,'0','customer/eav_attribute','customer/address_attribute_collection'),(3,'catalog_category','catalog/category','catalog/resource_eav_attribute','catalog/category',NULL,NULL,1,'default',3,NULL,0,8,'0','catalog/eav_attribute','catalog/category_attribute_collection'),(4,'catalog_product','catalog/product','catalog/resource_eav_attribute','catalog/product',NULL,NULL,1,'default',4,NULL,0,8,'0','catalog/eav_attribute','catalog/product_attribute_collection'),(5,'order','sales/order',NULL,'sales/order',NULL,NULL,1,'default',0,'eav/entity_increment_numeric',1,8,'0',NULL,NULL),(6,'invoice','sales/order_invoice',NULL,'sales/invoice',NULL,NULL,1,'default',0,'eav/entity_increment_numeric',1,8,'0',NULL,NULL),(7,'creditmemo','sales/order_creditmemo',NULL,'sales/creditmemo',NULL,NULL,1,'default',0,'eav/entity_increment_numeric',1,8,'0',NULL,NULL),(8,'shipment','sales/order_shipment',NULL,'sales/shipment',NULL,NULL,1,'default',0,'eav/entity_increment_numeric',1,8,'0',NULL,NULL);

--
-- Table structure for table `eav_entity_varchar`
--

CREATE TABLE `eav_entity_varchar` (
  `value_id` int NOT NULL AUTO_INCREMENT COMMENT 'Value Id',
  `entity_type_id` smallint unsigned NOT NULL DEFAULT '0' COMMENT 'Entity Type Id',
  `attribute_id` smallint unsigned NOT NULL DEFAULT '0' COMMENT 'Attribute Id',
  `store_id` smallint unsigned NOT NULL DEFAULT '0' COMMENT 'Store Id',
  `entity_id` int unsigned NOT NULL DEFAULT '0' COMMENT 'Entity Id',
  `value` varchar(255) DEFAULT NULL COMMENT 'Attribute Value',
  PRIMARY KEY (`value_id`),
  UNIQUE KEY `UNQ_EAV_ENTITY_VARCHAR_ENTITY_ID_ATTRIBUTE_ID_STORE_ID` (`entity_id`,`attribute_id`,`store_id`),
  KEY `IDX_EAV_ENTITY_VARCHAR_ENTITY_TYPE_ID` (`entity_type_id`),
  KEY `IDX_EAV_ENTITY_VARCHAR_ATTRIBUTE_ID` (`attribute_id`),
  KEY `IDX_EAV_ENTITY_VARCHAR_STORE_ID` (`store_id`),
  KEY `IDX_EAV_ENTITY_VARCHAR_ENTITY_ID` (`entity_id`),
  KEY `IDX_EAV_ENTITY_VARCHAR_ATTRIBUTE_ID_VALUE` (`attribute_id`,`value`),
  KEY `IDX_EAV_ENTITY_VARCHAR_ENTITY_TYPE_ID_VALUE` (`entity_type_id`,`value`)
) ENGINE=InnoDB DEFAULT CHARSET=utf8 COMMENT='Eav Entity Value Prefix';

--
-- Dumping data for table `eav_entity_varchar`
--


--
-- Table structure for table `eav_form_element`
--

CREATE TABLE `eav_form_element` (
  `element_id` int unsigned NOT NULL AUTO_INCREMENT COMMENT 'Element Id',
  `type_id` smallint unsigned NOT NULL COMMENT 'Type Id',
  `fieldset_id` smallint unsigned DEFAULT NULL COMMENT 'Fieldset Id',
  `attribute_id` smallint unsigned NOT NULL COMMENT 'Attribute Id',
  `sort_order` int NOT NULL DEFAULT '0' COMMENT 'Sort Order',
  PRIMARY KEY (`element_id`),
  UNIQUE KEY `UNQ_EAV_FORM_ELEMENT_TYPE_ID_ATTRIBUTE_ID` (`type_id`,`attribute_id`),
  KEY `IDX_EAV_FORM_ELEMENT_TYPE_ID` (`type_id`),
  KEY `IDX_EAV_FORM_ELEMENT_FIELDSET_ID` (`fieldset_id`),
  KEY `IDX_EAV_FORM_ELEMENT_ATTRIBUTE_ID` (`attribute_id`)
) ENGINE=InnoDB AUTO_INCREMENT=58 DEFAULT CHARSET=utf8 COMMENT='Eav Form Element';

--
-- Dumping data for table `eav_form_element`
--

INSERT INTO `eav_form_element` VALUES (1,1,NULL,20,0),(2,1,NULL,21,1),(3,1,NULL,22,2),(4,1,NULL,24,3),(5,1,NULL,9,4),(6,1,NULL,25,5),(7,1,NULL,26,6),(8,1,NULL,28,7),(9,1,NULL,30,8),(10,1,NULL,27,9),(11,1,NULL,31,10),(12,1,NULL,32,11),(13,2,NULL,20,0),(14,2,NULL,21,1),(15,2,NULL,22,2),(16,2,NULL,24,3),(17,2,NULL,9,4),(18,2,NULL,25,5),(19,2,NULL,26,6),(20,2,NULL,28,7),(21,2,NULL,30,8),(22,2,NULL,27,9),(23,2,NULL,31,10),(24,2,NULL,32,11),(25,3,NULL,20,0),(26,3,NULL,21,1),(27,3,NULL,22,2),(28,3,NULL,24,3),(29,3,NULL,25,4),(30,3,NULL,26,5),(31,3,NULL,28,6),(32,3,NULL,30,7),(33,3,NULL,27,8),(34,3,NULL,31,9),(35,3,NULL,32,10),(36,4,NULL,20,0),(37,4,NULL,21,1),(38,4,NULL,22,2),(39,4,NULL,24,3),(40,4,NULL,25,4),(41,4,NULL,26,5),(42,4,NULL,28,6),(43,4,NULL,30,7),(44,4,NULL,27,8),(45,4,NULL,31,9),(46,4,NULL,32,10),(47,5,1,5,0),(48,5,1,6,1),(49,5,1,7,2),(50,5,1,9,3),(51,5,2,24,0),(52,5,2,31,1),(53,5,2,25,2),(54,5,2,26,3),(55,5,2,28,4),(56,5,2,30,5),(57,5,2,27,6);

--
-- Table structure for table `eav_form_fieldset`
--

CREATE TABLE `eav_form_fieldset` (
  `fieldset_id` smallint unsigned NOT NULL AUTO_INCREMENT COMMENT 'Fieldset Id',
  `type_id` smallint unsigned NOT NULL COMMENT 'Type Id',
  `code` varchar(64) NOT NULL COMMENT 'Code',
  `sort_order` int NOT NULL DEFAULT '0' COMMENT 'Sort Order',
  PRIMARY KEY (`fieldset_id`),
  UNIQUE KEY `UNQ_EAV_FORM_FIELDSET_TYPE_ID_CODE` (`type_id`,`code`),
  KEY `IDX_EAV_FORM_FIELDSET_TYPE_ID` (`type_id`)
) ENGINE=InnoDB AUTO_INCREMENT=3 DEFAULT CHARSET=utf8 COMMENT='Eav Form Fieldset';

--
-- Dumping data for table `eav_form_fieldset`
--

INSERT INTO `eav_form_fieldset` VALUES (1,5,'general',1),(2,5,'address',2);

--
-- Table structure for table `eav_form_fieldset_label`
--

CREATE TABLE `eav_form_fieldset_label` (
  `fieldset_id` smallint unsigned NOT NULL COMMENT 'Fieldset Id',
  `store_id` smallint unsigned NOT NULL COMMENT 'Store Id',
  `label` varchar(255) NOT NULL COMMENT 'Label',
  PRIMARY KEY (`fieldset_id`,`store_id`),
  KEY `IDX_EAV_FORM_FIELDSET_LABEL_FIELDSET_ID` (`fieldset_id`),
  KEY `IDX_EAV_FORM_FIELDSET_LABEL_STORE_ID` (`store_id`)
) ENGINE=InnoDB DEFAULT CHARSET=utf8 COMMENT='Eav Form Fieldset Label';

--
-- Dumping data for table `eav_form_fieldset_label`
--

INSERT INTO `eav_form_fieldset_label` VALUES (1,0,'Personal Information'),(2,0,'Address Information');

--
-- Table structure for table `eav_form_type`
--

CREATE TABLE `eav_form_type` (
  `type_id` smallint unsigned NOT NULL AUTO_INCREMENT COMMENT 'Type Id',
  `code` varchar(64) NOT NULL COMMENT 'Code',
  `label` varchar(255) NOT NULL COMMENT 'Label',
  `is_system` smallint unsigned NOT NULL DEFAULT '0' COMMENT 'Is System',
  `theme` varchar(64) DEFAULT NULL COMMENT 'Theme',
  `store_id` smallint unsigned NOT NULL COMMENT 'Store Id',
  PRIMARY KEY (`type_id`),
  UNIQUE KEY `UNQ_EAV_FORM_TYPE_CODE_THEME_STORE_ID` (`code`,`theme`,`store_id`),
  KEY `IDX_EAV_FORM_TYPE_STORE_ID` (`store_id`)
) ENGINE=InnoDB AUTO_INCREMENT=6 DEFAULT CHARSET=utf8 COMMENT='Eav Form Type';

--
-- Dumping data for table `eav_form_type`
--

INSERT INTO `eav_form_type` VALUES (1,'checkout_onepage_register','checkout_onepage_register',1,'',0),(2,'checkout_onepage_register_guest','checkout_onepage_register_guest',1,'',0),(3,'checkout_onepage_billing_address','checkout_onepage_billing_address',1,'',0),(4,'checkout_onepage_shipping_address','checkout_onepage_shipping_address',1,'',0),(5,'checkout_multishipping_register','checkout_multishipping_register',1,'',0);

--
-- Table structure for table `eav_form_type_entity`
--

CREATE TABLE `eav_form_type_entity` (
  `type_id` smallint unsigned NOT NULL COMMENT 'Type Id',
  `entity_type_id` smallint unsigned NOT NULL COMMENT 'Entity Type Id',
  PRIMARY KEY (`type_id`,`entity_type_id`),
  KEY `IDX_EAV_FORM_TYPE_ENTITY_ENTITY_TYPE_ID` (`entity_type_id`)
) ENGINE=InnoDB DEFAULT CHARSET=utf8 COMMENT='Eav Form Type Entity';

--
-- Dumping data for table `eav_form_type_entity`
--

INSERT INTO `eav_form_type_entity` VALUES (1,1),(2,1),(5,1),(1,2),(2,2),(3,2),(4,2),(5,2);

--
-- Table structure for table `gift_message`
--

CREATE TABLE `gift_message` (
  `gift_message_id` int unsigned NOT NULL AUTO_INCREMENT COMMENT 'GiftMessage Id',
  `customer_id` int unsigned NOT NULL DEFAULT '0' COMMENT 'Customer id',
  `sender` varchar(255) DEFAULT NULL COMMENT 'Sender',
  `recipient` varchar(255) DEFAULT NULL COMMENT 'Recipient',
  `message` text COMMENT 'Message',
  PRIMARY KEY (`gift_message_id`)
) ENGINE=InnoDB DEFAULT CHARSET=utf8 COMMENT='Gift Message';

--
-- Dumping data for table `gift_message`
--


--
-- Table structure for table `hipay_customer_card`
--

CREATE TABLE `hipay_customer_card` (
  `card_id` int unsigned NOT NULL AUTO_INCREMENT,
  `customer_id` int unsigned NOT NULL,
  `name` varchar(255) NOT NULL,
  `cc_exp_month` varchar(2) NOT NULL COMMENT 'Cc Exp Month',
  `cc_exp_year` varchar(4) NOT NULL COMMENT 'Cc Exp Year',
  `cc_secure_verify` varchar(10) DEFAULT NULL COMMENT 'Cc Secure Verify',
  `cc_last4` varchar(4) DEFAULT NULL COMMENT 'Cc Last4',
  `cc_owner` varchar(255) DEFAULT NULL COMMENT 'Cc Owner',
  `cc_type` varchar(255) NOT NULL COMMENT 'Cc Type',
  `cc_number_enc` varchar(40) NOT NULL COMMENT 'Cc Number Enc',
  `cc_status` tinyint(1) NOT NULL COMMENT 'Cc Status',
  `cc_token` varchar(255) NOT NULL COMMENT 'Cc Token',
  `is_default` tinyint(1) NOT NULL DEFAULT '0' COMMENT 'Cc is default',
  `created_at` date DEFAULT NULL,
  PRIMARY KEY (`card_id`)
) ENGINE=InnoDB DEFAULT CHARSET=utf8;

--
-- Dumping data for table `hipay_customer_card`
--


--
-- Table structure for table `hipay_payment_profile`
--

CREATE TABLE `hipay_payment_profile` (
  `profile_id` int unsigned NOT NULL AUTO_INCREMENT,
  `name` varchar(150) NOT NULL,
  `period_unit` varchar(30) NOT NULL,
  `period_frequency` int unsigned NOT NULL,
  `period_max_cycles` int unsigned NOT NULL,
  `payment_type` varchar(60) NOT NULL DEFAULT 'split_payment',
  PRIMARY KEY (`profile_id`)
) ENGINE=InnoDB DEFAULT CHARSET=utf8;

--
-- Dumping data for table `hipay_payment_profile`
--


--
-- Table structure for table `hipay_rule`
--

CREATE TABLE `hipay_rule` (
  `rule_id` int unsigned NOT NULL AUTO_INCREMENT,
  `method_code` varchar(60) NOT NULL,
  `config_path` varchar(60) NOT NULL,
  `conditions_serialized` text NOT NULL,
  `actions_serialized` text NOT NULL,
  `product_ids` text,
  `sort_order` int unsigned NOT NULL DEFAULT '0',
  `simple_action` varchar(32) NOT NULL DEFAULT '',
  PRIMARY KEY (`rule_id`),
  KEY `sort_order` (`sort_order`)
) ENGINE=InnoDB AUTO_INCREMENT=191 DEFAULT CHARSET=utf8;

--
-- Dumping data for table `hipay_rule`
--

INSERT INTO `hipay_rule` VALUES (1,'hipay_cc','payment/hipay_cc/config_3ds_rules','a:6:{s:4:\"type\";s:28:\"hipay/rule_condition_combine\";s:9:\"attribute\";N;s:8:\"operator\";N;s:5:\"value\";s:1:\"1\";s:18:\"is_value_processed\";N;s:10:\"aggregator\";s:3:\"all\";}','a:6:{s:4:\"type\";s:36:\"hipay/rule_condition_product_combine\";s:9:\"attribute\";N;s:8:\"operator\";N;s:5:\"value\";b:1;s:18:\"is_value_processed\";N;s:10:\"aggregator\";s:3:\"all\";}',NULL,0,''),(2,'hipay_cc','payment/hipay_cc/filter_oneclick','a:6:{s:4:\"type\";s:28:\"hipay/rule_condition_combine\";s:9:\"attribute\";N;s:8:\"operator\";N;s:5:\"value\";s:1:\"1\";s:18:\"is_value_processed\";N;s:10:\"aggregator\";s:3:\"all\";}','a:6:{s:4:\"type\";s:36:\"hipay/rule_condition_product_combine\";s:9:\"attribute\";N;s:8:\"operator\";N;s:5:\"value\";b:1;s:18:\"is_value_processed\";N;s:10:\"aggregator\";s:3:\"all\";}',NULL,0,''),(3,'hipay_ccxtimes','payment/hipay_ccxtimes/config_3ds_rules','a:6:{s:4:\"type\";s:28:\"hipay/rule_condition_combine\";s:9:\"attribute\";N;s:8:\"operator\";N;s:5:\"value\";s:1:\"1\";s:18:\"is_value_processed\";N;s:10:\"aggregator\";s:3:\"all\";}','a:6:{s:4:\"type\";s:36:\"hipay/rule_condition_product_combine\";s:9:\"attribute\";N;s:8:\"operator\";N;s:5:\"value\";b:1;s:18:\"is_value_processed\";N;s:10:\"aggregator\";s:3:\"all\";}',NULL,0,''),(4,'hipay_ccxtimes','payment/hipay_ccxtimes/filter_oneclick','a:6:{s:4:\"type\";s:28:\"hipay/rule_condition_combine\";s:9:\"attribute\";N;s:8:\"operator\";N;s:5:\"value\";s:1:\"1\";s:18:\"is_value_processed\";N;s:10:\"aggregator\";s:3:\"all\";}','a:6:{s:4:\"type\";s:36:\"hipay/rule_condition_product_combine\";s:9:\"attribute\";N;s:8:\"operator\";N;s:5:\"value\";b:1;s:18:\"is_value_processed\";N;s:10:\"aggregator\";s:3:\"all\";}',NULL,0,''),(5,'hipay_hosted','payment/hipay_hosted/config_3ds_rules','a:6:{s:4:\"type\";s:28:\"hipay/rule_condition_combine\";s:9:\"attribute\";N;s:8:\"operator\";N;s:5:\"value\";s:1:\"1\";s:18:\"is_value_processed\";N;s:10:\"aggregator\";s:3:\"all\";}','a:6:{s:4:\"type\";s:36:\"hipay/rule_condition_product_combine\";s:9:\"attribute\";N;s:8:\"operator\";N;s:5:\"value\";b:1;s:18:\"is_value_processed\";N;s:10:\"aggregator\";s:3:\"all\";}',NULL,0,''),(6,'hipay_hosted','payment/hipay_hosted/filter_oneclick','a:6:{s:4:\"type\";s:28:\"hipay/rule_condition_combine\";s:9:\"attribute\";N;s:8:\"operator\";N;s:5:\"value\";s:1:\"1\";s:18:\"is_value_processed\";N;s:10:\"aggregator\";s:3:\"all\";}','a:6:{s:4:\"type\";s:36:\"hipay/rule_condition_product_combine\";s:9:\"attribute\";N;s:8:\"operator\";N;s:5:\"value\";b:1;s:18:\"is_value_processed\";N;s:10:\"aggregator\";s:3:\"all\";}',NULL,0,''),(7,'hipay_hostedmoto','payment/hipay_hostedmoto/config_3ds_rules','a:6:{s:4:\"type\";s:28:\"hipay/rule_condition_combine\";s:9:\"attribute\";N;s:8:\"operator\";N;s:5:\"value\";s:1:\"1\";s:18:\"is_value_processed\";N;s:10:\"aggregator\";s:3:\"all\";}','a:6:{s:4:\"type\";s:36:\"hipay/rule_condition_product_combine\";s:9:\"attribute\";N;s:8:\"operator\";N;s:5:\"value\";b:1;s:18:\"is_value_processed\";N;s:10:\"aggregator\";s:3:\"all\";}',NULL,0,''),(8,'hipay_hostedfields','payment/hipay_hostedfields/config_3ds_rules','a:6:{s:4:\"type\";s:28:\"hipay/rule_condition_combine\";s:9:\"attribute\";N;s:8:\"operator\";N;s:5:\"value\";s:1:\"1\";s:18:\"is_value_processed\";N;s:10:\"aggregator\";s:3:\"all\";}','a:6:{s:4:\"type\";s:36:\"hipay/rule_condition_product_combine\";s:9:\"attribute\";N;s:8:\"operator\";N;s:5:\"value\";b:1;s:18:\"is_value_processed\";N;s:10:\"aggregator\";s:3:\"all\";}',NULL,0,''),(9,'hipay_hostedfields','payment/hipay_hostedfields/filter_oneclick','a:6:{s:4:\"type\";s:28:\"hipay/rule_condition_combine\";s:9:\"attribute\";N;s:8:\"operator\";N;s:5:\"value\";s:1:\"1\";s:18:\"is_value_processed\";N;s:10:\"aggregator\";s:3:\"all\";}','a:6:{s:4:\"type\";s:36:\"hipay/rule_condition_product_combine\";s:9:\"attribute\";N;s:8:\"operator\";N;s:5:\"value\";b:1;s:18:\"is_value_processed\";N;s:10:\"aggregator\";s:3:\"all\";}',NULL,0,''),(10,'hipay_hostedfieldsxtimes','payment/hipay_hostedfieldsxtimes/config_3ds_rules','a:6:{s:4:\"type\";s:28:\"hipay/rule_condition_combine\";s:9:\"attribute\";N;s:8:\"operator\";N;s:5:\"value\";s:1:\"1\";s:18:\"is_value_processed\";N;s:10:\"aggregator\";s:3:\"all\";}','a:6:{s:4:\"type\";s:36:\"hipay/rule_condition_product_combine\";s:9:\"attribute\";N;s:8:\"operator\";N;s:5:\"value\";b:1;s:18:\"is_value_processed\";N;s:10:\"aggregator\";s:3:\"all\";}',NULL,0,''),(11,'hipay_hostedfieldsxtimes','payment/hipay_hostedfieldsxtimes/filter_oneclick','a:6:{s:4:\"type\";s:28:\"hipay/rule_condition_combine\";s:9:\"attribute\";N;s:8:\"operator\";N;s:5:\"value\";s:1:\"1\";s:18:\"is_value_processed\";N;s:10:\"aggregator\";s:3:\"all\";}','a:6:{s:4:\"type\";s:36:\"hipay/rule_condition_product_combine\";s:9:\"attribute\";N;s:8:\"operator\";N;s:5:\"value\";b:1;s:18:\"is_value_processed\";N;s:10:\"aggregator\";s:3:\"all\";}',NULL,0,''),(12,'hipay_hostedxtimes','payment/hipay_hostedxtimes/config_3ds_rules','a:6:{s:4:\"type\";s:28:\"hipay/rule_condition_combine\";s:9:\"attribute\";N;s:8:\"operator\";N;s:5:\"value\";s:1:\"1\";s:18:\"is_value_processed\";N;s:10:\"aggregator\";s:3:\"all\";}','a:6:{s:4:\"type\";s:36:\"hipay/rule_condition_product_combine\";s:9:\"attribute\";N;s:8:\"operator\";N;s:5:\"value\";b:1;s:18:\"is_value_processed\";N;s:10:\"aggregator\";s:3:\"all\";}',NULL,0,''),(13,'hipay_hostedxtimes','payment/hipay_hostedxtimes/filter_oneclick','a:6:{s:4:\"type\";s:28:\"hipay/rule_condition_combine\";s:9:\"attribute\";N;s:8:\"operator\";N;s:5:\"value\";s:1:\"1\";s:18:\"is_value_processed\";N;s:10:\"aggregator\";s:3:\"all\";}','a:6:{s:4:\"type\";s:36:\"hipay/rule_condition_product_combine\";s:9:\"attribute\";N;s:8:\"operator\";N;s:5:\"value\";b:1;s:18:\"is_value_processed\";N;s:10:\"aggregator\";s:3:\"all\";}',NULL,0,''),(14,'hipay_klarna','payment/hipay_klarna/config_3ds_rules','a:6:{s:4:\"type\";s:28:\"hipay/rule_condition_combine\";s:9:\"attribute\";N;s:8:\"operator\";N;s:5:\"value\";s:1:\"1\";s:18:\"is_value_processed\";N;s:10:\"aggregator\";s:3:\"all\";}','a:6:{s:4:\"type\";s:36:\"hipay/rule_condition_product_combine\";s:9:\"attribute\";N;s:8:\"operator\";N;s:5:\"value\";b:1;s:18:\"is_value_processed\";N;s:10:\"aggregator\";s:3:\"all\";}',NULL,0,''),(15,'hipay_klarna','payment/hipay_klarna/filter_oneclick','a:6:{s:4:\"type\";s:28:\"hipay/rule_condition_combine\";s:9:\"attribute\";N;s:8:\"operator\";N;s:5:\"value\";s:1:\"1\";s:18:\"is_value_processed\";N;s:10:\"aggregator\";s:3:\"all\";}','a:6:{s:4:\"type\";s:36:\"hipay/rule_condition_product_combine\";s:9:\"attribute\";N;s:8:\"operator\";N;s:5:\"value\";b:1;s:18:\"is_value_processed\";N;s:10:\"aggregator\";s:3:\"all\";}',NULL,0,''),(16,'hipay_boleto','payment/hipay_boleto/config_3ds_rules','a:6:{s:4:\"type\";s:28:\"hipay/rule_condition_combine\";s:9:\"attribute\";N;s:8:\"operator\";N;s:5:\"value\";s:1:\"1\";s:18:\"is_value_processed\";N;s:10:\"aggregator\";s:3:\"all\";}','a:6:{s:4:\"type\";s:36:\"hipay/rule_condition_product_combine\";s:9:\"attribute\";N;s:8:\"operator\";N;s:5:\"value\";b:1;s:18:\"is_value_processed\";N;s:10:\"aggregator\";s:3:\"all\";}',NULL,0,''),(17,'hipay_boleto','payment/hipay_boleto/filter_oneclick','a:6:{s:4:\"type\";s:28:\"hipay/rule_condition_combine\";s:9:\"attribute\";N;s:8:\"operator\";N;s:5:\"value\";s:1:\"1\";s:18:\"is_value_processed\";N;s:10:\"aggregator\";s:3:\"all\";}','a:6:{s:4:\"type\";s:36:\"hipay/rule_condition_product_combine\";s:9:\"attribute\";N;s:8:\"operator\";N;s:5:\"value\";b:1;s:18:\"is_value_processed\";N;s:10:\"aggregator\";s:3:\"all\";}',NULL,0,''),(18,'hipay_itau','payment/hipay_itau/config_3ds_rules','a:6:{s:4:\"type\";s:28:\"hipay/rule_condition_combine\";s:9:\"attribute\";N;s:8:\"operator\";N;s:5:\"value\";s:1:\"1\";s:18:\"is_value_processed\";N;s:10:\"aggregator\";s:3:\"all\";}','a:6:{s:4:\"type\";s:36:\"hipay/rule_condition_product_combine\";s:9:\"attribute\";N;s:8:\"operator\";N;s:5:\"value\";b:1;s:18:\"is_value_processed\";N;s:10:\"aggregator\";s:3:\"all\";}',NULL,0,''),(19,'hipay_itau','payment/hipay_itau/filter_oneclick','a:6:{s:4:\"type\";s:28:\"hipay/rule_condition_combine\";s:9:\"attribute\";N;s:8:\"operator\";N;s:5:\"value\";s:1:\"1\";s:18:\"is_value_processed\";N;s:10:\"aggregator\";s:3:\"all\";}','a:6:{s:4:\"type\";s:36:\"hipay/rule_condition_product_combine\";s:9:\"attribute\";N;s:8:\"operator\";N;s:5:\"value\";b:1;s:18:\"is_value_processed\";N;s:10:\"aggregator\";s:3:\"all\";}',NULL,0,''),(20,'hipay_bradesco','payment/hipay_bradesco/config_3ds_rules','a:6:{s:4:\"type\";s:28:\"hipay/rule_condition_combine\";s:9:\"attribute\";N;s:8:\"operator\";N;s:5:\"value\";s:1:\"1\";s:18:\"is_value_processed\";N;s:10:\"aggregator\";s:3:\"all\";}','a:6:{s:4:\"type\";s:36:\"hipay/rule_condition_product_combine\";s:9:\"attribute\";N;s:8:\"operator\";N;s:5:\"value\";b:1;s:18:\"is_value_processed\";N;s:10:\"aggregator\";s:3:\"all\";}',NULL,0,''),(21,'hipay_bradesco','payment/hipay_bradesco/filter_oneclick','a:6:{s:4:\"type\";s:28:\"hipay/rule_condition_combine\";s:9:\"attribute\";N;s:8:\"operator\";N;s:5:\"value\";s:1:\"1\";s:18:\"is_value_processed\";N;s:10:\"aggregator\";s:3:\"all\";}','a:6:{s:4:\"type\";s:36:\"hipay/rule_condition_product_combine\";s:9:\"attribute\";N;s:8:\"operator\";N;s:5:\"value\";b:1;s:18:\"is_value_processed\";N;s:10:\"aggregator\";s:3:\"all\";}',NULL,0,''),(22,'hipay_banco','payment/hipay_banco/config_3ds_rules','a:6:{s:4:\"type\";s:28:\"hipay/rule_condition_combine\";s:9:\"attribute\";N;s:8:\"operator\";N;s:5:\"value\";s:1:\"1\";s:18:\"is_value_processed\";N;s:10:\"aggregator\";s:3:\"all\";}','a:6:{s:4:\"type\";s:36:\"hipay/rule_condition_product_combine\";s:9:\"attribute\";N;s:8:\"operator\";N;s:5:\"value\";b:1;s:18:\"is_value_processed\";N;s:10:\"aggregator\";s:3:\"all\";}',NULL,0,''),(23,'hipay_banco','payment/hipay_banco/filter_oneclick','a:6:{s:4:\"type\";s:28:\"hipay/rule_condition_combine\";s:9:\"attribute\";N;s:8:\"operator\";N;s:5:\"value\";s:1:\"1\";s:18:\"is_value_processed\";N;s:10:\"aggregator\";s:3:\"all\";}','a:6:{s:4:\"type\";s:36:\"hipay/rule_condition_product_combine\";s:9:\"attribute\";N;s:8:\"operator\";N;s:5:\"value\";b:1;s:18:\"is_value_processed\";N;s:10:\"aggregator\";s:3:\"all\";}',NULL,0,''),(24,'hipay_santander','payment/hipay_santander/config_3ds_rules','a:6:{s:4:\"type\";s:28:\"hipay/rule_condition_combine\";s:9:\"attribute\";N;s:8:\"operator\";N;s:5:\"value\";s:1:\"1\";s:18:\"is_value_processed\";N;s:10:\"aggregator\";s:3:\"all\";}','a:6:{s:4:\"type\";s:36:\"hipay/rule_condition_product_combine\";s:9:\"attribute\";N;s:8:\"operator\";N;s:5:\"value\";b:1;s:18:\"is_value_processed\";N;s:10:\"aggregator\";s:3:\"all\";}',NULL,0,''),(25,'hipay_santander','payment/hipay_santander/filter_oneclick','a:6:{s:4:\"type\";s:28:\"hipay/rule_condition_combine\";s:9:\"attribute\";N;s:8:\"operator\";N;s:5:\"value\";s:1:\"1\";s:18:\"is_value_processed\";N;s:10:\"aggregator\";s:3:\"all\";}','a:6:{s:4:\"type\";s:36:\"hipay/rule_condition_product_combine\";s:9:\"attribute\";N;s:8:\"operator\";N;s:5:\"value\";b:1;s:18:\"is_value_processed\";N;s:10:\"aggregator\";s:3:\"all\";}',NULL,0,''),(26,'hipay_aura','payment/hipay_aura/config_3ds_rules','a:6:{s:4:\"type\";s:28:\"hipay/rule_condition_combine\";s:9:\"attribute\";N;s:8:\"operator\";N;s:5:\"value\";s:1:\"1\";s:18:\"is_value_processed\";N;s:10:\"aggregator\";s:3:\"all\";}','a:6:{s:4:\"type\";s:36:\"hipay/rule_condition_product_combine\";s:9:\"attribute\";N;s:8:\"operator\";N;s:5:\"value\";b:1;s:18:\"is_value_processed\";N;s:10:\"aggregator\";s:3:\"all\";}',NULL,0,''),(27,'hipay_aura','payment/hipay_aura/filter_oneclick','a:6:{s:4:\"type\";s:28:\"hipay/rule_condition_combine\";s:9:\"attribute\";N;s:8:\"operator\";N;s:5:\"value\";s:1:\"1\";s:18:\"is_value_processed\";N;s:10:\"aggregator\";s:3:\"all\";}','a:6:{s:4:\"type\";s:36:\"hipay/rule_condition_product_combine\";s:9:\"attribute\";N;s:8:\"operator\";N;s:5:\"value\";b:1;s:18:\"is_value_processed\";N;s:10:\"aggregator\";s:3:\"all\";}',NULL,0,''),(28,'hipay_caixa','payment/hipay_caixa/config_3ds_rules','a:6:{s:4:\"type\";s:28:\"hipay/rule_condition_combine\";s:9:\"attribute\";N;s:8:\"operator\";N;s:5:\"value\";s:1:\"1\";s:18:\"is_value_processed\";N;s:10:\"aggregator\";s:3:\"all\";}','a:6:{s:4:\"type\";s:36:\"hipay/rule_condition_product_combine\";s:9:\"attribute\";N;s:8:\"operator\";N;s:5:\"value\";b:1;s:18:\"is_value_processed\";N;s:10:\"aggregator\";s:3:\"all\";}',NULL,0,''),(29,'hipay_caixa','payment/hipay_caixa/filter_oneclick','a:6:{s:4:\"type\";s:28:\"hipay/rule_condition_combine\";s:9:\"attribute\";N;s:8:\"operator\";N;s:5:\"value\";s:1:\"1\";s:18:\"is_value_processed\";N;s:10:\"aggregator\";s:3:\"all\";}','a:6:{s:4:\"type\";s:36:\"hipay/rule_condition_product_combine\";s:9:\"attribute\";N;s:8:\"operator\";N;s:5:\"value\";b:1;s:18:\"is_value_processed\";N;s:10:\"aggregator\";s:3:\"all\";}',NULL,0,''),(30,'hipay_oxxo','payment/hipay_oxxo/config_3ds_rules','a:6:{s:4:\"type\";s:28:\"hipay/rule_condition_combine\";s:9:\"attribute\";N;s:8:\"operator\";N;s:5:\"value\";s:1:\"1\";s:18:\"is_value_processed\";N;s:10:\"aggregator\";s:3:\"all\";}','a:6:{s:4:\"type\";s:36:\"hipay/rule_condition_product_combine\";s:9:\"attribute\";N;s:8:\"operator\";N;s:5:\"value\";b:1;s:18:\"is_value_processed\";N;s:10:\"aggregator\";s:3:\"all\";}',NULL,0,''),(31,'hipay_oxxo','payment/hipay_oxxo/filter_oneclick','a:6:{s:4:\"type\";s:28:\"hipay/rule_condition_combine\";s:9:\"attribute\";N;s:8:\"operator\";N;s:5:\"value\";s:1:\"1\";s:18:\"is_value_processed\";N;s:10:\"aggregator\";s:3:\"all\";}','a:6:{s:4:\"type\";s:36:\"hipay/rule_condition_product_combine\";s:9:\"attribute\";N;s:8:\"operator\";N;s:5:\"value\";b:1;s:18:\"is_value_processed\";N;s:10:\"aggregator\";s:3:\"all\";}',NULL,0,''),(32,'hipay_bbva','payment/hipay_bbva/config_3ds_rules','a:6:{s:4:\"type\";s:28:\"hipay/rule_condition_combine\";s:9:\"attribute\";N;s:8:\"operator\";N;s:5:\"value\";s:1:\"1\";s:18:\"is_value_processed\";N;s:10:\"aggregator\";s:3:\"all\";}','a:6:{s:4:\"type\";s:36:\"hipay/rule_condition_product_combine\";s:9:\"attribute\";N;s:8:\"operator\";N;s:5:\"value\";b:1;s:18:\"is_value_processed\";N;s:10:\"aggregator\";s:3:\"all\";}',NULL,0,''),(33,'hipay_bbva','payment/hipay_bbva/filter_oneclick','a:6:{s:4:\"type\";s:28:\"hipay/rule_condition_combine\";s:9:\"attribute\";N;s:8:\"operator\";N;s:5:\"value\";s:1:\"1\";s:18:\"is_value_processed\";N;s:10:\"aggregator\";s:3:\"all\";}','a:6:{s:4:\"type\";s:36:\"hipay/rule_condition_product_combine\";s:9:\"attribute\";N;s:8:\"operator\";N;s:5:\"value\";b:1;s:18:\"is_value_processed\";N;s:10:\"aggregator\";s:3:\"all\";}',NULL,0,''),(34,'hipay_banamex','payment/hipay_banamex/config_3ds_rules','a:6:{s:4:\"type\";s:28:\"hipay/rule_condition_combine\";s:9:\"attribute\";N;s:8:\"operator\";N;s:5:\"value\";s:1:\"1\";s:18:\"is_value_processed\";N;s:10:\"aggregator\";s:3:\"all\";}','a:6:{s:4:\"type\";s:36:\"hipay/rule_condition_product_combine\";s:9:\"attribute\";N;s:8:\"operator\";N;s:5:\"value\";b:1;s:18:\"is_value_processed\";N;s:10:\"aggregator\";s:3:\"all\";}',NULL,0,''),(35,'hipay_banamex','payment/hipay_banamex/filter_oneclick','a:6:{s:4:\"type\";s:28:\"hipay/rule_condition_combine\";s:9:\"attribute\";N;s:8:\"operator\";N;s:5:\"value\";s:1:\"1\";s:18:\"is_value_processed\";N;s:10:\"aggregator\";s:3:\"all\";}','a:6:{s:4:\"type\";s:36:\"hipay/rule_condition_product_combine\";s:9:\"attribute\";N;s:8:\"operator\";N;s:5:\"value\";b:1;s:18:\"is_value_processed\";N;s:10:\"aggregator\";s:3:\"all\";}',NULL,0,''),(36,'hipay_santadercash','payment/hipay_santadercash/config_3ds_rules','a:6:{s:4:\"type\";s:28:\"hipay/rule_condition_combine\";s:9:\"attribute\";N;s:8:\"operator\";N;s:5:\"value\";s:1:\"1\";s:18:\"is_value_processed\";N;s:10:\"aggregator\";s:3:\"all\";}','a:6:{s:4:\"type\";s:36:\"hipay/rule_condition_product_combine\";s:9:\"attribute\";N;s:8:\"operator\";N;s:5:\"value\";b:1;s:18:\"is_value_processed\";N;s:10:\"aggregator\";s:3:\"all\";}',NULL,0,''),(37,'hipay_santadercash','payment/hipay_santadercash/filter_oneclick','a:6:{s:4:\"type\";s:28:\"hipay/rule_condition_combine\";s:9:\"attribute\";N;s:8:\"operator\";N;s:5:\"value\";s:1:\"1\";s:18:\"is_value_processed\";N;s:10:\"aggregator\";s:3:\"all\";}','a:6:{s:4:\"type\";s:36:\"hipay/rule_condition_product_combine\";s:9:\"attribute\";N;s:8:\"operator\";N;s:5:\"value\";b:1;s:18:\"is_value_processed\";N;s:10:\"aggregator\";s:3:\"all\";}',NULL,0,''),(38,'hipay_facilipay3x','payment/hipay_facilipay3x/filter_oneclick','a:6:{s:4:\"type\";s:28:\"hipay/rule_condition_combine\";s:9:\"attribute\";N;s:8:\"operator\";N;s:5:\"value\";s:1:\"1\";s:18:\"is_value_processed\";N;s:10:\"aggregator\";s:3:\"all\";}','a:6:{s:4:\"type\";s:36:\"hipay/rule_condition_product_combine\";s:9:\"attribute\";N;s:8:\"operator\";N;s:5:\"value\";b:1;s:18:\"is_value_processed\";N;s:10:\"aggregator\";s:3:\"all\";}',NULL,0,''),(39,'hipay_cc','payment/hipay_cc/config_3ds_rules','a:6:{s:4:\"type\";s:28:\"hipay/rule_condition_combine\";s:9:\"attribute\";N;s:8:\"operator\";N;s:5:\"value\";s:1:\"1\";s:18:\"is_value_processed\";N;s:10:\"aggregator\";s:3:\"all\";}','a:6:{s:4:\"type\";s:36:\"hipay/rule_condition_product_combine\";s:9:\"attribute\";N;s:8:\"operator\";N;s:5:\"value\";b:1;s:18:\"is_value_processed\";N;s:10:\"aggregator\";s:3:\"all\";}',NULL,0,''),(40,'hipay_cc','payment/hipay_cc/filter_oneclick','a:6:{s:4:\"type\";s:28:\"hipay/rule_condition_combine\";s:9:\"attribute\";N;s:8:\"operator\";N;s:5:\"value\";s:1:\"1\";s:18:\"is_value_processed\";N;s:10:\"aggregator\";s:3:\"all\";}','a:6:{s:4:\"type\";s:36:\"hipay/rule_condition_product_combine\";s:9:\"attribute\";N;s:8:\"operator\";N;s:5:\"value\";b:1;s:18:\"is_value_processed\";N;s:10:\"aggregator\";s:3:\"all\";}',NULL,0,''),(41,'hipay_ccxtimes','payment/hipay_ccxtimes/config_3ds_rules','a:6:{s:4:\"type\";s:28:\"hipay/rule_condition_combine\";s:9:\"attribute\";N;s:8:\"operator\";N;s:5:\"value\";s:1:\"1\";s:18:\"is_value_processed\";N;s:10:\"aggregator\";s:3:\"all\";}','a:6:{s:4:\"type\";s:36:\"hipay/rule_condition_product_combine\";s:9:\"attribute\";N;s:8:\"operator\";N;s:5:\"value\";b:1;s:18:\"is_value_processed\";N;s:10:\"aggregator\";s:3:\"all\";}',NULL,0,''),(42,'hipay_ccxtimes','payment/hipay_ccxtimes/filter_oneclick','a:6:{s:4:\"type\";s:28:\"hipay/rule_condition_combine\";s:9:\"attribute\";N;s:8:\"operator\";N;s:5:\"value\";s:1:\"1\";s:18:\"is_value_processed\";N;s:10:\"aggregator\";s:3:\"all\";}','a:6:{s:4:\"type\";s:36:\"hipay/rule_condition_product_combine\";s:9:\"attribute\";N;s:8:\"operator\";N;s:5:\"value\";b:1;s:18:\"is_value_processed\";N;s:10:\"aggregator\";s:3:\"all\";}',NULL,0,''),(43,'hipay_hosted','payment/hipay_hosted/config_3ds_rules','a:6:{s:4:\"type\";s:28:\"hipay/rule_condition_combine\";s:9:\"attribute\";N;s:8:\"operator\";N;s:5:\"value\";s:1:\"1\";s:18:\"is_value_processed\";N;s:10:\"aggregator\";s:3:\"all\";}','a:6:{s:4:\"type\";s:36:\"hipay/rule_condition_product_combine\";s:9:\"attribute\";N;s:8:\"operator\";N;s:5:\"value\";b:1;s:18:\"is_value_processed\";N;s:10:\"aggregator\";s:3:\"all\";}',NULL,0,''),(44,'hipay_hosted','payment/hipay_hosted/filter_oneclick','a:6:{s:4:\"type\";s:28:\"hipay/rule_condition_combine\";s:9:\"attribute\";N;s:8:\"operator\";N;s:5:\"value\";s:1:\"1\";s:18:\"is_value_processed\";N;s:10:\"aggregator\";s:3:\"all\";}','a:6:{s:4:\"type\";s:36:\"hipay/rule_condition_product_combine\";s:9:\"attribute\";N;s:8:\"operator\";N;s:5:\"value\";b:1;s:18:\"is_value_processed\";N;s:10:\"aggregator\";s:3:\"all\";}',NULL,0,''),(45,'hipay_hostedmoto','payment/hipay_hostedmoto/config_3ds_rules','a:6:{s:4:\"type\";s:28:\"hipay/rule_condition_combine\";s:9:\"attribute\";N;s:8:\"operator\";N;s:5:\"value\";s:1:\"1\";s:18:\"is_value_processed\";N;s:10:\"aggregator\";s:3:\"all\";}','a:6:{s:4:\"type\";s:36:\"hipay/rule_condition_product_combine\";s:9:\"attribute\";N;s:8:\"operator\";N;s:5:\"value\";b:1;s:18:\"is_value_processed\";N;s:10:\"aggregator\";s:3:\"all\";}',NULL,0,''),(46,'hipay_hostedfields','payment/hipay_hostedfields/config_3ds_rules','a:6:{s:4:\"type\";s:28:\"hipay/rule_condition_combine\";s:9:\"attribute\";N;s:8:\"operator\";N;s:5:\"value\";s:1:\"1\";s:18:\"is_value_processed\";N;s:10:\"aggregator\";s:3:\"all\";}','a:6:{s:4:\"type\";s:36:\"hipay/rule_condition_product_combine\";s:9:\"attribute\";N;s:8:\"operator\";N;s:5:\"value\";b:1;s:18:\"is_value_processed\";N;s:10:\"aggregator\";s:3:\"all\";}',NULL,0,''),(47,'hipay_hostedfields','payment/hipay_hostedfields/filter_oneclick','a:6:{s:4:\"type\";s:28:\"hipay/rule_condition_combine\";s:9:\"attribute\";N;s:8:\"operator\";N;s:5:\"value\";s:1:\"1\";s:18:\"is_value_processed\";N;s:10:\"aggregator\";s:3:\"all\";}','a:6:{s:4:\"type\";s:36:\"hipay/rule_condition_product_combine\";s:9:\"attribute\";N;s:8:\"operator\";N;s:5:\"value\";b:1;s:18:\"is_value_processed\";N;s:10:\"aggregator\";s:3:\"all\";}',NULL,0,''),(48,'hipay_hostedfieldsxtimes','payment/hipay_hostedfieldsxtimes/config_3ds_rules','a:6:{s:4:\"type\";s:28:\"hipay/rule_condition_combine\";s:9:\"attribute\";N;s:8:\"operator\";N;s:5:\"value\";s:1:\"1\";s:18:\"is_value_processed\";N;s:10:\"aggregator\";s:3:\"all\";}','a:6:{s:4:\"type\";s:36:\"hipay/rule_condition_product_combine\";s:9:\"attribute\";N;s:8:\"operator\";N;s:5:\"value\";b:1;s:18:\"is_value_processed\";N;s:10:\"aggregator\";s:3:\"all\";}',NULL,0,''),(49,'hipay_hostedfieldsxtimes','payment/hipay_hostedfieldsxtimes/filter_oneclick','a:6:{s:4:\"type\";s:28:\"hipay/rule_condition_combine\";s:9:\"attribute\";N;s:8:\"operator\";N;s:5:\"value\";s:1:\"1\";s:18:\"is_value_processed\";N;s:10:\"aggregator\";s:3:\"all\";}','a:6:{s:4:\"type\";s:36:\"hipay/rule_condition_product_combine\";s:9:\"attribute\";N;s:8:\"operator\";N;s:5:\"value\";b:1;s:18:\"is_value_processed\";N;s:10:\"aggregator\";s:3:\"all\";}',NULL,0,''),(50,'hipay_hostedxtimes','payment/hipay_hostedxtimes/config_3ds_rules','a:6:{s:4:\"type\";s:28:\"hipay/rule_condition_combine\";s:9:\"attribute\";N;s:8:\"operator\";N;s:5:\"value\";s:1:\"1\";s:18:\"is_value_processed\";N;s:10:\"aggregator\";s:3:\"all\";}','a:6:{s:4:\"type\";s:36:\"hipay/rule_condition_product_combine\";s:9:\"attribute\";N;s:8:\"operator\";N;s:5:\"value\";b:1;s:18:\"is_value_processed\";N;s:10:\"aggregator\";s:3:\"all\";}',NULL,0,''),(51,'hipay_hostedxtimes','payment/hipay_hostedxtimes/filter_oneclick','a:6:{s:4:\"type\";s:28:\"hipay/rule_condition_combine\";s:9:\"attribute\";N;s:8:\"operator\";N;s:5:\"value\";s:1:\"1\";s:18:\"is_value_processed\";N;s:10:\"aggregator\";s:3:\"all\";}','a:6:{s:4:\"type\";s:36:\"hipay/rule_condition_product_combine\";s:9:\"attribute\";N;s:8:\"operator\";N;s:5:\"value\";b:1;s:18:\"is_value_processed\";N;s:10:\"aggregator\";s:3:\"all\";}',NULL,0,''),(52,'hipay_klarna','payment/hipay_klarna/config_3ds_rules','a:6:{s:4:\"type\";s:28:\"hipay/rule_condition_combine\";s:9:\"attribute\";N;s:8:\"operator\";N;s:5:\"value\";s:1:\"1\";s:18:\"is_value_processed\";N;s:10:\"aggregator\";s:3:\"all\";}','a:6:{s:4:\"type\";s:36:\"hipay/rule_condition_product_combine\";s:9:\"attribute\";N;s:8:\"operator\";N;s:5:\"value\";b:1;s:18:\"is_value_processed\";N;s:10:\"aggregator\";s:3:\"all\";}',NULL,0,''),(53,'hipay_klarna','payment/hipay_klarna/filter_oneclick','a:6:{s:4:\"type\";s:28:\"hipay/rule_condition_combine\";s:9:\"attribute\";N;s:8:\"operator\";N;s:5:\"value\";s:1:\"1\";s:18:\"is_value_processed\";N;s:10:\"aggregator\";s:3:\"all\";}','a:6:{s:4:\"type\";s:36:\"hipay/rule_condition_product_combine\";s:9:\"attribute\";N;s:8:\"operator\";N;s:5:\"value\";b:1;s:18:\"is_value_processed\";N;s:10:\"aggregator\";s:3:\"all\";}',NULL,0,''),(54,'hipay_boleto','payment/hipay_boleto/config_3ds_rules','a:6:{s:4:\"type\";s:28:\"hipay/rule_condition_combine\";s:9:\"attribute\";N;s:8:\"operator\";N;s:5:\"value\";s:1:\"1\";s:18:\"is_value_processed\";N;s:10:\"aggregator\";s:3:\"all\";}','a:6:{s:4:\"type\";s:36:\"hipay/rule_condition_product_combine\";s:9:\"attribute\";N;s:8:\"operator\";N;s:5:\"value\";b:1;s:18:\"is_value_processed\";N;s:10:\"aggregator\";s:3:\"all\";}',NULL,0,''),(55,'hipay_boleto','payment/hipay_boleto/filter_oneclick','a:6:{s:4:\"type\";s:28:\"hipay/rule_condition_combine\";s:9:\"attribute\";N;s:8:\"operator\";N;s:5:\"value\";s:1:\"1\";s:18:\"is_value_processed\";N;s:10:\"aggregator\";s:3:\"all\";}','a:6:{s:4:\"type\";s:36:\"hipay/rule_condition_product_combine\";s:9:\"attribute\";N;s:8:\"operator\";N;s:5:\"value\";b:1;s:18:\"is_value_processed\";N;s:10:\"aggregator\";s:3:\"all\";}',NULL,0,''),(56,'hipay_itau','payment/hipay_itau/config_3ds_rules','a:6:{s:4:\"type\";s:28:\"hipay/rule_condition_combine\";s:9:\"attribute\";N;s:8:\"operator\";N;s:5:\"value\";s:1:\"1\";s:18:\"is_value_processed\";N;s:10:\"aggregator\";s:3:\"all\";}','a:6:{s:4:\"type\";s:36:\"hipay/rule_condition_product_combine\";s:9:\"attribute\";N;s:8:\"operator\";N;s:5:\"value\";b:1;s:18:\"is_value_processed\";N;s:10:\"aggregator\";s:3:\"all\";}',NULL,0,''),(57,'hipay_itau','payment/hipay_itau/filter_oneclick','a:6:{s:4:\"type\";s:28:\"hipay/rule_condition_combine\";s:9:\"attribute\";N;s:8:\"operator\";N;s:5:\"value\";s:1:\"1\";s:18:\"is_value_processed\";N;s:10:\"aggregator\";s:3:\"all\";}','a:6:{s:4:\"type\";s:36:\"hipay/rule_condition_product_combine\";s:9:\"attribute\";N;s:8:\"operator\";N;s:5:\"value\";b:1;s:18:\"is_value_processed\";N;s:10:\"aggregator\";s:3:\"all\";}',NULL,0,''),(58,'hipay_bradesco','payment/hipay_bradesco/config_3ds_rules','a:6:{s:4:\"type\";s:28:\"hipay/rule_condition_combine\";s:9:\"attribute\";N;s:8:\"operator\";N;s:5:\"value\";s:1:\"1\";s:18:\"is_value_processed\";N;s:10:\"aggregator\";s:3:\"all\";}','a:6:{s:4:\"type\";s:36:\"hipay/rule_condition_product_combine\";s:9:\"attribute\";N;s:8:\"operator\";N;s:5:\"value\";b:1;s:18:\"is_value_processed\";N;s:10:\"aggregator\";s:3:\"all\";}',NULL,0,''),(59,'hipay_bradesco','payment/hipay_bradesco/filter_oneclick','a:6:{s:4:\"type\";s:28:\"hipay/rule_condition_combine\";s:9:\"attribute\";N;s:8:\"operator\";N;s:5:\"value\";s:1:\"1\";s:18:\"is_value_processed\";N;s:10:\"aggregator\";s:3:\"all\";}','a:6:{s:4:\"type\";s:36:\"hipay/rule_condition_product_combine\";s:9:\"attribute\";N;s:8:\"operator\";N;s:5:\"value\";b:1;s:18:\"is_value_processed\";N;s:10:\"aggregator\";s:3:\"all\";}',NULL,0,''),(60,'hipay_banco','payment/hipay_banco/config_3ds_rules','a:6:{s:4:\"type\";s:28:\"hipay/rule_condition_combine\";s:9:\"attribute\";N;s:8:\"operator\";N;s:5:\"value\";s:1:\"1\";s:18:\"is_value_processed\";N;s:10:\"aggregator\";s:3:\"all\";}','a:6:{s:4:\"type\";s:36:\"hipay/rule_condition_product_combine\";s:9:\"attribute\";N;s:8:\"operator\";N;s:5:\"value\";b:1;s:18:\"is_value_processed\";N;s:10:\"aggregator\";s:3:\"all\";}',NULL,0,''),(61,'hipay_banco','payment/hipay_banco/filter_oneclick','a:6:{s:4:\"type\";s:28:\"hipay/rule_condition_combine\";s:9:\"attribute\";N;s:8:\"operator\";N;s:5:\"value\";s:1:\"1\";s:18:\"is_value_processed\";N;s:10:\"aggregator\";s:3:\"all\";}','a:6:{s:4:\"type\";s:36:\"hipay/rule_condition_product_combine\";s:9:\"attribute\";N;s:8:\"operator\";N;s:5:\"value\";b:1;s:18:\"is_value_processed\";N;s:10:\"aggregator\";s:3:\"all\";}',NULL,0,''),(62,'hipay_santander','payment/hipay_santander/config_3ds_rules','a:6:{s:4:\"type\";s:28:\"hipay/rule_condition_combine\";s:9:\"attribute\";N;s:8:\"operator\";N;s:5:\"value\";s:1:\"1\";s:18:\"is_value_processed\";N;s:10:\"aggregator\";s:3:\"all\";}','a:6:{s:4:\"type\";s:36:\"hipay/rule_condition_product_combine\";s:9:\"attribute\";N;s:8:\"operator\";N;s:5:\"value\";b:1;s:18:\"is_value_processed\";N;s:10:\"aggregator\";s:3:\"all\";}',NULL,0,''),(63,'hipay_santander','payment/hipay_santander/filter_oneclick','a:6:{s:4:\"type\";s:28:\"hipay/rule_condition_combine\";s:9:\"attribute\";N;s:8:\"operator\";N;s:5:\"value\";s:1:\"1\";s:18:\"is_value_processed\";N;s:10:\"aggregator\";s:3:\"all\";}','a:6:{s:4:\"type\";s:36:\"hipay/rule_condition_product_combine\";s:9:\"attribute\";N;s:8:\"operator\";N;s:5:\"value\";b:1;s:18:\"is_value_processed\";N;s:10:\"aggregator\";s:3:\"all\";}',NULL,0,''),(64,'hipay_aura','payment/hipay_aura/config_3ds_rules','a:6:{s:4:\"type\";s:28:\"hipay/rule_condition_combine\";s:9:\"attribute\";N;s:8:\"operator\";N;s:5:\"value\";s:1:\"1\";s:18:\"is_value_processed\";N;s:10:\"aggregator\";s:3:\"all\";}','a:6:{s:4:\"type\";s:36:\"hipay/rule_condition_product_combine\";s:9:\"attribute\";N;s:8:\"operator\";N;s:5:\"value\";b:1;s:18:\"is_value_processed\";N;s:10:\"aggregator\";s:3:\"all\";}',NULL,0,''),(65,'hipay_aura','payment/hipay_aura/filter_oneclick','a:6:{s:4:\"type\";s:28:\"hipay/rule_condition_combine\";s:9:\"attribute\";N;s:8:\"operator\";N;s:5:\"value\";s:1:\"1\";s:18:\"is_value_processed\";N;s:10:\"aggregator\";s:3:\"all\";}','a:6:{s:4:\"type\";s:36:\"hipay/rule_condition_product_combine\";s:9:\"attribute\";N;s:8:\"operator\";N;s:5:\"value\";b:1;s:18:\"is_value_processed\";N;s:10:\"aggregator\";s:3:\"all\";}',NULL,0,''),(66,'hipay_caixa','payment/hipay_caixa/config_3ds_rules','a:6:{s:4:\"type\";s:28:\"hipay/rule_condition_combine\";s:9:\"attribute\";N;s:8:\"operator\";N;s:5:\"value\";s:1:\"1\";s:18:\"is_value_processed\";N;s:10:\"aggregator\";s:3:\"all\";}','a:6:{s:4:\"type\";s:36:\"hipay/rule_condition_product_combine\";s:9:\"attribute\";N;s:8:\"operator\";N;s:5:\"value\";b:1;s:18:\"is_value_processed\";N;s:10:\"aggregator\";s:3:\"all\";}',NULL,0,''),(67,'hipay_caixa','payment/hipay_caixa/filter_oneclick','a:6:{s:4:\"type\";s:28:\"hipay/rule_condition_combine\";s:9:\"attribute\";N;s:8:\"operator\";N;s:5:\"value\";s:1:\"1\";s:18:\"is_value_processed\";N;s:10:\"aggregator\";s:3:\"all\";}','a:6:{s:4:\"type\";s:36:\"hipay/rule_condition_product_combine\";s:9:\"attribute\";N;s:8:\"operator\";N;s:5:\"value\";b:1;s:18:\"is_value_processed\";N;s:10:\"aggregator\";s:3:\"all\";}',NULL,0,''),(68,'hipay_oxxo','payment/hipay_oxxo/config_3ds_rules','a:6:{s:4:\"type\";s:28:\"hipay/rule_condition_combine\";s:9:\"attribute\";N;s:8:\"operator\";N;s:5:\"value\";s:1:\"1\";s:18:\"is_value_processed\";N;s:10:\"aggregator\";s:3:\"all\";}','a:6:{s:4:\"type\";s:36:\"hipay/rule_condition_product_combine\";s:9:\"attribute\";N;s:8:\"operator\";N;s:5:\"value\";b:1;s:18:\"is_value_processed\";N;s:10:\"aggregator\";s:3:\"all\";}',NULL,0,''),(69,'hipay_oxxo','payment/hipay_oxxo/filter_oneclick','a:6:{s:4:\"type\";s:28:\"hipay/rule_condition_combine\";s:9:\"attribute\";N;s:8:\"operator\";N;s:5:\"value\";s:1:\"1\";s:18:\"is_value_processed\";N;s:10:\"aggregator\";s:3:\"all\";}','a:6:{s:4:\"type\";s:36:\"hipay/rule_condition_product_combine\";s:9:\"attribute\";N;s:8:\"operator\";N;s:5:\"value\";b:1;s:18:\"is_value_processed\";N;s:10:\"aggregator\";s:3:\"all\";}',NULL,0,''),(70,'hipay_bbva','payment/hipay_bbva/config_3ds_rules','a:6:{s:4:\"type\";s:28:\"hipay/rule_condition_combine\";s:9:\"attribute\";N;s:8:\"operator\";N;s:5:\"value\";s:1:\"1\";s:18:\"is_value_processed\";N;s:10:\"aggregator\";s:3:\"all\";}','a:6:{s:4:\"type\";s:36:\"hipay/rule_condition_product_combine\";s:9:\"attribute\";N;s:8:\"operator\";N;s:5:\"value\";b:1;s:18:\"is_value_processed\";N;s:10:\"aggregator\";s:3:\"all\";}',NULL,0,''),(71,'hipay_bbva','payment/hipay_bbva/filter_oneclick','a:6:{s:4:\"type\";s:28:\"hipay/rule_condition_combine\";s:9:\"attribute\";N;s:8:\"operator\";N;s:5:\"value\";s:1:\"1\";s:18:\"is_value_processed\";N;s:10:\"aggregator\";s:3:\"all\";}','a:6:{s:4:\"type\";s:36:\"hipay/rule_condition_product_combine\";s:9:\"attribute\";N;s:8:\"operator\";N;s:5:\"value\";b:1;s:18:\"is_value_processed\";N;s:10:\"aggregator\";s:3:\"all\";}',NULL,0,''),(72,'hipay_banamex','payment/hipay_banamex/config_3ds_rules','a:6:{s:4:\"type\";s:28:\"hipay/rule_condition_combine\";s:9:\"attribute\";N;s:8:\"operator\";N;s:5:\"value\";s:1:\"1\";s:18:\"is_value_processed\";N;s:10:\"aggregator\";s:3:\"all\";}','a:6:{s:4:\"type\";s:36:\"hipay/rule_condition_product_combine\";s:9:\"attribute\";N;s:8:\"operator\";N;s:5:\"value\";b:1;s:18:\"is_value_processed\";N;s:10:\"aggregator\";s:3:\"all\";}',NULL,0,''),(73,'hipay_banamex','payment/hipay_banamex/filter_oneclick','a:6:{s:4:\"type\";s:28:\"hipay/rule_condition_combine\";s:9:\"attribute\";N;s:8:\"operator\";N;s:5:\"value\";s:1:\"1\";s:18:\"is_value_processed\";N;s:10:\"aggregator\";s:3:\"all\";}','a:6:{s:4:\"type\";s:36:\"hipay/rule_condition_product_combine\";s:9:\"attribute\";N;s:8:\"operator\";N;s:5:\"value\";b:1;s:18:\"is_value_processed\";N;s:10:\"aggregator\";s:3:\"all\";}',NULL,0,''),(74,'hipay_santadercash','payment/hipay_santadercash/config_3ds_rules','a:6:{s:4:\"type\";s:28:\"hipay/rule_condition_combine\";s:9:\"attribute\";N;s:8:\"operator\";N;s:5:\"value\";s:1:\"1\";s:18:\"is_value_processed\";N;s:10:\"aggregator\";s:3:\"all\";}','a:6:{s:4:\"type\";s:36:\"hipay/rule_condition_product_combine\";s:9:\"attribute\";N;s:8:\"operator\";N;s:5:\"value\";b:1;s:18:\"is_value_processed\";N;s:10:\"aggregator\";s:3:\"all\";}',NULL,0,''),(75,'hipay_santadercash','payment/hipay_santadercash/filter_oneclick','a:6:{s:4:\"type\";s:28:\"hipay/rule_condition_combine\";s:9:\"attribute\";N;s:8:\"operator\";N;s:5:\"value\";s:1:\"1\";s:18:\"is_value_processed\";N;s:10:\"aggregator\";s:3:\"all\";}','a:6:{s:4:\"type\";s:36:\"hipay/rule_condition_product_combine\";s:9:\"attribute\";N;s:8:\"operator\";N;s:5:\"value\";b:1;s:18:\"is_value_processed\";N;s:10:\"aggregator\";s:3:\"all\";}',NULL,0,''),(76,'hipay_facilipay3x','payment/hipay_facilipay3x/filter_oneclick','a:6:{s:4:\"type\";s:28:\"hipay/rule_condition_combine\";s:9:\"attribute\";N;s:8:\"operator\";N;s:5:\"value\";s:1:\"1\";s:18:\"is_value_processed\";N;s:10:\"aggregator\";s:3:\"all\";}','a:6:{s:4:\"type\";s:36:\"hipay/rule_condition_product_combine\";s:9:\"attribute\";N;s:8:\"operator\";N;s:5:\"value\";b:1;s:18:\"is_value_processed\";N;s:10:\"aggregator\";s:3:\"all\";}',NULL,0,''),(77,'hipay_cc','payment/hipay_cc/config_3ds_rules','a:6:{s:4:\"type\";s:28:\"hipay/rule_condition_combine\";s:9:\"attribute\";N;s:8:\"operator\";N;s:5:\"value\";s:1:\"1\";s:18:\"is_value_processed\";N;s:10:\"aggregator\";s:3:\"all\";}','a:6:{s:4:\"type\";s:36:\"hipay/rule_condition_product_combine\";s:9:\"attribute\";N;s:8:\"operator\";N;s:5:\"value\";b:1;s:18:\"is_value_processed\";N;s:10:\"aggregator\";s:3:\"all\";}',NULL,0,''),(78,'hipay_cc','payment/hipay_cc/filter_oneclick','a:6:{s:4:\"type\";s:28:\"hipay/rule_condition_combine\";s:9:\"attribute\";N;s:8:\"operator\";N;s:5:\"value\";s:1:\"1\";s:18:\"is_value_processed\";N;s:10:\"aggregator\";s:3:\"all\";}','a:6:{s:4:\"type\";s:36:\"hipay/rule_condition_product_combine\";s:9:\"attribute\";N;s:8:\"operator\";N;s:5:\"value\";b:1;s:18:\"is_value_processed\";N;s:10:\"aggregator\";s:3:\"all\";}',NULL,0,''),(79,'hipay_ccxtimes','payment/hipay_ccxtimes/config_3ds_rules','a:6:{s:4:\"type\";s:28:\"hipay/rule_condition_combine\";s:9:\"attribute\";N;s:8:\"operator\";N;s:5:\"value\";s:1:\"1\";s:18:\"is_value_processed\";N;s:10:\"aggregator\";s:3:\"all\";}','a:6:{s:4:\"type\";s:36:\"hipay/rule_condition_product_combine\";s:9:\"attribute\";N;s:8:\"operator\";N;s:5:\"value\";b:1;s:18:\"is_value_processed\";N;s:10:\"aggregator\";s:3:\"all\";}',NULL,0,''),(80,'hipay_ccxtimes','payment/hipay_ccxtimes/filter_oneclick','a:6:{s:4:\"type\";s:28:\"hipay/rule_condition_combine\";s:9:\"attribute\";N;s:8:\"operator\";N;s:5:\"value\";s:1:\"1\";s:18:\"is_value_processed\";N;s:10:\"aggregator\";s:3:\"all\";}','a:6:{s:4:\"type\";s:36:\"hipay/rule_condition_product_combine\";s:9:\"attribute\";N;s:8:\"operator\";N;s:5:\"value\";b:1;s:18:\"is_value_processed\";N;s:10:\"aggregator\";s:3:\"all\";}',NULL,0,''),(81,'hipay_hosted','payment/hipay_hosted/config_3ds_rules','a:6:{s:4:\"type\";s:28:\"hipay/rule_condition_combine\";s:9:\"attribute\";N;s:8:\"operator\";N;s:5:\"value\";s:1:\"1\";s:18:\"is_value_processed\";N;s:10:\"aggregator\";s:3:\"all\";}','a:6:{s:4:\"type\";s:36:\"hipay/rule_condition_product_combine\";s:9:\"attribute\";N;s:8:\"operator\";N;s:5:\"value\";b:1;s:18:\"is_value_processed\";N;s:10:\"aggregator\";s:3:\"all\";}',NULL,0,''),(82,'hipay_hosted','payment/hipay_hosted/filter_oneclick','a:6:{s:4:\"type\";s:28:\"hipay/rule_condition_combine\";s:9:\"attribute\";N;s:8:\"operator\";N;s:5:\"value\";s:1:\"1\";s:18:\"is_value_processed\";N;s:10:\"aggregator\";s:3:\"all\";}','a:6:{s:4:\"type\";s:36:\"hipay/rule_condition_product_combine\";s:9:\"attribute\";N;s:8:\"operator\";N;s:5:\"value\";b:1;s:18:\"is_value_processed\";N;s:10:\"aggregator\";s:3:\"all\";}',NULL,0,''),(83,'hipay_hostedmoto','payment/hipay_hostedmoto/config_3ds_rules','a:6:{s:4:\"type\";s:28:\"hipay/rule_condition_combine\";s:9:\"attribute\";N;s:8:\"operator\";N;s:5:\"value\";s:1:\"1\";s:18:\"is_value_processed\";N;s:10:\"aggregator\";s:3:\"all\";}','a:6:{s:4:\"type\";s:36:\"hipay/rule_condition_product_combine\";s:9:\"attribute\";N;s:8:\"operator\";N;s:5:\"value\";b:1;s:18:\"is_value_processed\";N;s:10:\"aggregator\";s:3:\"all\";}',NULL,0,''),(84,'hipay_hostedfields','payment/hipay_hostedfields/config_3ds_rules','a:6:{s:4:\"type\";s:28:\"hipay/rule_condition_combine\";s:9:\"attribute\";N;s:8:\"operator\";N;s:5:\"value\";s:1:\"1\";s:18:\"is_value_processed\";N;s:10:\"aggregator\";s:3:\"all\";}','a:6:{s:4:\"type\";s:36:\"hipay/rule_condition_product_combine\";s:9:\"attribute\";N;s:8:\"operator\";N;s:5:\"value\";b:1;s:18:\"is_value_processed\";N;s:10:\"aggregator\";s:3:\"all\";}',NULL,0,''),(85,'hipay_hostedfields','payment/hipay_hostedfields/filter_oneclick','a:6:{s:4:\"type\";s:28:\"hipay/rule_condition_combine\";s:9:\"attribute\";N;s:8:\"operator\";N;s:5:\"value\";s:1:\"1\";s:18:\"is_value_processed\";N;s:10:\"aggregator\";s:3:\"all\";}','a:6:{s:4:\"type\";s:36:\"hipay/rule_condition_product_combine\";s:9:\"attribute\";N;s:8:\"operator\";N;s:5:\"value\";b:1;s:18:\"is_value_processed\";N;s:10:\"aggregator\";s:3:\"all\";}',NULL,0,''),(86,'hipay_hostedfieldsxtimes','payment/hipay_hostedfieldsxtimes/config_3ds_rules','a:6:{s:4:\"type\";s:28:\"hipay/rule_condition_combine\";s:9:\"attribute\";N;s:8:\"operator\";N;s:5:\"value\";s:1:\"1\";s:18:\"is_value_processed\";N;s:10:\"aggregator\";s:3:\"all\";}','a:6:{s:4:\"type\";s:36:\"hipay/rule_condition_product_combine\";s:9:\"attribute\";N;s:8:\"operator\";N;s:5:\"value\";b:1;s:18:\"is_value_processed\";N;s:10:\"aggregator\";s:3:\"all\";}',NULL,0,''),(87,'hipay_hostedfieldsxtimes','payment/hipay_hostedfieldsxtimes/filter_oneclick','a:6:{s:4:\"type\";s:28:\"hipay/rule_condition_combine\";s:9:\"attribute\";N;s:8:\"operator\";N;s:5:\"value\";s:1:\"1\";s:18:\"is_value_processed\";N;s:10:\"aggregator\";s:3:\"all\";}','a:6:{s:4:\"type\";s:36:\"hipay/rule_condition_product_combine\";s:9:\"attribute\";N;s:8:\"operator\";N;s:5:\"value\";b:1;s:18:\"is_value_processed\";N;s:10:\"aggregator\";s:3:\"all\";}',NULL,0,''),(88,'hipay_hostedxtimes','payment/hipay_hostedxtimes/config_3ds_rules','a:6:{s:4:\"type\";s:28:\"hipay/rule_condition_combine\";s:9:\"attribute\";N;s:8:\"operator\";N;s:5:\"value\";s:1:\"1\";s:18:\"is_value_processed\";N;s:10:\"aggregator\";s:3:\"all\";}','a:6:{s:4:\"type\";s:36:\"hipay/rule_condition_product_combine\";s:9:\"attribute\";N;s:8:\"operator\";N;s:5:\"value\";b:1;s:18:\"is_value_processed\";N;s:10:\"aggregator\";s:3:\"all\";}',NULL,0,''),(89,'hipay_hostedxtimes','payment/hipay_hostedxtimes/filter_oneclick','a:6:{s:4:\"type\";s:28:\"hipay/rule_condition_combine\";s:9:\"attribute\";N;s:8:\"operator\";N;s:5:\"value\";s:1:\"1\";s:18:\"is_value_processed\";N;s:10:\"aggregator\";s:3:\"all\";}','a:6:{s:4:\"type\";s:36:\"hipay/rule_condition_product_combine\";s:9:\"attribute\";N;s:8:\"operator\";N;s:5:\"value\";b:1;s:18:\"is_value_processed\";N;s:10:\"aggregator\";s:3:\"all\";}',NULL,0,''),(90,'hipay_klarna','payment/hipay_klarna/config_3ds_rules','a:6:{s:4:\"type\";s:28:\"hipay/rule_condition_combine\";s:9:\"attribute\";N;s:8:\"operator\";N;s:5:\"value\";s:1:\"1\";s:18:\"is_value_processed\";N;s:10:\"aggregator\";s:3:\"all\";}','a:6:{s:4:\"type\";s:36:\"hipay/rule_condition_product_combine\";s:9:\"attribute\";N;s:8:\"operator\";N;s:5:\"value\";b:1;s:18:\"is_value_processed\";N;s:10:\"aggregator\";s:3:\"all\";}',NULL,0,''),(91,'hipay_klarna','payment/hipay_klarna/filter_oneclick','a:6:{s:4:\"type\";s:28:\"hipay/rule_condition_combine\";s:9:\"attribute\";N;s:8:\"operator\";N;s:5:\"value\";s:1:\"1\";s:18:\"is_value_processed\";N;s:10:\"aggregator\";s:3:\"all\";}','a:6:{s:4:\"type\";s:36:\"hipay/rule_condition_product_combine\";s:9:\"attribute\";N;s:8:\"operator\";N;s:5:\"value\";b:1;s:18:\"is_value_processed\";N;s:10:\"aggregator\";s:3:\"all\";}',NULL,0,''),(92,'hipay_boleto','payment/hipay_boleto/config_3ds_rules','a:6:{s:4:\"type\";s:28:\"hipay/rule_condition_combine\";s:9:\"attribute\";N;s:8:\"operator\";N;s:5:\"value\";s:1:\"1\";s:18:\"is_value_processed\";N;s:10:\"aggregator\";s:3:\"all\";}','a:6:{s:4:\"type\";s:36:\"hipay/rule_condition_product_combine\";s:9:\"attribute\";N;s:8:\"operator\";N;s:5:\"value\";b:1;s:18:\"is_value_processed\";N;s:10:\"aggregator\";s:3:\"all\";}',NULL,0,''),(93,'hipay_boleto','payment/hipay_boleto/filter_oneclick','a:6:{s:4:\"type\";s:28:\"hipay/rule_condition_combine\";s:9:\"attribute\";N;s:8:\"operator\";N;s:5:\"value\";s:1:\"1\";s:18:\"is_value_processed\";N;s:10:\"aggregator\";s:3:\"all\";}','a:6:{s:4:\"type\";s:36:\"hipay/rule_condition_product_combine\";s:9:\"attribute\";N;s:8:\"operator\";N;s:5:\"value\";b:1;s:18:\"is_value_processed\";N;s:10:\"aggregator\";s:3:\"all\";}',NULL,0,''),(94,'hipay_itau','payment/hipay_itau/config_3ds_rules','a:6:{s:4:\"type\";s:28:\"hipay/rule_condition_combine\";s:9:\"attribute\";N;s:8:\"operator\";N;s:5:\"value\";s:1:\"1\";s:18:\"is_value_processed\";N;s:10:\"aggregator\";s:3:\"all\";}','a:6:{s:4:\"type\";s:36:\"hipay/rule_condition_product_combine\";s:9:\"attribute\";N;s:8:\"operator\";N;s:5:\"value\";b:1;s:18:\"is_value_processed\";N;s:10:\"aggregator\";s:3:\"all\";}',NULL,0,''),(95,'hipay_itau','payment/hipay_itau/filter_oneclick','a:6:{s:4:\"type\";s:28:\"hipay/rule_condition_combine\";s:9:\"attribute\";N;s:8:\"operator\";N;s:5:\"value\";s:1:\"1\";s:18:\"is_value_processed\";N;s:10:\"aggregator\";s:3:\"all\";}','a:6:{s:4:\"type\";s:36:\"hipay/rule_condition_product_combine\";s:9:\"attribute\";N;s:8:\"operator\";N;s:5:\"value\";b:1;s:18:\"is_value_processed\";N;s:10:\"aggregator\";s:3:\"all\";}',NULL,0,''),(96,'hipay_bradesco','payment/hipay_bradesco/config_3ds_rules','a:6:{s:4:\"type\";s:28:\"hipay/rule_condition_combine\";s:9:\"attribute\";N;s:8:\"operator\";N;s:5:\"value\";s:1:\"1\";s:18:\"is_value_processed\";N;s:10:\"aggregator\";s:3:\"all\";}','a:6:{s:4:\"type\";s:36:\"hipay/rule_condition_product_combine\";s:9:\"attribute\";N;s:8:\"operator\";N;s:5:\"value\";b:1;s:18:\"is_value_processed\";N;s:10:\"aggregator\";s:3:\"all\";}',NULL,0,''),(97,'hipay_bradesco','payment/hipay_bradesco/filter_oneclick','a:6:{s:4:\"type\";s:28:\"hipay/rule_condition_combine\";s:9:\"attribute\";N;s:8:\"operator\";N;s:5:\"value\";s:1:\"1\";s:18:\"is_value_processed\";N;s:10:\"aggregator\";s:3:\"all\";}','a:6:{s:4:\"type\";s:36:\"hipay/rule_condition_product_combine\";s:9:\"attribute\";N;s:8:\"operator\";N;s:5:\"value\";b:1;s:18:\"is_value_processed\";N;s:10:\"aggregator\";s:3:\"all\";}',NULL,0,''),(98,'hipay_banco','payment/hipay_banco/config_3ds_rules','a:6:{s:4:\"type\";s:28:\"hipay/rule_condition_combine\";s:9:\"attribute\";N;s:8:\"operator\";N;s:5:\"value\";s:1:\"1\";s:18:\"is_value_processed\";N;s:10:\"aggregator\";s:3:\"all\";}','a:6:{s:4:\"type\";s:36:\"hipay/rule_condition_product_combine\";s:9:\"attribute\";N;s:8:\"operator\";N;s:5:\"value\";b:1;s:18:\"is_value_processed\";N;s:10:\"aggregator\";s:3:\"all\";}',NULL,0,''),(99,'hipay_banco','payment/hipay_banco/filter_oneclick','a:6:{s:4:\"type\";s:28:\"hipay/rule_condition_combine\";s:9:\"attribute\";N;s:8:\"operator\";N;s:5:\"value\";s:1:\"1\";s:18:\"is_value_processed\";N;s:10:\"aggregator\";s:3:\"all\";}','a:6:{s:4:\"type\";s:36:\"hipay/rule_condition_product_combine\";s:9:\"attribute\";N;s:8:\"operator\";N;s:5:\"value\";b:1;s:18:\"is_value_processed\";N;s:10:\"aggregator\";s:3:\"all\";}',NULL,0,''),(100,'hipay_santander','payment/hipay_santander/config_3ds_rules','a:6:{s:4:\"type\";s:28:\"hipay/rule_condition_combine\";s:9:\"attribute\";N;s:8:\"operator\";N;s:5:\"value\";s:1:\"1\";s:18:\"is_value_processed\";N;s:10:\"aggregator\";s:3:\"all\";}','a:6:{s:4:\"type\";s:36:\"hipay/rule_condition_product_combine\";s:9:\"attribute\";N;s:8:\"operator\";N;s:5:\"value\";b:1;s:18:\"is_value_processed\";N;s:10:\"aggregator\";s:3:\"all\";}',NULL,0,''),(101,'hipay_santander','payment/hipay_santander/filter_oneclick','a:6:{s:4:\"type\";s:28:\"hipay/rule_condition_combine\";s:9:\"attribute\";N;s:8:\"operator\";N;s:5:\"value\";s:1:\"1\";s:18:\"is_value_processed\";N;s:10:\"aggregator\";s:3:\"all\";}','a:6:{s:4:\"type\";s:36:\"hipay/rule_condition_product_combine\";s:9:\"attribute\";N;s:8:\"operator\";N;s:5:\"value\";b:1;s:18:\"is_value_processed\";N;s:10:\"aggregator\";s:3:\"all\";}',NULL,0,''),(102,'hipay_aura','payment/hipay_aura/config_3ds_rules','a:6:{s:4:\"type\";s:28:\"hipay/rule_condition_combine\";s:9:\"attribute\";N;s:8:\"operator\";N;s:5:\"value\";s:1:\"1\";s:18:\"is_value_processed\";N;s:10:\"aggregator\";s:3:\"all\";}','a:6:{s:4:\"type\";s:36:\"hipay/rule_condition_product_combine\";s:9:\"attribute\";N;s:8:\"operator\";N;s:5:\"value\";b:1;s:18:\"is_value_processed\";N;s:10:\"aggregator\";s:3:\"all\";}',NULL,0,''),(103,'hipay_aura','payment/hipay_aura/filter_oneclick','a:6:{s:4:\"type\";s:28:\"hipay/rule_condition_combine\";s:9:\"attribute\";N;s:8:\"operator\";N;s:5:\"value\";s:1:\"1\";s:18:\"is_value_processed\";N;s:10:\"aggregator\";s:3:\"all\";}','a:6:{s:4:\"type\";s:36:\"hipay/rule_condition_product_combine\";s:9:\"attribute\";N;s:8:\"operator\";N;s:5:\"value\";b:1;s:18:\"is_value_processed\";N;s:10:\"aggregator\";s:3:\"all\";}',NULL,0,''),(104,'hipay_caixa','payment/hipay_caixa/config_3ds_rules','a:6:{s:4:\"type\";s:28:\"hipay/rule_condition_combine\";s:9:\"attribute\";N;s:8:\"operator\";N;s:5:\"value\";s:1:\"1\";s:18:\"is_value_processed\";N;s:10:\"aggregator\";s:3:\"all\";}','a:6:{s:4:\"type\";s:36:\"hipay/rule_condition_product_combine\";s:9:\"attribute\";N;s:8:\"operator\";N;s:5:\"value\";b:1;s:18:\"is_value_processed\";N;s:10:\"aggregator\";s:3:\"all\";}',NULL,0,''),(105,'hipay_caixa','payment/hipay_caixa/filter_oneclick','a:6:{s:4:\"type\";s:28:\"hipay/rule_condition_combine\";s:9:\"attribute\";N;s:8:\"operator\";N;s:5:\"value\";s:1:\"1\";s:18:\"is_value_processed\";N;s:10:\"aggregator\";s:3:\"all\";}','a:6:{s:4:\"type\";s:36:\"hipay/rule_condition_product_combine\";s:9:\"attribute\";N;s:8:\"operator\";N;s:5:\"value\";b:1;s:18:\"is_value_processed\";N;s:10:\"aggregator\";s:3:\"all\";}',NULL,0,''),(106,'hipay_oxxo','payment/hipay_oxxo/config_3ds_rules','a:6:{s:4:\"type\";s:28:\"hipay/rule_condition_combine\";s:9:\"attribute\";N;s:8:\"operator\";N;s:5:\"value\";s:1:\"1\";s:18:\"is_value_processed\";N;s:10:\"aggregator\";s:3:\"all\";}','a:6:{s:4:\"type\";s:36:\"hipay/rule_condition_product_combine\";s:9:\"attribute\";N;s:8:\"operator\";N;s:5:\"value\";b:1;s:18:\"is_value_processed\";N;s:10:\"aggregator\";s:3:\"all\";}',NULL,0,''),(107,'hipay_oxxo','payment/hipay_oxxo/filter_oneclick','a:6:{s:4:\"type\";s:28:\"hipay/rule_condition_combine\";s:9:\"attribute\";N;s:8:\"operator\";N;s:5:\"value\";s:1:\"1\";s:18:\"is_value_processed\";N;s:10:\"aggregator\";s:3:\"all\";}','a:6:{s:4:\"type\";s:36:\"hipay/rule_condition_product_combine\";s:9:\"attribute\";N;s:8:\"operator\";N;s:5:\"value\";b:1;s:18:\"is_value_processed\";N;s:10:\"aggregator\";s:3:\"all\";}',NULL,0,''),(108,'hipay_bbva','payment/hipay_bbva/config_3ds_rules','a:6:{s:4:\"type\";s:28:\"hipay/rule_condition_combine\";s:9:\"attribute\";N;s:8:\"operator\";N;s:5:\"value\";s:1:\"1\";s:18:\"is_value_processed\";N;s:10:\"aggregator\";s:3:\"all\";}','a:6:{s:4:\"type\";s:36:\"hipay/rule_condition_product_combine\";s:9:\"attribute\";N;s:8:\"operator\";N;s:5:\"value\";b:1;s:18:\"is_value_processed\";N;s:10:\"aggregator\";s:3:\"all\";}',NULL,0,''),(109,'hipay_bbva','payment/hipay_bbva/filter_oneclick','a:6:{s:4:\"type\";s:28:\"hipay/rule_condition_combine\";s:9:\"attribute\";N;s:8:\"operator\";N;s:5:\"value\";s:1:\"1\";s:18:\"is_value_processed\";N;s:10:\"aggregator\";s:3:\"all\";}','a:6:{s:4:\"type\";s:36:\"hipay/rule_condition_product_combine\";s:9:\"attribute\";N;s:8:\"operator\";N;s:5:\"value\";b:1;s:18:\"is_value_processed\";N;s:10:\"aggregator\";s:3:\"all\";}',NULL,0,''),(110,'hipay_banamex','payment/hipay_banamex/config_3ds_rules','a:6:{s:4:\"type\";s:28:\"hipay/rule_condition_combine\";s:9:\"attribute\";N;s:8:\"operator\";N;s:5:\"value\";s:1:\"1\";s:18:\"is_value_processed\";N;s:10:\"aggregator\";s:3:\"all\";}','a:6:{s:4:\"type\";s:36:\"hipay/rule_condition_product_combine\";s:9:\"attribute\";N;s:8:\"operator\";N;s:5:\"value\";b:1;s:18:\"is_value_processed\";N;s:10:\"aggregator\";s:3:\"all\";}',NULL,0,''),(111,'hipay_banamex','payment/hipay_banamex/filter_oneclick','a:6:{s:4:\"type\";s:28:\"hipay/rule_condition_combine\";s:9:\"attribute\";N;s:8:\"operator\";N;s:5:\"value\";s:1:\"1\";s:18:\"is_value_processed\";N;s:10:\"aggregator\";s:3:\"all\";}','a:6:{s:4:\"type\";s:36:\"hipay/rule_condition_product_combine\";s:9:\"attribute\";N;s:8:\"operator\";N;s:5:\"value\";b:1;s:18:\"is_value_processed\";N;s:10:\"aggregator\";s:3:\"all\";}',NULL,0,''),(112,'hipay_santadercash','payment/hipay_santadercash/config_3ds_rules','a:6:{s:4:\"type\";s:28:\"hipay/rule_condition_combine\";s:9:\"attribute\";N;s:8:\"operator\";N;s:5:\"value\";s:1:\"1\";s:18:\"is_value_processed\";N;s:10:\"aggregator\";s:3:\"all\";}','a:6:{s:4:\"type\";s:36:\"hipay/rule_condition_product_combine\";s:9:\"attribute\";N;s:8:\"operator\";N;s:5:\"value\";b:1;s:18:\"is_value_processed\";N;s:10:\"aggregator\";s:3:\"all\";}',NULL,0,''),(113,'hipay_santadercash','payment/hipay_santadercash/filter_oneclick','a:6:{s:4:\"type\";s:28:\"hipay/rule_condition_combine\";s:9:\"attribute\";N;s:8:\"operator\";N;s:5:\"value\";s:1:\"1\";s:18:\"is_value_processed\";N;s:10:\"aggregator\";s:3:\"all\";}','a:6:{s:4:\"type\";s:36:\"hipay/rule_condition_product_combine\";s:9:\"attribute\";N;s:8:\"operator\";N;s:5:\"value\";b:1;s:18:\"is_value_processed\";N;s:10:\"aggregator\";s:3:\"all\";}',NULL,0,''),(114,'hipay_facilipay3x','payment/hipay_facilipay3x/filter_oneclick','a:6:{s:4:\"type\";s:28:\"hipay/rule_condition_combine\";s:9:\"attribute\";N;s:8:\"operator\";N;s:5:\"value\";s:1:\"1\";s:18:\"is_value_processed\";N;s:10:\"aggregator\";s:3:\"all\";}','a:6:{s:4:\"type\";s:36:\"hipay/rule_condition_product_combine\";s:9:\"attribute\";N;s:8:\"operator\";N;s:5:\"value\";b:1;s:18:\"is_value_processed\";N;s:10:\"aggregator\";s:3:\"all\";}',NULL,0,''),(115,'hipay_cc','payment/hipay_cc/config_3ds_rules','a:6:{s:4:\"type\";s:28:\"hipay/rule_condition_combine\";s:9:\"attribute\";N;s:8:\"operator\";N;s:5:\"value\";s:1:\"1\";s:18:\"is_value_processed\";N;s:10:\"aggregator\";s:3:\"all\";}','a:6:{s:4:\"type\";s:36:\"hipay/rule_condition_product_combine\";s:9:\"attribute\";N;s:8:\"operator\";N;s:5:\"value\";b:1;s:18:\"is_value_processed\";N;s:10:\"aggregator\";s:3:\"all\";}',NULL,0,''),(116,'hipay_cc','payment/hipay_cc/filter_oneclick','a:6:{s:4:\"type\";s:28:\"hipay/rule_condition_combine\";s:9:\"attribute\";N;s:8:\"operator\";N;s:5:\"value\";s:1:\"1\";s:18:\"is_value_processed\";N;s:10:\"aggregator\";s:3:\"all\";}','a:6:{s:4:\"type\";s:36:\"hipay/rule_condition_product_combine\";s:9:\"attribute\";N;s:8:\"operator\";N;s:5:\"value\";b:1;s:18:\"is_value_processed\";N;s:10:\"aggregator\";s:3:\"all\";}',NULL,0,''),(117,'hipay_ccxtimes','payment/hipay_ccxtimes/config_3ds_rules','a:6:{s:4:\"type\";s:28:\"hipay/rule_condition_combine\";s:9:\"attribute\";N;s:8:\"operator\";N;s:5:\"value\";s:1:\"1\";s:18:\"is_value_processed\";N;s:10:\"aggregator\";s:3:\"all\";}','a:6:{s:4:\"type\";s:36:\"hipay/rule_condition_product_combine\";s:9:\"attribute\";N;s:8:\"operator\";N;s:5:\"value\";b:1;s:18:\"is_value_processed\";N;s:10:\"aggregator\";s:3:\"all\";}',NULL,0,''),(118,'hipay_ccxtimes','payment/hipay_ccxtimes/filter_oneclick','a:6:{s:4:\"type\";s:28:\"hipay/rule_condition_combine\";s:9:\"attribute\";N;s:8:\"operator\";N;s:5:\"value\";s:1:\"1\";s:18:\"is_value_processed\";N;s:10:\"aggregator\";s:3:\"all\";}','a:6:{s:4:\"type\";s:36:\"hipay/rule_condition_product_combine\";s:9:\"attribute\";N;s:8:\"operator\";N;s:5:\"value\";b:1;s:18:\"is_value_processed\";N;s:10:\"aggregator\";s:3:\"all\";}',NULL,0,''),(119,'hipay_hosted','payment/hipay_hosted/config_3ds_rules','a:6:{s:4:\"type\";s:28:\"hipay/rule_condition_combine\";s:9:\"attribute\";N;s:8:\"operator\";N;s:5:\"value\";s:1:\"1\";s:18:\"is_value_processed\";N;s:10:\"aggregator\";s:3:\"all\";}','a:6:{s:4:\"type\";s:36:\"hipay/rule_condition_product_combine\";s:9:\"attribute\";N;s:8:\"operator\";N;s:5:\"value\";b:1;s:18:\"is_value_processed\";N;s:10:\"aggregator\";s:3:\"all\";}',NULL,0,''),(120,'hipay_hosted','payment/hipay_hosted/filter_oneclick','a:6:{s:4:\"type\";s:28:\"hipay/rule_condition_combine\";s:9:\"attribute\";N;s:8:\"operator\";N;s:5:\"value\";s:1:\"1\";s:18:\"is_value_processed\";N;s:10:\"aggregator\";s:3:\"all\";}','a:6:{s:4:\"type\";s:36:\"hipay/rule_condition_product_combine\";s:9:\"attribute\";N;s:8:\"operator\";N;s:5:\"value\";b:1;s:18:\"is_value_processed\";N;s:10:\"aggregator\";s:3:\"all\";}',NULL,0,''),(121,'hipay_hostedmoto','payment/hipay_hostedmoto/config_3ds_rules','a:6:{s:4:\"type\";s:28:\"hipay/rule_condition_combine\";s:9:\"attribute\";N;s:8:\"operator\";N;s:5:\"value\";s:1:\"1\";s:18:\"is_value_processed\";N;s:10:\"aggregator\";s:3:\"all\";}','a:6:{s:4:\"type\";s:36:\"hipay/rule_condition_product_combine\";s:9:\"attribute\";N;s:8:\"operator\";N;s:5:\"value\";b:1;s:18:\"is_value_processed\";N;s:10:\"aggregator\";s:3:\"all\";}',NULL,0,''),(122,'hipay_hostedfields','payment/hipay_hostedfields/config_3ds_rules','a:6:{s:4:\"type\";s:28:\"hipay/rule_condition_combine\";s:9:\"attribute\";N;s:8:\"operator\";N;s:5:\"value\";s:1:\"1\";s:18:\"is_value_processed\";N;s:10:\"aggregator\";s:3:\"all\";}','a:6:{s:4:\"type\";s:36:\"hipay/rule_condition_product_combine\";s:9:\"attribute\";N;s:8:\"operator\";N;s:5:\"value\";b:1;s:18:\"is_value_processed\";N;s:10:\"aggregator\";s:3:\"all\";}',NULL,0,''),(123,'hipay_hostedfields','payment/hipay_hostedfields/filter_oneclick','a:6:{s:4:\"type\";s:28:\"hipay/rule_condition_combine\";s:9:\"attribute\";N;s:8:\"operator\";N;s:5:\"value\";s:1:\"1\";s:18:\"is_value_processed\";N;s:10:\"aggregator\";s:3:\"all\";}','a:6:{s:4:\"type\";s:36:\"hipay/rule_condition_product_combine\";s:9:\"attribute\";N;s:8:\"operator\";N;s:5:\"value\";b:1;s:18:\"is_value_processed\";N;s:10:\"aggregator\";s:3:\"all\";}',NULL,0,''),(124,'hipay_hostedfieldsxtimes','payment/hipay_hostedfieldsxtimes/config_3ds_rules','a:6:{s:4:\"type\";s:28:\"hipay/rule_condition_combine\";s:9:\"attribute\";N;s:8:\"operator\";N;s:5:\"value\";s:1:\"1\";s:18:\"is_value_processed\";N;s:10:\"aggregator\";s:3:\"all\";}','a:6:{s:4:\"type\";s:36:\"hipay/rule_condition_product_combine\";s:9:\"attribute\";N;s:8:\"operator\";N;s:5:\"value\";b:1;s:18:\"is_value_processed\";N;s:10:\"aggregator\";s:3:\"all\";}',NULL,0,''),(125,'hipay_hostedfieldsxtimes','payment/hipay_hostedfieldsxtimes/filter_oneclick','a:6:{s:4:\"type\";s:28:\"hipay/rule_condition_combine\";s:9:\"attribute\";N;s:8:\"operator\";N;s:5:\"value\";s:1:\"1\";s:18:\"is_value_processed\";N;s:10:\"aggregator\";s:3:\"all\";}','a:6:{s:4:\"type\";s:36:\"hipay/rule_condition_product_combine\";s:9:\"attribute\";N;s:8:\"operator\";N;s:5:\"value\";b:1;s:18:\"is_value_processed\";N;s:10:\"aggregator\";s:3:\"all\";}',NULL,0,''),(126,'hipay_hostedxtimes','payment/hipay_hostedxtimes/config_3ds_rules','a:6:{s:4:\"type\";s:28:\"hipay/rule_condition_combine\";s:9:\"attribute\";N;s:8:\"operator\";N;s:5:\"value\";s:1:\"1\";s:18:\"is_value_processed\";N;s:10:\"aggregator\";s:3:\"all\";}','a:6:{s:4:\"type\";s:36:\"hipay/rule_condition_product_combine\";s:9:\"attribute\";N;s:8:\"operator\";N;s:5:\"value\";b:1;s:18:\"is_value_processed\";N;s:10:\"aggregator\";s:3:\"all\";}',NULL,0,''),(127,'hipay_hostedxtimes','payment/hipay_hostedxtimes/filter_oneclick','a:6:{s:4:\"type\";s:28:\"hipay/rule_condition_combine\";s:9:\"attribute\";N;s:8:\"operator\";N;s:5:\"value\";s:1:\"1\";s:18:\"is_value_processed\";N;s:10:\"aggregator\";s:3:\"all\";}','a:6:{s:4:\"type\";s:36:\"hipay/rule_condition_product_combine\";s:9:\"attribute\";N;s:8:\"operator\";N;s:5:\"value\";b:1;s:18:\"is_value_processed\";N;s:10:\"aggregator\";s:3:\"all\";}',NULL,0,''),(128,'hipay_klarna','payment/hipay_klarna/config_3ds_rules','a:6:{s:4:\"type\";s:28:\"hipay/rule_condition_combine\";s:9:\"attribute\";N;s:8:\"operator\";N;s:5:\"value\";s:1:\"1\";s:18:\"is_value_processed\";N;s:10:\"aggregator\";s:3:\"all\";}','a:6:{s:4:\"type\";s:36:\"hipay/rule_condition_product_combine\";s:9:\"attribute\";N;s:8:\"operator\";N;s:5:\"value\";b:1;s:18:\"is_value_processed\";N;s:10:\"aggregator\";s:3:\"all\";}',NULL,0,''),(129,'hipay_klarna','payment/hipay_klarna/filter_oneclick','a:6:{s:4:\"type\";s:28:\"hipay/rule_condition_combine\";s:9:\"attribute\";N;s:8:\"operator\";N;s:5:\"value\";s:1:\"1\";s:18:\"is_value_processed\";N;s:10:\"aggregator\";s:3:\"all\";}','a:6:{s:4:\"type\";s:36:\"hipay/rule_condition_product_combine\";s:9:\"attribute\";N;s:8:\"operator\";N;s:5:\"value\";b:1;s:18:\"is_value_processed\";N;s:10:\"aggregator\";s:3:\"all\";}',NULL,0,''),(130,'hipay_boleto','payment/hipay_boleto/config_3ds_rules','a:6:{s:4:\"type\";s:28:\"hipay/rule_condition_combine\";s:9:\"attribute\";N;s:8:\"operator\";N;s:5:\"value\";s:1:\"1\";s:18:\"is_value_processed\";N;s:10:\"aggregator\";s:3:\"all\";}','a:6:{s:4:\"type\";s:36:\"hipay/rule_condition_product_combine\";s:9:\"attribute\";N;s:8:\"operator\";N;s:5:\"value\";b:1;s:18:\"is_value_processed\";N;s:10:\"aggregator\";s:3:\"all\";}',NULL,0,''),(131,'hipay_boleto','payment/hipay_boleto/filter_oneclick','a:6:{s:4:\"type\";s:28:\"hipay/rule_condition_combine\";s:9:\"attribute\";N;s:8:\"operator\";N;s:5:\"value\";s:1:\"1\";s:18:\"is_value_processed\";N;s:10:\"aggregator\";s:3:\"all\";}','a:6:{s:4:\"type\";s:36:\"hipay/rule_condition_product_combine\";s:9:\"attribute\";N;s:8:\"operator\";N;s:5:\"value\";b:1;s:18:\"is_value_processed\";N;s:10:\"aggregator\";s:3:\"all\";}',NULL,0,''),(132,'hipay_itau','payment/hipay_itau/config_3ds_rules','a:6:{s:4:\"type\";s:28:\"hipay/rule_condition_combine\";s:9:\"attribute\";N;s:8:\"operator\";N;s:5:\"value\";s:1:\"1\";s:18:\"is_value_processed\";N;s:10:\"aggregator\";s:3:\"all\";}','a:6:{s:4:\"type\";s:36:\"hipay/rule_condition_product_combine\";s:9:\"attribute\";N;s:8:\"operator\";N;s:5:\"value\";b:1;s:18:\"is_value_processed\";N;s:10:\"aggregator\";s:3:\"all\";}',NULL,0,''),(133,'hipay_itau','payment/hipay_itau/filter_oneclick','a:6:{s:4:\"type\";s:28:\"hipay/rule_condition_combine\";s:9:\"attribute\";N;s:8:\"operator\";N;s:5:\"value\";s:1:\"1\";s:18:\"is_value_processed\";N;s:10:\"aggregator\";s:3:\"all\";}','a:6:{s:4:\"type\";s:36:\"hipay/rule_condition_product_combine\";s:9:\"attribute\";N;s:8:\"operator\";N;s:5:\"value\";b:1;s:18:\"is_value_processed\";N;s:10:\"aggregator\";s:3:\"all\";}',NULL,0,''),(134,'hipay_bradesco','payment/hipay_bradesco/config_3ds_rules','a:6:{s:4:\"type\";s:28:\"hipay/rule_condition_combine\";s:9:\"attribute\";N;s:8:\"operator\";N;s:5:\"value\";s:1:\"1\";s:18:\"is_value_processed\";N;s:10:\"aggregator\";s:3:\"all\";}','a:6:{s:4:\"type\";s:36:\"hipay/rule_condition_product_combine\";s:9:\"attribute\";N;s:8:\"operator\";N;s:5:\"value\";b:1;s:18:\"is_value_processed\";N;s:10:\"aggregator\";s:3:\"all\";}',NULL,0,''),(135,'hipay_bradesco','payment/hipay_bradesco/filter_oneclick','a:6:{s:4:\"type\";s:28:\"hipay/rule_condition_combine\";s:9:\"attribute\";N;s:8:\"operator\";N;s:5:\"value\";s:1:\"1\";s:18:\"is_value_processed\";N;s:10:\"aggregator\";s:3:\"all\";}','a:6:{s:4:\"type\";s:36:\"hipay/rule_condition_product_combine\";s:9:\"attribute\";N;s:8:\"operator\";N;s:5:\"value\";b:1;s:18:\"is_value_processed\";N;s:10:\"aggregator\";s:3:\"all\";}',NULL,0,''),(136,'hipay_banco','payment/hipay_banco/config_3ds_rules','a:6:{s:4:\"type\";s:28:\"hipay/rule_condition_combine\";s:9:\"attribute\";N;s:8:\"operator\";N;s:5:\"value\";s:1:\"1\";s:18:\"is_value_processed\";N;s:10:\"aggregator\";s:3:\"all\";}','a:6:{s:4:\"type\";s:36:\"hipay/rule_condition_product_combine\";s:9:\"attribute\";N;s:8:\"operator\";N;s:5:\"value\";b:1;s:18:\"is_value_processed\";N;s:10:\"aggregator\";s:3:\"all\";}',NULL,0,''),(137,'hipay_banco','payment/hipay_banco/filter_oneclick','a:6:{s:4:\"type\";s:28:\"hipay/rule_condition_combine\";s:9:\"attribute\";N;s:8:\"operator\";N;s:5:\"value\";s:1:\"1\";s:18:\"is_value_processed\";N;s:10:\"aggregator\";s:3:\"all\";}','a:6:{s:4:\"type\";s:36:\"hipay/rule_condition_product_combine\";s:9:\"attribute\";N;s:8:\"operator\";N;s:5:\"value\";b:1;s:18:\"is_value_processed\";N;s:10:\"aggregator\";s:3:\"all\";}',NULL,0,''),(138,'hipay_santander','payment/hipay_santander/config_3ds_rules','a:6:{s:4:\"type\";s:28:\"hipay/rule_condition_combine\";s:9:\"attribute\";N;s:8:\"operator\";N;s:5:\"value\";s:1:\"1\";s:18:\"is_value_processed\";N;s:10:\"aggregator\";s:3:\"all\";}','a:6:{s:4:\"type\";s:36:\"hipay/rule_condition_product_combine\";s:9:\"attribute\";N;s:8:\"operator\";N;s:5:\"value\";b:1;s:18:\"is_value_processed\";N;s:10:\"aggregator\";s:3:\"all\";}',NULL,0,''),(139,'hipay_santander','payment/hipay_santander/filter_oneclick','a:6:{s:4:\"type\";s:28:\"hipay/rule_condition_combine\";s:9:\"attribute\";N;s:8:\"operator\";N;s:5:\"value\";s:1:\"1\";s:18:\"is_value_processed\";N;s:10:\"aggregator\";s:3:\"all\";}','a:6:{s:4:\"type\";s:36:\"hipay/rule_condition_product_combine\";s:9:\"attribute\";N;s:8:\"operator\";N;s:5:\"value\";b:1;s:18:\"is_value_processed\";N;s:10:\"aggregator\";s:3:\"all\";}',NULL,0,''),(140,'hipay_aura','payment/hipay_aura/config_3ds_rules','a:6:{s:4:\"type\";s:28:\"hipay/rule_condition_combine\";s:9:\"attribute\";N;s:8:\"operator\";N;s:5:\"value\";s:1:\"1\";s:18:\"is_value_processed\";N;s:10:\"aggregator\";s:3:\"all\";}','a:6:{s:4:\"type\";s:36:\"hipay/rule_condition_product_combine\";s:9:\"attribute\";N;s:8:\"operator\";N;s:5:\"value\";b:1;s:18:\"is_value_processed\";N;s:10:\"aggregator\";s:3:\"all\";}',NULL,0,''),(141,'hipay_aura','payment/hipay_aura/filter_oneclick','a:6:{s:4:\"type\";s:28:\"hipay/rule_condition_combine\";s:9:\"attribute\";N;s:8:\"operator\";N;s:5:\"value\";s:1:\"1\";s:18:\"is_value_processed\";N;s:10:\"aggregator\";s:3:\"all\";}','a:6:{s:4:\"type\";s:36:\"hipay/rule_condition_product_combine\";s:9:\"attribute\";N;s:8:\"operator\";N;s:5:\"value\";b:1;s:18:\"is_value_processed\";N;s:10:\"aggregator\";s:3:\"all\";}',NULL,0,''),(142,'hipay_caixa','payment/hipay_caixa/config_3ds_rules','a:6:{s:4:\"type\";s:28:\"hipay/rule_condition_combine\";s:9:\"attribute\";N;s:8:\"operator\";N;s:5:\"value\";s:1:\"1\";s:18:\"is_value_processed\";N;s:10:\"aggregator\";s:3:\"all\";}','a:6:{s:4:\"type\";s:36:\"hipay/rule_condition_product_combine\";s:9:\"attribute\";N;s:8:\"operator\";N;s:5:\"value\";b:1;s:18:\"is_value_processed\";N;s:10:\"aggregator\";s:3:\"all\";}',NULL,0,''),(143,'hipay_caixa','payment/hipay_caixa/filter_oneclick','a:6:{s:4:\"type\";s:28:\"hipay/rule_condition_combine\";s:9:\"attribute\";N;s:8:\"operator\";N;s:5:\"value\";s:1:\"1\";s:18:\"is_value_processed\";N;s:10:\"aggregator\";s:3:\"all\";}','a:6:{s:4:\"type\";s:36:\"hipay/rule_condition_product_combine\";s:9:\"attribute\";N;s:8:\"operator\";N;s:5:\"value\";b:1;s:18:\"is_value_processed\";N;s:10:\"aggregator\";s:3:\"all\";}',NULL,0,''),(144,'hipay_oxxo','payment/hipay_oxxo/config_3ds_rules','a:6:{s:4:\"type\";s:28:\"hipay/rule_condition_combine\";s:9:\"attribute\";N;s:8:\"operator\";N;s:5:\"value\";s:1:\"1\";s:18:\"is_value_processed\";N;s:10:\"aggregator\";s:3:\"all\";}','a:6:{s:4:\"type\";s:36:\"hipay/rule_condition_product_combine\";s:9:\"attribute\";N;s:8:\"operator\";N;s:5:\"value\";b:1;s:18:\"is_value_processed\";N;s:10:\"aggregator\";s:3:\"all\";}',NULL,0,''),(145,'hipay_oxxo','payment/hipay_oxxo/filter_oneclick','a:6:{s:4:\"type\";s:28:\"hipay/rule_condition_combine\";s:9:\"attribute\";N;s:8:\"operator\";N;s:5:\"value\";s:1:\"1\";s:18:\"is_value_processed\";N;s:10:\"aggregator\";s:3:\"all\";}','a:6:{s:4:\"type\";s:36:\"hipay/rule_condition_product_combine\";s:9:\"attribute\";N;s:8:\"operator\";N;s:5:\"value\";b:1;s:18:\"is_value_processed\";N;s:10:\"aggregator\";s:3:\"all\";}',NULL,0,''),(146,'hipay_bbva','payment/hipay_bbva/config_3ds_rules','a:6:{s:4:\"type\";s:28:\"hipay/rule_condition_combine\";s:9:\"attribute\";N;s:8:\"operator\";N;s:5:\"value\";s:1:\"1\";s:18:\"is_value_processed\";N;s:10:\"aggregator\";s:3:\"all\";}','a:6:{s:4:\"type\";s:36:\"hipay/rule_condition_product_combine\";s:9:\"attribute\";N;s:8:\"operator\";N;s:5:\"value\";b:1;s:18:\"is_value_processed\";N;s:10:\"aggregator\";s:3:\"all\";}',NULL,0,''),(147,'hipay_bbva','payment/hipay_bbva/filter_oneclick','a:6:{s:4:\"type\";s:28:\"hipay/rule_condition_combine\";s:9:\"attribute\";N;s:8:\"operator\";N;s:5:\"value\";s:1:\"1\";s:18:\"is_value_processed\";N;s:10:\"aggregator\";s:3:\"all\";}','a:6:{s:4:\"type\";s:36:\"hipay/rule_condition_product_combine\";s:9:\"attribute\";N;s:8:\"operator\";N;s:5:\"value\";b:1;s:18:\"is_value_processed\";N;s:10:\"aggregator\";s:3:\"all\";}',NULL,0,''),(148,'hipay_banamex','payment/hipay_banamex/config_3ds_rules','a:6:{s:4:\"type\";s:28:\"hipay/rule_condition_combine\";s:9:\"attribute\";N;s:8:\"operator\";N;s:5:\"value\";s:1:\"1\";s:18:\"is_value_processed\";N;s:10:\"aggregator\";s:3:\"all\";}','a:6:{s:4:\"type\";s:36:\"hipay/rule_condition_product_combine\";s:9:\"attribute\";N;s:8:\"operator\";N;s:5:\"value\";b:1;s:18:\"is_value_processed\";N;s:10:\"aggregator\";s:3:\"all\";}',NULL,0,''),(149,'hipay_banamex','payment/hipay_banamex/filter_oneclick','a:6:{s:4:\"type\";s:28:\"hipay/rule_condition_combine\";s:9:\"attribute\";N;s:8:\"operator\";N;s:5:\"value\";s:1:\"1\";s:18:\"is_value_processed\";N;s:10:\"aggregator\";s:3:\"all\";}','a:6:{s:4:\"type\";s:36:\"hipay/rule_condition_product_combine\";s:9:\"attribute\";N;s:8:\"operator\";N;s:5:\"value\";b:1;s:18:\"is_value_processed\";N;s:10:\"aggregator\";s:3:\"all\";}',NULL,0,''),(150,'hipay_santadercash','payment/hipay_santadercash/config_3ds_rules','a:6:{s:4:\"type\";s:28:\"hipay/rule_condition_combine\";s:9:\"attribute\";N;s:8:\"operator\";N;s:5:\"value\";s:1:\"1\";s:18:\"is_value_processed\";N;s:10:\"aggregator\";s:3:\"all\";}','a:6:{s:4:\"type\";s:36:\"hipay/rule_condition_product_combine\";s:9:\"attribute\";N;s:8:\"operator\";N;s:5:\"value\";b:1;s:18:\"is_value_processed\";N;s:10:\"aggregator\";s:3:\"all\";}',NULL,0,''),(151,'hipay_santadercash','payment/hipay_santadercash/filter_oneclick','a:6:{s:4:\"type\";s:28:\"hipay/rule_condition_combine\";s:9:\"attribute\";N;s:8:\"operator\";N;s:5:\"value\";s:1:\"1\";s:18:\"is_value_processed\";N;s:10:\"aggregator\";s:3:\"all\";}','a:6:{s:4:\"type\";s:36:\"hipay/rule_condition_product_combine\";s:9:\"attribute\";N;s:8:\"operator\";N;s:5:\"value\";b:1;s:18:\"is_value_processed\";N;s:10:\"aggregator\";s:3:\"all\";}',NULL,0,''),(152,'hipay_facilipay3x','payment/hipay_facilipay3x/filter_oneclick','a:6:{s:4:\"type\";s:28:\"hipay/rule_condition_combine\";s:9:\"attribute\";N;s:8:\"operator\";N;s:5:\"value\";s:1:\"1\";s:18:\"is_value_processed\";N;s:10:\"aggregator\";s:3:\"all\";}','a:6:{s:4:\"type\";s:36:\"hipay/rule_condition_product_combine\";s:9:\"attribute\";N;s:8:\"operator\";N;s:5:\"value\";b:1;s:18:\"is_value_processed\";N;s:10:\"aggregator\";s:3:\"all\";}',NULL,0,''),(153,'hipay_cc','payment/hipay_cc/config_3ds_rules','a:6:{s:4:\"type\";s:28:\"hipay/rule_condition_combine\";s:9:\"attribute\";N;s:8:\"operator\";N;s:5:\"value\";s:1:\"1\";s:18:\"is_value_processed\";N;s:10:\"aggregator\";s:3:\"all\";}','a:6:{s:4:\"type\";s:36:\"hipay/rule_condition_product_combine\";s:9:\"attribute\";N;s:8:\"operator\";N;s:5:\"value\";b:1;s:18:\"is_value_processed\";N;s:10:\"aggregator\";s:3:\"all\";}',NULL,0,''),(154,'hipay_cc','payment/hipay_cc/filter_oneclick','a:6:{s:4:\"type\";s:28:\"hipay/rule_condition_combine\";s:9:\"attribute\";N;s:8:\"operator\";N;s:5:\"value\";s:1:\"1\";s:18:\"is_value_processed\";N;s:10:\"aggregator\";s:3:\"all\";}','a:6:{s:4:\"type\";s:36:\"hipay/rule_condition_product_combine\";s:9:\"attribute\";N;s:8:\"operator\";N;s:5:\"value\";b:1;s:18:\"is_value_processed\";N;s:10:\"aggregator\";s:3:\"all\";}',NULL,0,''),(155,'hipay_ccxtimes','payment/hipay_ccxtimes/config_3ds_rules','a:6:{s:4:\"type\";s:28:\"hipay/rule_condition_combine\";s:9:\"attribute\";N;s:8:\"operator\";N;s:5:\"value\";s:1:\"1\";s:18:\"is_value_processed\";N;s:10:\"aggregator\";s:3:\"all\";}','a:6:{s:4:\"type\";s:36:\"hipay/rule_condition_product_combine\";s:9:\"attribute\";N;s:8:\"operator\";N;s:5:\"value\";b:1;s:18:\"is_value_processed\";N;s:10:\"aggregator\";s:3:\"all\";}',NULL,0,''),(156,'hipay_ccxtimes','payment/hipay_ccxtimes/filter_oneclick','a:6:{s:4:\"type\";s:28:\"hipay/rule_condition_combine\";s:9:\"attribute\";N;s:8:\"operator\";N;s:5:\"value\";s:1:\"1\";s:18:\"is_value_processed\";N;s:10:\"aggregator\";s:3:\"all\";}','a:6:{s:4:\"type\";s:36:\"hipay/rule_condition_product_combine\";s:9:\"attribute\";N;s:8:\"operator\";N;s:5:\"value\";b:1;s:18:\"is_value_processed\";N;s:10:\"aggregator\";s:3:\"all\";}',NULL,0,''),(157,'hipay_hosted','payment/hipay_hosted/config_3ds_rules','a:6:{s:4:\"type\";s:28:\"hipay/rule_condition_combine\";s:9:\"attribute\";N;s:8:\"operator\";N;s:5:\"value\";s:1:\"1\";s:18:\"is_value_processed\";N;s:10:\"aggregator\";s:3:\"all\";}','a:6:{s:4:\"type\";s:36:\"hipay/rule_condition_product_combine\";s:9:\"attribute\";N;s:8:\"operator\";N;s:5:\"value\";b:1;s:18:\"is_value_processed\";N;s:10:\"aggregator\";s:3:\"all\";}',NULL,0,''),(158,'hipay_hosted','payment/hipay_hosted/filter_oneclick','a:6:{s:4:\"type\";s:28:\"hipay/rule_condition_combine\";s:9:\"attribute\";N;s:8:\"operator\";N;s:5:\"value\";s:1:\"1\";s:18:\"is_value_processed\";N;s:10:\"aggregator\";s:3:\"all\";}','a:6:{s:4:\"type\";s:36:\"hipay/rule_condition_product_combine\";s:9:\"attribute\";N;s:8:\"operator\";N;s:5:\"value\";b:1;s:18:\"is_value_processed\";N;s:10:\"aggregator\";s:3:\"all\";}',NULL,0,''),(159,'hipay_hostedmoto','payment/hipay_hostedmoto/config_3ds_rules','a:6:{s:4:\"type\";s:28:\"hipay/rule_condition_combine\";s:9:\"attribute\";N;s:8:\"operator\";N;s:5:\"value\";s:1:\"1\";s:18:\"is_value_processed\";N;s:10:\"aggregator\";s:3:\"all\";}','a:6:{s:4:\"type\";s:36:\"hipay/rule_condition_product_combine\";s:9:\"attribute\";N;s:8:\"operator\";N;s:5:\"value\";b:1;s:18:\"is_value_processed\";N;s:10:\"aggregator\";s:3:\"all\";}',NULL,0,''),(160,'hipay_hostedfields','payment/hipay_hostedfields/config_3ds_rules','a:6:{s:4:\"type\";s:28:\"hipay/rule_condition_combine\";s:9:\"attribute\";N;s:8:\"operator\";N;s:5:\"value\";s:1:\"1\";s:18:\"is_value_processed\";N;s:10:\"aggregator\";s:3:\"all\";}','a:6:{s:4:\"type\";s:36:\"hipay/rule_condition_product_combine\";s:9:\"attribute\";N;s:8:\"operator\";N;s:5:\"value\";b:1;s:18:\"is_value_processed\";N;s:10:\"aggregator\";s:3:\"all\";}',NULL,0,''),(161,'hipay_hostedfields','payment/hipay_hostedfields/filter_oneclick','a:6:{s:4:\"type\";s:28:\"hipay/rule_condition_combine\";s:9:\"attribute\";N;s:8:\"operator\";N;s:5:\"value\";s:1:\"1\";s:18:\"is_value_processed\";N;s:10:\"aggregator\";s:3:\"all\";}','a:6:{s:4:\"type\";s:36:\"hipay/rule_condition_product_combine\";s:9:\"attribute\";N;s:8:\"operator\";N;s:5:\"value\";b:1;s:18:\"is_value_processed\";N;s:10:\"aggregator\";s:3:\"all\";}',NULL,0,''),(162,'hipay_hostedfieldsxtimes','payment/hipay_hostedfieldsxtimes/config_3ds_rules','a:6:{s:4:\"type\";s:28:\"hipay/rule_condition_combine\";s:9:\"attribute\";N;s:8:\"operator\";N;s:5:\"value\";s:1:\"1\";s:18:\"is_value_processed\";N;s:10:\"aggregator\";s:3:\"all\";}','a:6:{s:4:\"type\";s:36:\"hipay/rule_condition_product_combine\";s:9:\"attribute\";N;s:8:\"operator\";N;s:5:\"value\";b:1;s:18:\"is_value_processed\";N;s:10:\"aggregator\";s:3:\"all\";}',NULL,0,''),(163,'hipay_hostedfieldsxtimes','payment/hipay_hostedfieldsxtimes/filter_oneclick','a:6:{s:4:\"type\";s:28:\"hipay/rule_condition_combine\";s:9:\"attribute\";N;s:8:\"operator\";N;s:5:\"value\";s:1:\"1\";s:18:\"is_value_processed\";N;s:10:\"aggregator\";s:3:\"all\";}','a:6:{s:4:\"type\";s:36:\"hipay/rule_condition_product_combine\";s:9:\"attribute\";N;s:8:\"operator\";N;s:5:\"value\";b:1;s:18:\"is_value_processed\";N;s:10:\"aggregator\";s:3:\"all\";}',NULL,0,''),(164,'hipay_hostedxtimes','payment/hipay_hostedxtimes/config_3ds_rules','a:6:{s:4:\"type\";s:28:\"hipay/rule_condition_combine\";s:9:\"attribute\";N;s:8:\"operator\";N;s:5:\"value\";s:1:\"1\";s:18:\"is_value_processed\";N;s:10:\"aggregator\";s:3:\"all\";}','a:6:{s:4:\"type\";s:36:\"hipay/rule_condition_product_combine\";s:9:\"attribute\";N;s:8:\"operator\";N;s:5:\"value\";b:1;s:18:\"is_value_processed\";N;s:10:\"aggregator\";s:3:\"all\";}',NULL,0,''),(165,'hipay_hostedxtimes','payment/hipay_hostedxtimes/filter_oneclick','a:6:{s:4:\"type\";s:28:\"hipay/rule_condition_combine\";s:9:\"attribute\";N;s:8:\"operator\";N;s:5:\"value\";s:1:\"1\";s:18:\"is_value_processed\";N;s:10:\"aggregator\";s:3:\"all\";}','a:6:{s:4:\"type\";s:36:\"hipay/rule_condition_product_combine\";s:9:\"attribute\";N;s:8:\"operator\";N;s:5:\"value\";b:1;s:18:\"is_value_processed\";N;s:10:\"aggregator\";s:3:\"all\";}',NULL,0,''),(166,'hipay_klarna','payment/hipay_klarna/config_3ds_rules','a:6:{s:4:\"type\";s:28:\"hipay/rule_condition_combine\";s:9:\"attribute\";N;s:8:\"operator\";N;s:5:\"value\";s:1:\"1\";s:18:\"is_value_processed\";N;s:10:\"aggregator\";s:3:\"all\";}','a:6:{s:4:\"type\";s:36:\"hipay/rule_condition_product_combine\";s:9:\"attribute\";N;s:8:\"operator\";N;s:5:\"value\";b:1;s:18:\"is_value_processed\";N;s:10:\"aggregator\";s:3:\"all\";}',NULL,0,''),(167,'hipay_klarna','payment/hipay_klarna/filter_oneclick','a:6:{s:4:\"type\";s:28:\"hipay/rule_condition_combine\";s:9:\"attribute\";N;s:8:\"operator\";N;s:5:\"value\";s:1:\"1\";s:18:\"is_value_processed\";N;s:10:\"aggregator\";s:3:\"all\";}','a:6:{s:4:\"type\";s:36:\"hipay/rule_condition_product_combine\";s:9:\"attribute\";N;s:8:\"operator\";N;s:5:\"value\";b:1;s:18:\"is_value_processed\";N;s:10:\"aggregator\";s:3:\"all\";}',NULL,0,''),(168,'hipay_boleto','payment/hipay_boleto/config_3ds_rules','a:6:{s:4:\"type\";s:28:\"hipay/rule_condition_combine\";s:9:\"attribute\";N;s:8:\"operator\";N;s:5:\"value\";s:1:\"1\";s:18:\"is_value_processed\";N;s:10:\"aggregator\";s:3:\"all\";}','a:6:{s:4:\"type\";s:36:\"hipay/rule_condition_product_combine\";s:9:\"attribute\";N;s:8:\"operator\";N;s:5:\"value\";b:1;s:18:\"is_value_processed\";N;s:10:\"aggregator\";s:3:\"all\";}',NULL,0,''),(169,'hipay_boleto','payment/hipay_boleto/filter_oneclick','a:6:{s:4:\"type\";s:28:\"hipay/rule_condition_combine\";s:9:\"attribute\";N;s:8:\"operator\";N;s:5:\"value\";s:1:\"1\";s:18:\"is_value_processed\";N;s:10:\"aggregator\";s:3:\"all\";}','a:6:{s:4:\"type\";s:36:\"hipay/rule_condition_product_combine\";s:9:\"attribute\";N;s:8:\"operator\";N;s:5:\"value\";b:1;s:18:\"is_value_processed\";N;s:10:\"aggregator\";s:3:\"all\";}',NULL,0,''),(170,'hipay_itau','payment/hipay_itau/config_3ds_rules','a:6:{s:4:\"type\";s:28:\"hipay/rule_condition_combine\";s:9:\"attribute\";N;s:8:\"operator\";N;s:5:\"value\";s:1:\"1\";s:18:\"is_value_processed\";N;s:10:\"aggregator\";s:3:\"all\";}','a:6:{s:4:\"type\";s:36:\"hipay/rule_condition_product_combine\";s:9:\"attribute\";N;s:8:\"operator\";N;s:5:\"value\";b:1;s:18:\"is_value_processed\";N;s:10:\"aggregator\";s:3:\"all\";}',NULL,0,''),(171,'hipay_itau','payment/hipay_itau/filter_oneclick','a:6:{s:4:\"type\";s:28:\"hipay/rule_condition_combine\";s:9:\"attribute\";N;s:8:\"operator\";N;s:5:\"value\";s:1:\"1\";s:18:\"is_value_processed\";N;s:10:\"aggregator\";s:3:\"all\";}','a:6:{s:4:\"type\";s:36:\"hipay/rule_condition_product_combine\";s:9:\"attribute\";N;s:8:\"operator\";N;s:5:\"value\";b:1;s:18:\"is_value_processed\";N;s:10:\"aggregator\";s:3:\"all\";}',NULL,0,''),(172,'hipay_bradesco','payment/hipay_bradesco/config_3ds_rules','a:6:{s:4:\"type\";s:28:\"hipay/rule_condition_combine\";s:9:\"attribute\";N;s:8:\"operator\";N;s:5:\"value\";s:1:\"1\";s:18:\"is_value_processed\";N;s:10:\"aggregator\";s:3:\"all\";}','a:6:{s:4:\"type\";s:36:\"hipay/rule_condition_product_combine\";s:9:\"attribute\";N;s:8:\"operator\";N;s:5:\"value\";b:1;s:18:\"is_value_processed\";N;s:10:\"aggregator\";s:3:\"all\";}',NULL,0,''),(173,'hipay_bradesco','payment/hipay_bradesco/filter_oneclick','a:6:{s:4:\"type\";s:28:\"hipay/rule_condition_combine\";s:9:\"attribute\";N;s:8:\"operator\";N;s:5:\"value\";s:1:\"1\";s:18:\"is_value_processed\";N;s:10:\"aggregator\";s:3:\"all\";}','a:6:{s:4:\"type\";s:36:\"hipay/rule_condition_product_combine\";s:9:\"attribute\";N;s:8:\"operator\";N;s:5:\"value\";b:1;s:18:\"is_value_processed\";N;s:10:\"aggregator\";s:3:\"all\";}',NULL,0,''),(174,'hipay_banco','payment/hipay_banco/config_3ds_rules','a:6:{s:4:\"type\";s:28:\"hipay/rule_condition_combine\";s:9:\"attribute\";N;s:8:\"operator\";N;s:5:\"value\";s:1:\"1\";s:18:\"is_value_processed\";N;s:10:\"aggregator\";s:3:\"all\";}','a:6:{s:4:\"type\";s:36:\"hipay/rule_condition_product_combine\";s:9:\"attribute\";N;s:8:\"operator\";N;s:5:\"value\";b:1;s:18:\"is_value_processed\";N;s:10:\"aggregator\";s:3:\"all\";}',NULL,0,''),(175,'hipay_banco','payment/hipay_banco/filter_oneclick','a:6:{s:4:\"type\";s:28:\"hipay/rule_condition_combine\";s:9:\"attribute\";N;s:8:\"operator\";N;s:5:\"value\";s:1:\"1\";s:18:\"is_value_processed\";N;s:10:\"aggregator\";s:3:\"all\";}','a:6:{s:4:\"type\";s:36:\"hipay/rule_condition_product_combine\";s:9:\"attribute\";N;s:8:\"operator\";N;s:5:\"value\";b:1;s:18:\"is_value_processed\";N;s:10:\"aggregator\";s:3:\"all\";}',NULL,0,''),(176,'hipay_santander','payment/hipay_santander/config_3ds_rules','a:6:{s:4:\"type\";s:28:\"hipay/rule_condition_combine\";s:9:\"attribute\";N;s:8:\"operator\";N;s:5:\"value\";s:1:\"1\";s:18:\"is_value_processed\";N;s:10:\"aggregator\";s:3:\"all\";}','a:6:{s:4:\"type\";s:36:\"hipay/rule_condition_product_combine\";s:9:\"attribute\";N;s:8:\"operator\";N;s:5:\"value\";b:1;s:18:\"is_value_processed\";N;s:10:\"aggregator\";s:3:\"all\";}',NULL,0,''),(177,'hipay_santander','payment/hipay_santander/filter_oneclick','a:6:{s:4:\"type\";s:28:\"hipay/rule_condition_combine\";s:9:\"attribute\";N;s:8:\"operator\";N;s:5:\"value\";s:1:\"1\";s:18:\"is_value_processed\";N;s:10:\"aggregator\";s:3:\"all\";}','a:6:{s:4:\"type\";s:36:\"hipay/rule_condition_product_combine\";s:9:\"attribute\";N;s:8:\"operator\";N;s:5:\"value\";b:1;s:18:\"is_value_processed\";N;s:10:\"aggregator\";s:3:\"all\";}',NULL,0,''),(178,'hipay_aura','payment/hipay_aura/config_3ds_rules','a:6:{s:4:\"type\";s:28:\"hipay/rule_condition_combine\";s:9:\"attribute\";N;s:8:\"operator\";N;s:5:\"value\";s:1:\"1\";s:18:\"is_value_processed\";N;s:10:\"aggregator\";s:3:\"all\";}','a:6:{s:4:\"type\";s:36:\"hipay/rule_condition_product_combine\";s:9:\"attribute\";N;s:8:\"operator\";N;s:5:\"value\";b:1;s:18:\"is_value_processed\";N;s:10:\"aggregator\";s:3:\"all\";}',NULL,0,''),(179,'hipay_aura','payment/hipay_aura/filter_oneclick','a:6:{s:4:\"type\";s:28:\"hipay/rule_condition_combine\";s:9:\"attribute\";N;s:8:\"operator\";N;s:5:\"value\";s:1:\"1\";s:18:\"is_value_processed\";N;s:10:\"aggregator\";s:3:\"all\";}','a:6:{s:4:\"type\";s:36:\"hipay/rule_condition_product_combine\";s:9:\"attribute\";N;s:8:\"operator\";N;s:5:\"value\";b:1;s:18:\"is_value_processed\";N;s:10:\"aggregator\";s:3:\"all\";}',NULL,0,''),(180,'hipay_caixa','payment/hipay_caixa/config_3ds_rules','a:6:{s:4:\"type\";s:28:\"hipay/rule_condition_combine\";s:9:\"attribute\";N;s:8:\"operator\";N;s:5:\"value\";s:1:\"1\";s:18:\"is_value_processed\";N;s:10:\"aggregator\";s:3:\"all\";}','a:6:{s:4:\"type\";s:36:\"hipay/rule_condition_product_combine\";s:9:\"attribute\";N;s:8:\"operator\";N;s:5:\"value\";b:1;s:18:\"is_value_processed\";N;s:10:\"aggregator\";s:3:\"all\";}',NULL,0,''),(181,'hipay_caixa','payment/hipay_caixa/filter_oneclick','a:6:{s:4:\"type\";s:28:\"hipay/rule_condition_combine\";s:9:\"attribute\";N;s:8:\"operator\";N;s:5:\"value\";s:1:\"1\";s:18:\"is_value_processed\";N;s:10:\"aggregator\";s:3:\"all\";}','a:6:{s:4:\"type\";s:36:\"hipay/rule_condition_product_combine\";s:9:\"attribute\";N;s:8:\"operator\";N;s:5:\"value\";b:1;s:18:\"is_value_processed\";N;s:10:\"aggregator\";s:3:\"all\";}',NULL,0,''),(182,'hipay_oxxo','payment/hipay_oxxo/config_3ds_rules','a:6:{s:4:\"type\";s:28:\"hipay/rule_condition_combine\";s:9:\"attribute\";N;s:8:\"operator\";N;s:5:\"value\";s:1:\"1\";s:18:\"is_value_processed\";N;s:10:\"aggregator\";s:3:\"all\";}','a:6:{s:4:\"type\";s:36:\"hipay/rule_condition_product_combine\";s:9:\"attribute\";N;s:8:\"operator\";N;s:5:\"value\";b:1;s:18:\"is_value_processed\";N;s:10:\"aggregator\";s:3:\"all\";}',NULL,0,''),(183,'hipay_oxxo','payment/hipay_oxxo/filter_oneclick','a:6:{s:4:\"type\";s:28:\"hipay/rule_condition_combine\";s:9:\"attribute\";N;s:8:\"operator\";N;s:5:\"value\";s:1:\"1\";s:18:\"is_value_processed\";N;s:10:\"aggregator\";s:3:\"all\";}','a:6:{s:4:\"type\";s:36:\"hipay/rule_condition_product_combine\";s:9:\"attribute\";N;s:8:\"operator\";N;s:5:\"value\";b:1;s:18:\"is_value_processed\";N;s:10:\"aggregator\";s:3:\"all\";}',NULL,0,''),(184,'hipay_bbva','payment/hipay_bbva/config_3ds_rules','a:6:{s:4:\"type\";s:28:\"hipay/rule_condition_combine\";s:9:\"attribute\";N;s:8:\"operator\";N;s:5:\"value\";s:1:\"1\";s:18:\"is_value_processed\";N;s:10:\"aggregator\";s:3:\"all\";}','a:6:{s:4:\"type\";s:36:\"hipay/rule_condition_product_combine\";s:9:\"attribute\";N;s:8:\"operator\";N;s:5:\"value\";b:1;s:18:\"is_value_processed\";N;s:10:\"aggregator\";s:3:\"all\";}',NULL,0,''),(185,'hipay_bbva','payment/hipay_bbva/filter_oneclick','a:6:{s:4:\"type\";s:28:\"hipay/rule_condition_combine\";s:9:\"attribute\";N;s:8:\"operator\";N;s:5:\"value\";s:1:\"1\";s:18:\"is_value_processed\";N;s:10:\"aggregator\";s:3:\"all\";}','a:6:{s:4:\"type\";s:36:\"hipay/rule_condition_product_combine\";s:9:\"attribute\";N;s:8:\"operator\";N;s:5:\"value\";b:1;s:18:\"is_value_processed\";N;s:10:\"aggregator\";s:3:\"all\";}',NULL,0,''),(186,'hipay_banamex','payment/hipay_banamex/config_3ds_rules','a:6:{s:4:\"type\";s:28:\"hipay/rule_condition_combine\";s:9:\"attribute\";N;s:8:\"operator\";N;s:5:\"value\";s:1:\"1\";s:18:\"is_value_processed\";N;s:10:\"aggregator\";s:3:\"all\";}','a:6:{s:4:\"type\";s:36:\"hipay/rule_condition_product_combine\";s:9:\"attribute\";N;s:8:\"operator\";N;s:5:\"value\";b:1;s:18:\"is_value_processed\";N;s:10:\"aggregator\";s:3:\"all\";}',NULL,0,''),(187,'hipay_banamex','payment/hipay_banamex/filter_oneclick','a:6:{s:4:\"type\";s:28:\"hipay/rule_condition_combine\";s:9:\"attribute\";N;s:8:\"operator\";N;s:5:\"value\";s:1:\"1\";s:18:\"is_value_processed\";N;s:10:\"aggregator\";s:3:\"all\";}','a:6:{s:4:\"type\";s:36:\"hipay/rule_condition_product_combine\";s:9:\"attribute\";N;s:8:\"operator\";N;s:5:\"value\";b:1;s:18:\"is_value_processed\";N;s:10:\"aggregator\";s:3:\"all\";}',NULL,0,''),(188,'hipay_santadercash','payment/hipay_santadercash/config_3ds_rules','a:6:{s:4:\"type\";s:28:\"hipay/rule_condition_combine\";s:9:\"attribute\";N;s:8:\"operator\";N;s:5:\"value\";s:1:\"1\";s:18:\"is_value_processed\";N;s:10:\"aggregator\";s:3:\"all\";}','a:6:{s:4:\"type\";s:36:\"hipay/rule_condition_product_combine\";s:9:\"attribute\";N;s:8:\"operator\";N;s:5:\"value\";b:1;s:18:\"is_value_processed\";N;s:10:\"aggregator\";s:3:\"all\";}',NULL,0,''),(189,'hipay_santadercash','payment/hipay_santadercash/filter_oneclick','a:6:{s:4:\"type\";s:28:\"hipay/rule_condition_combine\";s:9:\"attribute\";N;s:8:\"operator\";N;s:5:\"value\";s:1:\"1\";s:18:\"is_value_processed\";N;s:10:\"aggregator\";s:3:\"all\";}','a:6:{s:4:\"type\";s:36:\"hipay/rule_condition_product_combine\";s:9:\"attribute\";N;s:8:\"operator\";N;s:5:\"value\";b:1;s:18:\"is_value_processed\";N;s:10:\"aggregator\";s:3:\"all\";}',NULL,0,''),(190,'hipay_facilipay3x','payment/hipay_facilipay3x/filter_oneclick','a:6:{s:4:\"type\";s:28:\"hipay/rule_condition_combine\";s:9:\"attribute\";N;s:8:\"operator\";N;s:5:\"value\";s:1:\"1\";s:18:\"is_value_processed\";N;s:10:\"aggregator\";s:3:\"all\";}','a:6:{s:4:\"type\";s:36:\"hipay/rule_condition_product_combine\";s:9:\"attribute\";N;s:8:\"operator\";N;s:5:\"value\";b:1;s:18:\"is_value_processed\";N;s:10:\"aggregator\";s:3:\"all\";}',NULL,0,'');

--
