-- Table structure for table `ps_pack`
--

CREATE TABLE `ps_pack` (
  `id_product_pack` int unsigned NOT NULL,
  `id_product_item` int unsigned NOT NULL,
  `id_product_attribute_item` int unsigned NOT NULL,
  `quantity` int unsigned NOT NULL DEFAULT '1',
  PRIMARY KEY (`id_product_pack`,`id_product_item`,`id_product_attribute_item`),
  KEY `product_item` (`id_product_item`,`id_product_attribute_item`)
) ENGINE=InnoDB DEFAULT CHARSET=utf8mb4 COLLATE=utf8mb4_0900_ai_ci;

--
-- Dumping data for table `ps_pack`
--

INSERT INTO `ps_pack` VALUES (15,5,19,5),(15,7,0,5);

--
-- Table structure for table `ps_page`
--

CREATE TABLE `ps_page` (
  `id_page` int unsigned NOT NULL AUTO_INCREMENT,
  `id_page_type` int unsigned NOT NULL,
  `id_object` int unsigned DEFAULT NULL,
  PRIMARY KEY (`id_page`),
  KEY `id_page_type` (`id_page_type`),
  KEY `id_object` (`id_object`)
) ENGINE=InnoDB AUTO_INCREMENT=3 DEFAULT CHARSET=utf8mb4 COLLATE=utf8mb4_0900_ai_ci;

--
-- Dumping data for table `ps_page`
--

INSERT INTO `ps_page` VALUES (1,1,NULL),(2,2,NULL);

--
-- Table structure for table `ps_page_type`
--

CREATE TABLE `ps_page_type` (
  `id_page_type` int unsigned NOT NULL AUTO_INCREMENT,
  `name` varchar(255) NOT NULL,
  PRIMARY KEY (`id_page_type`),
  KEY `name` (`name`)
) ENGINE=InnoDB AUTO_INCREMENT=3 DEFAULT CHARSET=utf8mb4 COLLATE=utf8mb4_0900_ai_ci;

--
-- Dumping data for table `ps_page_type`
--

INSERT INTO `ps_page_type` VALUES (2,'index'),(1,'pagenotfound');

--
-- Table structure for table `ps_page_viewed`
--

CREATE TABLE `ps_page_viewed` (
  `id_page` int unsigned NOT NULL,
  `id_shop_group` int unsigned NOT NULL DEFAULT '1',
  `id_shop` int unsigned NOT NULL DEFAULT '1',
  `id_date_range` int unsigned NOT NULL,
  `counter` int unsigned NOT NULL,
  PRIMARY KEY (`id_page`,`id_date_range`,`id_shop`)
) ENGINE=InnoDB DEFAULT CHARSET=utf8mb4 COLLATE=utf8mb4_0900_ai_ci;

--
-- Dumping data for table `ps_page_viewed`
--


--
-- Table structure for table `ps_pagenotfound`
--

CREATE TABLE `ps_pagenotfound` (
  `id_pagenotfound` int unsigned NOT NULL AUTO_INCREMENT,
  `id_shop` int unsigned NOT NULL DEFAULT '1',
  `id_shop_group` int unsigned NOT NULL DEFAULT '1',
  `request_uri` varchar(256) NOT NULL,
  `http_referer` varchar(256) NOT NULL,
  `date_add` datetime NOT NULL,
  PRIMARY KEY (`id_pagenotfound`),
  KEY `date_add` (`date_add`)
) ENGINE=InnoDB AUTO_INCREMENT=12 DEFAULT CHARSET=utf8;

--
-- Dumping data for table `ps_pagenotfound`
--

INSERT INTO `ps_pagenotfound` VALUES (1,1,1,'/edasilvamendes/public_html/CMS/Prestashop/prestashop_1.7.7.5/install/index.php','','2021-08-03 10:06:38'),(2,1,1,'/edasilvamendes/public_html/CMS/Prestashop/prestashop_1.7.7.5/modules/blockreassurance/views/dist/front.css.map','','2021-08-03 12:24:35'),(3,1,1,'/edasilvamendes/public_html/CMS/Prestashop/prestashop_1.7.7.5/themes/core.js.map','','2021-08-03 12:24:35'),(4,1,1,'/edasilvamendes/public_html/CMS/Prestashop/prestashop_1.7.7.5/modules/blockreassurance/views/dist/front.js.map','','2021-08-03 12:24:35'),(5,1,1,'/edasilvamendes/public_html/CMS/Prestashop/prestashop_1.7.7.5/modules/blockreassurance/views/dist/front.css.map','','2021-08-03 12:24:46'),(6,1,1,'/edasilvamendes/public_html/CMS/Prestashop/prestashop_1.7.7.5/themes/core.js.map','','2021-08-03 12:24:46'),(7,1,1,'/edasilvamendes/public_html/CMS/Prestashop/prestashop_1.7.7.5/modules/blockreassurance/views/dist/front.js.map','','2021-08-03 12:24:46'),(8,1,1,'/edasilvamendes/public_html/CMS/Prestashop/prestashop_1.7.7.5/adminaze','','2021-08-03 12:24:47'),(9,1,1,'/edasilvamendes/public_html/CMS/Prestashop/prestashop_1.7.7.5/modules/blockreassurance/views/dist/front.js.map','','2021-08-03 12:24:48'),(10,1,1,'/edasilvamendes/public_html/CMS/Prestashop/prestashop_1.7.7.5/themes/core.js.map','','2021-08-03 12:24:48'),(11,1,1,'/edasilvamendes/public_html/CMS/Prestashop/prestashop_1.7.7.5/modules/blockreassurance/views/dist/front.css.map','','2021-08-03 12:24:48');

--
-- Table structure for table `ps_product`
--

CREATE TABLE `ps_product` (
  `id_product` int unsigned NOT NULL AUTO_INCREMENT,
  `id_supplier` int unsigned DEFAULT NULL,
  `id_manufacturer` int unsigned DEFAULT NULL,
  `id_category_default` int unsigned DEFAULT NULL,
  `id_shop_default` int unsigned NOT NULL DEFAULT '1',
  `id_tax_rules_group` int unsigned NOT NULL,
  `on_sale` tinyint unsigned NOT NULL DEFAULT '0',
  `online_only` tinyint unsigned NOT NULL DEFAULT '0',
  `ean13` varchar(13) DEFAULT NULL,
  `isbn` varchar(32) DEFAULT NULL,
  `upc` varchar(12) DEFAULT NULL,
  `mpn` varchar(40) DEFAULT NULL,
  `ecotax` decimal(17,6) NOT NULL DEFAULT '0.000000',
  `quantity` int NOT NULL DEFAULT '0',
  `minimal_quantity` int unsigned NOT NULL DEFAULT '1',
  `low_stock_threshold` int DEFAULT NULL,
  `low_stock_alert` tinyint(1) NOT NULL DEFAULT '0',
  `price` decimal(20,6) NOT NULL DEFAULT '0.000000',
  `wholesale_price` decimal(20,6) NOT NULL DEFAULT '0.000000',
  `unity` varchar(255) DEFAULT NULL,
  `unit_price_ratio` decimal(20,6) NOT NULL DEFAULT '0.000000',
  `additional_shipping_cost` decimal(20,6) NOT NULL DEFAULT '0.000000',
  `reference` varchar(64) DEFAULT NULL,
  `supplier_reference` varchar(64) DEFAULT NULL,
  `location` varchar(64) DEFAULT NULL,
  `width` decimal(20,6) NOT NULL DEFAULT '0.000000',
  `height` decimal(20,6) NOT NULL DEFAULT '0.000000',
  `depth` decimal(20,6) NOT NULL DEFAULT '0.000000',
  `weight` decimal(20,6) NOT NULL DEFAULT '0.000000',
  `out_of_stock` int unsigned NOT NULL DEFAULT '2',
  `additional_delivery_times` tinyint unsigned NOT NULL DEFAULT '1',
  `quantity_discount` tinyint(1) DEFAULT '0',
  `customizable` tinyint NOT NULL DEFAULT '0',
  `uploadable_files` tinyint NOT NULL DEFAULT '0',
  `text_fields` tinyint NOT NULL DEFAULT '0',
  `active` tinyint unsigned NOT NULL DEFAULT '0',
  `redirect_type` enum('','404','301-product','302-product','301-category','302-category') NOT NULL DEFAULT '',
  `id_type_redirected` int unsigned NOT NULL DEFAULT '0',
  `available_for_order` tinyint(1) NOT NULL DEFAULT '1',
  `available_date` date DEFAULT NULL,
  `show_condition` tinyint(1) NOT NULL DEFAULT '0',
  `condition` enum('new','used','refurbished') NOT NULL DEFAULT 'new',
  `show_price` tinyint(1) NOT NULL DEFAULT '1',
  `indexed` tinyint(1) NOT NULL DEFAULT '0',
  `visibility` enum('both','catalog','search','none') NOT NULL DEFAULT 'both',
  `cache_is_pack` tinyint(1) NOT NULL DEFAULT '0',
  `cache_has_attachments` tinyint(1) NOT NULL DEFAULT '0',
  `is_virtual` tinyint(1) NOT NULL DEFAULT '0',
  `cache_default_attribute` int unsigned DEFAULT NULL,
  `date_add` datetime NOT NULL,
  `date_upd` datetime NOT NULL,
  `advanced_stock_management` tinyint(1) NOT NULL DEFAULT '0',
  `pack_stock_type` int unsigned NOT NULL DEFAULT '3',
  `state` int unsigned NOT NULL DEFAULT '1',
  PRIMARY KEY (`id_product`),
  KEY `reference_idx` (`reference`),
  KEY `supplier_reference_idx` (`supplier_reference`),
  KEY `product_supplier` (`id_supplier`),
  KEY `product_manufacturer` (`id_manufacturer`,`id_product`),
  KEY `id_category_default` (`id_category_default`),
  KEY `indexed` (`indexed`),
  KEY `date_add` (`date_add`),
  KEY `state` (`state`,`date_upd`)
) ENGINE=InnoDB AUTO_INCREMENT=20 DEFAULT CHARSET=utf8mb4 COLLATE=utf8mb4_0900_ai_ci;

--
-- Dumping data for table `ps_product`
--

INSERT INTO `ps_product` VALUES (1,0,1,4,1,1,0,0,'','','','',0.000000,0,1,NULL,0,23.900000,0.000000,'',0.000000,0.000000,'demo_1','','',0.000000,0.000000,0.000000,0.300000,2,1,0,0,0,0,1,'301-category',0,1,'0000-00-00',0,'new',1,1,'both',0,0,0,1,'2021-08-03 12:04:24','2021-08-03 12:04:24',0,3,1),(2,0,1,5,1,1,0,0,'','','','',0.000000,0,1,NULL,0,35.900000,0.000000,'',0.000000,0.000000,'demo_3','','',0.000000,0.000000,0.000000,0.300000,2,1,0,0,0,0,1,'404',0,1,'0000-00-00',0,'new',1,1,'both',0,0,0,9,'2021-08-03 12:04:24','2021-08-03 12:04:24',0,3,1),(3,0,2,9,1,1,0,0,'','','','',0.000000,0,1,NULL,0,29.000000,0.000000,'',0.000000,0.000000,'demo_6','','',0.000000,0.000000,0.000000,0.300000,2,1,0,0,0,0,1,'301-category',0,1,'0000-00-00',0,'new',1,1,'both',0,0,0,13,'2021-08-03 12:04:24','2021-08-03 12:04:24',0,3,1),(4,0,2,9,1,1,0,0,'','','','',0.000000,0,1,NULL,0,29.000000,0.000000,'',0.000000,0.000000,'demo_5','','',0.000000,0.000000,0.000000,0.300000,2,1,0,0,0,0,1,'404',0,1,'0000-00-00',0,'new',1,1,'both',0,0,0,16,'2021-08-03 12:04:24','2021-08-03 12:04:24',0,3,1),(5,0,2,9,1,1,0,0,'','','','',0.000000,0,1,NULL,0,29.000000,0.000000,'',0.000000,0.000000,'demo_7','','',0.000000,0.000000,0.000000,0.300000,2,1,0,0,0,0,1,'301-category',0,1,'0000-00-00',0,'new',1,1,'both',0,0,0,19,'2021-08-03 12:04:24','2021-08-03 12:04:24',0,3,1),(6,0,1,8,1,1,0,0,'','','','',0.000000,0,1,NULL,0,11.900000,0.000000,'',0.000000,0.000000,'demo_11','','',0.000000,0.000000,0.000000,0.300000,2,1,0,0,0,0,1,'301-category',0,1,'0000-00-00',0,'new',1,1,'both',0,0,0,0,'2021-08-03 12:04:24','2021-08-03 12:04:24',0,3,1),(7,0,1,8,1,1,0,0,'','','','',0.000000,0,1,NULL,0,11.900000,0.000000,'',0.000000,0.000000,'demo_12','','',0.000000,0.000000,0.000000,0.300000,2,1,0,0,0,0,1,'301-category',0,1,'0000-00-00',0,'new',1,1,'both',0,0,0,0,'2021-08-03 12:04:24','2021-08-03 12:04:24',0,3,1),(8,0,1,8,1,1,0,0,'','','','',0.000000,0,1,NULL,0,11.900000,0.000000,'',0.000000,0.000000,'demo_13','','',0.000000,0.000000,0.000000,0.300000,2,1,0,0,0,0,1,'404',0,1,'0000-00-00',0,'new',1,1,'both',0,0,0,0,'2021-08-03 12:04:24','2021-08-03 12:04:24',0,3,1),(9,0,1,8,1,1,0,0,'','','','',0.000000,0,1,NULL,0,18.900000,0.000000,'',0.000000,0.000000,'demo_15','','',0.000000,0.000000,0.000000,0.300000,2,1,0,0,0,0,1,'301-category',0,1,'0000-00-00',0,'new',1,1,'both',0,0,0,22,'2021-08-03 12:04:24','2021-08-03 12:04:24',0,3,1),(10,0,1,8,1,1,0,0,'','','','',0.000000,0,1,NULL,0,18.900000,0.000000,'',0.000000,0.000000,'demo_16','','',0.000000,0.000000,0.000000,0.300000,2,1,0,0,0,0,1,'301-category',0,1,'0000-00-00',0,'new',1,1,'both',0,0,0,24,'2021-08-03 12:04:24','2021-08-03 12:04:24',0,3,1),(11,0,1,8,1,1,0,0,'','','','',0.000000,0,1,NULL,0,18.900000,0.000000,'',0.000000,0.000000,'demo_17','','',0.000000,0.000000,0.000000,0.300000,2,1,0,0,0,0,1,'301-category',0,1,'0000-00-00',0,'new',1,1,'both',0,0,0,26,'2021-08-03 12:04:24','2021-08-03 12:04:24',0,3,1),(12,0,2,9,1,1,0,0,'','','','',0.000000,0,1,NULL,0,9.000000,0.000000,'',0.000000,0.000000,'demo_18','','',0.000000,0.000000,0.000000,0.300000,2,1,0,0,0,0,1,'301-category',0,1,'0000-00-00',0,'new',1,1,'both',0,0,1,0,'2021-08-03 12:04:24','2021-08-03 12:04:24',0,3,1),(13,0,2,9,1,1,0,0,'','','','',0.000000,0,1,NULL,0,9.000000,0.000000,'',0.000000,0.000000,'demo_19','','',0.000000,0.000000,0.000000,0.300000,2,1,0,0,0,0,1,'301-category',0,1,'0000-00-00',0,'new',1,1,'both',0,0,1,0,'2021-08-03 12:04:24','2021-08-03 12:04:24',0,3,1),(14,0,2,9,1,1,0,0,'','','','',0.000000,0,1,NULL,0,9.000000,0.000000,'',0.000000,0.000000,'demo_20','','',0.000000,0.000000,0.000000,0.300000,2,1,0,0,0,0,1,'301-category',0,1,'0000-00-00',0,'new',1,1,'both',0,0,1,0,'2021-08-03 12:04:24','2021-08-03 12:04:24',0,3,1),(15,0,0,8,1,1,0,0,'','','','',0.000000,0,1,NULL,0,35.000000,0.000000,'',0.000000,0.000000,'demo_21','','',0.000000,0.000000,0.000000,0.300000,2,1,0,0,0,0,1,'301-category',0,1,'0000-00-00',0,'new',1,1,'both',1,0,0,0,'2021-08-03 12:04:24','2021-08-03 12:04:24',0,3,1),(16,0,2,7,1,1,0,0,'','','','',0.000000,0,1,NULL,0,12.900000,0.000000,'',0.000000,0.000000,'demo_8','','',0.000000,0.000000,0.000000,0.300000,2,1,0,0,0,0,1,'301-category',0,1,'0000-00-00',0,'new',1,1,'both',0,0,0,28,'2021-08-03 12:04:24','2021-08-03 12:04:24',0,3,1),(17,0,2,7,1,1,0,0,'','','','',0.000000,0,1,NULL,0,12.900000,0.000000,'',0.000000,0.000000,'demo_9','','',0.000000,0.000000,0.000000,0.300000,2,1,0,0,0,0,1,'301-category',0,1,'0000-00-00',0,'new',1,1,'both',0,0,0,32,'2021-08-03 12:04:24','2021-08-03 12:04:24',0,3,1),(18,0,2,7,1,1,0,0,'','','','',0.000000,0,1,NULL,0,12.900000,0.000000,'',0.000000,0.000000,'demo_10','','',0.000000,0.000000,0.000000,0.300000,2,1,0,0,0,0,1,'301-category',0,1,'0000-00-00',0,'new',1,1,'both',0,0,0,36,'2021-08-03 12:04:24','2021-08-03 12:04:24',0,3,1),(19,0,1,8,1,1,0,0,'','','','',0.000000,0,1,NULL,0,13.900000,0.000000,'',0.000000,0.000000,'demo_14','','',0.000000,0.000000,0.000000,0.300000,2,1,0,1,0,1,1,'301-category',0,1,'0000-00-00',0,'new',1,1,'both',0,0,0,0,'2021-08-03 12:04:24','2021-08-03 12:04:24',0,3,1);

--
-- Table structure for table `ps_product_attachment`
--

CREATE TABLE `ps_product_attachment` (
  `id_product` int unsigned NOT NULL,
  `id_attachment` int unsigned NOT NULL,
  PRIMARY KEY (`id_product`,`id_attachment`)
) ENGINE=InnoDB DEFAULT CHARSET=utf8mb4 COLLATE=utf8mb4_0900_ai_ci;

--
-- Dumping data for table `ps_product_attachment`
--


--
-- Table structure for table `ps_product_attribute`
--

CREATE TABLE `ps_product_attribute` (
  `id_product_attribute` int unsigned NOT NULL AUTO_INCREMENT,
  `id_product` int unsigned NOT NULL,
  `reference` varchar(64) DEFAULT NULL,
  `supplier_reference` varchar(64) DEFAULT NULL,
  `location` varchar(64) DEFAULT NULL,
  `ean13` varchar(13) DEFAULT NULL,
  `isbn` varchar(32) DEFAULT NULL,
  `upc` varchar(12) DEFAULT NULL,
  `mpn` varchar(40) DEFAULT NULL,
  `wholesale_price` decimal(20,6) NOT NULL DEFAULT '0.000000',
  `price` decimal(20,6) NOT NULL DEFAULT '0.000000',
  `ecotax` decimal(17,6) NOT NULL DEFAULT '0.000000',
  `quantity` int NOT NULL DEFAULT '0',
  `weight` decimal(20,6) NOT NULL DEFAULT '0.000000',
  `unit_price_impact` decimal(20,6) NOT NULL DEFAULT '0.000000',
  `default_on` tinyint unsigned DEFAULT NULL,
  `minimal_quantity` int unsigned NOT NULL DEFAULT '1',
  `low_stock_threshold` int DEFAULT NULL,
  `low_stock_alert` tinyint(1) NOT NULL DEFAULT '0',
  `available_date` date DEFAULT NULL,
  PRIMARY KEY (`id_product_attribute`),
  UNIQUE KEY `product_default` (`id_product`,`default_on`),
  KEY `product_attribute_product` (`id_product`),
  KEY `reference` (`reference`),
  KEY `supplier_reference` (`supplier_reference`),
  KEY `id_product_id_product_attribute` (`id_product_attribute`,`id_product`)
) ENGINE=InnoDB AUTO_INCREMENT=40 DEFAULT CHARSET=utf8mb4 COLLATE=utf8mb4_0900_ai_ci;

--
-- Dumping data for table `ps_product_attribute`
--

INSERT INTO `ps_product_attribute` VALUES (1,1,'demo_1','','','','','','',0.000000,0.000000,0.000000,300,0.000000,0.000000,1,1,NULL,0,'0000-00-00'),(2,1,'demo_1','','','','','','',0.000000,0.000000,0.000000,300,0.000000,0.000000,NULL,1,NULL,0,'0000-00-00'),(3,1,'demo_1','','','','','','',0.000000,0.000000,0.000000,300,0.000000,0.000000,NULL,1,NULL,0,'0000-00-00'),(4,1,'demo_1','','','','','','',0.000000,0.000000,0.000000,300,0.000000,0.000000,NULL,1,NULL,0,'0000-00-00'),(5,1,'demo_1','','','','','','',0.000000,0.000000,0.000000,300,0.000000,0.000000,NULL,1,NULL,0,'0000-00-00'),(6,1,'demo_1','','','','','','',0.000000,0.000000,0.000000,300,0.000000,0.000000,NULL,1,NULL,0,'0000-00-00'),(7,1,'demo_1','','','','','','',0.000000,0.000000,0.000000,300,0.000000,0.000000,NULL,1,NULL,0,'0000-00-00'),(8,1,'demo_1','','','','','','',0.000000,0.000000,0.000000,300,0.000000,0.000000,NULL,1,NULL,0,'0000-00-00'),(9,2,'demo_3','','','','','','',0.000000,0.000000,0.000000,300,0.000000,0.000000,1,1,NULL,0,'0000-00-00'),(10,2,'demo_3','','','','','','',0.000000,0.000000,0.000000,300,0.000000,0.000000,NULL,1,NULL,0,'0000-00-00'),(11,2,'demo_3','','','','','','',0.000000,0.000000,0.000000,300,0.000000,0.000000,NULL,1,NULL,0,'0000-00-00'),(12,2,'demo_3','','','','','','',0.000000,0.000000,0.000000,300,0.000000,0.000000,NULL,1,NULL,0,'0000-00-00'),(13,3,'demo_6','','','','','','',0.000000,0.000000,0.000000,0,0.000000,0.000000,1,1,NULL,0,'0000-00-00'),(14,3,'demo_6','','','','','','',0.000000,20.000000,0.000000,0,0.000000,0.000000,NULL,1,NULL,0,'0000-00-00'),(15,3,'demo_6','','','','','','',0.000000,50.000000,0.000000,0,0.000000,0.000000,NULL,1,NULL,0,'0000-00-00'),(16,4,'demo_5','','','','','','',0.000000,0.000000,0.000000,300,0.000000,0.000000,1,1,NULL,0,'0000-00-00'),(17,4,'demo_5','','','','','','',0.000000,20.000000,0.000000,300,0.000000,0.000000,NULL,1,NULL,0,'0000-00-00'),(18,4,'demo_5','','','','','','',0.000000,50.000000,0.000000,300,0.000000,0.000000,NULL,1,NULL,0,'0000-00-00'),(19,5,'demo_7','','','','','','',0.000000,0.000000,0.000000,300,0.000000,0.000000,1,1,NULL,0,'0000-00-00'),(20,5,'demo_7','','','','','','',0.000000,20.000000,0.000000,300,0.000000,0.000000,NULL,1,NULL,0,'0000-00-00'),(21,5,'demo_7','','','','','','',0.000000,50.000000,0.000000,300,0.000000,0.000000,NULL,1,NULL,0,'0000-00-00'),(22,9,'demo_15','','','','','','',0.000000,0.000000,0.000000,0,0.000000,0.000000,1,1,NULL,0,'0000-00-00'),(23,9,'demo_15','','','','','','',0.000000,0.000000,0.000000,0,0.000000,0.000000,NULL,1,NULL,0,'0000-00-00'),(24,10,'demo_16','','','','','','',0.000000,0.000000,0.000000,300,0.000000,0.000000,1,1,NULL,0,'0000-00-00'),(25,10,'demo_16','','','','','','',0.000000,0.000000,0.000000,300,0.000000,0.000000,NULL,1,NULL,0,'0000-00-00'),(26,11,'demo_17','','','','','','',0.000000,0.000000,0.000000,300,0.000000,0.000000,1,1,NULL,0,'0000-00-00'),(27,11,'demo_17','','','','','','',0.000000,0.000000,0.000000,300,0.000000,0.000000,NULL,1,NULL,0,'0000-00-00'),(28,16,'demo_8','','','','','','',0.000000,0.000000,0.000000,300,0.000000,0.000000,1,1,NULL,0,'0000-00-00'),(29,16,'demo_8','','','','','','',0.000000,0.000000,0.000000,300,0.000000,0.000000,NULL,1,NULL,0,'0000-00-00'),(30,16,'demo_8','','','','','','',0.000000,0.000000,0.000000,300,0.000000,0.000000,NULL,1,NULL,0,'0000-00-00'),(31,16,'demo_8','','','','','','',0.000000,0.000000,0.000000,300,0.000000,0.000000,NULL,1,NULL,0,'0000-00-00'),(32,17,'demo_9','','','','','','',0.000000,0.000000,0.000000,300,0.000000,0.000000,1,1,NULL,0,'0000-00-00'),(33,17,'demo_9','','','','','','',0.000000,0.000000,0.000000,300,0.000000,0.000000,NULL,1,NULL,0,'0000-00-00'),(34,17,'demo_9','','','','','','',0.000000,0.000000,0.000000,300,0.000000,0.000000,NULL,1,NULL,0,'0000-00-00'),(35,17,'demo_9','','','','','','',0.000000,0.000000,0.000000,300,0.000000,0.000000,NULL,1,NULL,0,'0000-00-00'),(36,18,'demo_10','','','','','','',0.000000,0.000000,0.000000,300,0.000000,0.000000,1,1,NULL,0,'0000-00-00'),(37,18,'demo_10','','','','','','',0.000000,0.000000,0.000000,300,0.000000,0.000000,NULL,1,NULL,0,'0000-00-00'),(38,18,'demo_10','','','','','','',0.000000,0.000000,0.000000,300,0.000000,0.000000,NULL,1,NULL,0,'0000-00-00'),(39,18,'demo_10','','','','','','',0.000000,0.000000,0.000000,300,0.000000,0.000000,NULL,1,NULL,0,'0000-00-00');

--
-- Table structure for table `ps_product_attribute_combination`
--

CREATE TABLE `ps_product_attribute_combination` (
  `id_attribute` int unsigned NOT NULL,
  `id_product_attribute` int unsigned NOT NULL,
  PRIMARY KEY (`id_attribute`,`id_product_attribute`),
  KEY `id_product_attribute` (`id_product_attribute`)
) ENGINE=InnoDB DEFAULT CHARSET=utf8mb4 COLLATE=utf8mb4_0900_ai_ci;

--
-- Dumping data for table `ps_product_attribute_combination`
--

INSERT INTO `ps_product_attribute_combination` VALUES (1,1),(8,1),(1,2),(11,2),(2,3),(8,3),(2,4),(11,4),(3,5),(8,5),(3,6),(11,6),(4,7),(8,7),(4,8),(11,8),(1,9),(2,10),(3,11),(4,12),(19,13),(20,14),(21,15),(19,16),(20,17),(21,18),(19,19),(20,20),(21,21),(8,22),(11,23),(8,24),(11,25),(8,26),(11,27),(22,28),(23,29),(24,30),(25,31),(22,32),(23,33),(24,34),(25,35),(22,36),(23,37),(24,38),(25,39);

--
-- Table structure for table `ps_product_attribute_image`
--

CREATE TABLE `ps_product_attribute_image` (
  `id_product_attribute` int unsigned NOT NULL,
  `id_image` int unsigned NOT NULL,
  PRIMARY KEY (`id_product_attribute`,`id_image`),
  KEY `id_image` (`id_image`)
) ENGINE=InnoDB DEFAULT CHARSET=utf8mb4 COLLATE=utf8mb4_0900_ai_ci;

--
-- Dumping data for table `ps_product_attribute_image`
--

INSERT INTO `ps_product_attribute_image` VALUES (9,0),(10,0),(11,0),(12,0),(2,1),(4,1),(6,1),(8,1),(1,2),(3,2),(5,2),(7,2),(13,3),(14,3),(15,3),(16,4),(17,4),(18,4),(19,5),(20,5),(21,5),(23,9),(22,10),(25,11),(24,12),(27,13),(26,14),(28,18),(29,18),(30,18),(31,18),(32,19),(33,19),(34,19),(35,19),(36,20),(37,20),(38,20),(39,20);

--
-- Table structure for table `ps_product_attribute_shop`
--

CREATE TABLE `ps_product_attribute_shop` (
  `id_product` int unsigned NOT NULL,
  `id_product_attribute` int unsigned NOT NULL,
  `id_shop` int unsigned NOT NULL,
  `wholesale_price` decimal(20,6) NOT NULL DEFAULT '0.000000',
  `price` decimal(20,6) NOT NULL DEFAULT '0.000000',
  `ecotax` decimal(17,6) NOT NULL DEFAULT '0.000000',
  `weight` decimal(20,6) NOT NULL DEFAULT '0.000000',
  `unit_price_impact` decimal(20,6) NOT NULL DEFAULT '0.000000',
  `default_on` tinyint unsigned DEFAULT NULL,
  `minimal_quantity` int unsigned NOT NULL DEFAULT '1',
  `low_stock_threshold` int DEFAULT NULL,
  `low_stock_alert` tinyint(1) NOT NULL DEFAULT '0',
  `available_date` date DEFAULT NULL,
  PRIMARY KEY (`id_product_attribute`,`id_shop`),
  UNIQUE KEY `id_product` (`id_product`,`id_shop`,`default_on`)
) ENGINE=InnoDB DEFAULT CHARSET=utf8mb4 COLLATE=utf8mb4_0900_ai_ci;

--
-- Dumping data for table `ps_product_attribute_shop`
--

INSERT INTO `ps_product_attribute_shop` VALUES (1,1,1,0.000000,0.000000,0.000000,0.000000,0.000000,1,1,NULL,0,'0000-00-00'),(1,2,1,0.000000,0.000000,0.000000,0.000000,0.000000,NULL,1,NULL,0,'0000-00-00'),(1,3,1,0.000000,0.000000,0.000000,0.000000,0.000000,NULL,1,NULL,0,'0000-00-00'),(1,4,1,0.000000,0.000000,0.000000,0.000000,0.000000,NULL,1,NULL,0,'0000-00-00'),(1,5,1,0.000000,0.000000,0.000000,0.000000,0.000000,NULL,1,NULL,0,'0000-00-00'),(1,6,1,0.000000,0.000000,0.000000,0.000000,0.000000,NULL,1,NULL,0,'0000-00-00'),(1,7,1,0.000000,0.000000,0.000000,0.000000,0.000000,NULL,1,NULL,0,'0000-00-00'),(1,8,1,0.000000,0.000000,0.000000,0.000000,0.000000,NULL,1,NULL,0,'0000-00-00'),(2,9,1,0.000000,0.000000,0.000000,0.000000,0.000000,1,1,NULL,0,'0000-00-00'),(2,10,1,0.000000,0.000000,0.000000,0.000000,0.000000,NULL,1,NULL,0,'0000-00-00'),(2,11,1,0.000000,0.000000,0.000000,0.000000,0.000000,NULL,1,NULL,0,'0000-00-00'),(2,12,1,0.000000,0.000000,0.000000,0.000000,0.000000,NULL,1,NULL,0,'0000-00-00'),(3,13,1,0.000000,0.000000,0.000000,0.000000,0.000000,1,1,NULL,0,'0000-00-00'),(3,14,1,0.000000,20.000000,0.000000,0.000000,0.000000,NULL,1,NULL,0,'0000-00-00'),(3,15,1,0.000000,50.000000,0.000000,0.000000,0.000000,NULL,1,NULL,0,'0000-00-00'),(4,16,1,0.000000,0.000000,0.000000,0.000000,0.000000,1,1,NULL,0,'0000-00-00'),(4,17,1,0.000000,20.000000,0.000000,0.000000,0.000000,NULL,1,NULL,0,'0000-00-00'),(4,18,1,0.000000,50.000000,0.000000,0.000000,0.000000,NULL,1,NULL,0,'0000-00-00'),(5,19,1,0.000000,0.000000,0.000000,0.000000,0.000000,1,1,NULL,0,'0000-00-00'),(5,20,1,0.000000,20.000000,0.000000,0.000000,0.000000,NULL,1,NULL,0,'0000-00-00'),(5,21,1,0.000000,50.000000,0.000000,0.000000,0.000000,NULL,1,NULL,0,'0000-00-00'),(9,22,1,0.000000,0.000000,0.000000,0.000000,0.000000,1,1,NULL,0,'0000-00-00'),(9,23,1,0.000000,0.000000,0.000000,0.000000,0.000000,NULL,1,NULL,0,'0000-00-00'),(10,24,1,0.000000,0.000000,0.000000,0.000000,0.000000,1,1,NULL,0,'0000-00-00'),(10,25,1,0.000000,0.000000,0.000000,0.000000,0.000000,NULL,1,NULL,0,'0000-00-00'),(11,26,1,0.000000,0.000000,0.000000,0.000000,0.000000,1,1,NULL,0,'0000-00-00'),(11,27,1,0.000000,0.000000,0.000000,0.000000,0.000000,NULL,1,NULL,0,'0000-00-00'),(16,28,1,0.000000,0.000000,0.000000,0.000000,0.000000,1,1,NULL,0,'0000-00-00'),(16,29,1,0.000000,0.000000,0.000000,0.000000,0.000000,NULL,1,NULL,0,'0000-00-00'),(16,30,1,0.000000,0.000000,0.000000,0.000000,0.000000,NULL,1,NULL,0,'0000-00-00'),(16,31,1,0.000000,0.000000,0.000000,0.000000,0.000000,NULL,1,NULL,0,'0000-00-00'),(17,32,1,0.000000,0.000000,0.000000,0.000000,0.000000,1,1,NULL,0,'0000-00-00'),(17,33,1,0.000000,0.000000,0.000000,0.000000,0.000000,NULL,1,NULL,0,'0000-00-00'),(17,34,1,0.000000,0.000000,0.000000,0.000000,0.000000,NULL,1,NULL,0,'0000-00-00'),(17,35,1,0.000000,0.000000,0.000000,0.000000,0.000000,NULL,1,NULL,0,'0000-00-00'),(18,36,1,0.000000,0.000000,0.000000,0.000000,0.000000,1,1,NULL,0,'0000-00-00'),(18,37,1,0.000000,0.000000,0.000000,0.000000,0.000000,NULL,1,NULL,0,'0000-00-00'),(18,38,1,0.000000,0.000000,0.000000,0.000000,0.000000,NULL,1,NULL,0,'0000-00-00'),(18,39,1,0.000000,0.000000,0.000000,0.000000,0.000000,NULL,1,NULL,0,'0000-00-00');

--
-- Table structure for table `ps_product_carrier`
--

CREATE TABLE `ps_product_carrier` (
  `id_product` int unsigned NOT NULL,
  `id_carrier_reference` int unsigned NOT NULL,
  `id_shop` int unsigned NOT NULL,
  PRIMARY KEY (`id_product`,`id_carrier_reference`,`id_shop`)
) ENGINE=InnoDB DEFAULT CHARSET=utf8mb4 COLLATE=utf8mb4_0900_ai_ci;

--
-- Dumping data for table `ps_product_carrier`
--


--
-- Table structure for table `ps_product_comment`
--

CREATE TABLE `ps_product_comment` (
  `id_product_comment` int unsigned NOT NULL AUTO_INCREMENT,
  `id_product` int unsigned NOT NULL,
  `id_customer` int unsigned NOT NULL,
  `id_guest` int unsigned DEFAULT NULL,
  `title` varchar(64) DEFAULT NULL,
  `content` text NOT NULL,
  `customer_name` varchar(64) DEFAULT NULL,
  `grade` float unsigned NOT NULL,
  `validate` tinyint(1) NOT NULL,
  `deleted` tinyint(1) NOT NULL,
  `date_add` datetime NOT NULL,
  PRIMARY KEY (`id_product_comment`),
  KEY `id_product` (`id_product`),
  KEY `id_customer` (`id_customer`),
  KEY `id_guest` (`id_guest`)
) ENGINE=InnoDB DEFAULT CHARSET=utf8;

--
-- Dumping data for table `ps_product_comment`
--


--
-- Table structure for table `ps_product_comment_criterion`
--

CREATE TABLE `ps_product_comment_criterion` (
  `id_product_comment_criterion` int unsigned NOT NULL AUTO_INCREMENT,
  `id_product_comment_criterion_type` tinyint(1) NOT NULL,
  `active` tinyint(1) NOT NULL,
  PRIMARY KEY (`id_product_comment_criterion`)
) ENGINE=InnoDB AUTO_INCREMENT=2 DEFAULT CHARSET=utf8;

--
-- Dumping data for table `ps_product_comment_criterion`
--

INSERT INTO `ps_product_comment_criterion` VALUES (1,1,1);

--
-- Table structure for table `ps_product_comment_criterion_category`
--

CREATE TABLE `ps_product_comment_criterion_category` (
  `id_product_comment_criterion` int unsigned NOT NULL,
  `id_category` int unsigned NOT NULL,
  PRIMARY KEY (`id_product_comment_criterion`,`id_category`),
  KEY `id_category` (`id_category`)
) ENGINE=InnoDB DEFAULT CHARSET=utf8;

--
-- Dumping data for table `ps_product_comment_criterion_category`
--


--
-- Table structure for table `ps_product_comment_criterion_lang`
--

CREATE TABLE `ps_product_comment_criterion_lang` (
  `id_product_comment_criterion` int unsigned NOT NULL,
  `id_lang` int unsigned NOT NULL,
  `name` varchar(64) NOT NULL,
  PRIMARY KEY (`id_product_comment_criterion`,`id_lang`)
) ENGINE=InnoDB DEFAULT CHARSET=utf8;

--
-- Dumping data for table `ps_product_comment_criterion_lang`
--

INSERT INTO `ps_product_comment_criterion_lang` VALUES (1,1,'Quality');

--
-- Table structure for table `ps_product_comment_criterion_product`
--

CREATE TABLE `ps_product_comment_criterion_product` (
  `id_product` int unsigned NOT NULL,
  `id_product_comment_criterion` int unsigned NOT NULL,
  PRIMARY KEY (`id_product`,`id_product_comment_criterion`),
  KEY `id_product_comment_criterion` (`id_product_comment_criterion`)
) ENGINE=InnoDB DEFAULT CHARSET=utf8;

--
-- Dumping data for table `ps_product_comment_criterion_product`
--


--
-- Table structure for table `ps_product_comment_grade`
--

CREATE TABLE `ps_product_comment_grade` (
  `id_product_comment` int unsigned NOT NULL,
  `id_product_comment_criterion` int unsigned NOT NULL,
  `grade` int unsigned NOT NULL,
  PRIMARY KEY (`id_product_comment`,`id_product_comment_criterion`),
  KEY `id_product_comment_criterion` (`id_product_comment_criterion`)
) ENGINE=InnoDB DEFAULT CHARSET=utf8;

--
-- Dumping data for table `ps_product_comment_grade`
--


--
-- Table structure for table `ps_product_comment_report`
--

CREATE TABLE `ps_product_comment_report` (
  `id_product_comment` int unsigned NOT NULL,
  `id_customer` int unsigned NOT NULL,
  PRIMARY KEY (`id_product_comment`,`id_customer`)
) ENGINE=InnoDB DEFAULT CHARSET=utf8;

--
-- Dumping data for table `ps_product_comment_report`
--


--
-- Table structure for table `ps_product_comment_usefulness`
--

CREATE TABLE `ps_product_comment_usefulness` (
  `id_product_comment` int unsigned NOT NULL,
  `id_customer` int unsigned NOT NULL,
  `usefulness` tinyint unsigned NOT NULL,
  PRIMARY KEY (`id_product_comment`,`id_customer`)
) ENGINE=InnoDB DEFAULT CHARSET=utf8;

--
-- Dumping data for table `ps_product_comment_usefulness`
--


--
-- Table structure for table `ps_product_country_tax`
--

CREATE TABLE `ps_product_country_tax` (
  `id_product` int NOT NULL,
  `id_country` int NOT NULL,
  `id_tax` int NOT NULL,
  PRIMARY KEY (`id_product`,`id_country`)
) ENGINE=InnoDB DEFAULT CHARSET=utf8mb4 COLLATE=utf8mb4_0900_ai_ci;

--
-- Dumping data for table `ps_product_country_tax`
--


--
-- Table structure for table `ps_product_download`
--

CREATE TABLE `ps_product_download` (
  `id_product_download` int unsigned NOT NULL AUTO_INCREMENT,
  `id_product` int unsigned NOT NULL,
  `display_filename` varchar(255) DEFAULT NULL,
  `filename` varchar(255) DEFAULT NULL,
  `date_add` datetime NOT NULL,
  `date_expiration` datetime DEFAULT NULL,
  `nb_days_accessible` int unsigned DEFAULT NULL,
  `nb_downloadable` int unsigned DEFAULT '1',
  `active` tinyint unsigned NOT NULL DEFAULT '1',
  `is_shareable` tinyint unsigned NOT NULL DEFAULT '0',
  PRIMARY KEY (`id_product_download`)
) ENGINE=InnoDB DEFAULT CHARSET=utf8mb4 COLLATE=utf8mb4_0900_ai_ci;

--
-- Dumping data for table `ps_product_download`
--


--
-- Table structure for table `ps_product_group_reduction_cache`
--

CREATE TABLE `ps_product_group_reduction_cache` (
  `id_product` int unsigned NOT NULL,
  `id_group` int unsigned NOT NULL,
  `reduction` decimal(5,4) NOT NULL,
  PRIMARY KEY (`id_product`,`id_group`)
) ENGINE=InnoDB DEFAULT CHARSET=utf8mb4 COLLATE=utf8mb4_0900_ai_ci;

--
-- Dumping data for table `ps_product_group_reduction_cache`
--


--
-- Table structure for table `ps_product_lang`
--

CREATE TABLE `ps_product_lang` (
  `id_product` int unsigned NOT NULL,
  `id_shop` int unsigned NOT NULL DEFAULT '1',
  `id_lang` int unsigned NOT NULL,
  `description` text,
  `description_short` text,
  `link_rewrite` varchar(128) NOT NULL,
  `meta_description` varchar(512) DEFAULT NULL,
  `meta_keywords` varchar(255) DEFAULT NULL,
  `meta_title` varchar(128) DEFAULT NULL,
  `name` varchar(128) NOT NULL,
  `available_now` varchar(255) DEFAULT NULL,
  `available_later` varchar(255) DEFAULT NULL,
  `delivery_in_stock` varchar(255) DEFAULT NULL,
  `delivery_out_stock` varchar(255) DEFAULT NULL,
  PRIMARY KEY (`id_product`,`id_shop`,`id_lang`),
  KEY `id_lang` (`id_lang`),
  KEY `name` (`name`)
) ENGINE=InnoDB DEFAULT CHARSET=utf8mb4 COLLATE=utf8mb4_0900_ai_ci;

--
-- Dumping data for table `ps_product_lang`
--

INSERT INTO `ps_product_lang` VALUES (1,1,1,'<p><span style=\"font-size:10pt;font-style:normal;\"><span style=\"font-size:10pt;font-style:normal;\">Symbole de légèreté et de délicatesse, le colibri évoque la gaieté et la curiosité.</span><span style=\"font-size:10pt;font-style:normal;\"> La collection PolyFaune de la marque Studio Design propose des pièces aux coupes basiques et aux visuels colorés inspirés des origamis japonais traditionnels. À porter avec un chino ou un jean. Le procédé d\'impression par sublimation garantit la qualité et la longévité des couleurs.</span></span></p>','<p><span style=\"font-size:10pt;font-style:normal;\">Coupe classique, col rond, manches courtes. T-shirt en coton pima extra-fin à fibres longues. </span></p>','hummingbird-printed-t-shirt','','','','T-shirt imprimé colibri','','','',''),(2,1,1,'<p><span style=\"font-size:10pt;font-style:normal;\"><span style=\"font-size:10pt;font-style:normal;\">La collection PolyFaune de la marque Studio Design propose des pièces aux coupes basiques et aux visuels colorés inspirés des origamis japonais traditionnels. À porter avec un chino ou un jean. Le procédé d\'impression par sublimation garantit la qualité et la longévité des couleurs.</span></span></p>','<p><span style=\"font-size:10pt;font-style:normal;\">Coupe classique, col rond, manches longues. Pull 100% coton avec intérieur brossé pour plus de confort. </span></p>','brown-bear-printed-sweater','','','','Pull imprimé colibri','','','',''),(3,1,1,'<p><span style=\"font-size:10pt;font-style:normal;\">Le meilleur reste à venir ! Faites parler vos murs avec cette affiche encadrée chargée d\'optimisme sera du plus bel effet dans un bureau ou un open-space. Cadre en bois peint avec passe-partout integré pour un effet de profondeur.</span></p>','<p><span style=\"font-size:10pt;font-style:normal;\">Affiche imprimée sur papier rigide, finition mate et surface lisse.</span></p>','affiche-encadree-the-best-is-yet-to-come','','','','Affiche encadrée The best is yet to come','','','',''),(4,1,1,'<p><span style=\"font-size:10pt;font-style:normal;\">Le meilleur reste à venir ! Faites parler vos murs avec cette affiche encadrée chargée d\'optimisme sera du plus bel effet dans un bureau ou un open-space. Cadre en bois peint avec passe-partout integré pour un effet de profondeur.</span></p>','<p><span style=\"font-size:10pt;font-style:normal;\">Affiche imprimée sur papier rigide, finition mate et surface lisse.</span></p>','affiche-encadree-the-adventure-begins','','','','Affiche encadrée The adventure begins','','','',''),(5,1,1,'<p><span style=\"font-size:10pt;font-style:normal;\">Le meilleur reste à venir ! Faites parler vos murs avec cette affiche encadrée chargée d\'optimisme sera du plus bel effet dans un bureau ou un open-space. Cadre en bois peint avec passe-partout integré pour un effet de profondeur.</span></p>','<p><span style=\"font-size:10pt;font-style:normal;\">Affiche imprimée sur papier rigide, finition mate et surface lisse.</span></p>','affiche-encadree-today-is-a-good-day','','','','Affiche encadrée Today is a good day','','','',''),(6,1,1,'<p><span style=\"font-size:10pt;font-style:normal;\">Le meilleur reste à venir ! Commencez la journée avec une pensée positive. Diamètre : 8,2cm / Hauteur : 9,5cm / Poids : 0.43kg. Passe au lave-vaisselle.</span></p>','<p><span style=\"font-size:10pt;font-style:normal;\">Mug en céramique blanche, 325ml.</span></p>','mug-the-best-is-yet-to-come','','','','Mug The best is yet to come','','','',''),(7,1,1,'<p><span style=\"font-size:10pt;font-style:normal;\">L\'aventure commence avec une tasse de café. Partez à la conquête de votre journée ! Diamètre : 8,2cm / Hauteur : 9,5cm / Poids : 0.43kg. Passe au lave-vaisselle.</span></p>','<p><span style=\"font-size:10pt;font-style:normal;\">Mug en céramique blanche. 325ml</span></p>','mug-the-adventure-begins','','','','Mug The adventure begins','','','',''),(8,1,1,'<p><span style=\"font-size:10pt;font-style:normal;\">Ajoutez un nuage d\'optimisme à votre café et démarrez la journée du bon pied, même les jours de réveil difficile ! Diamètre : 8,2cm / Hauteur : 9,5cm / Poids : 0.43kg. Passe au lave-vaisselle.</span></p>','<p><span style=\"font-size:10pt;font-style:normal;\">Mug en céramique blanche. 325ml</span></p>','mug-today-is-a-good-day','','','','Mug Today is a good day','','','',''),(9,1,1,'<p><span style=\"font-size:10pt;font-weight:normal;font-style:normal;\">Ce coussin imprimé renard ajoutera une touche graphique et colorée à votre canapé, fauteuil ou lit. Optez pour une déco moderne et zen qui invite à la relaxation. Housse 100% coton lavable en machine à 60° / Intérieur 100% polyester hypoallergénique. </span></p>','<p><span style=\"font-size:10pt;font-style:normal;\">Coussin déhoussable avec zip invisible au dos. 32x32cm</span></p>','coussin-renard','','','','Coussin renard','','','',''),(10,1,1,'<p><span style=\"font-size:10pt;font-weight:normal;font-style:normal;\">Ce coussin imprimé ours brun ajoutera une touche graphique et colorée à votre canapé, fauteuil ou lit. Optez pour une déco moderne et zen qui invite à la relaxation. Housse 100% coton lavable en machine à 60° / Intérieur 100% polyester hypoallergénique. </span></p>','<p><span style=\"font-size:10pt;font-style:normal;\">Coussin déhoussable avec zip invisible au dos. 32x32cm</span></p>','coussin-ours-brun','','','','Coussin ours brun','','','',''),(11,1,1,'<p><span style=\"font-size:10pt;font-weight:normal;font-style:normal;\">Ce coussin imprimé colibri ajoutera une touche graphique et colorée à votre canapé, fauteuil ou lit. Optez pour une déco moderne et zen qui invite à la relaxation. Housse 100% coton lavable en machine à 60° / Intérieur 100% polyester hypoallergénique. </span></p>','<p><span style=\"font-size:10pt;font-style:normal;\">Coussin déhoussable avec zip invisible au dos. 32x32cm</span></p>','coussin-colibri','','','','Coussin colibri','','','',''),(12,1,1,'<p><span style=\"font-size:10pt;font-style:normal;\">Vous avez un projet créatif d\'impression sur-mesure ? L\'illustration vectorielle Renard peut être utilisée pour l\'impression sur tout support, sans limite de taille. </span></p>','<p><span style=\"font-size:10pt;font-style:normal;\">Image vectorielle au format .svg. Téléchargement en vue d\'une utilisation privée, personnelle et non commerciale. </span></p>','illustration-vectorielle-renard','','','','Illustration vectorielle Renard','','','',''),(13,1,1,'<p><span style=\"font-size:10pt;font-style:normal;\">Vous avez un projet créatif d\'impression sur-mesure ou sur un support particulier ? L\'illustration vectorielle Ours brun peut être utilisée pour l\'impression sur tout support, sans limite de taille. </span></p>','<p><span style=\"font-size:10pt;font-style:normal;\">Image vectorielle au format .svg. Téléchargement en vue d\'une utilisation privée, personnelle et non commerciale. </span></p>','illustration-vectorielle-ours-brun','','','','Illustration vectorielle Ours brun','','','',''),(14,1,1,'<p><span style=\"font-size:10pt;font-style:normal;\">Vous avez un projet créatif d\'impression sur-mesure ou sur un support particulier ? L\'illustration vectorielle Colibri peut être utilisée pour l\'impression sur tout support, sans limite de taille. </span></p>','<p><span style=\"font-size:10pt;font-style:normal;\">Image vectorielle au format .svg. Téléchargement en vue d\'une utilisation privée, personnelle et non commerciale. </span></p>','illustration-vectorielle-colibri','','','','Illustration vectorielle Colibri','','','',''),(15,1,1,'','<p><span style=\"font-size:10pt;font-style:normal;\">Mug <span style=\"font-size:10pt;font-style:normal;\">The Adventure Begins</span> + Affiche encadrée Today is a good day 40x60cm </span></p>','pack-mug-affiche-encadree','','','','Pack Mug + Affiche encadrée','','','',''),(16,1,1,'<p><span style=\"font-size:10pt;font-style:normal;\">Le carnet de notes Renard est idéal pour consigner vos idées les plus ingénieuses. En voyage, au bureau ou à la maison, sa qualité de fabrication et son design attachant vous donneront l\'envie d\'écrire ! Papier 90g/m2, reliure double spirale.</span></p>','<p><span style=\"font-size:10pt;font-style:normal;\">Carnet 120 pages avec couverture rigide en carton recyclé. 16x22cm</span></p>','carnet-de-notes-renard','','','','Carnet de notes Renard','','','',''),(17,1,1,'<p><span style=\"font-size:10pt;font-style:normal;\">Le carnet de notes Renard est idéal pour consigner vos idées les plus ingénieuses. En voyage, au bureau ou à la maison, sa qualité de fabrication et son design attachant vous donneront l\'envie d\'écrire ! Papier 90g/m2, reliure double spirale.</span></p>','<p><span style=\"font-size:10pt;font-style:normal;\">Carnet 120 pages avec couverture rigide en carton recyclé. 16x22cm</span></p>','carnet-de-notes-ours-brun','','','','Carnet de notes Ours brun','','','',''),(18,1,1,'<p><span style=\"font-size:10pt;font-style:normal;\">Le carnet de notes Renard est idéal pour consigner vos idées les plus ingénieuses. En voyage, au bureau ou à la maison, sa qualité de fabrication et son design attachant vous donneront l\'envie d\'écrire ! Papier 90g/m2, reliure double spirale.</span></p>','<p><span style=\"font-size:10pt;font-style:normal;\">Carnet 120 pages avec couverture rigide en carton recyclé. 16x22cm</span></p>','carnet-de-notes-colibri','','','','Carnet de notes Colibri','','','',''),(19,1,1,'<p><span style=\"font-size:10pt;font-style:normal;\">Personnalisez votre mug avec le texte de votre choix. Une humeur, un message, une citation... À vous de choisir ! Nombre maximum de caractères : --- Diamètre : 8,2cm / Hauteur : 9,5cm / Poids : 0.43kg. Passe au lave-vaisselle.</span></p>','<p><span style=\"font-size:10pt;font-style:normal;\">Mug en céramique blanche. 325ml</span></p>','customizable-mug','','','','Mug personnalisable','','','','');

--
-- Table structure for table `ps_product_sale`
--

CREATE TABLE `ps_product_sale` (
  `id_product` int unsigned NOT NULL,
  `quantity` int unsigned NOT NULL DEFAULT '0',
  `sale_nbr` int unsigned NOT NULL DEFAULT '0',
  `date_upd` date DEFAULT NULL,
  PRIMARY KEY (`id_product`),
  KEY `quantity` (`quantity`)
) ENGINE=InnoDB DEFAULT CHARSET=utf8mb4 COLLATE=utf8mb4_0900_ai_ci;

--
-- Dumping data for table `ps_product_sale`
--


--
-- Table structure for table `ps_product_shop`
--

CREATE TABLE `ps_product_shop` (
  `id_product` int unsigned NOT NULL,
  `id_shop` int unsigned NOT NULL,
  `id_category_default` int unsigned DEFAULT NULL,
  `id_tax_rules_group` int unsigned NOT NULL,
  `on_sale` tinyint unsigned NOT NULL DEFAULT '0',
  `online_only` tinyint unsigned NOT NULL DEFAULT '0',
  `ecotax` decimal(17,6) NOT NULL DEFAULT '0.000000',
  `minimal_quantity` int unsigned NOT NULL DEFAULT '1',
  `low_stock_threshold` int DEFAULT NULL,
  `low_stock_alert` tinyint(1) NOT NULL DEFAULT '0',
  `price` decimal(20,6) NOT NULL DEFAULT '0.000000',
  `wholesale_price` decimal(20,6) NOT NULL DEFAULT '0.000000',
  `unity` varchar(255) DEFAULT NULL,
  `unit_price_ratio` decimal(20,6) NOT NULL DEFAULT '0.000000',
  `additional_shipping_cost` decimal(20,6) NOT NULL DEFAULT '0.000000',
  `customizable` tinyint NOT NULL DEFAULT '0',
  `uploadable_files` tinyint NOT NULL DEFAULT '0',
  `text_fields` tinyint NOT NULL DEFAULT '0',
  `active` tinyint unsigned NOT NULL DEFAULT '0',
  `redirect_type` enum('','404','301-product','302-product','301-category','302-category') NOT NULL DEFAULT '',
  `id_type_redirected` int unsigned NOT NULL DEFAULT '0',
  `available_for_order` tinyint(1) NOT NULL DEFAULT '1',
  `available_date` date DEFAULT NULL,
  `show_condition` tinyint(1) NOT NULL DEFAULT '1',
  `condition` enum('new','used','refurbished') NOT NULL DEFAULT 'new',
  `show_price` tinyint(1) NOT NULL DEFAULT '1',
  `indexed` tinyint(1) NOT NULL DEFAULT '0',
  `visibility` enum('both','catalog','search','none') NOT NULL DEFAULT 'both',
  `cache_default_attribute` int unsigned DEFAULT NULL,
  `advanced_stock_management` tinyint(1) NOT NULL DEFAULT '0',
  `date_add` datetime NOT NULL,
  `date_upd` datetime NOT NULL,
  `pack_stock_type` int unsigned NOT NULL DEFAULT '3',
  PRIMARY KEY (`id_product`,`id_shop`),
  KEY `id_category_default` (`id_category_default`),
  KEY `date_add` (`date_add`,`active`,`visibility`),
  KEY `indexed` (`indexed`,`active`,`id_product`)
) ENGINE=InnoDB DEFAULT CHARSET=utf8mb4 COLLATE=utf8mb4_0900_ai_ci;

--
-- Dumping data for table `ps_product_shop`
--

INSERT INTO `ps_product_shop` VALUES (1,1,4,1,0,0,0.000000,1,NULL,0,23.900000,0.000000,'',0.000000,0.000000,0,0,0,1,'301-category',0,1,'0000-00-00',0,'new',1,1,'both',1,0,'2021-08-03 12:04:24','2021-08-03 12:04:24',3),(2,1,5,1,0,0,0.000000,1,NULL,0,35.900000,0.000000,'',0.000000,0.000000,0,0,0,1,'404',0,1,'0000-00-00',0,'new',1,1,'both',9,0,'2021-08-03 12:04:24','2021-08-03 12:04:24',3),(3,1,9,1,0,0,0.000000,1,NULL,0,29.000000,0.000000,'',0.000000,0.000000,0,0,0,1,'301-category',0,1,'0000-00-00',0,'new',1,1,'both',13,0,'2021-08-03 12:04:24','2021-08-03 12:04:24',3),(4,1,9,1,0,0,0.000000,1,NULL,0,29.000000,0.000000,'',0.000000,0.000000,0,0,0,1,'404',0,1,'0000-00-00',0,'new',1,1,'both',16,0,'2021-08-03 12:04:24','2021-08-03 12:04:24',3),(5,1,9,1,0,0,0.000000,1,NULL,0,29.000000,0.000000,'',0.000000,0.000000,0,0,0,1,'301-category',0,1,'0000-00-00',0,'new',1,1,'both',19,0,'2021-08-03 12:04:24','2021-08-03 12:04:24',3),(6,1,8,1,0,0,0.000000,1,NULL,0,11.900000,0.000000,'',0.000000,0.000000,0,0,0,1,'301-category',0,1,'0000-00-00',0,'new',1,1,'both',0,0,'2021-08-03 12:04:24','2021-08-03 12:04:24',3),(7,1,8,1,0,0,0.000000,1,NULL,0,11.900000,0.000000,'',0.000000,0.000000,0,0,0,1,'301-category',0,1,'0000-00-00',0,'new',1,1,'both',0,0,'2021-08-03 12:04:24','2021-08-03 12:04:24',3),(8,1,8,1,0,0,0.000000,1,NULL,0,11.900000,0.000000,'',0.000000,0.000000,0,0,0,1,'404',0,1,'0000-00-00',0,'new',1,1,'both',0,0,'2021-08-03 12:04:24','2021-08-03 12:04:24',3),(9,1,8,1,0,0,0.000000,1,NULL,0,18.900000,0.000000,'',0.000000,0.000000,0,0,0,1,'301-category',0,1,'0000-00-00',0,'new',1,1,'both',22,0,'2021-08-03 12:04:24','2021-08-03 12:04:24',3),(10,1,8,1,0,0,0.000000,1,NULL,0,18.900000,0.000000,'',0.000000,0.000000,0,0,0,1,'301-category',0,1,'0000-00-00',0,'new',1,1,'both',24,0,'2021-08-03 12:04:24','2021-08-03 12:04:24',3),(11,1,8,1,0,0,0.000000,1,NULL,0,18.900000,0.000000,'',0.000000,0.000000,0,0,0,1,'301-category',0,1,'0000-00-00',0,'new',1,1,'both',26,0,'2021-08-03 12:04:24','2021-08-03 12:04:24',3),(12,1,9,1,0,0,0.000000,1,NULL,0,9.000000,0.000000,'',0.000000,0.000000,0,0,0,1,'301-category',0,1,'0000-00-00',0,'new',1,1,'both',0,0,'2021-08-03 12:04:24','2021-08-03 12:04:24',3),(13,1,9,1,0,0,0.000000,1,NULL,0,9.000000,0.000000,'',0.000000,0.000000,0,0,0,1,'301-category',0,1,'0000-00-00',0,'new',1,1,'both',0,0,'2021-08-03 12:04:24','2021-08-03 12:04:24',3),(14,1,9,1,0,0,0.000000,1,NULL,0,9.000000,0.000000,'',0.000000,0.000000,0,0,0,1,'301-category',0,1,'0000-00-00',0,'new',1,1,'both',0,0,'2021-08-03 12:04:24','2021-08-03 12:04:24',3),(15,1,8,1,0,0,0.000000,1,NULL,0,35.000000,0.000000,'',0.000000,0.000000,0,0,0,1,'301-category',0,1,'0000-00-00',0,'new',1,1,'both',0,0,'2021-08-03 12:04:24','2021-08-03 12:04:24',3),(16,1,7,1,0,0,0.000000,1,NULL,0,12.900000,0.000000,'',0.000000,0.000000,0,0,0,1,'301-category',0,1,'0000-00-00',0,'new',1,1,'both',28,0,'2021-08-03 12:04:24','2021-08-03 12:04:24',3),(17,1,7,1,0,0,0.000000,1,NULL,0,12.900000,0.000000,'',0.000000,0.000000,0,0,0,1,'301-category',0,1,'0000-00-00',0,'new',1,1,'both',32,0,'2021-08-03 12:04:24','2021-08-03 12:04:24',3),(18,1,7,1,0,0,0.000000,1,NULL,0,12.900000,0.000000,'',0.000000,0.000000,0,0,0,1,'301-category',0,1,'0000-00-00',0,'new',1,1,'both',36,0,'2021-08-03 12:04:24','2021-08-03 12:04:24',3),(19,1,8,1,0,0,0.000000,1,NULL,0,13.900000,0.000000,'',0.000000,0.000000,1,0,1,1,'301-category',0,1,'0000-00-00',0,'new',1,1,'both',0,0,'2021-08-03 12:04:24','2021-08-03 12:04:24',3);

--
-- Table structure for table `ps_product_supplier`
--

CREATE TABLE `ps_product_supplier` (
  `id_product_supplier` int unsigned NOT NULL AUTO_INCREMENT,
  `id_product` int unsigned NOT NULL,
  `id_product_attribute` int unsigned NOT NULL DEFAULT '0',
  `id_supplier` int unsigned NOT NULL,
  `product_supplier_reference` varchar(64) DEFAULT NULL,
  `product_supplier_price_te` decimal(20,6) NOT NULL DEFAULT '0.000000',
  `id_currency` int unsigned NOT NULL,
  PRIMARY KEY (`id_product_supplier`),
  UNIQUE KEY `id_product` (`id_product`,`id_product_attribute`,`id_supplier`),
  KEY `id_supplier` (`id_supplier`,`id_product`)
) ENGINE=InnoDB DEFAULT CHARSET=utf8mb4 COLLATE=utf8mb4_0900_ai_ci;

--
-- Dumping data for table `ps_product_supplier`
--


--
-- Table structure for table `ps_product_tag`
--

CREATE TABLE `ps_product_tag` (
  `id_product` int unsigned NOT NULL,
  `id_tag` int unsigned NOT NULL,
  `id_lang` int unsigned NOT NULL,
  PRIMARY KEY (`id_product`,`id_tag`),
  KEY `id_tag` (`id_tag`),
  KEY `id_lang` (`id_lang`,`id_tag`)
) ENGINE=InnoDB DEFAULT CHARSET=utf8mb4 COLLATE=utf8mb4_0900_ai_ci;

--
-- Dumping data for table `ps_product_tag`
--


--
-- Table structure for table `ps_profile`
--

CREATE TABLE `ps_profile` (
  `id_profile` int unsigned NOT NULL AUTO_INCREMENT,
  PRIMARY KEY (`id_profile`)
) ENGINE=InnoDB AUTO_INCREMENT=5 DEFAULT CHARSET=utf8mb4 COLLATE=utf8mb4_0900_ai_ci;

--
-- Dumping data for table `ps_profile`
--

INSERT INTO `ps_profile` VALUES (1),(2),(3),(4);

--
-- Table structure for table `ps_profile_lang`
--

CREATE TABLE `ps_profile_lang` (
  `id_lang` int unsigned NOT NULL,
  `id_profile` int unsigned NOT NULL,
  `name` varchar(128) NOT NULL,
  PRIMARY KEY (`id_profile`,`id_lang`)
) ENGINE=InnoDB DEFAULT CHARSET=utf8mb4 COLLATE=utf8mb4_0900_ai_ci;

--
-- Dumping data for table `ps_profile_lang`
--

INSERT INTO `ps_profile_lang` VALUES (1,1,'SuperAdmin'),(1,2,'Logisticien'),(1,3,'Traducteur'),(1,4,'Commercial');

--
-- Table structure for table `ps_pscheckout_cart`
--

CREATE TABLE `ps_pscheckout_cart` (
  `id_pscheckout_cart` int unsigned NOT NULL AUTO_INCREMENT,
  `id_cart` int unsigned NOT NULL,
  `paypal_intent` varchar(20) DEFAULT 'CAPTURE',
  `paypal_order` varchar(20) DEFAULT NULL,
  `paypal_status` varchar(20) DEFAULT NULL,
  `paypal_funding` varchar(20) DEFAULT NULL,
  `paypal_token` text,
  `paypal_token_expire` datetime DEFAULT NULL,
  `paypal_authorization_expire` datetime DEFAULT NULL,
  `isExpressCheckout` tinyint unsigned NOT NULL DEFAULT '0',
  `isHostedFields` tinyint unsigned NOT NULL DEFAULT '0',
  `date_add` datetime NOT NULL,
  `date_upd` datetime NOT NULL,
  PRIMARY KEY (`id_pscheckout_cart`)
) ENGINE=InnoDB DEFAULT CHARSET=utf8;

--
-- Dumping data for table `ps_pscheckout_cart`
--


--
-- Table structure for table `ps_pscheckout_funding_source`
--

CREATE TABLE `ps_pscheckout_funding_source` (
  `name` varchar(20) NOT NULL,
  `active` tinyint unsigned NOT NULL DEFAULT '0',
  `position` tinyint unsigned NOT NULL,
  `id_shop` int unsigned NOT NULL,
  PRIMARY KEY (`name`,`id_shop`),
  KEY `id_shop` (`id_shop`)
) ENGINE=InnoDB DEFAULT CHARSET=utf8;

--
-- Dumping data for table `ps_pscheckout_funding_source`
--


--
-- Table structure for table `ps_pscheckout_order_matrice`
--

CREATE TABLE `ps_pscheckout_order_matrice` (
  `id_order_matrice` int unsigned NOT NULL AUTO_INCREMENT,
  `id_order_prestashop` int unsigned NOT NULL,
  `id_order_paypal` varchar(20) NOT NULL,
  PRIMARY KEY (`id_order_matrice`)
) ENGINE=InnoDB DEFAULT CHARSET=utf8;

--
-- Dumping data for table `ps_pscheckout_order_matrice`
--


--
-- Table structure for table `ps_psgdpr_consent`
--

CREATE TABLE `ps_psgdpr_consent` (
  `id_gdpr_consent` int unsigned NOT NULL AUTO_INCREMENT,
  `id_module` int unsigned NOT NULL,
  `active` int NOT NULL,
  `error` int DEFAULT NULL,
  `error_message` text,
  `date_add` datetime NOT NULL,
  `date_upd` datetime NOT NULL,
  PRIMARY KEY (`id_gdpr_consent`,`id_module`)
) ENGINE=InnoDB DEFAULT CHARSET=utf8;

--
-- Dumping data for table `ps_psgdpr_consent`
--


--
-- Table structure for table `ps_psgdpr_consent_lang`
--

CREATE TABLE `ps_psgdpr_consent_lang` (
  `id_gdpr_consent` int unsigned NOT NULL AUTO_INCREMENT,
  `id_lang` int unsigned NOT NULL,
  `message` text,
  `id_shop` int unsigned NOT NULL,
  PRIMARY KEY (`id_gdpr_consent`,`id_lang`,`id_shop`)
) ENGINE=InnoDB DEFAULT CHARSET=utf8;

--
-- Dumping data for table `ps_psgdpr_consent_lang`
--


--
-- Table structure for table `ps_psgdpr_log`
--

CREATE TABLE `ps_psgdpr_log` (
  `id_gdpr_log` int unsigned NOT NULL AUTO_INCREMENT,
  `id_customer` int unsigned DEFAULT NULL,
  `id_guest` int unsigned DEFAULT NULL,
  `client_name` varchar(250) DEFAULT NULL,
  `id_module` int unsigned NOT NULL,
  `request_type` int NOT NULL,
  `date_add` datetime NOT NULL,
  `date_upd` datetime NOT NULL,
  PRIMARY KEY (`id_gdpr_log`)
) ENGINE=InnoDB DEFAULT CHARSET=utf8;

--
-- Dumping data for table `ps_psgdpr_log`
--


--
-- Table structure for table `ps_psreassurance`
--

CREATE TABLE `ps_psreassurance` (
  `id_psreassurance` int unsigned NOT NULL AUTO_INCREMENT,
  `icon` varchar(255) DEFAULT NULL,
  `custom_icon` varchar(255) DEFAULT NULL,
  `status` int unsigned NOT NULL,
  `position` int unsigned NOT NULL,
  `id_shop` int unsigned NOT NULL,
  `type_link` int unsigned DEFAULT NULL,
  `id_cms` int unsigned DEFAULT NULL,
  `date_add` datetime NOT NULL,
  `date_upd` datetime DEFAULT NULL,
  PRIMARY KEY (`id_psreassurance`)
) ENGINE=InnoDB AUTO_INCREMENT=4 DEFAULT CHARSET=utf8;

--
-- Dumping data for table `ps_psreassurance`
--

INSERT INTO `ps_psreassurance` VALUES (1,'/edasilvamendes/public_html/CMS/Prestashop/prestashop_1.7.7.5/modules/blockreassurance/views/img/reassurance/pack2/security.svg',NULL,1,1,1,NULL,NULL,'2021-08-03 10:04:06',NULL),(2,'/edasilvamendes/public_html/CMS/Prestashop/prestashop_1.7.7.5/modules/blockreassurance/views/img/reassurance/pack2/carrier.svg',NULL,1,2,1,NULL,NULL,'2021-08-03 10:04:06',NULL),(3,'/edasilvamendes/public_html/CMS/Prestashop/prestashop_1.7.7.5/modules/blockreassurance/views/img/reassurance/pack2/parcel.svg',NULL,1,3,1,NULL,NULL,'2021-08-03 10:04:06',NULL);

--
-- Table structure for table `ps_psreassurance_lang`
--

CREATE TABLE `ps_psreassurance_lang` (
  `id_psreassurance` int unsigned NOT NULL,
  `id_lang` int unsigned NOT NULL,
  `id_shop` int unsigned NOT NULL,
  `title` varchar(255) NOT NULL,
  `description` varchar(255) NOT NULL,
  `link` varchar(255) NOT NULL,
  PRIMARY KEY (`id_psreassurance`,`id_shop`,`id_lang`)
) ENGINE=InnoDB DEFAULT CHARSET=utf8;

--
-- Dumping data for table `ps_psreassurance_lang`
--

INSERT INTO `ps_psreassurance_lang` VALUES (1,1,1,'Garanties sécurité','(à modifier dans le module \"Réassurance\")',''),(2,1,1,'Politique de livraison','(à modifier dans le module \"Réassurance\")',''),(3,1,1,'Politique retours','(à modifier dans le module \"Réassurance\")','');

--
-- Table structure for table `ps_quick_access`
--

CREATE TABLE `ps_quick_access` (
  `id_quick_access` int unsigned NOT NULL AUTO_INCREMENT,
  `new_window` tinyint(1) NOT NULL DEFAULT '0',
  `link` varchar(255) NOT NULL,
  PRIMARY KEY (`id_quick_access`)
) ENGINE=InnoDB AUTO_INCREMENT=7 DEFAULT CHARSET=utf8mb4 COLLATE=utf8mb4_0900_ai_ci;

--
-- Dumping data for table `ps_quick_access`
--

INSERT INTO `ps_quick_access` VALUES (1,0,'index.php?controller=AdminOrders'),(2,0,'index.php?controller=AdminCartRules&addcart_rule'),(3,0,'index.php/sell/catalog/products/new'),(4,0,'index.php/sell/catalog/categories/new'),(5,0,'index.php/improve/modules/manage'),(6,0,'index.php?controller=AdminStats&module=statscheckup');

--
-- Table structure for table `ps_quick_access_lang`
--

CREATE TABLE `ps_quick_access_lang` (
  `id_quick_access` int unsigned NOT NULL,
  `id_lang` int unsigned NOT NULL,
  `name` varchar(32) NOT NULL,
  PRIMARY KEY (`id_quick_access`,`id_lang`)
) ENGINE=InnoDB DEFAULT CHARSET=utf8mb4 COLLATE=utf8mb4_0900_ai_ci;

--
-- Dumping data for table `ps_quick_access_lang`
--

INSERT INTO `ps_quick_access_lang` VALUES (1,1,'Commandes'),(2,1,'Nouveau bon de réduction'),(3,1,'Nouveau produit'),(4,1,'Nouvelle catégorie'),(5,1,'Modules installés'),(6,1,'Évaluation du catalogue');

--
-- Table structure for table `ps_range_price`
--

CREATE TABLE `ps_range_price` (
  `id_range_price` int unsigned NOT NULL AUTO_INCREMENT,
  `id_carrier` int unsigned NOT NULL,
  `delimiter1` decimal(20,6) NOT NULL,
  `delimiter2` decimal(20,6) NOT NULL,
  PRIMARY KEY (`id_range_price`),
  UNIQUE KEY `id_carrier` (`id_carrier`,`delimiter1`,`delimiter2`)
) ENGINE=InnoDB AUTO_INCREMENT=5 DEFAULT CHARSET=utf8mb4 COLLATE=utf8mb4_0900_ai_ci;

--
-- Dumping data for table `ps_range_price`
--

INSERT INTO `ps_range_price` VALUES (1,2,0.000000,10000.000000),(2,3,0.000000,50.000000),(3,3,50.000000,100.000000),(4,3,100.000000,200.000000);

--
-- Table structure for table `ps_range_weight`
--

CREATE TABLE `ps_range_weight` (
  `id_range_weight` int unsigned NOT NULL AUTO_INCREMENT,
  `id_carrier` int unsigned NOT NULL,
  `delimiter1` decimal(20,6) NOT NULL,
  `delimiter2` decimal(20,6) NOT NULL,
  PRIMARY KEY (`id_range_weight`),
  UNIQUE KEY `id_carrier` (`id_carrier`,`delimiter1`,`delimiter2`)
) ENGINE=InnoDB AUTO_INCREMENT=5 DEFAULT CHARSET=utf8mb4 COLLATE=utf8mb4_0900_ai_ci;

--
-- Dumping data for table `ps_range_weight`
--

INSERT INTO `ps_range_weight` VALUES (1,2,0.000000,10000.000000),(2,4,0.000000,1.000000),(3,4,1.000000,3.000000),(4,4,3.000000,10000.000000);

--
-- Table structure for table `ps_referrer`
--

CREATE TABLE `ps_referrer` (
  `id_referrer` int unsigned NOT NULL AUTO_INCREMENT,
  `name` varchar(64) NOT NULL,
  `passwd` varchar(255) DEFAULT NULL,
  `http_referer_regexp` varchar(64) DEFAULT NULL,
  `http_referer_like` varchar(64) DEFAULT NULL,
  `request_uri_regexp` varchar(64) DEFAULT NULL,
  `request_uri_like` varchar(64) DEFAULT NULL,
  `http_referer_regexp_not` varchar(64) DEFAULT NULL,
  `http_referer_like_not` varchar(64) DEFAULT NULL,
  `request_uri_regexp_not` varchar(64) DEFAULT NULL,
  `request_uri_like_not` varchar(64) DEFAULT NULL,
  `base_fee` decimal(5,2) NOT NULL DEFAULT '0.00',
  `percent_fee` decimal(5,2) NOT NULL DEFAULT '0.00',
  `click_fee` decimal(5,2) NOT NULL DEFAULT '0.00',
  `date_add` datetime NOT NULL,
  PRIMARY KEY (`id_referrer`)
) ENGINE=InnoDB DEFAULT CHARSET=utf8mb4 COLLATE=utf8mb4_0900_ai_ci;

--
-- Dumping data for table `ps_referrer`
--


--
-- Table structure for table `ps_referrer_cache`
--

CREATE TABLE `ps_referrer_cache` (
  `id_connections_source` int unsigned NOT NULL,
  `id_referrer` int unsigned NOT NULL,
  PRIMARY KEY (`id_connections_source`,`id_referrer`)
) ENGINE=InnoDB DEFAULT CHARSET=utf8mb4 COLLATE=utf8mb4_0900_ai_ci;

--
-- Dumping data for table `ps_referrer_cache`
--


--
-- Table structure for table `ps_referrer_shop`
--

CREATE TABLE `ps_referrer_shop` (
  `id_referrer` int unsigned NOT NULL AUTO_INCREMENT,
  `id_shop` int unsigned NOT NULL DEFAULT '1',
  `cache_visitors` int DEFAULT NULL,
  `cache_visits` int DEFAULT NULL,
  `cache_pages` int DEFAULT NULL,
  `cache_registrations` int DEFAULT NULL,
  `cache_orders` int DEFAULT NULL,
  `cache_sales` decimal(17,2) DEFAULT NULL,
  `cache_reg_rate` decimal(5,4) DEFAULT NULL,
  `cache_order_rate` decimal(5,4) DEFAULT NULL,
  PRIMARY KEY (`id_referrer`,`id_shop`)
) ENGINE=InnoDB DEFAULT CHARSET=utf8mb4 COLLATE=utf8mb4_0900_ai_ci;

--
-- Dumping data for table `ps_referrer_shop`
--


--
-- Table structure for table `ps_request_sql`
--

CREATE TABLE `ps_request_sql` (
  `id_request_sql` int NOT NULL AUTO_INCREMENT,
  `name` varchar(200) NOT NULL,
  `sql` text NOT NULL,
  PRIMARY KEY (`id_request_sql`)
) ENGINE=InnoDB DEFAULT CHARSET=utf8mb4 COLLATE=utf8mb4_0900_ai_ci;

--
-- Dumping data for table `ps_request_sql`
--


--
-- Table structure for table `ps_required_field`
--

CREATE TABLE `ps_required_field` (
  `id_required_field` int NOT NULL AUTO_INCREMENT,
  `object_name` varchar(32) NOT NULL,
  `field_name` varchar(32) NOT NULL,
  PRIMARY KEY (`id_required_field`),
  KEY `object_name` (`object_name`)
) ENGINE=InnoDB DEFAULT CHARSET=utf8mb4 COLLATE=utf8mb4_0900_ai_ci;

--
-- Dumping data for table `ps_required_field`
--


--
-- Table structure for table `ps_risk`
--

CREATE TABLE `ps_risk` (
  `id_risk` int unsigned NOT NULL AUTO_INCREMENT,
  `percent` tinyint NOT NULL,
  `color` varchar(32) DEFAULT NULL,
  PRIMARY KEY (`id_risk`)
) ENGINE=InnoDB AUTO_INCREMENT=5 DEFAULT CHARSET=utf8mb4 COLLATE=utf8mb4_0900_ai_ci;

--
-- Dumping data for table `ps_risk`
--

INSERT INTO `ps_risk` VALUES (1,0,'#32CD32'),(2,35,'#FF8C00'),(3,75,'#DC143C'),(4,100,'#ec2e15');

--
-- Table structure for table `ps_risk_lang`
--

CREATE TABLE `ps_risk_lang` (
  `id_risk` int unsigned NOT NULL,
  `id_lang` int unsigned NOT NULL,
  `name` varchar(20) NOT NULL,
  PRIMARY KEY (`id_risk`,`id_lang`),
  KEY `id_risk` (`id_risk`)
) ENGINE=InnoDB DEFAULT CHARSET=utf8mb4 COLLATE=utf8mb4_0900_ai_ci;

--
-- Dumping data for table `ps_risk_lang`
--

INSERT INTO `ps_risk_lang` VALUES (1,1,'Aucun'),(2,1,'Basse'),(3,1,'Moyenne'),(4,1,'Haute');

--
-- Table structure for table `ps_search_engine`
--

CREATE TABLE `ps_search_engine` (
  `id_search_engine` int unsigned NOT NULL AUTO_INCREMENT,
  `server` varchar(64) NOT NULL,
  `getvar` varchar(16) NOT NULL,
  PRIMARY KEY (`id_search_engine`)
) ENGINE=InnoDB AUTO_INCREMENT=39 DEFAULT CHARSET=utf8mb4 COLLATE=utf8mb4_0900_ai_ci;

--
-- Dumping data for table `ps_search_engine`
--

INSERT INTO `ps_search_engine` VALUES (1,'google','q'),(2,'aol','q'),(3,'yandex','text'),(4,'ask.com','q'),(5,'nhl.com','q'),(6,'yahoo','p'),(7,'baidu','wd'),(8,'lycos','query'),(9,'exalead','q'),(10,'search.live','q'),(11,'voila','rdata'),(12,'altavista','q'),(13,'bing','q'),(14,'daum','q'),(15,'eniro','search_word'),(16,'naver','query'),(17,'msn','q'),(18,'netscape','query'),(19,'cnn','query'),(20,'about','terms'),(21,'mamma','query'),(22,'alltheweb','q'),(23,'virgilio','qs'),(24,'alice','qs'),(25,'najdi','q'),(26,'mama','query'),(27,'seznam','q'),(28,'onet','qt'),(29,'szukacz','q'),(30,'yam','k'),(31,'pchome','q'),(32,'kvasir','q'),(33,'sesam','q'),(34,'ozu','q'),(35,'terra','query'),(36,'mynet','q'),(37,'ekolay','q'),(38,'rambler','words');

--
-- Table structure for table `ps_search_index`
--

CREATE TABLE `ps_search_index` (
  `id_product` int unsigned NOT NULL,
  `id_word` int unsigned NOT NULL,
  `weight` smallint unsigned NOT NULL DEFAULT '1',
  PRIMARY KEY (`id_word`,`id_product`),
  KEY `id_product` (`id_product`,`weight`)
) ENGINE=InnoDB DEFAULT CHARSET=utf8mb4 COLLATE=utf8mb4_0900_ai_ci;

--
-- Dumping data for table `ps_search_index`
--

INSERT INTO `ps_search_index` VALUES (1,7,1),(1,8,1),(1,9,1),(1,10,1),(1,13,1),(1,14,1),(1,15,1),(1,16,1),(1,17,1),(1,18,1),(1,19,1),(1,20,1),(1,21,1),(1,22,1),(1,23,1),(1,24,1),(1,25,1),(1,26,1),(1,27,1),(1,28,1),(1,29,1),(1,32,1),(1,33,1),(1,34,1),(1,35,1),(1,36,1),(1,37,1),(1,38,1),(1,39,1),(1,40,1),(1,41,1),(1,42,1),(1,43,1),(1,44,1),(1,45,1),(1,46,1),(1,47,1),(1,48,1),(1,49,1),(1,50,1),(1,51,1),(1,52,1),(1,54,2),(1,55,2),(1,56,2),(1,11,3),(1,12,3),(1,53,3),(1,30,4),(1,31,4),(1,2,6),(1,1,7),(1,3,7),(1,4,7),(1,5,7),(1,6,90),(2,7,1),(2,8,1),(2,9,1),(2,10,1),(2,13,1),(2,27,1),(2,28,1),(2,29,1),(2,32,1),(2,33,1),(2,34,1),(2,35,1),(2,36,1),(2,37,1),(2,38,1),(2,39,1),(2,40,1),(2,41,1),(2,42,1),(2,43,1),(2,44,1),(2,45,1),(2,46,1),(2,47,1),(2,48,1),(2,49,1),(2,50,1),(2,51,1),(2,52,1),(2,58,1),(2,59,1),(2,60,1),(2,61,1),(2,62,1),(2,56,2),(2,11,3),(2,18,3),(2,63,3),(2,30,4),(2,31,4),(2,2,6),(2,3,6),(2,57,7),(2,6,50),(3,61,1),(3,107,1),(3,109,1),(3,110,1),(3,111,1),(3,112,1),(3,113,1),(3,114,1),(3,115,1),(3,116,1),(3,117,1),(3,118,1),(3,119,1),(3,120,1),(3,121,1),(3,122,1),(3,123,1),(3,124,1),(3,125,1),(3,126,1),(3,127,1),(3,128,1),(3,129,1),(3,130,1),(3,131,1),(3,132,1),(3,133,1),(3,134,1),(3,135,1),(3,136,1),(3,137,1),(3,138,1),(3,139,1),(3,143,2),(3,144,2),(3,145,2),(3,146,2),(3,108,3),(3,140,3),(3,141,3),(3,142,3),(3,103,6),(3,104,6),(3,105,6),(3,106,6),(3,102,7),(3,101,8),(3,6,40),(4,61,1),(4,107,1),(4,109,1),(4,110,1),(4,111,1),(4,112,1),(4,113,1),(4,114,1),(4,115,1),(4,116,1),(4,117,1),(4,118,1),(4,119,1),(4,120,1),(4,121,1),(4,122,1),(4,123,1),(4,124,1),(4,125,1),(4,126,1),(4,127,1),(4,128,1),(4,129,1),(4,130,1),(4,131,1),(4,132,1),(4,133,1),(4,134,1),(4,135,1),(4,136,1),(4,137,1),(4,138,1),(4,139,1),(4,143,2),(4,144,2),(4,145,2),(4,146,2),(4,108,3),(4,140,3),(4,141,3),(4,142,3),(4,103,6),(4,149,6),(4,150,6),(4,102,7),(4,101,8),(4,6,40),(5,61,1),(5,107,1),(5,109,1),(5,110,1),(5,111,1),(5,112,1),(5,113,1),(5,114,1),(5,115,1),(5,116,1),(5,117,1),(5,118,1),(5,119,1),(5,120,1),(5,121,1),(5,122,1),(5,123,1),(5,124,1),(5,125,1),(5,126,1),(5,127,1),(5,128,1),(5,129,1),(5,130,1),(5,131,1),(5,132,1),(5,133,1),(5,134,1),(5,135,1),(5,136,1),(5,137,1),(5,138,1),(5,139,1),(5,143,2),(5,144,2),(5,145,2),(5,146,2),(5,108,3),(5,140,3),(5,141,3),(5,142,3),(5,196,6),(5,197,6),(5,198,6),(5,102,7),(5,101,8),(5,6,40),(6,114,1),(6,115,1),(6,116,1),(6,132,1),(6,245,1),(6,246,1),(6,247,1),(6,248,1),(6,249,1),(6,250,1),(6,251,1),(6,252,1),(6,253,1),(6,254,1),(6,255,1),(6,256,1),(6,257,1),(6,258,1),(6,259,1),(6,260,1),(6,261,1),(6,30,3),(6,31,3),(6,244,3),(6,262,3),(6,263,3),(6,103,6),(6,104,6),(6,105,6),(6,106,6),(6,243,7),(6,6,10),(7,132,1),(7,245,1),(7,246,1),(7,248,1),(7,249,1),(7,252,1),(7,253,1),(7,254,1),(7,255,1),(7,256,1),(7,257,1),(7,258,1),(7,259,1),(7,260,1),(7,261,1),(7,275,1),(7,276,1),(7,277,1),(7,278,1),(7,279,1),(7,280,1),(7,30,3),(7,31,3),(7,244,3),(7,262,3),(7,263,3),(7,103,6),(7,149,6),(7,150,6),(7,243,7),(7,6,10),(8,122,1),(8,132,1),(8,245,1),(8,246,1),(8,248,1),(8,252,1),(8,253,1),(8,254,1),(8,255,1),(8,256,1),(8,257,1),(8,258,1),(8,259,1),(8,260,1),(8,261,1),(8,278,1),(8,306,1),(8,307,1),(8,308,1),(8,309,1),(8,310,1),(8,311,1),(8,312,1),(8,30,3),(8,31,3),(8,244,3),(8,262,3),(8,263,3),(8,196,6),(8,197,6),(8,198,6),(8,243,7),(8,6,10),(9,2,1),(9,13,1),(9,58,1),(9,59,1),(9,249,1),(9,341,1),(9,342,1),(9,343,1),(9,344,1),(9,345,1),(9,346,1),(9,347,1),(9,348,1),(9,349,1),(9,350,1),(9,351,1),(9,352,1),(9,353,1),(9,354,1),(9,355,1),(9,356,1),(9,357,1),(9,359,1),(9,360,1),(9,362,1),(9,54,2),(9,55,2),(9,363,2),(9,30,3),(9,31,3),(9,262,3),(9,263,3),(9,358,3),(9,361,3),(9,340,7),(9,339,8),(9,6,30),(10,2,1),(10,13,1),(10,58,1),(10,59,1),(10,249,1),(10,341,1),(10,342,1),(10,343,1),(10,344,1),(10,345,1),(10,346,1),(10,347,1),(10,348,1),(10,349,1),(10,350,1),(10,351,1),(10,352,1),(10,353,1),(10,354,1),(10,355,1),(10,356,1),(10,357,1),(10,359,1),(10,360,1),(10,362,1),(10,54,2),(10,55,2),(10,363,2),(10,30,3),(10,31,3),(10,262,3),(10,263,3),(10,358,3),(10,361,3),(10,376,7),(10,377,7),(10,339,8),(10,6,30),(11,2,1),(11,13,1),(11,58,1),(11,59,1),(11,249,1),(11,341,1),(11,342,1),(11,343,1),(11,344,1),(11,345,1),(11,346,1),(11,347,1),(11,348,1),(11,349,1),(11,350,1),(11,351,1),(11,352,1),(11,353,1),(11,354,1),(11,355,1),(11,356,1),(11,357,1),(11,359,1),(11,360,1),(11,362,1),(11,54,2),(11,55,2),(11,363,2),(11,30,3),(11,31,3),(11,262,3),(11,263,3),(11,358,3),(11,361,3),(11,3,7),(11,339,8),(11,6,30),(12,47,1),(12,249,1),(12,453,1),(12,454,1),(12,455,1),(12,456,1),(12,457,1),(12,458,1),(12,459,1),(12,460,1),(12,461,1),(12,462,1),(12,463,1),(12,464,1),(12,465,1),(12,466,1),(12,467,1),(12,468,1),(12,469,1),(12,470,1),(12,471,1),(12,472,1),(12,140,3),(12,141,3),(12,142,3),(12,340,7),(12,451,7),(12,452,8),(12,6,10),(13,47,1),(13,249,1),(13,453,1),(13,454,1),(13,455,1),(13,456,1),(13,457,1),(13,458,1),(13,459,1),(13,460,1),(13,461,1),(13,462,1),(13,463,1),(13,464,1),(13,465,1),(13,466,1),(13,467,1),(13,468,1),(13,469,1),(13,470,1),(13,471,1),(13,472,1),(13,480,1),(13,140,3),(13,141,3),(13,142,3),(13,376,7),(13,377,7),(13,451,7),(13,452,8),(13,6,10),(14,47,1),(14,249,1),(14,453,1),(14,454,1),(14,455,1),(14,456,1),(14,457,1),(14,458,1),(14,459,1),(14,460,1),(14,461,1),(14,462,1),(14,463,1),(14,464,1),(14,465,1),(14,466,1),(14,467,1),(14,468,1),(14,469,1),(14,470,1),(14,471,1),(14,472,1),(14,480,1),(14,140,3),(14,141,3),(14,142,3),(14,3,7),(14,451,7),(14,452,8),(14,6,10),(15,103,1),(15,143,1),(15,149,1),(15,150,1),(15,196,1),(15,197,1),(15,198,1),(15,262,3),(15,263,3),(15,541,6),(15,101,7),(15,102,7),(15,243,7),(15,6,10),(16,31,1),(16,50,1),(16,61,1),(16,108,1),(16,109,1),(16,118,1),(16,126,1),(16,263,1),(16,559,1),(16,562,1),(16,563,1),(16,564,1),(16,565,1),(16,566,1),(16,567,1),(16,568,1),(16,569,1),(16,570,1),(16,571,1),(16,572,1),(16,573,1),(16,574,1),(16,575,1),(16,576,1),(16,578,2),(16,579,2),(16,580,2),(16,581,2),(16,141,3),(16,142,3),(16,557,3),(16,558,3),(16,560,3),(16,561,3),(16,577,3),(16,340,7),(16,556,7),(16,555,8),(16,6,50),(17,31,1),(17,50,1),(17,61,1),(17,108,1),(17,109,1),(17,118,1),(17,126,1),(17,263,1),(17,340,1),(17,559,1),(17,562,1),(17,563,1),(17,564,1),(17,565,1),(17,566,1),(17,567,1),(17,568,1),(17,569,1),(17,570,1),(17,571,1),(17,572,1),(17,573,1),(17,574,1),(17,575,1),(17,576,1),(17,578,2),(17,579,2),(17,580,2),(17,581,2),(17,141,3),(17,142,3),(17,557,3),(17,558,3),(17,560,3),(17,561,3),(17,577,3),(17,376,6),(17,377,6),(17,556,7),(17,555,8),(17,6,50),(18,31,1),(18,50,1),(18,61,1),(18,108,1),(18,109,1),(18,118,1),(18,126,1),(18,263,1),(18,340,1),(18,559,1),(18,562,1),(18,563,1),(18,564,1),(18,565,1),(18,566,1),(18,567,1),(18,568,1),(18,569,1),(18,570,1),(18,571,1),(18,572,1),(18,573,1),(18,574,1),(18,575,1),(18,576,1),(18,578,2),(18,579,2),(18,580,2),(18,581,2),(18,141,3),(18,142,3),(18,557,3),(18,558,3),(18,560,3),(18,561,3),(18,577,3),(18,3,6),(18,556,7),(18,555,8),(18,6,50),(19,132,1),(19,245,1),(19,246,1),(19,249,1),(19,252,1),(19,253,1),(19,254,1),(19,255,1),(19,256,1),(19,257,1),(19,258,1),(19,259,1),(19,260,1),(19,261,1),(19,676,1),(19,677,1),(19,678,1),(19,679,1),(19,680,1),(19,681,1),(19,682,1),(19,683,1),(19,684,1),(19,685,1),(19,686,1),(19,30,3),(19,31,3),(19,244,3),(19,262,3),(19,263,3),(19,675,6),(19,243,8),(19,6,10);

--
-- Table structure for table `ps_search_word`
--

CREATE TABLE `ps_search_word` (
  `id_word` int unsigned NOT NULL AUTO_INCREMENT,
  `id_shop` int unsigned NOT NULL DEFAULT '1',
  `id_lang` int unsigned NOT NULL,
  `word` varchar(30) NOT NULL,
  PRIMARY KEY (`id_word`),
  UNIQUE KEY `id_lang` (`id_lang`,`id_shop`,`word`)
) ENGINE=InnoDB AUTO_INCREMENT=688 DEFAULT CHARSET=utf8mb4 COLLATE=utf8mb4_0900_ai_ci;

--
-- Dumping data for table `ps_search_word`
--

INSERT INTO `ps_search_word` VALUES (686,1,1,'---'),(257,1,1,'043kg'),(58,1,1,'100'),(557,1,1,'120'),(562,1,1,'16x22cm'),(246,1,1,'325ml'),(344,1,1,'32x32cm'),(143,1,1,'40x60cm'),(144,1,1,'60x90cm'),(145,1,1,'80x120cm'),(253,1,1,'82cm'),(573,1,1,'90g'),(255,1,1,'95cm'),(262,1,1,'accessoires'),(149,1,1,'adventure'),(101,1,1,'affiche'),(345,1,1,'ajoutera'),(306,1,1,'ajoutez'),(363,1,1,'amovible'),(140,1,1,'art'),(569,1,1,'attachant'),(34,1,1,'aux'),(275,1,1,'aventure'),(463,1,1,'avez'),(36,1,1,'basiques'),(150,1,1,'begins'),(124,1,1,'bel'),(104,1,1,'best'),(54,1,1,'black'),(245,1,1,'blanche'),(130,1,1,'bois'),(60,1,1,'brosse'),(377,1,1,'brun'),(126,1,1,'bureau'),(129,1,1,'cadre'),(278,1,1,'cafe'),(349,1,1,'canape'),(685,1,1,'caracteres'),(555,1,1,'carnet'),(560,1,1,'carton'),(244,1,1,'ceramique'),(120,1,1,'cette'),(121,1,1,'chargee'),(44,1,1,'chino'),(682,1,1,'choisir'),(678,1,1,'choix'),(681,1,1,'citation'),(8,1,1,'classique'),(9,1,1,'col'),(3,1,1,'colibri'),(27,1,1,'collection'),(348,1,1,'coloree'),(38,1,1,'colores'),(106,1,1,'come'),(276,1,1,'commence'),(247,1,1,'commencez'),(462,1,1,'commerciale'),(62,1,1,'confort'),(280,1,1,'conquete'),(564,1,1,'consigner'),(142,1,1,'corner'),(13,1,1,'coton'),(56,1,1,'cotton'),(52,1,1,'couleurs'),(7,1,1,'coupe'),(35,1,1,'coupes'),(12,1,1,'courtes'),(339,1,1,'coussin'),(559,1,1,'couverture'),(465,1,1,'creatif'),(26,1,1,'curiosite'),(198,1,1,'day'),(353,1,1,'deco'),(341,1,1,'dehoussable'),(23,1,1,'delicatesse'),(308,1,1,'demarrez'),(6,1,1,'demo'),(31,1,1,'design'),(252,1,1,'diametre'),(312,1,1,'difficile'),(570,1,1,'donneront'),(575,1,1,'double'),(572,1,1,'ecrire'),(125,1,1,'effet'),(102,1,1,'encadree'),(571,1,1,'envie'),(24,1,1,'evoque'),(15,1,1,'extra'),(20,1,1,'extra-fin'),(19,1,1,'extrafin'),(568,1,1,'fabrication'),(350,1,1,'fauteuil'),(63,1,1,'femmes'),(17,1,1,'fibres'),(16,1,1,'fin'),(110,1,1,'finition'),(454,1,1,'format'),(25,1,1,'gaiete'),(49,1,1,'garantit'),(197,1,1,'good'),(141,1,1,'graphic'),(347,1,1,'graphique'),(254,1,1,'hauteur'),(53,1,1,'hommes'),(358,1,1,'housse'),(679,1,1,'humeur'),(362,1,1,'hypoallergeniqu'),(563,1,1,'ideal'),(565,1,1,'idees'),(451,1,1,'illustration'),(453,1,1,'image'),(47,1,1,'impression'),(2,1,1,'imprime'),(107,1,1,'imprimee'),(566,1,1,'ingenieuses'),(39,1,1,'inspires'),(134,1,1,'integre'),(59,1,1,'interieur'),(343,1,1,'invisible'),(356,1,1,'invite'),(41,1,1,'japonais'),(45,1,1,'jean'),(248,1,1,'journee'),(310,1,1,'jours'),(359,1,1,'lavable'),(258,1,1,'lave'),(261,1,1,'lave-vaisselle'),(260,1,1,'lavevaisselle'),(22,1,1,'legerete'),(578,1,1,'ligne'),(469,1,1,'limite'),(113,1,1,'lisse'),(351,1,1,'lit'),(51,1,1,'longevite'),(18,1,1,'longues'),(360,1,1,'machine'),(263,1,1,'maison'),(11,1,1,'manches'),(29,1,1,'marque'),(146,1,1,'mat'),(111,1,1,'mate'),(684,1,1,'maximum'),(114,1,1,'meilleur'),(680,1,1,'message'),(466,1,1,'mesure'),(354,1,1,'moderne'),(243,1,1,'mug'),(119,1,1,'murs'),(683,1,1,'nombre'),(461,1,1,'non'),(556,1,1,'notes'),(307,1,1,'nuage'),(127,1,1,'open'),(138,1,1,'open-space'),(136,1,1,'openspace'),(352,1,1,'optez'),(122,1,1,'optimisme'),(40,1,1,'origamis'),(376,1,1,'ours'),(541,1,1,'pack'),(558,1,1,'pages'),(577,1,1,'papeterie'),(108,1,1,'papier'),(117,1,1,'parler'),(279,1,1,'partez'),(480,1,1,'particulier'),(133,1,1,'partout'),(132,1,1,'passe'),(139,1,1,'passe-partout'),(137,1,1,'passepartout'),(131,1,1,'peint'),(250,1,1,'pensee'),(675,1,1,'personnalisable'),(676,1,1,'personnalisez'),(460,1,1,'personnelle'),(33,1,1,'pieces'),(309,1,1,'pied'),(14,1,1,'pima'),(61,1,1,'plus'),(256,1,1,'poids'),(581,1,1,'pointilles'),(361,1,1,'polyester'),(28,1,1,'polyfaune'),(43,1,1,'porter'),(251,1,1,'positive'),(459,1,1,'privee'),(46,1,1,'procede'),(135,1,1,'profondeur'),(464,1,1,'projet'),(32,1,1,'propose'),(57,1,1,'pull'),(580,1,1,'quadrille'),(50,1,1,'qualite'),(561,1,1,'recycle'),(357,1,1,'relaxation'),(574,1,1,'reliure'),(340,1,1,'renard'),(115,1,1,'reste'),(311,1,1,'reveil'),(109,1,1,'rigide'),(10,1,1,'rond'),(123,1,1,'sera'),(1,1,1,'shirt'),(128,1,1,'space'),(576,1,1,'spirale'),(30,1,1,'studio'),(48,1,1,'sublimation'),(468,1,1,'support'),(472,1,1,'sur-mesure'),(112,1,1,'surface'),(471,1,1,'surmesure'),(455,1,1,'svg'),(21,1,1,'symbole'),(5,1,1,'t-shirt'),(470,1,1,'taille'),(277,1,1,'tasse'),(456,1,1,'telechargement'),(677,1,1,'texte'),(103,1,1,'the'),(196,1,1,'today'),(346,1,1,'touche'),(42,1,1,'traditionnels'),(4,1,1,'tshirt'),(249,1,1,'une'),(458,1,1,'utilisation'),(467,1,1,'utilisee'),(259,1,1,'vaisselle'),(452,1,1,'vectorielle'),(116,1,1,'venir'),(579,1,1,'vierge'),(37,1,1,'visuels'),(118,1,1,'vos'),(567,1,1,'voyage'),(457,1,1,'vue'),(55,1,1,'white'),(105,1,1,'yet'),(355,1,1,'zen'),(342,1,1,'zip');

--
-- Table structure for table `ps_sekeyword`
--

CREATE TABLE `ps_sekeyword` (
  `id_sekeyword` int unsigned NOT NULL AUTO_INCREMENT,
  `id_shop` int unsigned NOT NULL DEFAULT '1',
  `id_shop_group` int unsigned NOT NULL DEFAULT '1',
  `keyword` varchar(256) NOT NULL,
  `date_add` datetime NOT NULL,
  PRIMARY KEY (`id_sekeyword`)
) ENGINE=InnoDB DEFAULT CHARSET=utf8;

--
-- Dumping data for table `ps_sekeyword`
--


--
-- Table structure for table `ps_shop`
--

CREATE TABLE `ps_shop` (
  `id_shop` int NOT NULL AUTO_INCREMENT,
  `id_shop_group` int NOT NULL,
  `name` varchar(64) COLLATE utf8mb4_unicode_ci NOT NULL,
  `id_category` int NOT NULL,
  `theme_name` varchar(255) COLLATE utf8mb4_unicode_ci NOT NULL,
  `active` tinyint(1) NOT NULL,
  `deleted` tinyint(1) NOT NULL,
  PRIMARY KEY (`id_shop`),
  KEY `IDX_CBDFBB9EF5C9E40` (`id_shop_group`)
) ENGINE=InnoDB AUTO_INCREMENT=2 DEFAULT CHARSET=utf8mb4 COLLATE=utf8mb4_unicode_ci;

--
-- Dumping data for table `ps_shop`
--

INSERT INTO `ps_shop` VALUES (1,1,'prestashop_1.7.7.5_Edi',2,'classic',1,0);

--
-- Table structure for table `ps_shop_group`
--

CREATE TABLE `ps_shop_group` (
  `id_shop_group` int NOT NULL AUTO_INCREMENT,
  `name` varchar(64) COLLATE utf8mb4_unicode_ci NOT NULL,
  `share_customer` tinyint(1) NOT NULL,
  `share_order` tinyint(1) NOT NULL,
  `share_stock` tinyint(1) NOT NULL,
  `active` tinyint(1) NOT NULL,
  `deleted` tinyint(1) NOT NULL,
  PRIMARY KEY (`id_shop_group`)
) ENGINE=InnoDB AUTO_INCREMENT=2 DEFAULT CHARSET=utf8mb4 COLLATE=utf8mb4_unicode_ci;

--
-- Dumping data for table `ps_shop_group`
--

INSERT INTO `ps_shop_group` VALUES (1,'Default',0,0,0,1,0);

--
-- Table structure for table `ps_shop_url`
--

CREATE TABLE `ps_shop_url` (
  `id_shop_url` int unsigned NOT NULL AUTO_INCREMENT,
  `id_shop` int unsigned NOT NULL,
  `domain` varchar(150) NOT NULL,
  `domain_ssl` varchar(150) NOT NULL,
  `physical_uri` varchar(64) NOT NULL,
  `virtual_uri` varchar(64) NOT NULL,
  `main` tinyint(1) NOT NULL,
  `active` tinyint(1) NOT NULL,
  PRIMARY KEY (`id_shop_url`),
  UNIQUE KEY `full_shop_url` (`domain`,`physical_uri`,`virtual_uri`),
  UNIQUE KEY `full_shop_url_ssl` (`domain_ssl`,`physical_uri`,`virtual_uri`),
  KEY `id_shop` (`id_shop`,`main`)
) ENGINE=InnoDB AUTO_INCREMENT=2 DEFAULT CHARSET=utf8mb4 COLLATE=utf8mb4_0900_ai_ci;

--
-- Dumping data for table `ps_shop_url`
--

INSERT INTO `ps_shop_url` VALUES (1,1,'157.230.77.198','157.230.77.198','/edasilvamendes/public_html/CMS/Prestashop/prestashop_1.7.7.5/','',1,1);

--
-- Table structure for table `ps_smarty_cache`
--

CREATE TABLE `ps_smarty_cache` (
  `id_smarty_cache` char(40) NOT NULL,
  `name` char(40) NOT NULL,
  `cache_id` varchar(254) DEFAULT NULL,
  `modified` timestamp NOT NULL DEFAULT CURRENT_TIMESTAMP,
  `content` longtext NOT NULL,
  PRIMARY KEY (`id_smarty_cache`),
  KEY `name` (`name`),
  KEY `cache_id` (`cache_id`),
  KEY `modified` (`modified`)
) ENGINE=InnoDB DEFAULT CHARSET=utf8mb4 COLLATE=utf8mb4_0900_ai_ci;

--
-- Dumping data for table `ps_smarty_cache`
--


--
-- Table structure for table `ps_smarty_last_flush`
--

CREATE TABLE `ps_smarty_last_flush` (
  `type` enum('compile','template') NOT NULL,
  `last_flush` datetime NOT NULL DEFAULT '0000-00-00 00:00:00',
  PRIMARY KEY (`type`)
) ENGINE=InnoDB DEFAULT CHARSET=utf8mb4 COLLATE=utf8mb4_0900_ai_ci;

--
-- Dumping data for table `ps_smarty_last_flush`
--


--
-- Table structure for table `ps_smarty_lazy_cache`
--

CREATE TABLE `ps_smarty_lazy_cache` (
  `template_hash` varchar(32) NOT NULL DEFAULT '',
  `cache_id` varchar(191) NOT NULL DEFAULT '',
  `compile_id` varchar(32) NOT NULL DEFAULT '',
  `filepath` varchar(255) NOT NULL DEFAULT '',
  `last_update` datetime NOT NULL DEFAULT '0000-00-00 00:00:00',
  PRIMARY KEY (`template_hash`,`cache_id`,`compile_id`)
) ENGINE=InnoDB DEFAULT CHARSET=utf8mb4 COLLATE=utf8mb4_0900_ai_ci;

--
-- Dumping data for table `ps_smarty_lazy_cache`
--


--
-- Table structure for table `ps_specific_price`
--

CREATE TABLE `ps_specific_price` (
  `id_specific_price` int unsigned NOT NULL AUTO_INCREMENT,
  `id_specific_price_rule` int unsigned NOT NULL,
  `id_cart` int unsigned NOT NULL,
  `id_product` int unsigned NOT NULL,
  `id_shop` int unsigned NOT NULL DEFAULT '1',
  `id_shop_group` int unsigned NOT NULL,
  `id_currency` int unsigned NOT NULL,
  `id_country` int unsigned NOT NULL,
  `id_group` int unsigned NOT NULL,
  `id_customer` int unsigned NOT NULL,
  `id_product_attribute` int unsigned NOT NULL,
  `price` decimal(20,6) NOT NULL,
  `from_quantity` mediumint unsigned NOT NULL,
  `reduction` decimal(20,6) NOT NULL,
  `reduction_tax` tinyint(1) NOT NULL DEFAULT '1',
  `reduction_type` enum('amount','percentage') NOT NULL,
  `from` datetime NOT NULL,
  `to` datetime NOT NULL,
  PRIMARY KEY (`id_specific_price`),
  UNIQUE KEY `id_product_2` (`id_product`,`id_product_attribute`,`id_customer`,`id_cart`,`from`,`to`,`id_shop`,`id_shop_group`,`id_currency`,`id_country`,`id_group`,`from_quantity`,`id_specific_price_rule`),
  KEY `id_product` (`id_product`,`id_shop`,`id_currency`,`id_country`,`id_group`,`id_customer`,`from_quantity`,`from`,`to`),
  KEY `from_quantity` (`from_quantity`),
  KEY `id_specific_price_rule` (`id_specific_price_rule`),
  KEY `id_cart` (`id_cart`),
  KEY `id_product_attribute` (`id_product_attribute`),
  KEY `id_shop` (`id_shop`),
  KEY `id_customer` (`id_customer`),
  KEY `from` (`from`),
  KEY `to` (`to`)
) ENGINE=InnoDB AUTO_INCREMENT=3 DEFAULT CHARSET=utf8mb4 COLLATE=utf8mb4_0900_ai_ci;

--
-- Dumping data for table `ps_specific_price`
--

INSERT INTO `ps_specific_price` VALUES (1,0,0,1,0,0,0,0,0,0,0,-1.000000,1,0.200000,1,'percentage','0000-00-00 00:00:00','0000-00-00 00:00:00'),(2,0,0,2,0,0,0,0,0,0,0,-1.000000,1,0.200000,1,'percentage','0000-00-00 00:00:00','0000-00-00 00:00:00');

--
-- Table structure for table `ps_specific_price_priority`
--

CREATE TABLE `ps_specific_price_priority` (
  `id_specific_price_priority` int NOT NULL AUTO_INCREMENT,
  `id_product` int NOT NULL,
  `priority` varchar(80) NOT NULL,
  PRIMARY KEY (`id_specific_price_priority`,`id_product`),
  UNIQUE KEY `id_product` (`id_product`)
) ENGINE=InnoDB DEFAULT CHARSET=utf8mb4 COLLATE=utf8mb4_0900_ai_ci;

--
-- Dumping data for table `ps_specific_price_priority`
--


--
-- Table structure for table `ps_specific_price_rule`
--

CREATE TABLE `ps_specific_price_rule` (
  `id_specific_price_rule` int unsigned NOT NULL AUTO_INCREMENT,
  `name` varchar(255) NOT NULL,
  `id_shop` int unsigned NOT NULL DEFAULT '1',
  `id_currency` int unsigned NOT NULL,
  `id_country` int unsigned NOT NULL,
  `id_group` int unsigned NOT NULL,
  `from_quantity` mediumint unsigned NOT NULL,
  `price` decimal(20,6) DEFAULT NULL,
  `reduction` decimal(20,6) NOT NULL,
  `reduction_tax` tinyint(1) NOT NULL DEFAULT '1',
  `reduction_type` enum('amount','percentage') NOT NULL,
  `from` datetime NOT NULL,
  `to` datetime NOT NULL,
  PRIMARY KEY (`id_specific_price_rule`),
  KEY `id_product` (`id_shop`,`id_currency`,`id_country`,`id_group`,`from_quantity`,`from`,`to`)
) ENGINE=InnoDB DEFAULT CHARSET=utf8mb4 COLLATE=utf8mb4_0900_ai_ci;

--
-- Dumping data for table `ps_specific_price_rule`
--


--
-- Table structure for table `ps_specific_price_rule_condition`
--

CREATE TABLE `ps_specific_price_rule_condition` (
  `id_specific_price_rule_condition` int unsigned NOT NULL AUTO_INCREMENT,
  `id_specific_price_rule_condition_group` int unsigned NOT NULL,
  `type` varchar(255) NOT NULL,
  `value` varchar(255) NOT NULL,
  PRIMARY KEY (`id_specific_price_rule_condition`),
  KEY `id_specific_price_rule_condition_group` (`id_specific_price_rule_condition_group`)
) ENGINE=InnoDB DEFAULT CHARSET=utf8mb4 COLLATE=utf8mb4_0900_ai_ci;

--
-- Dumping data for table `ps_specific_price_rule_condition`
--


--
-- Table structure for table `ps_specific_price_rule_condition_group`
--

CREATE TABLE `ps_specific_price_rule_condition_group` (
  `id_specific_price_rule_condition_group` int unsigned NOT NULL AUTO_INCREMENT,
  `id_specific_price_rule` int unsigned NOT NULL,
  PRIMARY KEY (`id_specific_price_rule_condition_group`,`id_specific_price_rule`)
) ENGINE=InnoDB DEFAULT CHARSET=utf8mb4 COLLATE=utf8mb4_0900_ai_ci;

--
-- Dumping data for table `ps_specific_price_rule_condition_group`
--


--
-- Table structure for table `ps_state`
--

CREATE TABLE `ps_state` (
  `id_state` int unsigned NOT NULL AUTO_INCREMENT,
  `id_country` int unsigned NOT NULL,
  `id_zone` int unsigned NOT NULL,
  `name` varchar(64) NOT NULL,
  `iso_code` varchar(7) NOT NULL,
  `tax_behavior` smallint NOT NULL DEFAULT '0',
  `active` tinyint(1) NOT NULL DEFAULT '0',
  PRIMARY KEY (`id_state`),
  KEY `id_country` (`id_country`),
  KEY `name` (`name`),
  KEY `id_zone` (`id_zone`)
) ENGINE=InnoDB AUTO_INCREMENT=353 DEFAULT CHARSET=utf8mb4 COLLATE=utf8mb4_0900_ai_ci;

--
-- Dumping data for table `ps_state`
--

INSERT INTO `ps_state` VALUES (1,21,2,'AA','AA',0,1),(2,21,2,'AE','AE',0,1),(3,21,2,'AP','AP',0,1),(4,21,2,'Alabama','AL',0,1),(5,21,2,'Alaska','AK',0,1),(6,21,2,'Arizona','AZ',0,1),(7,21,2,'Arkansas','AR',0,1),(8,21,2,'California','CA',0,1),(9,21,2,'Colorado','CO',0,1),(10,21,2,'Connecticut','CT',0,1),(11,21,2,'Delaware','DE',0,1),(12,21,2,'Florida','FL',0,1),(13,21,2,'Georgia','GA',0,1),(14,21,2,'Hawaii','HI',0,1),(15,21,2,'Idaho','ID',0,1),(16,21,2,'Illinois','IL',0,1),(17,21,2,'Indiana','IN',0,1),(18,21,2,'Iowa','IA',0,1),(19,21,2,'Kansas','KS',0,1),(20,21,2,'Kentucky','KY',0,1),(21,21,2,'Louisiana','LA',0,1),(22,21,2,'Maine','ME',0,1),(23,21,2,'Maryland','MD',0,1),(24,21,2,'Massachusetts','MA',0,1),(25,21,2,'Michigan','MI',0,1),(26,21,2,'Minnesota','MN',0,1),(27,21,2,'Mississippi','MS',0,1),(28,21,2,'Missouri','MO',0,1),(29,21,2,'Montana','MT',0,1),(30,21,2,'Nebraska','NE',0,1),(31,21,2,'Nevada','NV',0,1),(32,21,2,'New Hampshire','NH',0,1),(33,21,2,'New Jersey','NJ',0,1),(34,21,2,'New Mexico','NM',0,1),(35,21,2,'New York','NY',0,1),(36,21,2,'North Carolina','NC',0,1),(37,21,2,'North Dakota','ND',0,1),(38,21,2,'Ohio','OH',0,1),(39,21,2,'Oklahoma','OK',0,1),(40,21,2,'Oregon','OR',0,1),(41,21,2,'Pennsylvania','PA',0,1),(42,21,2,'Rhode Island','RI',0,1),(43,21,2,'South Carolina','SC',0,1),(44,21,2,'South Dakota','SD',0,1),(45,21,2,'Tennessee','TN',0,1),(46,21,2,'Texas','TX',0,1),(47,21,2,'Utah','UT',0,1),(48,21,2,'Vermont','VT',0,1),(49,21,2,'Virginia','VA',0,1),(50,21,2,'Washington','WA',0,1),(51,21,2,'West Virginia','WV',0,1),(52,21,2,'Wisconsin','WI',0,1),(53,21,2,'Wyoming','WY',0,1),(54,21,2,'Puerto Rico','PR',0,1),(55,21,2,'US Virgin Islands','VI',0,1),(56,21,2,'District of Columbia','DC',0,1),(57,145,2,'Aguascalientes','AGS',0,1),(58,145,2,'Baja California','BCN',0,1),(59,145,2,'Baja California Sur','BCS',0,1),(60,145,2,'Campeche','CAM',0,1),(61,145,2,'Chiapas','CHP',0,1),(62,145,2,'Chihuahua','CHH',0,1),(63,145,2,'Coahuila','COA',0,1),(64,145,2,'Colima','COL',0,1),(65,145,2,'Distrito Federal','DIF',0,1),(66,145,2,'Durango','DUR',0,1),(67,145,2,'Guanajuato','GUA',0,1),(68,145,2,'Guerrero','GRO',0,1),(69,145,2,'Hidalgo','HID',0,1),(70,145,2,'Jalisco','JAL',0,1),(71,145,2,'Estado de México','MEX',0,1),(72,145,2,'Michoacán','MIC',0,1),(73,145,2,'Morelos','MOR',0,1),(74,145,2,'Nayarit','NAY',0,1),(75,145,2,'Nuevo León','NLE',0,1),(76,145,2,'Oaxaca','OAX',0,1),(77,145,2,'Puebla','PUE',0,1),(78,145,2,'Querétaro','QUE',0,1),(79,145,2,'Quintana Roo','ROO',0,1),(80,145,2,'San Luis Potosí','SLP',0,1),(81,145,2,'Sinaloa','SIN',0,1),(82,145,2,'Sonora','SON',0,1),(83,145,2,'Tabasco','TAB',0,1),(84,145,2,'Tamaulipas','TAM',0,1),(85,145,2,'Tlaxcala','TLA',0,1),(86,145,2,'Veracruz','VER',0,1),(87,145,2,'Yucatán','YUC',0,1),(88,145,2,'Zacatecas','ZAC',0,1),(89,4,2,'Ontario','ON',0,1),(90,4,2,'Quebec','QC',0,1),(91,4,2,'British Columbia','BC',0,1),(92,4,2,'Alberta','AB',0,1),(93,4,2,'Manitoba','MB',0,1),(94,4,2,'Saskatchewan','SK',0,1),(95,4,2,'Nova Scotia','NS',0,1),(96,4,2,'New Brunswick','NB',0,1),(97,4,2,'Newfoundland and Labrador','NL',0,1),(98,4,2,'Prince Edward Island','PE',0,1),(99,4,2,'Northwest Territories','NT',0,1),(100,4,2,'Yukon','YT',0,1),(101,4,2,'Nunavut','NU',0,1),(102,44,6,'Buenos Aires','B',0,1),(103,44,6,'Catamarca','K',0,1),(104,44,6,'Chaco','H',0,1),(105,44,6,'Chubut','U',0,1),(106,44,6,'Ciudad de Buenos Aires','C',0,1),(107,44,6,'Córdoba','X',0,1),(108,44,6,'Corrientes','W',0,1),(109,44,6,'Entre Ríos','E',0,1),(110,44,6,'Formosa','P',0,1),(111,44,6,'Jujuy','Y',0,1),(112,44,6,'La Pampa','L',0,1),(113,44,6,'La Rioja','F',0,1),(114,44,6,'Mendoza','M',0,1),(115,44,6,'Misiones','N',0,1),(116,44,6,'Neuquén','Q',0,1),(117,44,6,'Río Negro','R',0,1),(118,44,6,'Salta','A',0,1),(119,44,6,'San Juan','J',0,1),(120,44,6,'San Luis','D',0,1),(121,44,6,'Santa Cruz','Z',0,1),(122,44,6,'Santa Fe','S',0,1),(123,44,6,'Santiago del Estero','G',0,1),(124,44,6,'Tierra del Fuego','V',0,1),(125,44,6,'Tucumán','T',0,1),(126,10,1,'Agrigento','AG',0,1),(127,10,1,'Alessandria','AL',0,1),(128,10,1,'Ancona','AN',0,1),(129,10,1,'Aosta','AO',0,1),(130,10,1,'Arezzo','AR',0,1),(131,10,1,'Ascoli Piceno','AP',0,1),(132,10,1,'Asti','AT',0,1),(133,10,1,'Avellino','AV',0,1),(134,10,1,'Bari','BA',0,1),(135,10,1,'Barletta-Andria-Trani','BT',0,1),(136,10,1,'Belluno','BL',0,1),(137,10,1,'Benevento','BN',0,1),(138,10,1,'Bergamo','BG',0,1),(139,10,1,'Biella','BI',0,1),(140,10,1,'Bologna','BO',0,1),(141,10,1,'Bolzano','BZ',0,1),(142,10,1,'Brescia','BS',0,1),(143,10,1,'Brindisi','BR',0,1),(144,10,1,'Cagliari','CA',0,1),(145,10,1,'Caltanissetta','CL',0,1),(146,10,1,'Campobasso','CB',0,1),(147,10,1,'Carbonia-Iglesias','CI',0,1),(148,10,1,'Caserta','CE',0,1),(149,10,1,'Catania','CT',0,1),(150,10,1,'Catanzaro','CZ',0,1),(151,10,1,'Chieti','CH',0,1),(152,10,1,'Como','CO',0,1),(153,10,1,'Cosenza','CS',0,1),(154,10,1,'Cremona','CR',0,1),(155,10,1,'Crotone','KR',0,1),(156,10,1,'Cuneo','CN',0,1),(157,10,1,'Enna','EN',0,1),(158,10,1,'Fermo','FM',0,1),(159,10,1,'Ferrara','FE',0,1),(160,10,1,'Firenze','FI',0,1),(161,10,1,'Foggia','FG',0,1),(162,10,1,'Forlì-Cesena','FC',0,1),(163,10,1,'Frosinone','FR',0,1),(164,10,1,'Genova','GE',0,1),(165,10,1,'Gorizia','GO',0,1),(166,10,1,'Grosseto','GR',0,1),(167,10,1,'Imperia','IM',0,1),(168,10,1,'Isernia','IS',0,1),(169,10,1,'L\'Aquila','AQ',0,1),(170,10,1,'La Spezia','SP',0,1),(171,10,1,'Latina','LT',0,1),(172,10,1,'Lecce','LE',0,1),(173,10,1,'Lecco','LC',0,1),(174,10,1,'Livorno','LI',0,1),(175,10,1,'Lodi','LO',0,1),(176,10,1,'Lucca','LU',0,1),(177,10,1,'Macerata','MC',0,1),(178,10,1,'Mantova','MN',0,1),(179,10,1,'Massa','MS',0,1),(180,10,1,'Matera','MT',0,1),(181,10,1,'Medio Campidano','VS',0,1),(182,10,1,'Messina','ME',0,1),(183,10,1,'Milano','MI',0,1),(184,10,1,'Modena','MO',0,1),(185,10,1,'Monza e della Brianza','MB',0,1),(186,10,1,'Napoli','NA',0,1),(187,10,1,'Novara','NO',0,1),(188,10,1,'Nuoro','NU',0,1),(189,10,1,'Ogliastra','OG',0,1),(190,10,1,'Olbia-Tempio','OT',0,1),(191,10,1,'Oristano','OR',0,1),(192,10,1,'Padova','PD',0,1),(193,10,1,'Palermo','PA',0,1),(194,10,1,'Parma','PR',0,1),(195,10,1,'Pavia','PV',0,1),(196,10,1,'Perugia','PG',0,1),(197,10,1,'Pesaro-Urbino','PU',0,1),(198,10,1,'Pescara','PE',0,1),(199,10,1,'Piacenza','PC',0,1),(200,10,1,'Pisa','PI',0,1),(201,10,1,'Pistoia','PT',0,1),(202,10,1,'Pordenone','PN',0,1),(203,10,1,'Potenza','PZ',0,1),(204,10,1,'Prato','PO',0,1),(205,10,1,'Ragusa','RG',0,1),(206,10,1,'Ravenna','RA',0,1),(207,10,1,'Reggio Calabria','RC',0,1),(208,10,1,'Reggio Emilia','RE',0,1),(209,10,1,'Rieti','RI',0,1),(210,10,1,'Rimini','RN',0,1),(211,10,1,'Roma','RM',0,1),(212,10,1,'Rovigo','RO',0,1),(213,10,1,'Salerno','SA',0,1),(214,10,1,'Sassari','SS',0,1),(215,10,1,'Savona','SV',0,1),(216,10,1,'Siena','SI',0,1),(217,10,1,'Siracusa','SR',0,1),(218,10,1,'Sondrio','SO',0,1),(219,10,1,'Taranto','TA',0,1),(220,10,1,'Teramo','TE',0,1),(221,10,1,'Terni','TR',0,1),(222,10,1,'Torino','TO',0,1),(223,10,1,'Trapani','TP',0,1),(224,10,1,'Trento','TN',0,1),(225,10,1,'Treviso','TV',0,1),(226,10,1,'Trieste','TS',0,1),(227,10,1,'Udine','UD',0,1),(228,10,1,'Varese','VA',0,1),(229,10,1,'Venezia','VE',0,1),(230,10,1,'Verbano-Cusio-Ossola','VB',0,1),(231,10,1,'Vercelli','VC',0,1),(232,10,1,'Verona','VR',0,1),(233,10,1,'Vibo Valentia','VV',0,1),(234,10,1,'Vicenza','VI',0,1),(235,10,1,'Viterbo','VT',0,1),(236,111,3,'Aceh','ID-AC',0,1),(237,111,3,'Bali','ID-BA',0,1),(238,111,3,'Banten','ID-BT',0,1),(239,111,3,'Bengkulu','ID-BE',0,1),(240,111,3,'Gorontalo','ID-GO',0,1),(241,111,3,'Jakarta','ID-JK',0,1),(242,111,3,'Jambi','ID-JA',0,1),(243,111,3,'Jawa Barat','ID-JB',0,1),(244,111,3,'Jawa Tengah','ID-JT',0,1),(245,111,3,'Jawa Timur','ID-JI',0,1),(246,111,3,'Kalimantan Barat','ID-KB',0,1),(247,111,3,'Kalimantan Selatan','ID-KS',0,1),(248,111,3,'Kalimantan Tengah','ID-KT',0,1),(249,111,3,'Kalimantan Timur','ID-KI',0,1),(250,111,3,'Kalimantan Utara','ID-KU',0,1),(251,111,3,'Kepulauan Bangka Belitug','ID-BB',0,1),(252,111,3,'Kepulauan Riau','ID-KR',0,1),(253,111,3,'Lampung','ID-LA',0,1),(254,111,3,'Maluku','ID-MA',0,1),(255,111,3,'Maluku Utara','ID-MU',0,1),(256,111,3,'Nusa Tengara Barat','ID-NB',0,1),(257,111,3,'Nusa Tenggara Timur','ID-NT',0,1),(258,111,3,'Papua','ID-PA',0,1),(259,111,3,'Papua Barat','ID-PB',0,1),(260,111,3,'Riau','ID-RI',0,1),(261,111,3,'Sulawesi Barat','ID-SR',0,1),(262,111,3,'Sulawesi Selatan','ID-SN',0,1),(263,111,3,'Sulawesi Tengah','ID-ST',0,1),(264,111,3,'Sulawesi Tenggara','ID-SG',0,1),(265,111,3,'Sulawesi Utara','ID-SA',0,1),(266,111,3,'Sumatera Barat','ID-SB',0,1),(267,111,3,'Sumatera Selatan','ID-SS',0,1),(268,111,3,'Sumatera Utara','ID-SU',0,1),(269,111,3,'Yogyakarta','ID-YO',0,1),(270,11,3,'Aichi','23',0,1),(271,11,3,'Akita','05',0,1),(272,11,3,'Aomori','02',0,1),(273,11,3,'Chiba','12',0,1),(274,11,3,'Ehime','38',0,1),(275,11,3,'Fukui','18',0,1),(276,11,3,'Fukuoka','40',0,1),(277,11,3,'Fukushima','07',0,1),(278,11,3,'Gifu','21',0,1),(279,11,3,'Gunma','10',0,1),(280,11,3,'Hiroshima','34',0,1),(281,11,3,'Hokkaido','01',0,1),(282,11,3,'Hyogo','28',0,1),(283,11,3,'Ibaraki','08',0,1),(284,11,3,'Ishikawa','17',0,1),(285,11,3,'Iwate','03',0,1),(286,11,3,'Kagawa','37',0,1),(287,11,3,'Kagoshima','46',0,1),(288,11,3,'Kanagawa','14',0,1),(289,11,3,'Kochi','39',0,1),(290,11,3,'Kumamoto','43',0,1),(291,11,3,'Kyoto','26',0,1),(292,11,3,'Mie','24',0,1),(293,11,3,'Miyagi','04',0,1),(294,11,3,'Miyazaki','45',0,1),(295,11,3,'Nagano','20',0,1),(296,11,3,'Nagasaki','42',0,1),(297,11,3,'Nara','29',0,1),(298,11,3,'Niigata','15',0,1),(299,11,3,'Oita','44',0,1),(300,11,3,'Okayama','33',0,1),(301,11,3,'Okinawa','47',0,1),(302,11,3,'Osaka','27',0,1),(303,11,3,'Saga','41',0,1),(304,11,3,'Saitama','11',0,1),(305,11,3,'Shiga','25',0,1),(306,11,3,'Shimane','32',0,1),(307,11,3,'Shizuoka','22',0,1),(308,11,3,'Tochigi','09',0,1),(309,11,3,'Tokushima','36',0,1),(310,11,3,'Tokyo','13',0,1),(311,11,3,'Tottori','31',0,1),(312,11,3,'Toyama','16',0,1),(313,11,3,'Wakayama','30',0,1),(314,11,3,'Yamagata','06',0,1),(315,11,3,'Yamaguchi','35',0,1),(316,11,3,'Yamanashi','19',0,1),(317,24,5,'Australian Capital Territory','ACT',0,1),(318,24,5,'New South Wales','NSW',0,1),(319,24,5,'Northern Territory','NT',0,1),(320,24,5,'Queensland','QLD',0,1),(321,24,5,'South Australia','SA',0,1),(322,24,5,'Tasmania','TAS',0,1),(323,24,5,'Victoria','VIC',0,1),(324,24,5,'Western Australia','WA',0,1),(325,110,3,'Andhra Pradesh','AP',0,1),(326,110,3,'Arunachal Pradesh','AR',0,1),(327,110,3,'Assam','AS',0,1),(328,110,3,'Bihar','BR',0,1),(329,110,3,'Chhattisgarh','CT',0,1),(330,110,3,'Goa','GA',0,1),(331,110,3,'Gujarat','GJ',0,1),(332,110,3,'Haryana','HR',0,1),(333,110,3,'Himachal Pradesh','HP',0,1),(334,110,3,'Jharkhand','JH',0,1),(335,110,3,'Karnataka','KA',0,1),(336,110,3,'Kerala','KL',0,1),(337,110,3,'Madhya Pradesh','MP',0,1),(338,110,3,'Maharashtra','MH',0,1),(339,110,3,'Manipur','MN',0,1),(340,110,3,'Meghalaya','ML',0,1),(341,110,3,'Mizoram','MZ',0,1),(342,110,3,'Nagaland','NL',0,1),(343,110,3,'Odisha','OR',0,1),(344,110,3,'Punjab','PB',0,1),(345,110,3,'Rajasthan','RJ',0,1),(346,110,3,'Sikkim','SK',0,1),(347,110,3,'Tamil Nadu','TN',0,1),(348,110,3,'Telangana','TG',0,1),(349,110,3,'Tripura','TR',0,1),(350,110,3,'Uttar Pradesh','UP',0,1),(351,110,3,'Uttarakhand','UT',0,1),(352,110,3,'West Bengal','WB',0,1);

--
-- Table structure for table `ps_statssearch`
--

CREATE TABLE `ps_statssearch` (
  `id_statssearch` int unsigned NOT NULL AUTO_INCREMENT,
  `id_shop` int unsigned NOT NULL DEFAULT '1',
  `id_shop_group` int unsigned NOT NULL DEFAULT '1',
  `keywords` varchar(255) NOT NULL,
  `results` int NOT NULL DEFAULT '0',
  `date_add` datetime NOT NULL,
  PRIMARY KEY (`id_statssearch`)
) ENGINE=InnoDB DEFAULT CHARSET=utf8;

--
-- Dumping data for table `ps_statssearch`
--


--
-- Table structure for table `ps_stock`
--

CREATE TABLE `ps_stock` (
  `id_stock` int unsigned NOT NULL AUTO_INCREMENT,
  `id_warehouse` int unsigned NOT NULL,
  `id_product` int unsigned NOT NULL,
  `id_product_attribute` int unsigned NOT NULL,
  `reference` varchar(64) NOT NULL,
  `ean13` varchar(13) DEFAULT NULL,
  `isbn` varchar(32) DEFAULT NULL,
  `upc` varchar(12) DEFAULT NULL,
  `mpn` varchar(40) DEFAULT NULL,
  `physical_quantity` int unsigned NOT NULL,
  `usable_quantity` int unsigned NOT NULL,
  `price_te` decimal(20,6) DEFAULT '0.000000',
  PRIMARY KEY (`id_stock`),
  KEY `id_warehouse` (`id_warehouse`),
  KEY `id_product` (`id_product`),
  KEY `id_product_attribute` (`id_product_attribute`)
) ENGINE=InnoDB DEFAULT CHARSET=utf8mb4 COLLATE=utf8mb4_0900_ai_ci;

--
-- Dumping data for table `ps_stock`
--


--
-- Table structure for table `ps_stock_available`
--

CREATE TABLE `ps_stock_available` (
  `id_stock_available` int unsigned NOT NULL AUTO_INCREMENT,
  `id_product` int unsigned NOT NULL,
  `id_product_attribute` int unsigned NOT NULL,
  `id_shop` int unsigned NOT NULL,
  `id_shop_group` int unsigned NOT NULL,
  `quantity` int NOT NULL DEFAULT '0',
  `physical_quantity` int NOT NULL DEFAULT '0',
  `reserved_quantity` int NOT NULL DEFAULT '0',
  `depends_on_stock` tinyint unsigned NOT NULL DEFAULT '0',
  `out_of_stock` tinyint unsigned NOT NULL DEFAULT '0',
  `location` varchar(255) NOT NULL DEFAULT '',
  PRIMARY KEY (`id_stock_available`),
  UNIQUE KEY `product_sqlstock` (`id_product`,`id_product_attribute`,`id_shop`,`id_shop_group`),
  KEY `id_shop` (`id_shop`),
  KEY `id_shop_group` (`id_shop_group`),
  KEY `id_product` (`id_product`),
  KEY `id_product_attribute` (`id_product_attribute`)
) ENGINE=InnoDB AUTO_INCREMENT=59 DEFAULT CHARSET=utf8mb4 COLLATE=utf8mb4_0900_ai_ci;

--
-- Dumping data for table `ps_stock_available`
--

INSERT INTO `ps_stock_available` VALUES (1,1,0,1,0,2400,0,0,0,2,''),(2,2,0,1,0,2100,0,0,0,2,''),(3,3,0,1,0,1500,0,0,0,2,''),(4,4,0,1,0,1500,0,0,0,2,''),(5,5,0,1,0,900,0,0,0,2,''),(6,6,0,1,0,300,0,0,0,2,''),(7,7,0,1,0,300,0,0,0,2,''),(8,8,0,1,0,300,0,0,0,2,''),(9,9,0,1,0,600,0,0,0,2,''),(10,10,0,1,0,600,0,0,0,2,''),(11,11,0,1,0,600,0,0,0,2,''),(12,12,0,1,0,300,0,0,0,1,''),(13,13,0,1,0,300,0,0,0,1,''),(14,14,0,1,0,300,0,0,0,1,''),(15,15,0,1,0,100,0,0,0,2,''),(16,16,0,1,0,1200,0,0,0,2,''),(17,17,0,1,0,1200,0,0,0,2,''),(18,18,0,1,0,1200,0,0,0,2,''),(19,19,0,1,0,300,0,0,0,2,''),(20,1,1,1,0,300,0,0,0,2,''),(21,1,2,1,0,300,0,0,0,2,''),(22,1,3,1,0,300,0,0,0,2,''),(23,1,4,1,0,300,0,0,0,2,''),(24,1,5,1,0,300,0,0,0,2,''),(25,1,6,1,0,300,0,0,0,2,''),(26,1,7,1,0,300,0,0,0,2,''),(27,1,8,1,0,300,0,0,0,2,''),(28,2,9,1,0,1200,0,0,0,2,''),(29,2,10,1,0,300,0,0,0,2,''),(30,2,11,1,0,300,0,0,0,2,''),(31,2,12,1,0,300,0,0,0,2,''),(32,3,13,1,0,900,0,0,0,2,''),(33,3,14,1,0,300,0,0,0,2,''),(34,3,15,1,0,300,0,0,0,2,''),(35,4,16,1,0,900,0,0,0,2,''),(36,4,17,1,0,300,0,0,0,2,''),(37,4,18,1,0,300,0,0,0,2,''),(38,5,19,1,0,300,0,0,0,2,''),(39,5,20,1,0,300,0,0,0,2,''),(40,5,21,1,0,300,0,0,0,2,''),(41,9,22,1,0,300,0,0,0,2,''),(42,9,23,1,0,300,0,0,0,2,''),(43,10,24,1,0,300,0,0,0,2,''),(44,10,25,1,0,300,0,0,0,2,''),(45,11,26,1,0,300,0,0,0,2,''),(46,11,27,1,0,300,0,0,0,2,''),(47,16,28,1,0,300,0,0,0,2,''),(48,16,29,1,0,300,0,0,0,2,''),(49,16,30,1,0,300,0,0,0,2,''),(50,16,31,1,0,300,0,0,0,2,''),(51,17,32,1,0,300,0,0,0,2,''),(52,17,33,1,0,300,0,0,0,2,''),(53,17,34,1,0,300,0,0,0,2,''),(54,17,35,1,0,300,0,0,0,2,''),(55,18,36,1,0,300,0,0,0,2,''),(56,18,37,1,0,300,0,0,0,2,''),(57,18,38,1,0,300,0,0,0,2,''),(58,18,39,1,0,300,0,0,0,2,'');

--
-- Table structure for table `ps_stock_mvt`
--

CREATE TABLE `ps_stock_mvt` (
  `id_stock_mvt` bigint NOT NULL AUTO_INCREMENT,
  `id_stock` int NOT NULL,
  `id_order` int DEFAULT NULL,
  `id_supply_order` int DEFAULT NULL,
  `id_stock_mvt_reason` int NOT NULL,
  `id_employee` int NOT NULL,
  `employee_lastname` varchar(32) COLLATE utf8mb4_unicode_ci DEFAULT NULL,
  `employee_firstname` varchar(32) COLLATE utf8mb4_unicode_ci DEFAULT NULL,
  `physical_quantity` int NOT NULL,
  `date_add` datetime NOT NULL,
  `sign` smallint NOT NULL DEFAULT '1',
  `price_te` decimal(20,6) DEFAULT '0.000000',
  `last_wa` decimal(20,6) DEFAULT '0.000000',
  `current_wa` decimal(20,6) DEFAULT '0.000000',
  `referer` bigint DEFAULT NULL,
  PRIMARY KEY (`id_stock_mvt`),
  KEY `id_stock` (`id_stock`),
  KEY `id_stock_mvt_reason` (`id_stock_mvt_reason`)
) ENGINE=InnoDB DEFAULT CHARSET=utf8mb4 COLLATE=utf8mb4_unicode_ci;

--
-- Dumping data for table `ps_stock_mvt`
--


--
-- Table structure for table `ps_stock_mvt_reason`
--

CREATE TABLE `ps_stock_mvt_reason` (
  `id_stock_mvt_reason` int unsigned NOT NULL AUTO_INCREMENT,
  `sign` tinyint(1) NOT NULL DEFAULT '1',
  `date_add` datetime NOT NULL,
  `date_upd` datetime NOT NULL,
  `deleted` tinyint unsigned NOT NULL DEFAULT '0',
  PRIMARY KEY (`id_stock_mvt_reason`)
) ENGINE=InnoDB AUTO_INCREMENT=13 DEFAULT CHARSET=utf8mb4 COLLATE=utf8mb4_0900_ai_ci;

--
-- Dumping data for table `ps_stock_mvt_reason`
--

INSERT INTO `ps_stock_mvt_reason` VALUES (1,1,'2021-08-03 12:03:27','2021-08-03 12:03:27',0),(2,-1,'2021-08-03 12:03:27','2021-08-03 12:03:27',0),(3,-1,'2021-08-03 12:03:27','2021-08-03 12:03:27',0),(4,-1,'2021-08-03 12:03:27','2021-08-03 12:03:27',0),(5,1,'2021-08-03 12:03:27','2021-08-03 12:03:27',0),(6,-1,'2021-08-03 12:03:27','2021-08-03 12:03:27',0),(7,1,'2021-08-03 12:03:27','2021-08-03 12:03:27',0),(8,1,'2021-08-03 12:03:27','2021-08-03 12:03:27',0),(9,1,'2021-08-03 12:03:27','2021-08-03 12:03:27',0),(10,1,'2021-08-03 12:03:27','2021-08-03 12:03:27',0),(11,1,'2021-08-03 12:03:27','2021-08-03 12:03:27',0),(12,-1,'2021-08-03 12:03:27','2021-08-03 12:03:27',0);

--
-- Table structure for table `ps_stock_mvt_reason_lang`
--

CREATE TABLE `ps_stock_mvt_reason_lang` (
  `id_stock_mvt_reason` int unsigned NOT NULL,
  `id_lang` int unsigned NOT NULL,
  `name` varchar(255) CHARACTER SET utf8 COLLATE utf8_general_ci NOT NULL,
  PRIMARY KEY (`id_stock_mvt_reason`,`id_lang`)
) ENGINE=InnoDB DEFAULT CHARSET=utf8mb4 COLLATE=utf8mb4_0900_ai_ci;

--
-- Dumping data for table `ps_stock_mvt_reason_lang`
--

INSERT INTO `ps_stock_mvt_reason_lang` VALUES (1,1,'Augmentation'),(2,1,'Diminution'),(3,1,'Commande client'),(4,1,'Regulation following an inventory of stock'),(5,1,'Regulation following an inventory of stock'),(6,1,'Transfert vers un autre entrepôt'),(7,1,'Transfert depuis un autre entrepôt'),(8,1,'Commande fournisseur'),(9,1,'Commande client'),(10,1,'Retour produit'),(11,1,'Employee Edition'),(12,1,'Employee Edition');

--
-- Table structure for table `ps_store`
--

CREATE TABLE `ps_store` (
  `id_store` int unsigned NOT NULL AUTO_INCREMENT,
  `id_country` int unsigned NOT NULL,
  `id_state` int unsigned DEFAULT NULL,
  `city` varchar(64) NOT NULL,
  `postcode` varchar(12) NOT NULL,
  `latitude` decimal(13,8) DEFAULT NULL,
  `longitude` decimal(13,8) DEFAULT NULL,
  `phone` varchar(16) DEFAULT NULL,
  `fax` varchar(16) DEFAULT NULL,
  `email` varchar(255) DEFAULT NULL,
  `active` tinyint unsigned NOT NULL DEFAULT '0',
  `date_add` datetime NOT NULL,
  `date_upd` datetime NOT NULL,
  PRIMARY KEY (`id_store`)
) ENGINE=InnoDB AUTO_INCREMENT=6 DEFAULT CHARSET=utf8mb4 COLLATE=utf8mb4_0900_ai_ci;

--
-- Dumping data for table `ps_store`
--

INSERT INTO `ps_store` VALUES (1,21,12,'Miami','33135',25.76500500,-80.24379700,'','','',1,'2021-08-03 12:04:25','2021-08-03 12:04:25'),(2,21,12,'Miami','33304',26.13793600,-80.13943500,'','','',1,'2021-08-03 12:04:25','2021-08-03 12:04:25'),(3,21,12,'Miami','33026',26.00998700,-80.29447200,'','','',1,'2021-08-03 12:04:25','2021-08-03 12:04:25'),(4,21,12,'Miami','33133',25.73629600,-80.24479700,'','','',1,'2021-08-03 12:04:25','2021-08-03 12:04:25'),(5,21,12,'Miami','33181',25.88674000,-80.16329200,'','','',1,'2021-08-03 12:04:25','2021-08-03 12:04:25');

--
-- Table structure for table `ps_store_lang`
--

CREATE TABLE `ps_store_lang` (
  `id_store` int unsigned NOT NULL,
  `id_lang` int unsigned NOT NULL,
  `name` varchar(255) NOT NULL,
  `address1` varchar(255) NOT NULL,
  `address2` varchar(255) DEFAULT NULL,
  `hours` text,
  `note` text,
  PRIMARY KEY (`id_store`,`id_lang`)
) ENGINE=InnoDB DEFAULT CHARSET=utf8mb4 COLLATE=utf8mb4_0900_ai_ci;

--
-- Dumping data for table `ps_store_lang`
--

INSERT INTO `ps_store_lang` VALUES (1,1,'Dade County','3030 SW 8th St Miami','',' [[\"09:00AM - 07:00PM\"],[\"09:00AM - 07:00PM\"],[\"09:00AM - 07:00PM\"],[\"09:00AM - 07:00PM\"],[\"09:00AM - 07:00PM\"],[\"10:00AM - 04:00PM\"],[\"10:00AM - 04:00PM\"]]',''),(2,1,'E Fort Lauderdale','1000 Northeast 4th Ave Fort Lauderdale','',' [[\"09:00AM - 07:00PM\"],[\"09:00AM - 07:00PM\"],[\"09:00AM - 07:00PM\"],[\"09:00AM - 07:00PM\"],[\"09:00AM - 07:00PM\"],[\"10:00AM - 04:00PM\"],[\"10:00AM - 04:00PM\"]]',''),(3,1,'Pembroke Pines','11001 Pines Blvd Pembroke Pines','',' [[\"09:00AM - 07:00PM\"],[\"09:00AM - 07:00PM\"],[\"09:00AM - 07:00PM\"],[\"09:00AM - 07:00PM\"],[\"09:00AM - 07:00PM\"],[\"10:00AM - 04:00PM\"],[\"10:00AM - 04:00PM\"]]',''),(4,1,'Coconut Grove','2999 SW 32nd Avenue','',' [[\"09:00AM - 07:00PM\"],[\"09:00AM - 07:00PM\"],[\"09:00AM - 07:00PM\"],[\"09:00AM - 07:00PM\"],[\"09:00AM - 07:00PM\"],[\"10:00AM - 04:00PM\"],[\"10:00AM - 04:00PM\"]]',''),(5,1,'N Miami/Biscayne','12055 Biscayne Blvd','',' [[\"09:00AM - 07:00PM\"],[\"09:00AM - 07:00PM\"],[\"09:00AM - 07:00PM\"],[\"09:00AM - 07:00PM\"],[\"09:00AM - 07:00PM\"],[\"10:00AM - 04:00PM\"],[\"10:00AM - 04:00PM\"]]','');

--
-- Table structure for table `ps_store_shop`
--

CREATE TABLE `ps_store_shop` (
  `id_store` int unsigned NOT NULL,
  `id_shop` int unsigned NOT NULL,
  PRIMARY KEY (`id_store`,`id_shop`),
  KEY `id_shop` (`id_shop`)
) ENGINE=InnoDB DEFAULT CHARSET=utf8mb4 COLLATE=utf8mb4_0900_ai_ci;

--
-- Dumping data for table `ps_store_shop`
--

INSERT INTO `ps_store_shop` VALUES (1,1),(2,1),(3,1),(4,1),(5,1);

--
-- Table structure for table `ps_supplier`
--

CREATE TABLE `ps_supplier` (
  `id_supplier` int unsigned NOT NULL AUTO_INCREMENT,
  `name` varchar(64) NOT NULL,
  `date_add` datetime NOT NULL,
  `date_upd` datetime NOT NULL,
  `active` tinyint(1) NOT NULL DEFAULT '0',
  PRIMARY KEY (`id_supplier`)
) ENGINE=InnoDB DEFAULT CHARSET=utf8mb4 COLLATE=utf8mb4_0900_ai_ci;

--
-- Dumping data for table `ps_supplier`
--


--
-- Table structure for table `ps_supplier_lang`
--

CREATE TABLE `ps_supplier_lang` (
  `id_supplier` int unsigned NOT NULL,
  `id_lang` int unsigned NOT NULL,
  `description` text,
  `meta_title` varchar(255) DEFAULT NULL,
  `meta_keywords` varchar(255) DEFAULT NULL,
  `meta_description` varchar(512) DEFAULT NULL,
  PRIMARY KEY (`id_supplier`,`id_lang`)
) ENGINE=InnoDB DEFAULT CHARSET=utf8mb4 COLLATE=utf8mb4_0900_ai_ci;

--
-- Dumping data for table `ps_supplier_lang`
--


--
-- Table structure for table `ps_supplier_shop`
--

CREATE TABLE `ps_supplier_shop` (
  `id_supplier` int unsigned NOT NULL,
  `id_shop` int unsigned NOT NULL,
  PRIMARY KEY (`id_supplier`,`id_shop`),
  KEY `id_shop` (`id_shop`)
) ENGINE=InnoDB DEFAULT CHARSET=utf8mb4 COLLATE=utf8mb4_0900_ai_ci;

--
-- Dumping data for table `ps_supplier_shop`
--


--
-- Table structure for table `ps_supply_order`
--

CREATE TABLE `ps_supply_order` (
  `id_supply_order` int unsigned NOT NULL AUTO_INCREMENT,
  `id_supplier` int unsigned NOT NULL,
  `supplier_name` varchar(64) NOT NULL,
  `id_lang` int unsigned NOT NULL,
  `id_warehouse` int unsigned NOT NULL,
  `id_supply_order_state` int unsigned NOT NULL,
  `id_currency` int unsigned NOT NULL,
  `id_ref_currency` int unsigned NOT NULL,
  `reference` varchar(64) NOT NULL,
  `date_add` datetime NOT NULL,
  `date_upd` datetime NOT NULL,
  `date_delivery_expected` datetime DEFAULT NULL,
  `total_te` decimal(20,6) DEFAULT '0.000000',
  `total_with_discount_te` decimal(20,6) DEFAULT '0.000000',
  `total_tax` decimal(20,6) DEFAULT '0.000000',
  `total_ti` decimal(20,6) DEFAULT '0.000000',
  `discount_rate` decimal(20,6) DEFAULT '0.000000',
  `discount_value_te` decimal(20,6) DEFAULT '0.000000',
  `is_template` tinyint(1) DEFAULT '0',
  PRIMARY KEY (`id_supply_order`),
  KEY `id_supplier` (`id_supplier`),
  KEY `id_warehouse` (`id_warehouse`),
  KEY `reference` (`reference`)
) ENGINE=InnoDB DEFAULT CHARSET=utf8mb4 COLLATE=utf8mb4_0900_ai_ci;

--
-- Dumping data for table `ps_supply_order`
--


--
-- Table structure for table `ps_supply_order_detail`
--

CREATE TABLE `ps_supply_order_detail` (
  `id_supply_order_detail` int unsigned NOT NULL AUTO_INCREMENT,
  `id_supply_order` int unsigned NOT NULL,
  `id_currency` int unsigned NOT NULL,
  `id_product` int unsigned NOT NULL,
  `id_product_attribute` int unsigned NOT NULL,
  `reference` varchar(64) NOT NULL,
  `supplier_reference` varchar(64) NOT NULL,
  `name` varchar(128) NOT NULL,
  `ean13` varchar(13) DEFAULT NULL,
  `isbn` varchar(32) DEFAULT NULL,
  `upc` varchar(12) DEFAULT NULL,
  `mpn` varchar(40) DEFAULT NULL,
  `exchange_rate` decimal(20,6) DEFAULT '0.000000',
  `unit_price_te` decimal(20,6) DEFAULT '0.000000',
  `quantity_expected` int unsigned NOT NULL,
  `quantity_received` int unsigned NOT NULL,
  `price_te` decimal(20,6) DEFAULT '0.000000',
  `discount_rate` decimal(20,6) DEFAULT '0.000000',
  `discount_value_te` decimal(20,6) DEFAULT '0.000000',
  `price_with_discount_te` decimal(20,6) DEFAULT '0.000000',
  `tax_rate` decimal(20,6) DEFAULT '0.000000',
  `tax_value` decimal(20,6) DEFAULT '0.000000',
  `price_ti` decimal(20,6) DEFAULT '0.000000',
  `tax_value_with_order_discount` decimal(20,6) DEFAULT '0.000000',
  `price_with_order_discount_te` decimal(20,6) DEFAULT '0.000000',
  PRIMARY KEY (`id_supply_order_detail`),
  KEY `id_supply_order` (`id_supply_order`,`id_product`),
  KEY `id_product_attribute` (`id_product_attribute`),
  KEY `id_product_product_attribute` (`id_product`,`id_product_attribute`)
) ENGINE=InnoDB DEFAULT CHARSET=utf8mb4 COLLATE=utf8mb4_0900_ai_ci;

--
-- Dumping data for table `ps_supply_order_detail`
--


--
-- Table structure for table `ps_supply_order_history`
--

CREATE TABLE `ps_supply_order_history` (
  `id_supply_order_history` int unsigned NOT NULL AUTO_INCREMENT,
  `id_supply_order` int unsigned NOT NULL,
  `id_employee` int unsigned NOT NULL,
  `employee_lastname` varchar(255) DEFAULT '',
  `employee_firstname` varchar(255) DEFAULT '',
  `id_state` int unsigned NOT NULL,
  `date_add` datetime NOT NULL,
  PRIMARY KEY (`id_supply_order_history`),
  KEY `id_supply_order` (`id_supply_order`),
  KEY `id_employee` (`id_employee`),
  KEY `id_state` (`id_state`)
) ENGINE=InnoDB DEFAULT CHARSET=utf8mb4 COLLATE=utf8mb4_0900_ai_ci;

--
-- Dumping data for table `ps_supply_order_history`
--


--
-- Table structure for table `ps_supply_order_receipt_history`
--

CREATE TABLE `ps_supply_order_receipt_history` (
  `id_supply_order_receipt_history` int unsigned NOT NULL AUTO_INCREMENT,
  `id_supply_order_detail` int unsigned NOT NULL,
  `id_employee` int unsigned NOT NULL,
  `employee_lastname` varchar(255) DEFAULT '',
  `employee_firstname` varchar(255) DEFAULT '',
  `id_supply_order_state` int unsigned NOT NULL,
  `quantity` int unsigned NOT NULL,
  `date_add` datetime NOT NULL,
  PRIMARY KEY (`id_supply_order_receipt_history`),
  KEY `id_supply_order_detail` (`id_supply_order_detail`),
  KEY `id_supply_order_state` (`id_supply_order_state`)
) ENGINE=InnoDB DEFAULT CHARSET=utf8mb4 COLLATE=utf8mb4_0900_ai_ci;

--
-- Dumping data for table `ps_supply_order_receipt_history`
--


--
-- Table structure for table `ps_supply_order_state`
--

CREATE TABLE `ps_supply_order_state` (
  `id_supply_order_state` int unsigned NOT NULL AUTO_INCREMENT,
  `delivery_note` tinyint(1) NOT NULL DEFAULT '0',
  `editable` tinyint(1) NOT NULL DEFAULT '0',
  `receipt_state` tinyint(1) NOT NULL DEFAULT '0',
  `pending_receipt` tinyint(1) NOT NULL DEFAULT '0',
  `enclosed` tinyint(1) NOT NULL DEFAULT '0',
  `color` varchar(32) DEFAULT NULL,
  PRIMARY KEY (`id_supply_order_state`)
) ENGINE=InnoDB AUTO_INCREMENT=7 DEFAULT CHARSET=utf8mb4 COLLATE=utf8mb4_0900_ai_ci;

--
-- Dumping data for table `ps_supply_order_state`
--

INSERT INTO `ps_supply_order_state` VALUES (1,0,1,0,0,0,'#faab00'),(2,1,0,0,0,0,'#273cff'),(3,0,0,0,1,0,'#ff37f5'),(4,0,0,1,1,0,'#ff3e33'),(5,0,0,1,0,1,'#00d60c'),(6,0,0,0,0,1,'#666666');

--
-- Table structure for table `ps_supply_order_state_lang`
--

CREATE TABLE `ps_supply_order_state_lang` (
  `id_supply_order_state` int unsigned NOT NULL,
  `id_lang` int unsigned NOT NULL,
  `name` varchar(128) DEFAULT NULL,
  PRIMARY KEY (`id_supply_order_state`,`id_lang`)
) ENGINE=InnoDB DEFAULT CHARSET=utf8mb4 COLLATE=utf8mb4_0900_ai_ci;

--
-- Dumping data for table `ps_supply_order_state_lang`
--

INSERT INTO `ps_supply_order_state_lang` VALUES (1,1,'1 - En cours de création'),(2,1,'2 - Commande validée'),(3,1,'3 - En attente de réception'),(4,1,'4 - Commande reçue partiellement'),(5,1,'5 - Commande reçue intégralement'),(6,1,'6 - Commande annulée');

--
-- Table structure for table `ps_tab`
--

CREATE TABLE `ps_tab` (
  `id_tab` int NOT NULL AUTO_INCREMENT,
  `id_parent` int NOT NULL,
  `position` int NOT NULL,
  `module` varchar(64) COLLATE utf8mb4_unicode_ci DEFAULT NULL,
  `class_name` varchar(64) COLLATE utf8mb4_unicode_ci NOT NULL,
  `route_name` varchar(256) COLLATE utf8mb4_unicode_ci DEFAULT NULL,
  `active` tinyint(1) NOT NULL,
  `enabled` tinyint(1) NOT NULL,
  `hide_host_mode` tinyint(1) NOT NULL,
  `icon` varchar(32) COLLATE utf8mb4_unicode_ci DEFAULT NULL,
  PRIMARY KEY (`id_tab`)
) ENGINE=InnoDB AUTO_INCREMENT=152 DEFAULT CHARSET=utf8mb4 COLLATE=utf8mb4_unicode_ci;

--
-- Dumping data for table `ps_tab`
--

INSERT INTO `ps_tab` VALUES (1,0,0,NULL,'AdminDashboard',NULL,1,1,0,'trending_up'),(2,0,1,NULL,'SELL',NULL,1,1,0,''),(3,2,0,NULL,'AdminParentOrders',NULL,1,1,0,'shopping_basket'),(4,3,0,NULL,'AdminOrders',NULL,1,1,0,''),(5,3,1,NULL,'AdminInvoices',NULL,1,1,0,''),(6,3,2,NULL,'AdminSlip',NULL,1,1,0,''),(7,3,3,NULL,'AdminDeliverySlip',NULL,1,1,0,''),(8,3,4,NULL,'AdminCarts',NULL,1,1,0,''),(9,2,1,NULL,'AdminCatalog',NULL,1,1,0,'store'),(10,9,0,NULL,'AdminProducts',NULL,1,1,0,''),(11,9,1,NULL,'AdminCategories',NULL,1,1,0,''),(12,9,2,NULL,'AdminTracking',NULL,1,1,0,''),(13,9,3,NULL,'AdminParentAttributesGroups',NULL,1,1,0,''),(14,13,0,NULL,'AdminAttributesGroups',NULL,1,1,0,''),(15,13,1,NULL,'AdminFeatures',NULL,1,1,0,''),(16,9,4,NULL,'AdminParentManufacturers',NULL,1,1,0,''),(17,16,0,NULL,'AdminManufacturers',NULL,1,1,0,''),(18,16,1,NULL,'AdminSuppliers',NULL,1,1,0,''),(19,9,5,NULL,'AdminAttachments',NULL,1,1,0,''),(20,9,6,NULL,'AdminParentCartRules',NULL,1,1,0,''),(21,20,0,NULL,'AdminCartRules',NULL,1,1,0,''),(22,20,1,NULL,'AdminSpecificPriceRule',NULL,1,1,0,''),(23,9,7,NULL,'AdminStockManagement',NULL,1,1,0,''),(24,2,2,NULL,'AdminParentCustomer',NULL,1,1,0,'account_circle'),(25,24,0,NULL,'AdminCustomers',NULL,1,1,0,''),(26,24,1,NULL,'AdminAddresses',NULL,1,1,0,''),(27,24,2,NULL,'AdminOutstanding',NULL,0,1,0,''),(28,2,3,NULL,'AdminParentCustomerThreads',NULL,1,1,0,'chat'),(29,28,0,NULL,'AdminCustomerThreads',NULL,1,1,0,''),(30,28,1,NULL,'AdminOrderMessage',NULL,1,1,0,''),(31,28,2,NULL,'AdminReturn',NULL,1,1,0,''),(32,2,4,NULL,'AdminStats',NULL,1,1,0,'assessment'),(33,2,5,NULL,'AdminStock',NULL,1,1,0,'store'),(34,33,0,NULL,'AdminWarehouses',NULL,1,1,0,''),(35,33,1,NULL,'AdminParentStockManagement',NULL,1,1,0,''),(36,35,0,NULL,'AdminStockManagement',NULL,1,1,0,''),(37,36,0,NULL,'AdminStockMvt',NULL,1,1,0,''),(38,36,1,NULL,'AdminStockInstantState',NULL,1,1,0,''),(39,36,2,NULL,'AdminStockCover',NULL,1,1,0,''),(40,33,2,NULL,'AdminSupplyOrders',NULL,1,1,0,''),(41,33,3,NULL,'AdminStockConfiguration',NULL,1,1,0,''),(42,0,2,NULL,'IMPROVE',NULL,1,1,0,''),(43,42,0,NULL,'AdminParentModulesSf',NULL,1,1,0,'extension'),(44,43,0,NULL,'AdminModulesSf',NULL,1,1,0,''),(45,44,0,NULL,'AdminModulesManage',NULL,1,1,0,''),(46,44,1,NULL,'AdminModulesNotifications',NULL,1,1,0,''),(47,44,2,NULL,'AdminModulesUpdates',NULL,1,1,0,''),(48,43,1,NULL,'AdminParentModulesCatalog',NULL,1,1,0,''),(49,48,0,'','AdminModulesCatalog','',0,1,0,''),(50,48,1,'','AdminAddonsCatalog','',0,1,0,''),(51,43,2,NULL,'AdminModules',NULL,0,1,0,''),(52,42,1,NULL,'AdminParentThemes',NULL,1,1,0,'desktop_mac'),(53,126,1,'','AdminThemes','',1,1,0,''),(54,52,1,'','AdminThemesCatalog','',0,1,0,''),(55,52,2,NULL,'AdminParentMailTheme',NULL,1,1,0,''),(56,55,0,NULL,'AdminMailTheme',NULL,1,1,0,''),(57,52,3,NULL,'AdminCmsContent',NULL,1,1,0,''),(58,52,4,NULL,'AdminModulesPositions',NULL,1,1,0,''),(59,52,5,NULL,'AdminImages',NULL,1,1,0,''),(60,42,2,NULL,'AdminParentShipping',NULL,1,1,0,'local_shipping'),(61,60,0,NULL,'AdminCarriers',NULL,1,1,0,''),(62,60,1,NULL,'AdminShipping',NULL,1,1,0,''),(63,42,3,NULL,'AdminParentPayment',NULL,1,1,0,'payment'),(64,63,0,NULL,'AdminPayment',NULL,1,1,0,''),(65,63,1,NULL,'AdminPaymentPreferences',NULL,1,1,0,''),(66,42,4,NULL,'AdminInternational',NULL,1,1,0,'language'),(67,66,0,NULL,'AdminParentLocalization',NULL,1,1,0,''),(68,67,0,NULL,'AdminLocalization',NULL,1,1,0,''),(69,67,1,NULL,'AdminLanguages',NULL,1,1,0,''),(70,67,2,NULL,'AdminCurrencies',NULL,1,1,0,''),(71,67,3,NULL,'AdminGeolocation',NULL,1,1,0,''),(72,66,1,NULL,'AdminParentCountries',NULL,1,1,0,''),(73,72,0,NULL,'AdminZones',NULL,1,1,0,''),(74,72,1,NULL,'AdminCountries',NULL,1,1,0,''),(75,72,2,NULL,'AdminStates',NULL,1,1,0,''),(76,66,2,NULL,'AdminParentTaxes',NULL,1,1,0,''),(77,76,0,NULL,'AdminTaxes',NULL,1,1,0,''),(78,76,1,NULL,'AdminTaxRulesGroup',NULL,1,1,0,''),(79,66,3,NULL,'AdminTranslations',NULL,1,1,0,''),(80,0,3,NULL,'CONFIGURE',NULL,1,1,0,''),(81,80,0,NULL,'ShopParameters',NULL,1,1,0,'settings'),(82,81,0,NULL,'AdminParentPreferences',NULL,1,1,0,''),(83,82,0,NULL,'AdminPreferences',NULL,1,1,0,''),(84,82,1,NULL,'AdminMaintenance',NULL,1,1,0,''),(85,81,1,NULL,'AdminParentOrderPreferences',NULL,1,1,0,''),(86,85,0,NULL,'AdminOrderPreferences',NULL,1,1,0,''),(87,85,1,NULL,'AdminStatuses',NULL,1,1,0,''),(88,81,2,NULL,'AdminPPreferences',NULL,1,1,0,''),(89,81,3,NULL,'AdminParentCustomerPreferences',NULL,1,1,0,''),(90,89,0,NULL,'AdminCustomerPreferences',NULL,1,1,0,''),(91,89,1,NULL,'AdminGroups',NULL,1,1,0,''),(92,89,2,NULL,'AdminGenders',NULL,1,1,0,''),(93,81,4,NULL,'AdminParentStores',NULL,1,1,0,''),(94,93,0,NULL,'AdminContacts',NULL,1,1,0,''),(95,93,1,NULL,'AdminStores',NULL,1,1,0,''),(96,81,5,NULL,'AdminParentMeta',NULL,1,1,0,''),(97,96,0,NULL,'AdminMeta',NULL,1,1,0,''),(98,96,1,NULL,'AdminSearchEngines',NULL,1,1,0,''),(99,96,2,NULL,'AdminReferrers',NULL,1,1,0,''),(100,81,6,NULL,'AdminParentSearchConf',NULL,1,1,0,''),(101,100,0,NULL,'AdminSearchConf',NULL,1,1,0,''),(102,100,1,NULL,'AdminTags',NULL,1,1,0,''),(103,80,1,NULL,'AdminAdvancedParameters',NULL,1,1,0,'settings_applications'),(104,103,0,NULL,'AdminInformation',NULL,1,1,0,''),(105,103,1,NULL,'AdminPerformance',NULL,1,1,0,''),(106,103,2,NULL,'AdminAdminPreferences',NULL,1,1,0,''),(107,103,3,NULL,'AdminEmails',NULL,1,1,0,''),(108,103,4,NULL,'AdminImport',NULL,1,1,0,''),(109,103,5,NULL,'AdminParentEmployees',NULL,1,1,0,''),(110,109,0,NULL,'AdminEmployees',NULL,1,1,0,''),(111,109,1,NULL,'AdminProfiles',NULL,1,1,0,''),(112,109,2,NULL,'AdminAccess',NULL,1,1,0,''),(113,103,6,NULL,'AdminParentRequestSql',NULL,1,1,0,''),(114,113,0,NULL,'AdminRequestSql',NULL,1,1,0,''),(115,113,1,NULL,'AdminBackup',NULL,1,1,0,''),(116,103,7,NULL,'AdminLogs',NULL,1,1,0,''),(117,103,8,NULL,'AdminWebservice',NULL,1,1,0,''),(118,103,9,NULL,'AdminShopGroup',NULL,0,1,0,''),(119,103,10,NULL,'AdminShopUrl',NULL,0,1,0,''),(120,-1,0,NULL,'AdminQuickAccesses',NULL,1,1,0,''),(121,0,4,NULL,'DEFAULT',NULL,1,1,0,''),(122,-1,1,NULL,'AdminPatterns',NULL,1,1,0,''),(123,-1,2,'dashgoals','AdminDashgoals','',1,1,0,''),(124,-1,3,'ps_faviconnotificationbo','AdminConfigureFaviconBo','',1,1,0,''),(125,52,6,'ps_linklist','AdminLinkWidget','',1,1,0,''),(126,52,0,'','AdminThemesParent','',1,1,0,''),(127,126,2,'ps_themecusto','AdminPsThemeCustoConfiguration','',1,1,0,''),(128,126,3,'ps_themecusto','AdminPsThemeCustoAdvanced','',1,1,0,''),(129,0,5,'welcome','AdminWelcome','',1,1,0,''),(130,81,7,'gamification','AdminGamification','',1,1,0,''),(131,-1,4,'psgdpr','AdminAjaxPsgdpr','',1,1,0,''),(132,-1,5,'psgdpr','AdminDownloadInvoicesPsgdpr','',1,1,0,''),(133,48,0,'ps_mbo','AdminPsMboModule','',1,1,0,''),(134,48,1,'ps_mbo','AdminPsMboAddons','',1,1,0,''),(135,-1,0,'ps_mbo','AdminPsMboRecommended','',1,1,0,''),(136,52,1,'ps_mbo','AdminPsMboTheme','',1,1,0,''),(137,-1,6,'ps_buybuttonlite','AdminAjaxPs_buybuttonlite','',1,1,0,''),(138,-1,7,'ps_checkout','AdminAjaxPrestashopCheckout','',1,1,0,''),(139,-1,8,'ps_checkout','AdminPaypalOnboardingPrestashopCheckout','',1,1,0,''),(140,-1,9,'ps_metrics','AdminOauthCallback','',1,1,0,''),(141,-1,10,'ps_metrics','AdminGraphql','',1,1,0,''),(142,-1,11,'ps_metrics','AdminAjaxDashboard','',1,1,0,''),(143,-1,12,'ps_metrics','AdminAjaxSettings','',1,1,0,''),(144,32,1,'ps_metrics','AdminMetricsStats','',1,1,0,''),(145,32,2,'ps_metrics','AdminLegacyStatsMetrics','',1,1,0,''),(146,-1,13,'ps_metrics','AdminMetricsSettings','',1,1,0,''),(147,-1,14,'ps_metrics','AdminMetricsUpgrade','',1,1,0,''),(148,0,6,'ps_accounts','AdminConfigureHmacPsAccounts','',0,1,0,''),(149,0,7,'ps_accounts','AdminAjaxPsAccounts','',0,1,0,''),(150,0,8,'ps_accounts','AdminDebugPsAccounts','',0,1,0,''),(151,0,9,'blockreassurance','AdminBlockListing','',0,1,0,'');

--
-- Table structure for table `ps_tab_advice`
--

CREATE TABLE `ps_tab_advice` (
  `id_tab` int NOT NULL,
  `id_advice` int NOT NULL,
  PRIMARY KEY (`id_tab`,`id_advice`)
) ENGINE=InnoDB DEFAULT CHARSET=utf8;

--
-- Dumping data for table `ps_tab_advice`
--


--
-- Table structure for table `ps_tab_lang`
--

CREATE TABLE `ps_tab_lang` (
  `id_tab` int NOT NULL,
  `id_lang` int NOT NULL,
  `name` varchar(128) COLLATE utf8mb4_unicode_ci NOT NULL,
  PRIMARY KEY (`id_tab`,`id_lang`),
  KEY `IDX_CFD9262DED47AB56` (`id_tab`),
  KEY `IDX_CFD9262DBA299860` (`id_lang`)
) ENGINE=InnoDB DEFAULT CHARSET=utf8mb4 COLLATE=utf8mb4_unicode_ci;

--
-- Dumping data for table `ps_tab_lang`
--

INSERT INTO `ps_tab_lang` VALUES (1,1,'Tableau de bord'),(2,1,'Vendre'),(3,1,'Commandes'),(4,1,'Commandes'),(5,1,'Factures'),(6,1,'Avoirs'),(7,1,'Bons de livraison'),(8,1,'Paniers'),(9,1,'Catalogue'),(10,1,'Produits'),(11,1,'Catégories'),(12,1,'Suivi'),(13,1,'Attributs & caractéristiques'),(14,1,'Attributs'),(15,1,'Caractéristiques'),(16,1,'Marques et fournisseurs'),(17,1,'Marques'),(18,1,'Fournisseurs'),(19,1,'Fichiers'),(20,1,'Réductions'),(21,1,'Règles panier'),(22,1,'Règles de prix catalogue'),(23,1,'Stocks'),(24,1,'Clients'),(25,1,'Clients'),(26,1,'Adresses'),(27,1,'Encours autorisés'),(28,1,'SAV'),(29,1,'SAV'),(30,1,'Messages prédéfinis'),(31,1,'Retours produits'),(32,1,'Statistiques'),(34,1,'Entrepôts'),(35,1,'Gestion du stock'),(36,1,'Gestion du stock'),(37,1,'Mouvements de stock'),(38,1,'État instantané du stock'),(39,1,'Couverture du stock'),(40,1,'Commandes fournisseurs'),(41,1,'Paramètres'),(42,1,'Personnaliser'),(43,1,'Modules'),(44,1,'Gestionnaire de modules '),(45,1,'Modules'),(46,1,'Alertes'),(47,1,'Mises à jour'),(48,1,'Catalogue de modules'),(49,1,'Catalogue de modules'),(50,1,'Module Selections'),(52,1,'Apparence'),(53,1,'Thème et logo'),(54,1,'Catalogue de thèmes'),(55,1,'Thème d\'email'),(56,1,'Thème d\'email'),(57,1,'Pages'),(58,1,'Positions'),(59,1,'Images'),(60,1,'Livraison'),(61,1,'Transporteurs'),(62,1,'Préférences'),(63,1,'Paiement'),(64,1,'Modes de paiement'),(65,1,'Préférences'),(66,1,'International'),(67,1,'Localisation'),(68,1,'Localisation'),(69,1,'Langues'),(70,1,'Devises'),(71,1,'Géolocalisation'),(72,1,'Zones géographiques'),(73,1,'Zones'),(74,1,'Pays'),(75,1,'États'),(76,1,'Taxes'),(77,1,'Taxes'),(78,1,'Règles de taxes'),(79,1,'Traductions'),(80,1,'Configurer'),(81,1,'Paramètres de la boutique'),(82,1,'Paramètres généraux'),(83,1,'Paramètres généraux'),(84,1,'Maintenance'),(85,1,'Commandes'),(86,1,'Commandes'),(87,1,'États de commandes'),(88,1,'Produits'),(89,1,'Clients'),(90,1,'Clients'),(91,1,'Groupes'),(92,1,'Titres de civilité'),(93,1,'Contact'),(94,1,'Contacts'),(95,1,'Magasins'),(96,1,'Trafic et SEO'),(97,1,'SEO & URL'),(98,1,'Moteurs de recherche'),(99,1,'Affiliés'),(100,1,'Rechercher'),(101,1,'Rechercher'),(102,1,'Mots-clés'),(103,1,'Paramètres avancés'),(104,1,'Informations'),(105,1,'Performances'),(106,1,'Administration'),(107,1,'E-mail'),(108,1,'Importer'),(109,1,'Équipe'),(110,1,'Employés'),(111,1,'Profils'),(112,1,'Permissions'),(113,1,'Base de données'),(114,1,'Gestionnaire SQL'),(115,1,'Sauvegarde BDD'),(116,1,'Logs'),(117,1,'Webservice'),(118,1,'Multiboutique'),(119,1,'Multiboutique'),(120,1,'Accès rapide'),(121,1,'Détails'),(123,1,'Dashgoals'),(124,1,'Notifications de Commande sur le Favicon'),(125,1,'Link Widget'),(126,1,'Thème et logo'),(127,1,'Pages Configuration'),(128,1,'Personnalisation avancée'),(129,1,'Welcome'),(130,1,'Merchant Expertise'),(131,1,'RGPD Officiel '),(132,1,'RGPD Officiel '),(133,1,'Catalogue de modules'),(134,1,'Module Selections'),(135,1,'Module recommended'),(136,1,'Catalogue de thèmes'),(137,1,'ps_buybuttonlite'),(138,1,'PrestaShop Checkout'),(139,1,'PrestaShop Checkout'),(140,1,'PrestaShop Metrics'),(141,1,'PrestaShop Metrics'),(142,1,'PrestaShop Metrics'),(143,1,'PrestaShop Metrics'),(144,1,'PrestaShop Metrics'),(145,1,'Statistiques'),(146,1,'PrestaShop Metrics'),(147,1,'PrestaShop Metrics'),(148,1,'PrestaShop Account'),(149,1,'PrestaShop Account'),(150,1,'PrestaShop Account'),(151,1,'AdminBlockListing');

--
-- Table structure for table `ps_tab_module_preference`
--

CREATE TABLE `ps_tab_module_preference` (
  `id_tab_module_preference` int NOT NULL AUTO_INCREMENT,
  `id_employee` int NOT NULL,
  `id_tab` int NOT NULL,
  `module` varchar(191) NOT NULL,
  PRIMARY KEY (`id_tab_module_preference`),
  UNIQUE KEY `employee_module` (`id_employee`,`id_tab`,`module`)
) ENGINE=InnoDB DEFAULT CHARSET=utf8mb4 COLLATE=utf8mb4_0900_ai_ci;

--
-- Dumping data for table `ps_tab_module_preference`
--


--
-- Table structure for table `ps_tag`
--

CREATE TABLE `ps_tag` (
  `id_tag` int unsigned NOT NULL AUTO_INCREMENT,
  `id_lang` int unsigned NOT NULL,
  `name` varchar(32) NOT NULL,
  PRIMARY KEY (`id_tag`),
  KEY `tag_name` (`name`),
  KEY `id_lang` (`id_lang`)
) ENGINE=InnoDB DEFAULT CHARSET=utf8mb4 COLLATE=utf8mb4_0900_ai_ci;

--
-- Dumping data for table `ps_tag`
--


--
-- Table structure for table `ps_tag_count`
--

CREATE TABLE `ps_tag_count` (
  `id_group` int unsigned NOT NULL DEFAULT '0',
  `id_tag` int unsigned NOT NULL DEFAULT '0',
  `id_lang` int unsigned NOT NULL DEFAULT '0',
  `id_shop` int unsigned NOT NULL DEFAULT '0',
  `counter` int unsigned NOT NULL DEFAULT '0',
  PRIMARY KEY (`id_group`,`id_tag`),
  KEY `id_group` (`id_group`,`id_lang`,`id_shop`,`counter`)
) ENGINE=InnoDB DEFAULT CHARSET=utf8mb4 COLLATE=utf8mb4_0900_ai_ci;

--
-- Dumping data for table `ps_tag_count`
--


--
-- Table structure for table `ps_tax`
--

CREATE TABLE `ps_tax` (
  `id_tax` int unsigned NOT NULL AUTO_INCREMENT,
  `rate` decimal(10,3) NOT NULL,
  `active` tinyint unsigned NOT NULL DEFAULT '1',
  `deleted` tinyint unsigned NOT NULL DEFAULT '0',
  PRIMARY KEY (`id_tax`)
) ENGINE=InnoDB AUTO_INCREMENT=32 DEFAULT CHARSET=utf8mb4 COLLATE=utf8mb4_0900_ai_ci;

--
-- Dumping data for table `ps_tax`
--

INSERT INTO `ps_tax` VALUES (1,20.000,1,0),(2,10.000,1,0),(3,5.500,1,0),(4,2.100,1,0),(5,20.000,1,0),(6,21.000,1,0),(7,20.000,1,0),(8,19.000,1,0),(9,21.000,1,0),(10,19.000,1,0),(11,25.000,1,0),(12,20.000,1,0),(13,21.000,1,0),(14,24.000,1,0),(15,20.000,1,0),(16,24.000,1,0),(17,25.000,1,0),(18,27.000,1,0),(19,23.000,1,0),(20,22.000,1,0),(21,21.000,1,0),(22,17.000,1,0),(23,21.000,1,0),(24,18.000,1,0),(25,21.000,1,0),(26,23.000,1,0),(27,23.000,1,0),(28,19.000,1,0),(29,25.000,1,0),(30,22.000,1,0),(31,20.000,1,0);

--
-- Table structure for table `ps_tax_lang`
--

CREATE TABLE `ps_tax_lang` (
  `id_tax` int unsigned NOT NULL,
  `id_lang` int unsigned NOT NULL,
  `name` varchar(32) NOT NULL,
  PRIMARY KEY (`id_tax`,`id_lang`)
) ENGINE=InnoDB DEFAULT CHARSET=utf8mb4 COLLATE=utf8mb4_0900_ai_ci;

--
-- Dumping data for table `ps_tax_lang`
--

INSERT INTO `ps_tax_lang` VALUES (1,1,'TVA FR 20%'),(2,1,'TVA FR 10%'),(3,1,'TVA FR 5.5%'),(4,1,'TVA FR 2.1%'),(5,1,'USt. AT 20%'),(6,1,'TVA BE 21%'),(7,1,'ДДС BG 20%'),(8,1,'ΦΠΑ CY 19%'),(9,1,'DPH CZ 21%'),(10,1,'MwSt. DE 19%'),(11,1,'moms DK 25%'),(12,1,'km EE 20%'),(13,1,'IVA ES 21%'),(14,1,'ALV FI 24%'),(15,1,'VAT UK 20%'),(16,1,'ΦΠΑ GR 24%'),(17,1,'Croatia PDV 25%'),(18,1,'ÁFA HU 27%'),(19,1,'VAT IE 23%'),(20,1,'IVA IT 22%'),(21,1,'PVM LT 21%'),(22,1,'TVA LU 17%'),(23,1,'PVN LV 21%'),(24,1,'VAT MT 18%'),(25,1,'BTW NL 21%'),(26,1,'PTU PL 23%'),(27,1,'IVA PT 23%'),(28,1,'TVA RO 19%'),(29,1,'Moms SE 25%'),(30,1,'DDV SI 22%'),(31,1,'DPH SK 20%');

--
-- Table structure for table `ps_tax_rule`
--

CREATE TABLE `ps_tax_rule` (
  `id_tax_rule` int NOT NULL AUTO_INCREMENT,
  `id_tax_rules_group` int NOT NULL,
  `id_country` int NOT NULL,
  `id_state` int NOT NULL,
  `zipcode_from` varchar(12) NOT NULL,
  `zipcode_to` varchar(12) NOT NULL,
  `id_tax` int NOT NULL,
  `behavior` int NOT NULL,
  `description` varchar(100) NOT NULL,
  PRIMARY KEY (`id_tax_rule`),
  KEY `id_tax_rules_group` (`id_tax_rules_group`),
  KEY `id_tax` (`id_tax`),
  KEY `category_getproducts` (`id_tax_rules_group`,`id_country`,`id_state`,`zipcode_from`)
) ENGINE=InnoDB AUTO_INCREMENT=137 DEFAULT CHARSET=utf8mb4 COLLATE=utf8mb4_0900_ai_ci;

--
-- Dumping data for table `ps_tax_rule`
--

INSERT INTO `ps_tax_rule` VALUES (1,1,3,0,'0','0',1,0,''),(2,1,236,0,'0','0',1,0,''),(3,1,16,0,'0','0',1,0,''),(4,1,20,0,'0','0',1,0,''),(5,1,1,0,'0','0',1,0,''),(6,1,86,0,'0','0',1,0,''),(7,1,9,0,'0','0',1,0,''),(8,1,6,0,'0','0',1,0,''),(9,1,8,0,'0','0',1,0,''),(10,1,26,0,'0','0',1,0,''),(11,1,10,0,'0','0',1,0,''),(12,1,76,0,'0','0',1,0,''),(13,1,125,0,'0','0',1,0,''),(14,1,131,0,'0','0',1,0,''),(15,1,12,0,'0','0',1,0,''),(16,1,143,0,'0','0',1,0,''),(17,1,139,0,'0','0',1,0,''),(18,1,13,0,'0','0',1,0,''),(19,1,2,0,'0','0',1,0,''),(20,1,14,0,'0','0',1,0,''),(21,1,15,0,'0','0',1,0,''),(22,1,36,0,'0','0',1,0,''),(23,1,193,0,'0','0',1,0,''),(24,1,37,0,'0','0',1,0,''),(25,1,7,0,'0','0',1,0,''),(26,1,18,0,'0','0',1,0,''),(27,1,17,0,'0','0',1,0,''),(28,2,3,0,'0','0',2,0,''),(29,2,236,0,'0','0',2,0,''),(30,2,16,0,'0','0',2,0,''),(31,2,20,0,'0','0',2,0,''),(32,2,1,0,'0','0',2,0,''),(33,2,86,0,'0','0',2,0,''),(34,2,9,0,'0','0',2,0,''),(35,2,6,0,'0','0',2,0,''),(36,2,8,0,'0','0',2,0,''),(37,2,26,0,'0','0',2,0,''),(38,2,10,0,'0','0',2,0,''),(39,2,76,0,'0','0',2,0,''),(40,2,125,0,'0','0',2,0,''),(41,2,131,0,'0','0',2,0,''),(42,2,12,0,'0','0',2,0,''),(43,2,143,0,'0','0',2,0,''),(44,2,139,0,'0','0',2,0,''),(45,2,13,0,'0','0',2,0,''),(46,2,2,0,'0','0',2,0,''),(47,2,14,0,'0','0',2,0,''),(48,2,15,0,'0','0',2,0,''),(49,2,36,0,'0','0',2,0,''),(50,2,193,0,'0','0',2,0,''),(51,2,37,0,'0','0',2,0,''),(52,2,7,0,'0','0',2,0,''),(53,2,18,0,'0','0',2,0,''),(54,2,17,0,'0','0',2,0,''),(55,3,3,0,'0','0',3,0,''),(56,3,236,0,'0','0',3,0,''),(57,3,16,0,'0','0',3,0,''),(58,3,20,0,'0','0',3,0,''),(59,3,1,0,'0','0',3,0,''),(60,3,86,0,'0','0',3,0,''),(61,3,9,0,'0','0',3,0,''),(62,3,6,0,'0','0',3,0,''),(63,3,8,0,'0','0',3,0,''),(64,3,26,0,'0','0',3,0,''),(65,3,10,0,'0','0',3,0,''),(66,3,76,0,'0','0',3,0,''),(67,3,125,0,'0','0',3,0,''),(68,3,131,0,'0','0',3,0,''),(69,3,12,0,'0','0',3,0,''),(70,3,143,0,'0','0',3,0,''),(71,3,139,0,'0','0',3,0,''),(72,3,13,0,'0','0',3,0,''),(73,3,2,0,'0','0',3,0,''),(74,3,14,0,'0','0',3,0,''),(75,3,15,0,'0','0',3,0,''),(76,3,36,0,'0','0',3,0,''),(77,3,193,0,'0','0',3,0,''),(78,3,37,0,'0','0',3,0,''),(79,3,7,0,'0','0',3,0,''),(80,3,18,0,'0','0',3,0,''),(81,3,17,0,'0','0',3,0,''),(82,4,3,0,'0','0',4,0,''),(83,4,236,0,'0','0',4,0,''),(84,4,16,0,'0','0',4,0,''),(85,4,20,0,'0','0',4,0,''),(86,4,1,0,'0','0',4,0,''),(87,4,86,0,'0','0',4,0,''),(88,4,9,0,'0','0',4,0,''),(89,4,6,0,'0','0',4,0,''),(90,4,8,0,'0','0',4,0,''),(91,4,26,0,'0','0',4,0,''),(92,4,10,0,'0','0',4,0,''),(93,4,76,0,'0','0',4,0,''),(94,4,125,0,'0','0',4,0,''),(95,4,131,0,'0','0',4,0,''),(96,4,12,0,'0','0',4,0,''),(97,4,143,0,'0','0',4,0,''),(98,4,139,0,'0','0',4,0,''),(99,4,13,0,'0','0',4,0,''),(100,4,2,0,'0','0',4,0,''),(101,4,14,0,'0','0',4,0,''),(102,4,15,0,'0','0',4,0,''),(103,4,36,0,'0','0',4,0,''),(104,4,193,0,'0','0',4,0,''),(105,4,37,0,'0','0',4,0,''),(106,4,7,0,'0','0',4,0,''),(107,4,18,0,'0','0',4,0,''),(108,4,17,0,'0','0',4,0,''),(109,5,8,0,'0','0',1,0,''),(110,5,2,0,'0','0',5,0,''),(111,5,3,0,'0','0',6,0,''),(112,5,236,0,'0','0',7,0,''),(113,5,76,0,'0','0',8,0,''),(114,5,16,0,'0','0',9,0,''),(115,5,1,0,'0','0',10,0,''),(116,5,20,0,'0','0',11,0,''),(117,5,86,0,'0','0',12,0,''),(118,5,6,0,'0','0',13,0,''),(119,5,7,0,'0','0',14,0,''),(120,5,17,0,'0','0',15,0,''),(121,5,9,0,'0','0',16,0,''),(122,5,74,0,'0','0',17,0,''),(123,5,143,0,'0','0',18,0,''),(124,5,26,0,'0','0',19,0,''),(125,5,10,0,'0','0',20,0,''),(126,5,131,0,'0','0',21,0,''),(127,5,12,0,'0','0',22,0,''),(128,5,125,0,'0','0',23,0,''),(129,5,139,0,'0','0',24,0,''),(130,5,13,0,'0','0',25,0,''),(131,5,14,0,'0','0',26,0,''),(132,5,15,0,'0','0',27,0,''),(133,5,36,0,'0','0',28,0,''),(134,5,18,0,'0','0',29,0,''),(135,5,193,0,'0','0',30,0,''),(136,5,37,0,'0','0',31,0,'');

--
-- Table structure for table `ps_tax_rules_group`
--

CREATE TABLE `ps_tax_rules_group` (
  `id_tax_rules_group` int NOT NULL AUTO_INCREMENT,
  `name` varchar(50) NOT NULL,
  `active` int NOT NULL,
  `deleted` tinyint unsigned NOT NULL,
  `date_add` datetime NOT NULL,
  `date_upd` datetime NOT NULL,
  PRIMARY KEY (`id_tax_rules_group`)
) ENGINE=InnoDB AUTO_INCREMENT=6 DEFAULT CHARSET=utf8mb4 COLLATE=utf8mb4_0900_ai_ci;

--
-- Dumping data for table `ps_tax_rules_group`
--

INSERT INTO `ps_tax_rules_group` VALUES (1,'FR Taux standard (20%)',1,0,'2021-08-03 12:03:27','2021-08-03 12:03:27'),(2,'FR Taux réduit (10%)',1,0,'2021-08-03 12:03:28','2021-08-03 12:03:28'),(3,'FR Taux réduit (5.5%)',1,0,'2021-08-03 12:03:28','2021-08-03 12:03:28'),(4,'FR Taux super réduit (2.1%)',1,0,'2021-08-03 12:03:28','2021-08-03 12:03:28'),(5,'EU VAT For Virtual Products',1,0,'2021-08-03 12:03:28','2021-08-03 12:03:28');

--
-- Table structure for table `ps_tax_rules_group_shop`
--

CREATE TABLE `ps_tax_rules_group_shop` (
  `id_tax_rules_group` int unsigned NOT NULL,
  `id_shop` int unsigned NOT NULL,
  PRIMARY KEY (`id_tax_rules_group`,`id_shop`),
  KEY `id_shop` (`id_shop`)
) ENGINE=InnoDB DEFAULT CHARSET=utf8mb4 COLLATE=utf8mb4_0900_ai_ci;

--
-- Dumping data for table `ps_tax_rules_group_shop`
--

INSERT INTO `ps_tax_rules_group_shop` VALUES (1,1),(2,1),(3,1),(4,1),(5,1);

--
-- Table structure for table `ps_timezone`
--

CREATE TABLE `ps_timezone` (
  `id_timezone` int unsigned NOT NULL AUTO_INCREMENT,
  `name` varchar(32) NOT NULL,
  PRIMARY KEY (`id_timezone`)
) ENGINE=InnoDB AUTO_INCREMENT=561 DEFAULT CHARSET=utf8mb4 COLLATE=utf8mb4_0900_ai_ci;

--
-- Dumping data for table `ps_timezone`
--

INSERT INTO `ps_timezone` VALUES (1,'Africa/Abidjan'),(2,'Africa/Accra'),(3,'Africa/Addis_Ababa'),(4,'Africa/Algiers'),(5,'Africa/Asmara'),(6,'Africa/Asmera'),(7,'Africa/Bamako'),(8,'Africa/Bangui'),(9,'Africa/Banjul'),(10,'Africa/Bissau'),(11,'Africa/Blantyre'),(12,'Africa/Brazzaville'),(13,'Africa/Bujumbura'),(14,'Africa/Cairo'),(15,'Africa/Casablanca'),(16,'Africa/Ceuta'),(17,'Africa/Conakry'),(18,'Africa/Dakar'),(19,'Africa/Dar_es_Salaam'),(20,'Africa/Djibouti'),(21,'Africa/Douala'),(22,'Africa/El_Aaiun'),(23,'Africa/Freetown'),(24,'Africa/Gaborone'),(25,'Africa/Harare'),(26,'Africa/Johannesburg'),(27,'Africa/Kampala'),(28,'Africa/Khartoum'),(29,'Africa/Kigali'),(30,'Africa/Kinshasa'),(31,'Africa/Lagos'),(32,'Africa/Libreville'),(33,'Africa/Lome'),(34,'Africa/Luanda'),(35,'Africa/Lubumbashi'),(36,'Africa/Lusaka'),(37,'Africa/Malabo'),(38,'Africa/Maputo'),(39,'Africa/Maseru'),(40,'Africa/Mbabane'),(41,'Africa/Mogadishu'),(42,'Africa/Monrovia'),(43,'Africa/Nairobi'),(44,'Africa/Ndjamena'),(45,'Africa/Niamey'),(46,'Africa/Nouakchott'),(47,'Africa/Ouagadougou'),(48,'Africa/Porto-Novo'),(49,'Africa/Sao_Tome'),(50,'Africa/Timbuktu'),(51,'Africa/Tripoli'),(52,'Africa/Tunis'),(53,'Africa/Windhoek'),(54,'America/Adak'),(55,'America/Anchorage '),(56,'America/Anguilla'),(57,'America/Antigua'),(58,'America/Araguaina'),(59,'America/Argentina/Buenos_Aires'),(60,'America/Argentina/Catamarca'),(61,'America/Argentina/ComodRivadavia'),(62,'America/Argentina/Cordoba'),(63,'America/Argentina/Jujuy'),(64,'America/Argentina/La_Rioja'),(65,'America/Argentina/Mendoza'),(66,'America/Argentina/Rio_Gallegos'),(67,'America/Argentina/Salta'),(68,'America/Argentina/San_Juan'),(69,'America/Argentina/San_Luis'),(70,'America/Argentina/Tucuman'),(71,'America/Argentina/Ushuaia'),(72,'America/Aruba'),(73,'America/Asuncion'),(74,'America/Atikokan'),(75,'America/Atka'),(76,'America/Bahia'),(77,'America/Barbados'),(78,'America/Belem'),(79,'America/Belize'),(80,'America/Blanc-Sablon'),(81,'America/Boa_Vista'),(82,'America/Bogota'),(83,'America/Boise'),(84,'America/Buenos_Aires'),(85,'America/Cambridge_Bay'),(86,'America/Campo_Grande'),(87,'America/Cancun'),(88,'America/Caracas'),(89,'America/Catamarca'),(90,'America/Cayenne'),(91,'America/Cayman'),(92,'America/Chicago'),(93,'America/Chihuahua'),(94,'America/Coral_Harbour'),(95,'America/Cordoba'),(96,'America/Costa_Rica'),(97,'America/Cuiaba'),(98,'America/Curacao'),(99,'America/Danmarkshavn'),(100,'America/Dawson'),(101,'America/Dawson_Creek'),(102,'America/Denver'),(103,'America/Detroit'),(104,'America/Dominica'),(105,'America/Edmonton'),(106,'America/Eirunepe'),(107,'America/El_Salvador'),(108,'America/Ensenada'),(109,'America/Fort_Wayne'),(110,'America/Fortaleza'),(111,'America/Glace_Bay'),(112,'America/Godthab'),(113,'America/Goose_Bay'),(114,'America/Grand_Turk'),(115,'America/Grenada'),(116,'America/Guadeloupe'),(117,'America/Guatemala'),(118,'America/Guayaquil'),(119,'America/Guyana'),(120,'America/Halifax'),(121,'America/Havana'),(122,'America/Hermosillo'),(123,'America/Indiana/Indianapolis'),(124,'America/Indiana/Knox'),(125,'America/Indiana/Marengo'),(126,'America/Indiana/Petersburg'),(127,'America/Indiana/Tell_City'),(128,'America/Indiana/Vevay'),(129,'America/Indiana/Vincennes'),(130,'America/Indiana/Winamac'),(131,'America/Indianapolis'),(132,'America/Inuvik'),(133,'America/Iqaluit'),(134,'America/Jamaica'),(135,'America/Jujuy'),(136,'America/Juneau'),(137,'America/Kentucky/Louisville'),(138,'America/Kentucky/Monticello'),(139,'America/Knox_IN'),(140,'America/La_Paz'),(141,'America/Lima'),(142,'America/Los_Angeles'),(143,'America/Louisville'),(144,'America/Maceio'),(145,'America/Managua'),(146,'America/Manaus'),(147,'America/Marigot'),(148,'America/Martinique'),(149,'America/Mazatlan'),(150,'America/Mendoza'),(151,'America/Menominee'),(152,'America/Merida'),(153,'America/Mexico_City'),(154,'America/Miquelon'),(155,'America/Moncton'),(156,'America/Monterrey'),(157,'America/Montevideo'),(158,'America/Montreal'),(159,'America/Montserrat'),(160,'America/Nassau'),(161,'America/New_York'),(162,'America/Nipigon'),(163,'America/Nome'),(164,'America/Noronha'),(165,'America/North_Dakota/Center'),(166,'America/North_Dakota/New_Salem'),(167,'America/Panama'),(168,'America/Pangnirtung'),(169,'America/Paramaribo'),(170,'America/Phoenix'),(171,'America/Port-au-Prince'),(172,'America/Port_of_Spain'),(173,'America/Porto_Acre'),(174,'America/Porto_Velho'),(175,'America/Puerto_Rico'),(176,'America/Rainy_River'),(177,'America/Rankin_Inlet'),(178,'America/Recife'),(179,'America/Regina'),(180,'America/Resolute'),(181,'America/Rio_Branco'),(182,'America/Rosario'),(183,'America/Santarem'),(184,'America/Santiago'),(185,'America/Santo_Domingo'),(186,'America/Sao_Paulo'),(187,'America/Scoresbysund'),(188,'America/Shiprock'),(189,'America/St_Barthelemy'),(190,'America/St_Johns'),(191,'America/St_Kitts'),(192,'America/St_Lucia'),(193,'America/St_Thomas'),(194,'America/St_Vincent'),(195,'America/Swift_Current'),(196,'America/Tegucigalpa'),(197,'America/Thule'),(198,'America/Thunder_Bay'),(199,'America/Tijuana'),(200,'America/Toronto'),(201,'America/Tortola'),(202,'America/Vancouver'),(203,'America/Virgin'),(204,'America/Whitehorse'),(205,'America/Winnipeg'),(206,'America/Yakutat'),(207,'America/Yellowknife'),(208,'Antarctica/Casey'),(209,'Antarctica/Davis'),(210,'Antarctica/DumontDUrville'),(211,'Antarctica/Mawson'),(212,'Antarctica/McMurdo'),(213,'Antarctica/Palmer'),(214,'Antarctica/Rothera'),(215,'Antarctica/South_Pole'),(216,'Antarctica/Syowa'),(217,'Antarctica/Vostok'),(218,'Arctic/Longyearbyen'),(219,'Asia/Aden'),(220,'Asia/Almaty'),(221,'Asia/Amman'),(222,'Asia/Anadyr'),(223,'Asia/Aqtau'),(224,'Asia/Aqtobe'),(225,'Asia/Ashgabat'),(226,'Asia/Ashkhabad'),(227,'Asia/Baghdad'),(228,'Asia/Bahrain'),(229,'Asia/Baku'),(230,'Asia/Bangkok'),(231,'Asia/Beirut'),(232,'Asia/Bishkek'),(233,'Asia/Brunei'),(234,'Asia/Calcutta'),(235,'Asia/Choibalsan'),(236,'Asia/Chongqing'),(237,'Asia/Chungking'),(238,'Asia/Colombo'),(239,'Asia/Dacca'),(240,'Asia/Damascus'),(241,'Asia/Dhaka'),(242,'Asia/Dili'),(243,'Asia/Dubai'),(244,'Asia/Dushanbe'),(245,'Asia/Gaza'),(246,'Asia/Harbin'),(247,'Asia/Ho_Chi_Minh'),(248,'Asia/Hong_Kong'),(249,'Asia/Hovd'),(250,'Asia/Irkutsk'),(251,'Asia/Istanbul'),(252,'Asia/Jakarta'),(253,'Asia/Jayapura'),(254,'Asia/Jerusalem'),(255,'Asia/Kabul'),(256,'Asia/Kamchatka'),(257,'Asia/Karachi'),(258,'Asia/Kashgar'),(259,'Asia/Kathmandu'),(260,'Asia/Katmandu'),(261,'Asia/Kolkata'),(262,'Asia/Krasnoyarsk'),(263,'Asia/Kuala_Lumpur'),(264,'Asia/Kuching'),(265,'Asia/Kuwait'),(266,'Asia/Macao'),(267,'Asia/Macau'),(268,'Asia/Magadan'),(269,'Asia/Makassar'),(270,'Asia/Manila'),(271,'Asia/Muscat'),(272,'Asia/Nicosia'),(273,'Asia/Novosibirsk'),(274,'Asia/Omsk'),(275,'Asia/Oral'),(276,'Asia/Phnom_Penh'),(277,'Asia/Pontianak'),(278,'Asia/Pyongyang'),(279,'Asia/Qatar'),(280,'Asia/Qyzylorda'),(281,'Asia/Rangoon'),(282,'Asia/Riyadh'),(283,'Asia/Saigon'),(284,'Asia/Sakhalin'),(285,'Asia/Samarkand'),(286,'Asia/Seoul'),(287,'Asia/Shanghai'),(288,'Asia/Singapore'),(289,'Asia/Taipei'),(290,'Asia/Tashkent'),(291,'Asia/Tbilisi'),(292,'Asia/Tehran'),(293,'Asia/Tel_Aviv'),(294,'Asia/Thimbu'),(295,'Asia/Thimphu'),(296,'Asia/Tokyo'),(297,'Asia/Ujung_Pandang'),(298,'Asia/Ulaanbaatar'),(299,'Asia/Ulan_Bator'),(300,'Asia/Urumqi'),(301,'Asia/Vientiane'),(302,'Asia/Vladivostok'),(303,'Asia/Yakutsk'),(304,'Asia/Yekaterinburg'),(305,'Asia/Yerevan'),(306,'Atlantic/Azores'),(307,'Atlantic/Bermuda'),(308,'Atlantic/Canary'),(309,'Atlantic/Cape_Verde'),(310,'Atlantic/Faeroe'),(311,'Atlantic/Faroe'),(312,'Atlantic/Jan_Mayen'),(313,'Atlantic/Madeira'),(314,'Atlantic/Reykjavik'),(315,'Atlantic/South_Georgia'),(316,'Atlantic/St_Helena'),(317,'Atlantic/Stanley'),(318,'Australia/ACT'),(319,'Australia/Adelaide'),(320,'Australia/Brisbane'),(321,'Australia/Broken_Hill'),(322,'Australia/Canberra'),(323,'Australia/Currie'),(324,'Australia/Darwin'),(325,'Australia/Eucla'),(326,'Australia/Hobart'),(327,'Australia/LHI'),(328,'Australia/Lindeman'),(329,'Australia/Lord_Howe'),(330,'Australia/Melbourne'),(331,'Australia/North'),(332,'Australia/NSW'),(333,'Australia/Perth'),(334,'Australia/Queensland'),(335,'Australia/South'),(336,'Australia/Sydney'),(337,'Australia/Tasmania'),(338,'Australia/Victoria'),(339,'Australia/West'),(340,'Australia/Yancowinna'),(341,'Europe/Amsterdam'),(342,'Europe/Andorra'),(343,'Europe/Athens'),(344,'Europe/Belfast'),(345,'Europe/Belgrade'),(346,'Europe/Berlin'),(347,'Europe/Bratislava'),(348,'Europe/Brussels'),(349,'Europe/Bucharest'),(350,'Europe/Budapest'),(351,'Europe/Chisinau'),(352,'Europe/Copenhagen'),(353,'Europe/Dublin'),(354,'Europe/Gibraltar'),(355,'Europe/Guernsey'),(356,'Europe/Helsinki'),(357,'Europe/Isle_of_Man'),(358,'Europe/Istanbul'),(359,'Europe/Jersey'),(360,'Europe/Kaliningrad'),(361,'Europe/Kiev'),(362,'Europe/Lisbon'),(363,'Europe/Ljubljana'),(364,'Europe/London'),(365,'Europe/Luxembourg'),(366,'Europe/Madrid'),(367,'Europe/Malta'),(368,'Europe/Mariehamn'),(369,'Europe/Minsk'),(370,'Europe/Monaco'),(371,'Europe/Moscow'),(372,'Europe/Nicosia'),(373,'Europe/Oslo'),(374,'Europe/Paris'),(375,'Europe/Podgorica'),(376,'Europe/Prague'),(377,'Europe/Riga'),(378,'Europe/Rome'),(379,'Europe/Samara'),(380,'Europe/San_Marino'),(381,'Europe/Sarajevo'),(382,'Europe/Simferopol'),(383,'Europe/Skopje'),(384,'Europe/Sofia'),(385,'Europe/Stockholm'),(386,'Europe/Tallinn'),(387,'Europe/Tirane'),(388,'Europe/Tiraspol'),(389,'Europe/Uzhgorod'),(390,'Europe/Vaduz'),(391,'Europe/Vatican'),(392,'Europe/Vienna'),(393,'Europe/Vilnius'),(394,'Europe/Volgograd'),(395,'Europe/Warsaw'),(396,'Europe/Zagreb'),(397,'Europe/Zaporozhye'),(398,'Europe/Zurich'),(399,'Indian/Antananarivo'),(400,'Indian/Chagos'),(401,'Indian/Christmas'),(402,'Indian/Cocos'),(403,'Indian/Comoro'),(404,'Indian/Kerguelen'),(405,'Indian/Mahe'),(406,'Indian/Maldives'),(407,'Indian/Mauritius'),(408,'Indian/Mayotte'),(409,'Indian/Reunion'),(410,'Pacific/Apia'),(411,'Pacific/Auckland'),(412,'Pacific/Chatham'),(413,'Pacific/Easter'),(414,'Pacific/Efate'),(415,'Pacific/Enderbury'),(416,'Pacific/Fakaofo'),(417,'Pacific/Fiji'),(418,'Pacific/Funafuti'),(419,'Pacific/Galapagos'),(420,'Pacific/Gambier'),(421,'Pacific/Guadalcanal'),(422,'Pacific/Guam'),(423,'Pacific/Honolulu'),(424,'Pacific/Johnston'),(425,'Pacific/Kiritimati'),(426,'Pacific/Kosrae'),(427,'Pacific/Kwajalein'),(428,'Pacific/Majuro'),(429,'Pacific/Marquesas'),(430,'Pacific/Midway'),(431,'Pacific/Nauru'),(432,'Pacific/Niue'),(433,'Pacific/Norfolk'),(434,'Pacific/Noumea'),(435,'Pacific/Pago_Pago'),(436,'Pacific/Palau'),(437,'Pacific/Pitcairn'),(438,'Pacific/Ponape'),(439,'Pacific/Port_Moresby'),(440,'Pacific/Rarotonga'),(441,'Pacific/Saipan'),(442,'Pacific/Samoa'),(443,'Pacific/Tahiti'),(444,'Pacific/Tarawa'),(445,'Pacific/Tongatapu'),(446,'Pacific/Truk'),(447,'Pacific/Wake'),(448,'Pacific/Wallis'),(449,'Pacific/Yap'),(450,'Brazil/Acre'),(451,'Brazil/DeNoronha'),(452,'Brazil/East'),(453,'Brazil/West'),(454,'Canada/Atlantic'),(455,'Canada/Central'),(456,'Canada/East-Saskatchewan'),(457,'Canada/Eastern'),(458,'Canada/Mountain'),(459,'Canada/Newfoundland'),(460,'Canada/Pacific'),(461,'Canada/Saskatchewan'),(462,'Canada/Yukon'),(463,'CET'),(464,'Chile/Continental'),(465,'Chile/EasterIsland'),(466,'CST6CDT'),(467,'Cuba'),(468,'EET'),(469,'Egypt'),(470,'Eire'),(471,'EST'),(472,'EST5EDT'),(473,'Etc/GMT'),(474,'Etc/GMT+0'),(475,'Etc/GMT+1'),(476,'Etc/GMT+10'),(477,'Etc/GMT+11'),(478,'Etc/GMT+12'),(479,'Etc/GMT+2'),(480,'Etc/GMT+3'),(481,'Etc/GMT+4'),(482,'Etc/GMT+5'),(483,'Etc/GMT+6'),(484,'Etc/GMT+7'),(485,'Etc/GMT+8'),(486,'Etc/GMT+9'),(487,'Etc/GMT-0'),(488,'Etc/GMT-1'),(489,'Etc/GMT-10'),(490,'Etc/GMT-11'),(491,'Etc/GMT-12'),(492,'Etc/GMT-13'),(493,'Etc/GMT-14'),(494,'Etc/GMT-2'),(495,'Etc/GMT-3'),(496,'Etc/GMT-4'),(497,'Etc/GMT-5'),(498,'Etc/GMT-6'),(499,'Etc/GMT-7'),(500,'Etc/GMT-8'),(501,'Etc/GMT-9'),(502,'Etc/GMT0'),(503,'Etc/Greenwich'),(504,'Etc/UCT'),(505,'Etc/Universal'),(506,'Etc/UTC'),(507,'Etc/Zulu'),(508,'Factory'),(509,'GB'),(510,'GB-Eire'),(511,'GMT'),(512,'GMT+0'),(513,'GMT-0'),(514,'GMT0'),(515,'Greenwich'),(516,'Hongkong'),(517,'HST'),(518,'Iceland'),(519,'Iran'),(520,'Israel'),(521,'Jamaica'),(522,'Japan'),(523,'Kwajalein'),(524,'Libya'),(525,'MET'),(526,'Mexico/BajaNorte'),(527,'Mexico/BajaSur'),(528,'Mexico/General'),(529,'MST'),(530,'MST7MDT'),(531,'Navajo'),(532,'NZ'),(533,'NZ-CHAT'),(534,'Poland'),(535,'Portugal'),(536,'PRC'),(537,'PST8PDT'),(538,'ROC'),(539,'ROK'),(540,'Singapore'),(541,'Turkey'),(542,'UCT'),(543,'Universal'),(544,'US/Alaska'),(545,'US/Aleutian'),(546,'US/Arizona'),(547,'US/Central'),(548,'US/East-Indiana'),(549,'US/Eastern'),(550,'US/Hawaii'),(551,'US/Indiana-Starke'),(552,'US/Michigan'),(553,'US/Mountain'),(554,'US/Pacific'),(555,'US/Pacific-New'),(556,'US/Samoa'),(557,'UTC'),(558,'W-SU'),(559,'WET'),(560,'Zulu');

--
-- Table structure for table `ps_translation`
--

CREATE TABLE `ps_translation` (
  `id_translation` int NOT NULL AUTO_INCREMENT,
  `id_lang` int NOT NULL,
  `key` text CHARACTER SET utf8 COLLATE utf8_bin NOT NULL,
  `translation` text COLLATE utf8mb4_unicode_ci NOT NULL,
  `domain` varchar(80) COLLATE utf8mb4_unicode_ci NOT NULL,
  `theme` varchar(32) COLLATE utf8mb4_unicode_ci DEFAULT NULL,
  PRIMARY KEY (`id_translation`),
  KEY `IDX_ADEBEB36BA299860` (`id_lang`),
  KEY `key` (`domain`)
) ENGINE=InnoDB DEFAULT CHARSET=utf8mb4 COLLATE=utf8mb4_unicode_ci;

--
-- Dumping data for table `ps_translation`
--


--
-- Table structure for table `ps_warehouse`
--

CREATE TABLE `ps_warehouse` (
  `id_warehouse` int unsigned NOT NULL AUTO_INCREMENT,
  `id_currency` int unsigned NOT NULL,
  `id_address` int unsigned NOT NULL,
  `id_employee` int unsigned NOT NULL,
  `reference` varchar(64) DEFAULT NULL,
  `name` varchar(45) NOT NULL,
  `management_type` enum('WA','FIFO','LIFO') NOT NULL DEFAULT 'WA',
  `deleted` tinyint unsigned NOT NULL DEFAULT '0',
  PRIMARY KEY (`id_warehouse`)
) ENGINE=InnoDB DEFAULT CHARSET=utf8mb4 COLLATE=utf8mb4_0900_ai_ci;

--
-- Dumping data for table `ps_warehouse`
--


--
-- Table structure for table `ps_warehouse_carrier`
--

CREATE TABLE `ps_warehouse_carrier` (
  `id_carrier` int unsigned NOT NULL,
  `id_warehouse` int unsigned NOT NULL,
  PRIMARY KEY (`id_warehouse`,`id_carrier`),
  KEY `id_warehouse` (`id_warehouse`),
  KEY `id_carrier` (`id_carrier`)
) ENGINE=InnoDB DEFAULT CHARSET=utf8mb4 COLLATE=utf8mb4_0900_ai_ci;

--
-- Dumping data for table `ps_warehouse_carrier`
--


--
-- Table structure for table `ps_warehouse_product_location`
--

CREATE TABLE `ps_warehouse_product_location` (
  `id_warehouse_product_location` int unsigned NOT NULL AUTO_INCREMENT,
  `id_product` int unsigned NOT NULL,
  `id_product_attribute` int unsigned NOT NULL,
  `id_warehouse` int unsigned NOT NULL,
  `location` varchar(64) DEFAULT NULL,
  PRIMARY KEY (`id_warehouse_product_location`),
  UNIQUE KEY `id_product` (`id_product`,`id_product_attribute`,`id_warehouse`)
) ENGINE=InnoDB DEFAULT CHARSET=utf8mb4 COLLATE=utf8mb4_0900_ai_ci;

--
-- Dumping data for table `ps_warehouse_product_location`
--


--
-- Table structure for table `ps_warehouse_shop`
--

CREATE TABLE `ps_warehouse_shop` (
  `id_shop` int unsigned NOT NULL,
  `id_warehouse` int unsigned NOT NULL,
  PRIMARY KEY (`id_warehouse`,`id_shop`),
  KEY `id_warehouse` (`id_warehouse`),
  KEY `id_shop` (`id_shop`)
) ENGINE=InnoDB DEFAULT CHARSET=utf8mb4 COLLATE=utf8mb4_0900_ai_ci;

--
-- Dumping data for table `ps_warehouse_shop`
--


--
-- Table structure for table `ps_web_browser`
--

CREATE TABLE `ps_web_browser` (
  `id_web_browser` int unsigned NOT NULL AUTO_INCREMENT,
  `name` varchar(64) DEFAULT NULL,
  PRIMARY KEY (`id_web_browser`)
) ENGINE=InnoDB AUTO_INCREMENT=12 DEFAULT CHARSET=utf8mb4 COLLATE=utf8mb4_0900_ai_ci;

--
-- Dumping data for table `ps_web_browser`
--

INSERT INTO `ps_web_browser` VALUES (1,'Safari'),(2,'Safari iPad'),(3,'Firefox'),(4,'Opera'),(5,'IE 6'),(6,'IE 7'),(7,'IE 8'),(8,'IE 9'),(9,'IE 10'),(10,'IE 11'),(11,'Chrome');

--
-- Table structure for table `ps_webservice_account`
--

CREATE TABLE `ps_webservice_account` (
  `id_webservice_account` int NOT NULL AUTO_INCREMENT,
  `key` varchar(32) NOT NULL,
  `description` text,
  `class_name` varchar(50) NOT NULL DEFAULT 'WebserviceRequest',
  `is_module` tinyint NOT NULL DEFAULT '0',
  `module_name` varchar(50) DEFAULT NULL,
  `active` tinyint NOT NULL,
  PRIMARY KEY (`id_webservice_account`),
  KEY `key` (`key`)
) ENGINE=InnoDB DEFAULT CHARSET=utf8mb4 COLLATE=utf8mb4_0900_ai_ci;

--
-- Dumping data for table `ps_webservice_account`
--


--
-- Table structure for table `ps_webservice_account_shop`
--

CREATE TABLE `ps_webservice_account_shop` (
  `id_webservice_account` int unsigned NOT NULL,
  `id_shop` int unsigned NOT NULL,
  PRIMARY KEY (`id_webservice_account`,`id_shop`),
  KEY `id_shop` (`id_shop`)
) ENGINE=InnoDB DEFAULT CHARSET=utf8mb4 COLLATE=utf8mb4_0900_ai_ci;

--
-- Dumping data for table `ps_webservice_account_shop`
--


--
-- Table structure for table `ps_webservice_permission`
--

CREATE TABLE `ps_webservice_permission` (
  `id_webservice_permission` int NOT NULL AUTO_INCREMENT,
  `resource` varchar(50) NOT NULL,
  `method` enum('GET','POST','PUT','DELETE','HEAD') NOT NULL,
  `id_webservice_account` int NOT NULL,
  PRIMARY KEY (`id_webservice_permission`),
  UNIQUE KEY `resource_2` (`resource`,`method`,`id_webservice_account`),
  KEY `resource` (`resource`),
  KEY `method` (`method`),
  KEY `id_webservice_account` (`id_webservice_account`)
) ENGINE=InnoDB DEFAULT CHARSET=utf8mb4 COLLATE=utf8mb4_0900_ai_ci;

--
-- Dumping data for table `ps_webservice_permission`
--


--
-- Table structure for table `ps_zone`
--

CREATE TABLE `ps_zone` (
  `id_zone` int unsigned NOT NULL AUTO_INCREMENT,
  `name` varchar(64) NOT NULL,
  `active` tinyint unsigned NOT NULL DEFAULT '0',
  PRIMARY KEY (`id_zone`)
) ENGINE=InnoDB AUTO_INCREMENT=9 DEFAULT CHARSET=utf8mb4 COLLATE=utf8mb4_0900_ai_ci;

--
-- Dumping data for table `ps_zone`
--

INSERT INTO `ps_zone` VALUES (1,'Europe',1),(2,'North America',1),(3,'Asia',1),(4,'Africa',1),(5,'Oceania',1),(6,'South America',1),(7,'Europe (non-EU)',1),(8,'Central America/Antilla',1);

--
-- Table structure for table `ps_zone_shop`
--

CREATE TABLE `ps_zone_shop` (
  `id_zone` int unsigned NOT NULL,
  `id_shop` int unsigned NOT NULL,
  PRIMARY KEY (`id_zone`,`id_shop`),
  KEY `id_shop` (`id_shop`)
) ENGINE=InnoDB DEFAULT CHARSET=utf8mb4 COLLATE=utf8mb4_0900_ai_ci;

--
-- Dumping data for table `ps_zone_shop`
--

INSERT INTO `ps_zone_shop` VALUES (1,1),(2,1),(3,1),(4,1),(5,1),(6,1),(7,1),(8,1);

--
-- Current Database: `prestashop_enguerrand_1.7.7.5`
--

CREATE DATABASE /*!32312 IF NOT EXISTS*/ `prestashop_enguerrand_1.7.7.5` /*!40100 DEFAULT CHARACTER SET utf8mb4 COLLATE utf8mb4_general_ci */ /*!80016 DEFAULT ENCRYPTION='N' */;

USE `prestashop_enguerrand_1.7.7.5`;

--
-- Current Database: `ramirakl`
--

CREATE DATABASE /*!32312 IF NOT EXISTS*/ `ramirakl` /*!40100 DEFAULT CHARACTER SET utf8mb4 COLLATE utf8mb4_0900_ai_ci */ /*!80016 DEFAULT ENCRYPTION='N' */;

USE `ramirakl`;

--
-- Current Database: `test`
--

CREATE DATABASE /*!32312 IF NOT EXISTS*/ `test` /*!40100 DEFAULT CHARACTER SET utf8mb4 COLLATE utf8mb4_0900_ai_ci */ /*!80016 DEFAULT ENCRYPTION='N' */;

USE `test`;

--
-- Current Database: `wordpress-5.8-fr_FR_Edi`
--

CREATE DATABASE /*!32312 IF NOT EXISTS*/ `wordpress-5.8-fr_FR_Edi` /*!40100 DEFAULT CHARACTER SET utf8 */ /*!80016 DEFAULT ENCRYPTION='N' */;

USE `wordpress-5.8-fr_FR_Edi`;

--
-- Table structure for table `wp_actionscheduler_actions`
--

CREATE TABLE `wp_actionscheduler_actions` (
  `action_id` bigint unsigned NOT NULL AUTO_INCREMENT,
  `hook` varchar(191) COLLATE utf8mb4_unicode_520_ci NOT NULL,
  `status` varchar(20) COLLATE utf8mb4_unicode_520_ci NOT NULL,
  `scheduled_date_gmt` datetime NOT NULL DEFAULT '0000-00-00 00:00:00',
  `scheduled_date_local` datetime NOT NULL DEFAULT '0000-00-00 00:00:00',
  `args` varchar(191) COLLATE utf8mb4_unicode_520_ci DEFAULT NULL,
  `schedule` longtext COLLATE utf8mb4_unicode_520_ci,
  `group_id` bigint unsigned NOT NULL DEFAULT '0',
  `attempts` int NOT NULL DEFAULT '0',
  `last_attempt_gmt` datetime NOT NULL DEFAULT '0000-00-00 00:00:00',
  `last_attempt_local` datetime NOT NULL DEFAULT '0000-00-00 00:00:00',
  `claim_id` bigint unsigned NOT NULL DEFAULT '0',
  `extended_args` varchar(8000) COLLATE utf8mb4_unicode_520_ci DEFAULT NULL,
  PRIMARY KEY (`action_id`),
  KEY `hook` (`hook`),
  KEY `status` (`status`),
  KEY `scheduled_date_gmt` (`scheduled_date_gmt`),
  KEY `args` (`args`),
  KEY `group_id` (`group_id`),
  KEY `last_attempt_gmt` (`last_attempt_gmt`),
  KEY `claim_id` (`claim_id`),
  KEY `claim_id_status_scheduled_date_gmt` (`claim_id`,`status`,`scheduled_date_gmt`)
) ENGINE=InnoDB AUTO_INCREMENT=8 DEFAULT CHARSET=utf8mb4 COLLATE=utf8mb4_unicode_520_ci;

--
-- Dumping data for table `wp_actionscheduler_actions`
--

INSERT INTO `wp_actionscheduler_actions` VALUES (6,'action_scheduler/migration_hook','complete','2021-08-03 09:06:14','2021-08-03 11:06:14','[]','O:30:\"ActionScheduler_SimpleSchedule\":2:{s:22:\"\0*\0scheduled_timestamp\";i:1627981574;s:41:\"\0ActionScheduler_SimpleSchedule\0timestamp\";i:1627981574;}',1,1,'2021-08-03 09:06:25','2021-08-03 11:06:25',0,NULL),(7,'action_scheduler/migration_hook','pending','2021-08-03 13:40:12','2021-08-03 15:40:12','[]','O:30:\"ActionScheduler_SimpleSchedule\":2:{s:22:\"\0*\0scheduled_timestamp\";i:1627998012;s:41:\"\0ActionScheduler_SimpleSchedule\0timestamp\";i:1627998012;}',1,0,'0000-00-00 00:00:00','0000-00-00 00:00:00',0,NULL);

--
-- Table structure for table `wp_actionscheduler_claims`
--

CREATE TABLE `wp_actionscheduler_claims` (
  `claim_id` bigint unsigned NOT NULL AUTO_INCREMENT,
  `date_created_gmt` datetime NOT NULL DEFAULT '0000-00-00 00:00:00',
  PRIMARY KEY (`claim_id`),
  KEY `date_created_gmt` (`date_created_gmt`)
) ENGINE=InnoDB AUTO_INCREMENT=38 DEFAULT CHARSET=utf8mb4 COLLATE=utf8mb4_unicode_520_ci;

--
-- Dumping data for table `wp_actionscheduler_claims`
--


--
-- Table structure for table `wp_actionscheduler_groups`
--

CREATE TABLE `wp_actionscheduler_groups` (
  `group_id` bigint unsigned NOT NULL AUTO_INCREMENT,
  `slug` varchar(255) COLLATE utf8mb4_unicode_520_ci NOT NULL,
  PRIMARY KEY (`group_id`),
  KEY `slug` (`slug`(191))
) ENGINE=InnoDB AUTO_INCREMENT=2 DEFAULT CHARSET=utf8mb4 COLLATE=utf8mb4_unicode_520_ci;

--
-- Dumping data for table `wp_actionscheduler_groups`
--

INSERT INTO `wp_actionscheduler_groups` VALUES (1,'action-scheduler-migration');

--
-- Table structure for table `wp_actionscheduler_logs`
--

CREATE TABLE `wp_actionscheduler_logs` (
  `log_id` bigint unsigned NOT NULL AUTO_INCREMENT,
  `action_id` bigint unsigned NOT NULL,
  `message` text COLLATE utf8mb4_unicode_520_ci NOT NULL,
  `log_date_gmt` datetime NOT NULL DEFAULT '0000-00-00 00:00:00',
  `log_date_local` datetime NOT NULL DEFAULT '0000-00-00 00:00:00',
  PRIMARY KEY (`log_id`),
  KEY `action_id` (`action_id`),
  KEY `log_date_gmt` (`log_date_gmt`)
) ENGINE=InnoDB AUTO_INCREMENT=5 DEFAULT CHARSET=utf8mb4 COLLATE=utf8mb4_unicode_520_ci;

--
-- Dumping data for table `wp_actionscheduler_logs`
--

INSERT INTO `wp_actionscheduler_logs` VALUES (1,6,'action created','2021-08-03 09:05:14','2021-08-03 11:05:14'),(2,6,'action started via Async Request','2021-08-03 09:06:24','2021-08-03 11:06:24'),(3,6,'action complete via Async Request','2021-08-03 09:06:25','2021-08-03 11:06:25'),(4,7,'action created','2021-08-03 13:39:13','2021-08-03 15:39:13');

--
-- Table structure for table `wp_commentmeta`
--

CREATE TABLE `wp_commentmeta` (
  `meta_id` bigint unsigned NOT NULL AUTO_INCREMENT,
  `comment_id` bigint unsigned NOT NULL DEFAULT '0',
  `meta_key` varchar(255) COLLATE utf8mb4_unicode_520_ci DEFAULT NULL,
  `meta_value` longtext COLLATE utf8mb4_unicode_520_ci,
  PRIMARY KEY (`meta_id`),
  KEY `comment_id` (`comment_id`),
  KEY `meta_key` (`meta_key`(191))
) ENGINE=InnoDB DEFAULT CHARSET=utf8mb4 COLLATE=utf8mb4_unicode_520_ci;

--
-- Dumping data for table `wp_commentmeta`
--


--
-- Table structure for table `wp_comments`
--

CREATE TABLE `wp_comments` (
  `comment_ID` bigint unsigned NOT NULL AUTO_INCREMENT,
  `comment_post_ID` bigint unsigned NOT NULL DEFAULT '0',
  `comment_author` tinytext COLLATE utf8mb4_unicode_520_ci NOT NULL,
  `comment_author_email` varchar(100) COLLATE utf8mb4_unicode_520_ci NOT NULL DEFAULT '',
  `comment_author_url` varchar(200) COLLATE utf8mb4_unicode_520_ci NOT NULL DEFAULT '',
  `comment_author_IP` varchar(100) COLLATE utf8mb4_unicode_520_ci NOT NULL DEFAULT '',
  `comment_date` datetime NOT NULL DEFAULT '0000-00-00 00:00:00',
  `comment_date_gmt` datetime NOT NULL DEFAULT '0000-00-00 00:00:00',
  `comment_content` text COLLATE utf8mb4_unicode_520_ci NOT NULL,
  `comment_karma` int NOT NULL DEFAULT '0',
  `comment_approved` varchar(20) COLLATE utf8mb4_unicode_520_ci NOT NULL DEFAULT '1',
  `comment_agent` varchar(255) COLLATE utf8mb4_unicode_520_ci NOT NULL DEFAULT '',
  `comment_type` varchar(20) COLLATE utf8mb4_unicode_520_ci NOT NULL DEFAULT 'comment',
  `comment_parent` bigint unsigned NOT NULL DEFAULT '0',
  `user_id` bigint unsigned NOT NULL DEFAULT '0',
  PRIMARY KEY (`comment_ID`),
  KEY `comment_post_ID` (`comment_post_ID`),
  KEY `comment_approved_date_gmt` (`comment_approved`,`comment_date_gmt`),
  KEY `comment_date_gmt` (`comment_date_gmt`),
  KEY `comment_parent` (`comment_parent`),
  KEY `comment_author_email` (`comment_author_email`(10)),
  KEY `woo_idx_comment_type` (`comment_type`)
) ENGINE=InnoDB AUTO_INCREMENT=2 DEFAULT CHARSET=utf8mb4 COLLATE=utf8mb4_unicode_520_ci;

--
-- Dumping data for table `wp_comments`
--

INSERT INTO `wp_comments` VALUES (1,1,'Un commentateur WordPress','wapuu@wordpress.example','https://wordpress.org/','','2021-08-03 10:52:34','2021-08-03 08:52:34','Bonjour, ceci est un commentaire.\nPour débuter avec la modération, la modification et la suppression de commentaires, veuillez visiter l’écran des Commentaires dans le Tableau de bord.\nLes avatars des personnes qui commentent arrivent depuis <a href=\"https://gravatar.com\">Gravatar</a>.',0,'1','','comment',0,0);

--
-- Table structure for table `wp_links`
--

CREATE TABLE `wp_links` (
  `link_id` bigint unsigned NOT NULL AUTO_INCREMENT,
  `link_url` varchar(255) COLLATE utf8mb4_unicode_520_ci NOT NULL DEFAULT '',
  `link_name` varchar(255) COLLATE utf8mb4_unicode_520_ci NOT NULL DEFAULT '',
  `link_image` varchar(255) COLLATE utf8mb4_unicode_520_ci NOT NULL DEFAULT '',
  `link_target` varchar(25) COLLATE utf8mb4_unicode_520_ci NOT NULL DEFAULT '',
  `link_description` varchar(255) COLLATE utf8mb4_unicode_520_ci NOT NULL DEFAULT '',
  `link_visible` varchar(20) COLLATE utf8mb4_unicode_520_ci NOT NULL DEFAULT 'Y',
  `link_owner` bigint unsigned NOT NULL DEFAULT '1',
  `link_rating` int NOT NULL DEFAULT '0',
  `link_updated` datetime NOT NULL DEFAULT '0000-00-00 00:00:00',
  `link_rel` varchar(255) COLLATE utf8mb4_unicode_520_ci NOT NULL DEFAULT '',
  `link_notes` mediumtext COLLATE utf8mb4_unicode_520_ci NOT NULL,
  `link_rss` varchar(255) COLLATE utf8mb4_unicode_520_ci NOT NULL DEFAULT '',
  PRIMARY KEY (`link_id`),
  KEY `link_visible` (`link_visible`)
) ENGINE=InnoDB DEFAULT CHARSET=utf8mb4 COLLATE=utf8mb4_unicode_520_ci;

--
-- Dumping data for table `wp_links`
--


--
-- Table structure for table `wp_options`
--

CREATE TABLE `wp_options` (
  `option_id` bigint unsigned NOT NULL AUTO_INCREMENT,
  `option_name` varchar(191) COLLATE utf8mb4_unicode_520_ci NOT NULL DEFAULT '',
  `option_value` longtext COLLATE utf8mb4_unicode_520_ci NOT NULL,
  `autoload` varchar(20) COLLATE utf8mb4_unicode_520_ci NOT NULL DEFAULT 'yes',
  PRIMARY KEY (`option_id`),
  UNIQUE KEY `option_name` (`option_name`),
  KEY `autoload` (`autoload`)
) ENGINE=InnoDB AUTO_INCREMENT=417 DEFAULT CHARSET=utf8mb4 COLLATE=utf8mb4_unicode_520_ci;

--
-- Dumping data for table `wp_options`
--

INSERT INTO `wp_options` VALUES (1,'siteurl','http://157.230.77.198/edasilvamendes/public_html/CMS/Wordpress/wordpress-5.8-fr_FR','yes'),(2,'home','http://157.230.77.198/edasilvamendes/public_html/CMS/Wordpress/wordpress-5.8-fr_FR','yes'),(3,'blogname','wordpress-5.8-fr_FR_Edi','yes'),(4,'blogdescription','Un site utilisant WordPress','yes'),(5,'users_can_register','0','yes'),(6,'admin_email','edasilva.ext@hipay.com','yes'),(7,'start_of_week','1','yes'),(8,'use_balanceTags','0','yes'),(9,'use_smilies','1','yes'),(10,'require_name_email','1','yes'),(11,'comments_notify','1','yes'),(12,'posts_per_rss','10','yes'),(13,'rss_use_excerpt','0','yes'),(14,'mailserver_url','mail.example.com','yes'),(15,'mailserver_login','login@example.com','yes'),(16,'mailserver_pass','password','yes'),(17,'mailserver_port','110','yes'),(18,'default_category','1','yes'),(19,'default_comment_status','open','yes'),(20,'default_ping_status','open','yes'),(21,'default_pingback_flag','0','yes'),(22,'posts_per_page','10','yes'),(23,'date_format','j F Y','yes'),(24,'time_format','G\\hi','yes'),(25,'links_updated_date_format','d F Y G\\hi','yes'),(26,'comment_moderation','0','yes'),(27,'moderation_notify','1','yes'),(28,'permalink_structure','/index.php/%year%/%monthnum%/%day%/%postname%/','yes'),(29,'rewrite_rules','a:161:{s:11:\"^wp-json/?$\";s:22:\"index.php?rest_route=/\";s:14:\"^wp-json/(.*)?\";s:33:\"index.php?rest_route=/$matches[1]\";s:21:\"^index.php/wp-json/?$\";s:22:\"index.php?rest_route=/\";s:24:\"^index.php/wp-json/(.*)?\";s:33:\"index.php?rest_route=/$matches[1]\";s:17:\"^wp-sitemap\\.xml$\";s:23:\"index.php?sitemap=index\";s:17:\"^wp-sitemap\\.xsl$\";s:36:\"index.php?sitemap-stylesheet=sitemap\";s:23:\"^wp-sitemap-index\\.xsl$\";s:34:\"index.php?sitemap-stylesheet=index\";s:48:\"^wp-sitemap-([a-z]+?)-([a-z\\d_-]+?)-(\\d+?)\\.xml$\";s:75:\"index.php?sitemap=$matches[1]&sitemap-subtype=$matches[2]&paged=$matches[3]\";s:34:\"^wp-sitemap-([a-z]+?)-(\\d+?)\\.xml$\";s:47:\"index.php?sitemap=$matches[1]&paged=$matches[2]\";s:17:\"index.php/shop/?$\";s:27:\"index.php?post_type=product\";s:47:\"index.php/shop/feed/(feed|rdf|rss|rss2|atom)/?$\";s:44:\"index.php?post_type=product&feed=$matches[1]\";s:42:\"index.php/shop/(feed|rdf|rss|rss2|atom)/?$\";s:44:\"index.php?post_type=product&feed=$matches[1]\";s:34:\"index.php/shop/page/([0-9]{1,})/?$\";s:45:\"index.php?post_type=product&paged=$matches[1]\";s:22:\"^wc-api/v([1-3]{1})/?$\";s:51:\"index.php?wc-api-version=$matches[1]&wc-api-route=/\";s:24:\"^wc-api/v([1-3]{1})(.*)?\";s:61:\"index.php?wc-api-version=$matches[1]&wc-api-route=$matches[2]\";s:24:\"^wc-auth/v([1]{1})/(.*)?\";s:63:\"index.php?wc-auth-version=$matches[1]&wc-auth-route=$matches[2]\";s:57:\"index.php/category/(.+?)/feed/(feed|rdf|rss|rss2|atom)/?$\";s:52:\"index.php?category_name=$matches[1]&feed=$matches[2]\";s:52:\"index.php/category/(.+?)/(feed|rdf|rss|rss2|atom)/?$\";s:52:\"index.php?category_name=$matches[1]&feed=$matches[2]\";s:33:\"index.php/category/(.+?)/embed/?$\";s:46:\"index.php?category_name=$matches[1]&embed=true\";s:45:\"index.php/category/(.+?)/page/?([0-9]{1,})/?$\";s:53:\"index.php?category_name=$matches[1]&paged=$matches[2]\";s:42:\"index.php/category/(.+?)/wc-api(/(.*))?/?$\";s:54:\"index.php?category_name=$matches[1]&wc-api=$matches[3]\";s:27:\"index.php/category/(.+?)/?$\";s:35:\"index.php?category_name=$matches[1]\";s:54:\"index.php/tag/([^/]+)/feed/(feed|rdf|rss|rss2|atom)/?$\";s:42:\"index.php?tag=$matches[1]&feed=$matches[2]\";s:49:\"index.php/tag/([^/]+)/(feed|rdf|rss|rss2|atom)/?$\";s:42:\"index.php?tag=$matches[1]&feed=$matches[2]\";s:30:\"index.php/tag/([^/]+)/embed/?$\";s:36:\"index.php?tag=$matches[1]&embed=true\";s:42:\"index.php/tag/([^/]+)/page/?([0-9]{1,})/?$\";s:43:\"index.php?tag=$matches[1]&paged=$matches[2]\";s:39:\"index.php/tag/([^/]+)/wc-api(/(.*))?/?$\";s:44:\"index.php?tag=$matches[1]&wc-api=$matches[3]\";s:24:\"index.php/tag/([^/]+)/?$\";s:25:\"index.php?tag=$matches[1]\";s:55:\"index.php/type/([^/]+)/feed/(feed|rdf|rss|rss2|atom)/?$\";s:50:\"index.php?post_format=$matches[1]&feed=$matches[2]\";s:50:\"index.php/type/([^/]+)/(feed|rdf|rss|rss2|atom)/?$\";s:50:\"index.php?post_format=$matches[1]&feed=$matches[2]\";s:31:\"index.php/type/([^/]+)/embed/?$\";s:44:\"index.php?post_format=$matches[1]&embed=true\";s:43:\"index.php/type/([^/]+)/page/?([0-9]{1,})/?$\";s:51:\"index.php?post_format=$matches[1]&paged=$matches[2]\";s:25:\"index.php/type/([^/]+)/?$\";s:33:\"index.php?post_format=$matches[1]\";s:45:\"index.php/product/[^/]+/attachment/([^/]+)/?$\";s:32:\"index.php?attachment=$matches[1]\";s:55:\"index.php/product/[^/]+/attachment/([^/]+)/trackback/?$\";s:37:\"index.php?attachment=$matches[1]&tb=1\";s:75:\"index.php/product/[^/]+/attachment/([^/]+)/feed/(feed|rdf|rss|rss2|atom)/?$\";s:49:\"index.php?attachment=$matches[1]&feed=$matches[2]\";s:70:\"index.php/product/[^/]+/attachment/([^/]+)/(feed|rdf|rss|rss2|atom)/?$\";s:49:\"index.php?attachment=$matches[1]&feed=$matches[2]\";s:70:\"index.php/product/[^/]+/attachment/([^/]+)/comment-page-([0-9]{1,})/?$\";s:50:\"index.php?attachment=$matches[1]&cpage=$matches[2]\";s:51:\"index.php/product/[^/]+/attachment/([^/]+)/embed/?$\";s:43:\"index.php?attachment=$matches[1]&embed=true\";s:34:\"index.php/product/([^/]+)/embed/?$\";s:40:\"index.php?product=$matches[1]&embed=true\";s:38:\"index.php/product/([^/]+)/trackback/?$\";s:34:\"index.php?product=$matches[1]&tb=1\";s:58:\"index.php/product/([^/]+)/feed/(feed|rdf|rss|rss2|atom)/?$\";s:46:\"index.php?product=$matches[1]&feed=$matches[2]\";s:53:\"index.php/product/([^/]+)/(feed|rdf|rss|rss2|atom)/?$\";s:46:\"index.php?product=$matches[1]&feed=$matches[2]\";s:46:\"index.php/product/([^/]+)/page/?([0-9]{1,})/?$\";s:47:\"index.php?product=$matches[1]&paged=$matches[2]\";s:53:\"index.php/product/([^/]+)/comment-page-([0-9]{1,})/?$\";s:47:\"index.php?product=$matches[1]&cpage=$matches[2]\";s:43:\"index.php/product/([^/]+)/wc-api(/(.*))?/?$\";s:48:\"index.php?product=$matches[1]&wc-api=$matches[3]\";s:49:\"index.php/product/[^/]+/([^/]+)/wc-api(/(.*))?/?$\";s:51:\"index.php?attachment=$matches[1]&wc-api=$matches[3]\";s:60:\"index.php/product/[^/]+/attachment/([^/]+)/wc-api(/(.*))?/?$\";s:51:\"index.php?attachment=$matches[1]&wc-api=$matches[3]\";s:42:\"index.php/product/([^/]+)(?:/([0-9]+))?/?$\";s:46:\"index.php?product=$matches[1]&page=$matches[2]\";s:34:\"index.php/product/[^/]+/([^/]+)/?$\";s:32:\"index.php?attachment=$matches[1]\";s:44:\"index.php/product/[^/]+/([^/]+)/trackback/?$\";s:37:\"index.php?attachment=$matches[1]&tb=1\";s:64:\"index.php/product/[^/]+/([^/]+)/feed/(feed|rdf|rss|rss2|atom)/?$\";s:49:\"index.php?attachment=$matches[1]&feed=$matches[2]\";s:59:\"index.php/product/[^/]+/([^/]+)/(feed|rdf|rss|rss2|atom)/?$\";s:49:\"index.php?attachment=$matches[1]&feed=$matches[2]\";s:59:\"index.php/product/[^/]+/([^/]+)/comment-page-([0-9]{1,})/?$\";s:50:\"index.php?attachment=$matches[1]&cpage=$matches[2]\";s:40:\"index.php/product/[^/]+/([^/]+)/embed/?$\";s:43:\"index.php?attachment=$matches[1]&embed=true\";s:65:\"index.php/product-category/(.+?)/feed/(feed|rdf|rss|rss2|atom)/?$\";s:50:\"index.php?product_cat=$matches[1]&feed=$matches[2]\";s:60:\"index.php/product-category/(.+?)/(feed|rdf|rss|rss2|atom)/?$\";s:50:\"index.php?product_cat=$matches[1]&feed=$matches[2]\";s:41:\"index.php/product-category/(.+?)/embed/?$\";s:44:\"index.php?product_cat=$matches[1]&embed=true\";s:53:\"index.php/product-category/(.+?)/page/?([0-9]{1,})/?$\";s:51:\"index.php?product_cat=$matches[1]&paged=$matches[2]\";s:35:\"index.php/product-category/(.+?)/?$\";s:33:\"index.php?product_cat=$matches[1]\";s:62:\"index.php/product-tag/([^/]+)/feed/(feed|rdf|rss|rss2|atom)/?$\";s:50:\"index.php?product_tag=$matches[1]&feed=$matches[2]\";s:57:\"index.php/product-tag/([^/]+)/(feed|rdf|rss|rss2|atom)/?$\";s:50:\"index.php?product_tag=$matches[1]&feed=$matches[2]\";s:38:\"index.php/product-tag/([^/]+)/embed/?$\";s:44:\"index.php?product_tag=$matches[1]&embed=true\";s:50:\"index.php/product-tag/([^/]+)/page/?([0-9]{1,})/?$\";s:51:\"index.php?product_tag=$matches[1]&paged=$matches[2]\";s:32:\"index.php/product-tag/([^/]+)/?$\";s:33:\"index.php?product_tag=$matches[1]\";s:48:\".*wp-(atom|rdf|rss|rss2|feed|commentsrss2)\\.php$\";s:18:\"index.php?feed=old\";s:20:\".*wp-app\\.php(/.*)?$\";s:19:\"index.php?error=403\";s:18:\".*wp-register.php$\";s:23:\"index.php?register=true\";s:42:\"index.php/feed/(feed|rdf|rss|rss2|atom)/?$\";s:27:\"index.php?&feed=$matches[1]\";s:37:\"index.php/(feed|rdf|rss|rss2|atom)/?$\";s:27:\"index.php?&feed=$matches[1]\";s:18:\"index.php/embed/?$\";s:21:\"index.php?&embed=true\";s:30:\"index.php/page/?([0-9]{1,})/?$\";s:28:\"index.php?&paged=$matches[1]\";s:27:\"index.php/wc-api(/(.*))?/?$\";s:29:\"index.php?&wc-api=$matches[2]\";s:51:\"index.php/comments/feed/(feed|rdf|rss|rss2|atom)/?$\";s:42:\"index.php?&feed=$matches[1]&withcomments=1\";s:46:\"index.php/comments/(feed|rdf|rss|rss2|atom)/?$\";s:42:\"index.php?&feed=$matches[1]&withcomments=1\";s:27:\"index.php/comments/embed/?$\";s:21:\"index.php?&embed=true\";s:36:\"index.php/comments/wc-api(/(.*))?/?$\";s:29:\"index.php?&wc-api=$matches[2]\";s:54:\"index.php/search/(.+)/feed/(feed|rdf|rss|rss2|atom)/?$\";s:40:\"index.php?s=$matches[1]&feed=$matches[2]\";s:49:\"index.php/search/(.+)/(feed|rdf|rss|rss2|atom)/?$\";s:40:\"index.php?s=$matches[1]&feed=$matches[2]\";s:30:\"index.php/search/(.+)/embed/?$\";s:34:\"index.php?s=$matches[1]&embed=true\";s:42:\"index.php/search/(.+)/page/?([0-9]{1,})/?$\";s:41:\"index.php?s=$matches[1]&paged=$matches[2]\";s:39:\"index.php/search/(.+)/wc-api(/(.*))?/?$\";s:42:\"index.php?s=$matches[1]&wc-api=$matches[3]\";s:24:\"index.php/search/(.+)/?$\";s:23:\"index.php?s=$matches[1]\";s:57:\"index.php/author/([^/]+)/feed/(feed|rdf|rss|rss2|atom)/?$\";s:50:\"index.php?author_name=$matches[1]&feed=$matches[2]\";s:52:\"index.php/author/([^/]+)/(feed|rdf|rss|rss2|atom)/?$\";s:50:\"index.php?author_name=$matches[1]&feed=$matches[2]\";s:33:\"index.php/author/([^/]+)/embed/?$\";s:44:\"index.php?author_name=$matches[1]&embed=true\";s:45:\"index.php/author/([^/]+)/page/?([0-9]{1,})/?$\";s:51:\"index.php?author_name=$matches[1]&paged=$matches[2]\";s:42:\"index.php/author/([^/]+)/wc-api(/(.*))?/?$\";s:52:\"index.php?author_name=$matches[1]&wc-api=$matches[3]\";s:27:\"index.php/author/([^/]+)/?$\";s:33:\"index.php?author_name=$matches[1]\";s:79:\"index.php/([0-9]{4})/([0-9]{1,2})/([0-9]{1,2})/feed/(feed|rdf|rss|rss2|atom)/?$\";s:80:\"index.php?year=$matches[1]&monthnum=$matches[2]&day=$matches[3]&feed=$matches[4]\";s:74:\"index.php/([0-9]{4})/([0-9]{1,2})/([0-9]{1,2})/(feed|rdf|rss|rss2|atom)/?$\";s:80:\"index.php?year=$matches[1]&monthnum=$matches[2]&day=$matches[3]&feed=$matches[4]\";s:55:\"index.php/([0-9]{4})/([0-9]{1,2})/([0-9]{1,2})/embed/?$\";s:74:\"index.php?year=$matches[1]&monthnum=$matches[2]&day=$matches[3]&embed=true\";s:67:\"index.php/([0-9]{4})/([0-9]{1,2})/([0-9]{1,2})/page/?([0-9]{1,})/?$\";s:81:\"index.php?year=$matches[1]&monthnum=$matches[2]&day=$matches[3]&paged=$matches[4]\";s:64:\"index.php/([0-9]{4})/([0-9]{1,2})/([0-9]{1,2})/wc-api(/(.*))?/?$\";s:82:\"index.php?year=$matches[1]&monthnum=$matches[2]&day=$matches[3]&wc-api=$matches[5]\";s:49:\"index.php/([0-9]{4})/([0-9]{1,2})/([0-9]{1,2})/?$\";s:63:\"index.php?year=$matches[1]&monthnum=$matches[2]&day=$matches[3]\";s:66:\"index.php/([0-9]{4})/([0-9]{1,2})/feed/(feed|rdf|rss|rss2|atom)/?$\";s:64:\"index.php?year=$matches[1]&monthnum=$matches[2]&feed=$matches[3]\";s:61:\"index.php/([0-9]{4})/([0-9]{1,2})/(feed|rdf|rss|rss2|atom)/?$\";s:64:\"index.php?year=$matches[1]&monthnum=$matches[2]&feed=$matches[3]\";s:42:\"index.php/([0-9]{4})/([0-9]{1,2})/embed/?$\";s:58:\"index.php?year=$matches[1]&monthnum=$matches[2]&embed=true\";s:54:\"index.php/([0-9]{4})/([0-9]{1,2})/page/?([0-9]{1,})/?$\";s:65:\"index.php?year=$matches[1]&monthnum=$matches[2]&paged=$matches[3]\";s:51:\"index.php/([0-9]{4})/([0-9]{1,2})/wc-api(/(.*))?/?$\";s:66:\"index.php?year=$matches[1]&monthnum=$matches[2]&wc-api=$matches[4]\";s:36:\"index.php/([0-9]{4})/([0-9]{1,2})/?$\";s:47:\"index.php?year=$matches[1]&monthnum=$matches[2]\";s:53:\"index.php/([0-9]{4})/feed/(feed|rdf|rss|rss2|atom)/?$\";s:43:\"index.php?year=$matches[1]&feed=$matches[2]\";s:48:\"index.php/([0-9]{4})/(feed|rdf|rss|rss2|atom)/?$\";s:43:\"index.php?year=$matches[1]&feed=$matches[2]\";s:29:\"index.php/([0-9]{4})/embed/?$\";s:37:\"index.php?year=$matches[1]&embed=true\";s:41:\"index.php/([0-9]{4})/page/?([0-9]{1,})/?$\";s:44:\"index.php?year=$matches[1]&paged=$matches[2]\";s:38:\"index.php/([0-9]{4})/wc-api(/(.*))?/?$\";s:45:\"index.php?year=$matches[1]&wc-api=$matches[3]\";s:23:\"index.php/([0-9]{4})/?$\";s:26:\"index.php?year=$matches[1]\";s:68:\"index.php/[0-9]{4}/[0-9]{1,2}/[0-9]{1,2}/[^/]+/attachment/([^/]+)/?$\";s:32:\"index.php?attachment=$matches[1]\";s:78:\"index.php/[0-9]{4}/[0-9]{1,2}/[0-9]{1,2}/[^/]+/attachment/([^/]+)/trackback/?$\";s:37:\"index.php?attachment=$matches[1]&tb=1\";s:98:\"index.php/[0-9]{4}/[0-9]{1,2}/[0-9]{1,2}/[^/]+/attachment/([^/]+)/feed/(feed|rdf|rss|rss2|atom)/?$\";s:49:\"index.php?attachment=$matches[1]&feed=$matches[2]\";s:93:\"index.php/[0-9]{4}/[0-9]{1,2}/[0-9]{1,2}/[^/]+/attachment/([^/]+)/(feed|rdf|rss|rss2|atom)/?$\";s:49:\"index.php?attachment=$matches[1]&feed=$matches[2]\";s:93:\"index.php/[0-9]{4}/[0-9]{1,2}/[0-9]{1,2}/[^/]+/attachment/([^/]+)/comment-page-([0-9]{1,})/?$\";s:50:\"index.php?attachment=$matches[1]&cpage=$matches[2]\";s:74:\"index.php/[0-9]{4}/[0-9]{1,2}/[0-9]{1,2}/[^/]+/attachment/([^/]+)/embed/?$\";s:43:\"index.php?attachment=$matches[1]&embed=true\";s:63:\"index.php/([0-9]{4})/([0-9]{1,2})/([0-9]{1,2})/([^/]+)/embed/?$\";s:91:\"index.php?year=$matches[1]&monthnum=$matches[2]&day=$matches[3]&name=$matches[4]&embed=true\";s:67:\"index.php/([0-9]{4})/([0-9]{1,2})/([0-9]{1,2})/([^/]+)/trackback/?$\";s:85:\"index.php?year=$matches[1]&monthnum=$matches[2]&day=$matches[3]&name=$matches[4]&tb=1\";s:87:\"index.php/([0-9]{4})/([0-9]{1,2})/([0-9]{1,2})/([^/]+)/feed/(feed|rdf|rss|rss2|atom)/?$\";s:97:\"index.php?year=$matches[1]&monthnum=$matches[2]&day=$matches[3]&name=$matches[4]&feed=$matches[5]\";s:82:\"index.php/([0-9]{4})/([0-9]{1,2})/([0-9]{1,2})/([^/]+)/(feed|rdf|rss|rss2|atom)/?$\";s:97:\"index.php?year=$matches[1]&monthnum=$matches[2]&day=$matches[3]&name=$matches[4]&feed=$matches[5]\";s:75:\"index.php/([0-9]{4})/([0-9]{1,2})/([0-9]{1,2})/([^/]+)/page/?([0-9]{1,})/?$\";s:98:\"index.php?year=$matches[1]&monthnum=$matches[2]&day=$matches[3]&name=$matches[4]&paged=$matches[5]\";s:82:\"index.php/([0-9]{4})/([0-9]{1,2})/([0-9]{1,2})/([^/]+)/comment-page-([0-9]{1,})/?$\";s:98:\"index.php?year=$matches[1]&monthnum=$matches[2]&day=$matches[3]&name=$matches[4]&cpage=$matches[5]\";s:72:\"index.php/([0-9]{4})/([0-9]{1,2})/([0-9]{1,2})/([^/]+)/wc-api(/(.*))?/?$\";s:99:\"index.php?year=$matches[1]&monthnum=$matches[2]&day=$matches[3]&name=$matches[4]&wc-api=$matches[6]\";s:72:\"index.php/[0-9]{4}/[0-9]{1,2}/[0-9]{1,2}/[^/]+/([^/]+)/wc-api(/(.*))?/?$\";s:51:\"index.php?attachment=$matches[1]&wc-api=$matches[3]\";s:83:\"index.php/[0-9]{4}/[0-9]{1,2}/[0-9]{1,2}/[^/]+/attachment/([^/]+)/wc-api(/(.*))?/?$\";s:51:\"index.php?attachment=$matches[1]&wc-api=$matches[3]\";s:71:\"index.php/([0-9]{4})/([0-9]{1,2})/([0-9]{1,2})/([^/]+)(?:/([0-9]+))?/?$\";s:97:\"index.php?year=$matches[1]&monthnum=$matches[2]&day=$matches[3]&name=$matches[4]&page=$matches[5]\";s:57:\"index.php/[0-9]{4}/[0-9]{1,2}/[0-9]{1,2}/[^/]+/([^/]+)/?$\";s:32:\"index.php?attachment=$matches[1]\";s:67:\"index.php/[0-9]{4}/[0-9]{1,2}/[0-9]{1,2}/[^/]+/([^/]+)/trackback/?$\";s:37:\"index.php?attachment=$matches[1]&tb=1\";s:87:\"index.php/[0-9]{4}/[0-9]{1,2}/[0-9]{1,2}/[^/]+/([^/]+)/feed/(feed|rdf|rss|rss2|atom)/?$\";s:49:\"index.php?attachment=$matches[1]&feed=$matches[2]\";s:82:\"index.php/[0-9]{4}/[0-9]{1,2}/[0-9]{1,2}/[^/]+/([^/]+)/(feed|rdf|rss|rss2|atom)/?$\";s:49:\"index.php?attachment=$matches[1]&feed=$matches[2]\";s:82:\"index.php/[0-9]{4}/[0-9]{1,2}/[0-9]{1,2}/[^/]+/([^/]+)/comment-page-([0-9]{1,})/?$\";s:50:\"index.php?attachment=$matches[1]&cpage=$matches[2]\";s:63:\"index.php/[0-9]{4}/[0-9]{1,2}/[0-9]{1,2}/[^/]+/([^/]+)/embed/?$\";s:43:\"index.php?attachment=$matches[1]&embed=true\";s:74:\"index.php/([0-9]{4})/([0-9]{1,2})/([0-9]{1,2})/comment-page-([0-9]{1,})/?$\";s:81:\"index.php?year=$matches[1]&monthnum=$matches[2]&day=$matches[3]&cpage=$matches[4]\";s:61:\"index.php/([0-9]{4})/([0-9]{1,2})/comment-page-([0-9]{1,})/?$\";s:65:\"index.php?year=$matches[1]&monthnum=$matches[2]&cpage=$matches[3]\";s:48:\"index.php/([0-9]{4})/comment-page-([0-9]{1,})/?$\";s:44:\"index.php?year=$matches[1]&cpage=$matches[2]\";s:37:\"index.php/.?.+?/attachment/([^/]+)/?$\";s:32:\"index.php?attachment=$matches[1]\";s:47:\"index.php/.?.+?/attachment/([^/]+)/trackback/?$\";s:37:\"index.php?attachment=$matches[1]&tb=1\";s:67:\"index.php/.?.+?/attachment/([^/]+)/feed/(feed|rdf|rss|rss2|atom)/?$\";s:49:\"index.php?attachment=$matches[1]&feed=$matches[2]\";s:62:\"index.php/.?.+?/attachment/([^/]+)/(feed|rdf|rss|rss2|atom)/?$\";s:49:\"index.php?attachment=$matches[1]&feed=$matches[2]\";s:62:\"index.php/.?.+?/attachment/([^/]+)/comment-page-([0-9]{1,})/?$\";s:50:\"index.php?attachment=$matches[1]&cpage=$matches[2]\";s:43:\"index.php/.?.+?/attachment/([^/]+)/embed/?$\";s:43:\"index.php?attachment=$matches[1]&embed=true\";s:26:\"index.php/(.?.+?)/embed/?$\";s:41:\"index.php?pagename=$matches[1]&embed=true\";s:30:\"index.php/(.?.+?)/trackback/?$\";s:35:\"index.php?pagename=$matches[1]&tb=1\";s:50:\"index.php/(.?.+?)/feed/(feed|rdf|rss|rss2|atom)/?$\";s:47:\"index.php?pagename=$matches[1]&feed=$matches[2]\";s:45:\"index.php/(.?.+?)/(feed|rdf|rss|rss2|atom)/?$\";s:47:\"index.php?pagename=$matches[1]&feed=$matches[2]\";s:38:\"index.php/(.?.+?)/page/?([0-9]{1,})/?$\";s:48:\"index.php?pagename=$matches[1]&paged=$matches[2]\";s:45:\"index.php/(.?.+?)/comment-page-([0-9]{1,})/?$\";s:48:\"index.php?pagename=$matches[1]&cpage=$matches[2]\";s:38:\"index.php/(.?.+?)/order-pay(/(.*))?/?$\";s:52:\"index.php?pagename=$matches[1]&order-pay=$matches[3]\";s:43:\"index.php/(.?.+?)/order-received(/(.*))?/?$\";s:57:\"index.php?pagename=$matches[1]&order-received=$matches[3]\";s:35:\"index.php/(.?.+?)/orders(/(.*))?/?$\";s:49:\"index.php?pagename=$matches[1]&orders=$matches[3]\";s:39:\"index.php/(.?.+?)/view-order(/(.*))?/?$\";s:53:\"index.php?pagename=$matches[1]&view-order=$matches[3]\";s:38:\"index.php/(.?.+?)/downloads(/(.*))?/?$\";s:52:\"index.php?pagename=$matches[1]&downloads=$matches[3]\";s:41:\"index.php/(.?.+?)/edit-account(/(.*))?/?$\";s:55:\"index.php?pagename=$matches[1]&edit-account=$matches[3]\";s:41:\"index.php/(.?.+?)/edit-address(/(.*))?/?$\";s:55:\"index.php?pagename=$matches[1]&edit-address=$matches[3]\";s:44:\"index.php/(.?.+?)/payment-methods(/(.*))?/?$\";s:58:\"index.php?pagename=$matches[1]&payment-methods=$matches[3]\";s:42:\"index.php/(.?.+?)/lost-password(/(.*))?/?$\";s:56:\"index.php?pagename=$matches[1]&lost-password=$matches[3]\";s:44:\"index.php/(.?.+?)/customer-logout(/(.*))?/?$\";s:58:\"index.php?pagename=$matches[1]&customer-logout=$matches[3]\";s:47:\"index.php/(.?.+?)/add-payment-method(/(.*))?/?$\";s:61:\"index.php?pagename=$matches[1]&add-payment-method=$matches[3]\";s:50:\"index.php/(.?.+?)/delete-payment-method(/(.*))?/?$\";s:64:\"index.php?pagename=$matches[1]&delete-payment-method=$matches[3]\";s:55:\"index.php/(.?.+?)/set-default-payment-method(/(.*))?/?$\";s:69:\"index.php?pagename=$matches[1]&set-default-payment-method=$matches[3]\";s:35:\"index.php/(.?.+?)/wc-api(/(.*))?/?$\";s:49:\"index.php?pagename=$matches[1]&wc-api=$matches[3]\";s:41:\"index.php/.?.+?/([^/]+)/wc-api(/(.*))?/?$\";s:51:\"index.php?attachment=$matches[1]&wc-api=$matches[3]\";s:52:\"index.php/.?.+?/attachment/([^/]+)/wc-api(/(.*))?/?$\";s:51:\"index.php?attachment=$matches[1]&wc-api=$matches[3]\";s:34:\"index.php/(.?.+?)(?:/([0-9]+))?/?$\";s:47:\"index.php?pagename=$matches[1]&page=$matches[2]\";}','yes'),(30,'hack_file','0','yes'),(31,'blog_charset','UTF-8','yes'),(32,'moderation_keys','','no'),(33,'active_plugins','a:1:{i:0;s:33:\"woocommerce.5.5.2/woocommerce.php\";}','yes'),(34,'category_base','','yes'),(35,'ping_sites','http://rpc.pingomatic.com/','yes'),(36,'comment_max_links','2','yes'),(37,'gmt_offset','0','yes'),(38,'default_email_category','1','yes'),(39,'recently_edited','','no'),(40,'template','twentytwentyone','yes'),(41,'stylesheet','twentytwentyone','yes'),(42,'comment_registration','0','yes'),(43,'html_type','text/html','yes'),(44,'use_trackback','0','yes'),(45,'default_role','subscriber','yes'),(46,'db_version','49752','yes'),(47,'uploads_use_yearmonth_folders','1','yes'),(48,'upload_path','','yes'),(49,'blog_public','0','yes'),(50,'default_link_category','2','yes'),(51,'show_on_front','posts','yes'),(52,'tag_base','','yes'),(53,'show_avatars','1','yes'),(54,'avatar_rating','G','yes'),(55,'upload_url_path','','yes'),(56,'thumbnail_size_w','150','yes'),(57,'thumbnail_size_h','150','yes'),(58,'thumbnail_crop','1','yes'),(59,'medium_size_w','300','yes'),(60,'medium_size_h','300','yes'),(61,'avatar_default','mystery','yes'),(62,'large_size_w','1024','yes'),(63,'large_size_h','1024','yes'),(64,'image_default_link_type','none','yes'),(65,'image_default_size','','yes'),(66,'image_default_align','','yes'),(67,'close_comments_for_old_posts','0','yes'),(68,'close_comments_days_old','14','yes'),(69,'thread_comments','1','yes'),(70,'thread_comments_depth','5','yes'),(71,'page_comments','0','yes'),(72,'comments_per_page','50','yes'),(73,'default_comments_page','newest','yes'),(74,'comment_order','asc','yes'),(75,'sticky_posts','a:0:{}','yes'),(76,'widget_categories','a:0:{}','yes'),(77,'widget_text','a:0:{}','yes'),(78,'widget_rss','a:0:{}','yes'),(79,'uninstall_plugins','a:0:{}','no'),(80,'timezone_string','Europe/Paris','yes'),(81,'page_for_posts','0','yes'),(82,'page_on_front','0','yes'),(83,'default_post_format','0','yes'),(84,'link_manager_enabled','0','yes'),(85,'finished_splitting_shared_terms','1','yes'),(86,'site_icon','0','yes'),(87,'medium_large_size_w','768','yes'),(88,'medium_large_size_h','0','yes'),(89,'wp_page_for_privacy_policy','3','yes'),(90,'show_comments_cookies_opt_in','1','yes'),(91,'admin_email_lifespan','1643532753','yes'),(92,'disallowed_keys','','no'),(93,'comment_previously_approved','1','yes'),(94,'auto_plugin_theme_update_emails','a:0:{}','no'),(95,'auto_update_core_dev','enabled','yes'),(96,'auto_update_core_minor','enabled','yes'),(97,'auto_update_core_major','enabled','yes'),(98,'wp_force_deactivated_plugins','a:0:{}','yes'),(99,'initial_db_version','49752','yes'),(100,'wp_user_roles','a:7:{s:13:\"administrator\";a:2:{s:4:\"name\";s:13:\"Administrator\";s:12:\"capabilities\";a:114:{s:13:\"switch_themes\";b:1;s:11:\"edit_themes\";b:1;s:16:\"activate_plugins\";b:1;s:12:\"edit_plugins\";b:1;s:10:\"edit_users\";b:1;s:10:\"edit_files\";b:1;s:14:\"manage_options\";b:1;s:17:\"moderate_comments\";b:1;s:17:\"manage_categories\";b:1;s:12:\"manage_links\";b:1;s:12:\"upload_files\";b:1;s:6:\"import\";b:1;s:15:\"unfiltered_html\";b:1;s:10:\"edit_posts\";b:1;s:17:\"edit_others_posts\";b:1;s:20:\"edit_published_posts\";b:1;s:13:\"publish_posts\";b:1;s:10:\"edit_pages\";b:1;s:4:\"read\";b:1;s:8:\"level_10\";b:1;s:7:\"level_9\";b:1;s:7:\"level_8\";b:1;s:7:\"level_7\";b:1;s:7:\"level_6\";b:1;s:7:\"level_5\";b:1;s:7:\"level_4\";b:1;s:7:\"level_3\";b:1;s:7:\"level_2\";b:1;s:7:\"level_1\";b:1;s:7:\"level_0\";b:1;s:17:\"edit_others_pages\";b:1;s:20:\"edit_published_pages\";b:1;s:13:\"publish_pages\";b:1;s:12:\"delete_pages\";b:1;s:19:\"delete_others_pages\";b:1;s:22:\"delete_published_pages\";b:1;s:12:\"delete_posts\";b:1;s:19:\"delete_others_posts\";b:1;s:22:\"delete_published_posts\";b:1;s:20:\"delete_private_posts\";b:1;s:18:\"edit_private_posts\";b:1;s:18:\"read_private_posts\";b:1;s:20:\"delete_private_pages\";b:1;s:18:\"edit_private_pages\";b:1;s:18:\"read_private_pages\";b:1;s:12:\"delete_users\";b:1;s:12:\"create_users\";b:1;s:17:\"unfiltered_upload\";b:1;s:14:\"edit_dashboard\";b:1;s:14:\"update_plugins\";b:1;s:14:\"delete_plugins\";b:1;s:15:\"install_plugins\";b:1;s:13:\"update_themes\";b:1;s:14:\"install_themes\";b:1;s:11:\"update_core\";b:1;s:10:\"list_users\";b:1;s:12:\"remove_users\";b:1;s:13:\"promote_users\";b:1;s:18:\"edit_theme_options\";b:1;s:13:\"delete_themes\";b:1;s:6:\"export\";b:1;s:18:\"manage_woocommerce\";b:1;s:24:\"view_woocommerce_reports\";b:1;s:12:\"edit_product\";b:1;s:12:\"read_product\";b:1;s:14:\"delete_product\";b:1;s:13:\"edit_products\";b:1;s:20:\"edit_others_products\";b:1;s:16:\"publish_products\";b:1;s:21:\"read_private_products\";b:1;s:15:\"delete_products\";b:1;s:23:\"delete_private_products\";b:1;s:25:\"delete_published_products\";b:1;s:22:\"delete_others_products\";b:1;s:21:\"edit_private_products\";b:1;s:23:\"edit_published_products\";b:1;s:20:\"manage_product_terms\";b:1;s:18:\"edit_product_terms\";b:1;s:20:\"delete_product_terms\";b:1;s:20:\"assign_product_terms\";b:1;s:15:\"edit_shop_order\";b:1;s:15:\"read_shop_order\";b:1;s:17:\"delete_shop_order\";b:1;s:16:\"edit_shop_orders\";b:1;s:23:\"edit_others_shop_orders\";b:1;s:19:\"publish_shop_orders\";b:1;s:24:\"read_private_shop_orders\";b:1;s:18:\"delete_shop_orders\";b:1;s:26:\"delete_private_shop_orders\";b:1;s:28:\"delete_published_shop_orders\";b:1;s:25:\"delete_others_shop_orders\";b:1;s:24:\"edit_private_shop_orders\";b:1;s:26:\"edit_published_shop_orders\";b:1;s:23:\"manage_shop_order_terms\";b:1;s:21:\"edit_shop_order_terms\";b:1;s:23:\"delete_shop_order_terms\";b:1;s:23:\"assign_shop_order_terms\";b:1;s:16:\"edit_shop_coupon\";b:1;s:16:\"read_shop_coupon\";b:1;s:18:\"delete_shop_coupon\";b:1;s:17:\"edit_shop_coupons\";b:1;s:24:\"edit_others_shop_coupons\";b:1;s:20:\"publish_shop_coupons\";b:1;s:25:\"read_private_shop_coupons\";b:1;s:19:\"delete_shop_coupons\";b:1;s:27:\"delete_private_shop_coupons\";b:1;s:29:\"delete_published_shop_coupons\";b:1;s:26:\"delete_others_shop_coupons\";b:1;s:25:\"edit_private_shop_coupons\";b:1;s:27:\"edit_published_shop_coupons\";b:1;s:24:\"manage_shop_coupon_terms\";b:1;s:22:\"edit_shop_coupon_terms\";b:1;s:24:\"delete_shop_coupon_terms\";b:1;s:24:\"assign_shop_coupon_terms\";b:1;}}s:6:\"editor\";a:2:{s:4:\"name\";s:6:\"Editor\";s:12:\"capabilities\";a:34:{s:17:\"moderate_comments\";b:1;s:17:\"manage_categories\";b:1;s:12:\"manage_links\";b:1;s:12:\"upload_files\";b:1;s:15:\"unfiltered_html\";b:1;s:10:\"edit_posts\";b:1;s:17:\"edit_others_posts\";b:1;s:20:\"edit_published_posts\";b:1;s:13:\"publish_posts\";b:1;s:10:\"edit_pages\";b:1;s:4:\"read\";b:1;s:7:\"level_7\";b:1;s:7:\"level_6\";b:1;s:7:\"level_5\";b:1;s:7:\"level_4\";b:1;s:7:\"level_3\";b:1;s:7:\"level_2\";b:1;s:7:\"level_1\";b:1;s:7:\"level_0\";b:1;s:17:\"edit_others_pages\";b:1;s:20:\"edit_published_pages\";b:1;s:13:\"publish_pages\";b:1;s:12:\"delete_pages\";b:1;s:19:\"delete_others_pages\";b:1;s:22:\"delete_published_pages\";b:1;s:12:\"delete_posts\";b:1;s:19:\"delete_others_posts\";b:1;s:22:\"delete_published_posts\";b:1;s:20:\"delete_private_posts\";b:1;s:18:\"edit_private_posts\";b:1;s:18:\"read_private_posts\";b:1;s:20:\"delete_private_pages\";b:1;s:18:\"edit_private_pages\";b:1;s:18:\"read_private_pages\";b:1;}}s:6:\"author\";a:2:{s:4:\"name\";s:6:\"Author\";s:12:\"capabilities\";a:10:{s:12:\"upload_files\";b:1;s:10:\"edit_posts\";b:1;s:20:\"edit_published_posts\";b:1;s:13:\"publish_posts\";b:1;s:4:\"read\";b:1;s:7:\"level_2\";b:1;s:7:\"level_1\";b:1;s:7:\"level_0\";b:1;s:12:\"delete_posts\";b:1;s:22:\"delete_published_posts\";b:1;}}s:11:\"contributor\";a:2:{s:4:\"name\";s:11:\"Contributor\";s:12:\"capabilities\";a:5:{s:10:\"edit_posts\";b:1;s:4:\"read\";b:1;s:7:\"level_1\";b:1;s:7:\"level_0\";b:1;s:12:\"delete_posts\";b:1;}}s:10:\"subscriber\";a:2:{s:4:\"name\";s:10:\"Subscriber\";s:12:\"capabilities\";a:2:{s:4:\"read\";b:1;s:7:\"level_0\";b:1;}}s:8:\"customer\";a:2:{s:4:\"name\";s:8:\"Customer\";s:12:\"capabilities\";a:1:{s:4:\"read\";b:1;}}s:12:\"shop_manager\";a:2:{s:4:\"name\";s:12:\"Shop manager\";s:12:\"capabilities\";a:92:{s:7:\"level_9\";b:1;s:7:\"level_8\";b:1;s:7:\"level_7\";b:1;s:7:\"level_6\";b:1;s:7:\"level_5\";b:1;s:7:\"level_4\";b:1;s:7:\"level_3\";b:1;s:7:\"level_2\";b:1;s:7:\"level_1\";b:1;s:7:\"level_0\";b:1;s:4:\"read\";b:1;s:18:\"read_private_pages\";b:1;s:18:\"read_private_posts\";b:1;s:10:\"edit_posts\";b:1;s:10:\"edit_pages\";b:1;s:20:\"edit_published_posts\";b:1;s:20:\"edit_published_pages\";b:1;s:18:\"edit_private_pages\";b:1;s:18:\"edit_private_posts\";b:1;s:17:\"edit_others_posts\";b:1;s:17:\"edit_others_pages\";b:1;s:13:\"publish_posts\";b:1;s:13:\"publish_pages\";b:1;s:12:\"delete_posts\";b:1;s:12:\"delete_pages\";b:1;s:20:\"delete_private_pages\";b:1;s:20:\"delete_private_posts\";b:1;s:22:\"delete_published_pages\";b:1;s:22:\"delete_published_posts\";b:1;s:19:\"delete_others_posts\";b:1;s:19:\"delete_others_pages\";b:1;s:17:\"manage_categories\";b:1;s:12:\"manage_links\";b:1;s:17:\"moderate_comments\";b:1;s:12:\"upload_files\";b:1;s:6:\"export\";b:1;s:6:\"import\";b:1;s:10:\"list_users\";b:1;s:18:\"edit_theme_options\";b:1;s:18:\"manage_woocommerce\";b:1;s:24:\"view_woocommerce_reports\";b:1;s:12:\"edit_product\";b:1;s:12:\"read_product\";b:1;s:14:\"delete_product\";b:1;s:13:\"edit_products\";b:1;s:20:\"edit_others_products\";b:1;s:16:\"publish_products\";b:1;s:21:\"read_private_products\";b:1;s:15:\"delete_products\";b:1;s:23:\"delete_private_products\";b:1;s:25:\"delete_published_products\";b:1;s:22:\"delete_others_products\";b:1;s:21:\"edit_private_products\";b:1;s:23:\"edit_published_products\";b:1;s:20:\"manage_product_terms\";b:1;s:18:\"edit_product_terms\";b:1;s:20:\"delete_product_terms\";b:1;s:20:\"assign_product_terms\";b:1;s:15:\"edit_shop_order\";b:1;s:15:\"read_shop_order\";b:1;s:17:\"delete_shop_order\";b:1;s:16:\"edit_shop_orders\";b:1;s:23:\"edit_others_shop_orders\";b:1;s:19:\"publish_shop_orders\";b:1;s:24:\"read_private_shop_orders\";b:1;s:18:\"delete_shop_orders\";b:1;s:26:\"delete_private_shop_orders\";b:1;s:28:\"delete_published_shop_orders\";b:1;s:25:\"delete_others_shop_orders\";b:1;s:24:\"edit_private_shop_orders\";b:1;s:26:\"edit_published_shop_orders\";b:1;s:23:\"manage_shop_order_terms\";b:1;s:21:\"edit_shop_order_terms\";b:1;s:23:\"delete_shop_order_terms\";b:1;s:23:\"assign_shop_order_terms\";b:1;s:16:\"edit_shop_coupon\";b:1;s:16:\"read_shop_coupon\";b:1;s:18:\"delete_shop_coupon\";b:1;s:17:\"edit_shop_coupons\";b:1;s:24:\"edit_others_shop_coupons\";b:1;s:20:\"publish_shop_coupons\";b:1;s:25:\"read_private_shop_coupons\";b:1;s:19:\"delete_shop_coupons\";b:1;s:27:\"delete_private_shop_coupons\";b:1;s:29:\"delete_published_shop_coupons\";b:1;s:26:\"delete_others_shop_coupons\";b:1;s:25:\"edit_private_shop_coupons\";b:1;s:27:\"edit_published_shop_coupons\";b:1;s:24:\"manage_shop_coupon_terms\";b:1;s:22:\"edit_shop_coupon_terms\";b:1;s:24:\"delete_shop_coupon_terms\";b:1;s:24:\"assign_shop_coupon_terms\";b:1;}}}','yes'),(101,'fresh_site','0','yes'),(102,'WPLANG','fr_FR','yes'),(103,'widget_block','a:6:{i:2;a:1:{s:7:\"content\";s:19:\"<!-- wp:search /-->\";}i:3;a:1:{s:7:\"content\";s:159:\"<!-- wp:group --><div class=\"wp-block-group\"><!-- wp:heading --><h2>Articles récents</h2><!-- /wp:heading --><!-- wp:latest-posts /--></div><!-- /wp:group -->\";}i:4;a:1:{s:7:\"content\";s:233:\"<!-- wp:group --><div class=\"wp-block-group\"><!-- wp:heading --><h2>Commentaires récents</h2><!-- /wp:heading --><!-- wp:latest-comments {\"displayAvatar\":false,\"displayDate\":false,\"displayExcerpt\":false} /--></div><!-- /wp:group -->\";}i:5;a:1:{s:7:\"content\";s:146:\"<!-- wp:group --><div class=\"wp-block-group\"><!-- wp:heading --><h2>Archives</h2><!-- /wp:heading --><!-- wp:archives /--></div><!-- /wp:group -->\";}i:6;a:1:{s:7:\"content\";s:151:\"<!-- wp:group --><div class=\"wp-block-group\"><!-- wp:heading --><h2>Catégories</h2><!-- /wp:heading --><!-- wp:categories /--></div><!-- /wp:group -->\";}s:12:\"_multiwidget\";i:1;}','yes'),(104,'sidebars_widgets','a:4:{s:19:\"wp_inactive_widgets\";a:0:{}s:9:\"sidebar-1\";a:3:{i:0;s:7:\"block-2\";i:1;s:7:\"block-3\";i:2;s:7:\"block-4\";}s:9:\"sidebar-2\";a:2:{i:0;s:7:\"block-5\";i:1;s:7:\"block-6\";}s:13:\"array_version\";i:3;}','yes'),(105,'cron','a:16:{i:1627997971;a:1:{s:28:\"wp_1_wc_privacy_cleanup_cron\";a:1:{s:32:\"40cd750bba9870f18aada2478b24840a\";a:3:{s:8:\"schedule\";s:37:\"wp_1_wc_privacy_cleanup_cron_interval\";s:4:\"args\";a:0:{}s:8:\"interval\";i:300;}}}i:1627998012;a:2:{s:25:\"woocommerce_geoip_updater\";a:1:{s:32:\"40cd750bba9870f18aada2478b24840a\";a:3:{s:8:\"schedule\";s:11:\"fifteendays\";s:4:\"args\";a:0:{}s:8:\"interval\";i:1296000;}}s:26:\"action_scheduler_run_queue\";a:1:{s:32:\"0d04ed39571b55704c122d726248bbac\";a:3:{s:8:\"schedule\";s:12:\"every_minute\";s:4:\"args\";a:1:{i:0;s:7:\"WP Cron\";}s:8:\"interval\";i:60;}}}i:1627998754;a:1:{s:34:\"wp_privacy_delete_old_export_files\";a:1:{s:32:\"40cd750bba9870f18aada2478b24840a\";a:3:{s:8:\"schedule\";s:6:\"hourly\";s:4:\"args\";a:0:{}s:8:\"interval\";i:3600;}}}i:1627999514;a:1:{s:33:\"wc_admin_process_orders_milestone\";a:1:{s:32:\"40cd750bba9870f18aada2478b24840a\";a:3:{s:8:\"schedule\";s:6:\"hourly\";s:4:\"args\";a:0:{}s:8:\"interval\";i:3600;}}}i:1627999520;a:1:{s:29:\"wc_admin_unsnooze_admin_notes\";a:1:{s:32:\"40cd750bba9870f18aada2478b24840a\";a:3:{s:8:\"schedule\";s:6:\"hourly\";s:4:\"args\";a:0:{}s:8:\"interval\";i:3600;}}}i:1628001552;a:1:{s:32:\"woocommerce_cancel_unpaid_orders\";a:1:{s:32:\"40cd750bba9870f18aada2478b24840a\";a:2:{s:8:\"schedule\";b:0;s:4:\"args\";a:0:{}}}}i:1628008752;a:1:{s:24:\"woocommerce_cleanup_logs\";a:1:{s:32:\"40cd750bba9870f18aada2478b24840a\";a:3:{s:8:\"schedule\";s:5:\"daily\";s:4:\"args\";a:0:{}s:8:\"interval\";i:86400;}}}i:1628019552;a:1:{s:28:\"woocommerce_cleanup_sessions\";a:1:{s:32:\"40cd750bba9870f18aada2478b24840a\";a:3:{s:8:\"schedule\";s:10:\"twicedaily\";s:4:\"args\";a:0:{}s:8:\"interval\";i:43200;}}}i:1628023954;a:4:{s:18:\"wp_https_detection\";a:1:{s:32:\"40cd750bba9870f18aada2478b24840a\";a:3:{s:8:\"schedule\";s:10:\"twicedaily\";s:4:\"args\";a:0:{}s:8:\"interval\";i:43200;}}s:16:\"wp_version_check\";a:1:{s:32:\"40cd750bba9870f18aada2478b24840a\";a:3:{s:8:\"schedule\";s:10:\"twicedaily\";s:4:\"args\";a:0:{}s:8:\"interval\";i:43200;}}s:17:\"wp_update_plugins\";a:1:{s:32:\"40cd750bba9870f18aada2478b24840a\";a:3:{s:8:\"schedule\";s:10:\"twicedaily\";s:4:\"args\";a:0:{}s:8:\"interval\";i:43200;}}s:16:\"wp_update_themes\";a:1:{s:32:\"40cd750bba9870f18aada2478b24840a\";a:3:{s:8:\"schedule\";s:10:\"twicedaily\";s:4:\"args\";a:0:{}s:8:\"interval\";i:43200;}}}i:1628028000;a:1:{s:27:\"woocommerce_scheduled_sales\";a:1:{s:32:\"40cd750bba9870f18aada2478b24840a\";a:3:{s:8:\"schedule\";s:5:\"daily\";s:4:\"args\";a:0:{}s:8:\"interval\";i:86400;}}}i:1628067154;a:2:{s:30:\"wp_site_health_scheduled_check\";a:1:{s:32:\"40cd750bba9870f18aada2478b24840a\";a:3:{s:8:\"schedule\";s:6:\"weekly\";s:4:\"args\";a:0:{}s:8:\"interval\";i:604800;}}s:32:\"recovery_mode_clean_expired_keys\";a:1:{s:32:\"40cd750bba9870f18aada2478b24840a\";a:3:{s:8:\"schedule\";s:5:\"daily\";s:4:\"args\";a:0:{}s:8:\"interval\";i:86400;}}}i:1628067165;a:2:{s:19:\"wp_scheduled_delete\";a:1:{s:32:\"40cd750bba9870f18aada2478b24840a\";a:3:{s:8:\"schedule\";s:5:\"daily\";s:4:\"args\";a:0:{}s:8:\"interval\";i:86400;}}s:25:\"delete_expired_transients\";a:1:{s:32:\"40cd750bba9870f18aada2478b24840a\";a:3:{s:8:\"schedule\";s:5:\"daily\";s:4:\"args\";a:0:{}s:8:\"interval\";i:86400;}}}i:1628067166;a:1:{s:30:\"wp_scheduled_auto_draft_delete\";a:1:{s:32:\"40cd750bba9870f18aada2478b24840a\";a:3:{s:8:\"schedule\";s:5:\"daily\";s:4:\"args\";a:0:{}s:8:\"interval\";i:86400;}}}i:1628067914;a:1:{s:14:\"wc_admin_daily\";a:1:{s:32:\"40cd750bba9870f18aada2478b24840a\";a:3:{s:8:\"schedule\";s:5:\"daily\";s:4:\"args\";a:0:{}s:8:\"interval\";i:86400;}}}i:1628084362;a:2:{s:33:\"woocommerce_cleanup_personal_data\";a:1:{s:32:\"40cd750bba9870f18aada2478b24840a\";a:3:{s:8:\"schedule\";s:5:\"daily\";s:4:\"args\";a:0:{}s:8:\"interval\";i:86400;}}s:30:\"woocommerce_tracker_send_event\";a:1:{s:32:\"40cd750bba9870f18aada2478b24840a\";a:3:{s:8:\"schedule\";s:5:\"daily\";s:4:\"args\";a:0:{}s:8:\"interval\";i:86400;}}}s:7:\"version\";i:2;}','yes'),(106,'widget_pages','a:1:{s:12:\"_multiwidget\";i:1;}','yes'),(107,'widget_calendar','a:1:{s:12:\"_multiwidget\";i:1;}','yes'),(108,'widget_archives','a:1:{s:12:\"_multiwidget\";i:1;}','yes'),(109,'widget_media_audio','a:1:{s:12:\"_multiwidget\";i:1;}','yes'),(110,'widget_media_image','a:1:{s:12:\"_multiwidget\";i:1;}','yes'),(111,'widget_media_gallery','a:1:{s:12:\"_multiwidget\";i:1;}','yes'),(112,'widget_media_video','a:1:{s:12:\"_multiwidget\";i:1;}','yes'),(113,'widget_meta','a:1:{s:12:\"_multiwidget\";i:1;}','yes'),(114,'widget_search','a:1:{s:12:\"_multiwidget\";i:1;}','yes'),(115,'widget_tag_cloud','a:1:{s:12:\"_multiwidget\";i:1;}','yes'),(116,'widget_nav_menu','a:1:{s:12:\"_multiwidget\";i:1;}','yes'),(117,'widget_custom_html','a:1:{s:12:\"_multiwidget\";i:1;}','yes'),(119,'recovery_keys','a:0:{}','yes'),(120,'theme_mods_twentytwentyone','a:1:{s:18:\"custom_css_post_id\";i:-1;}','yes'),(121,'https_detection_errors','a:1:{s:23:\"ssl_verification_failed\";a:1:{i:0;s:32:\"La vérification SSL a échoué.\";}}','yes'),(129,'_site_transient_update_core','O:8:\"stdClass\":4:{s:7:\"updates\";a:1:{i:0;O:8:\"stdClass\":10:{s:8:\"response\";s:6:\"latest\";s:8:\"download\";s:63:\"https://downloads.wordpress.org/release/fr_FR/wordpress-5.8.zip\";s:6:\"locale\";s:5:\"fr_FR\";s:8:\"packages\";O:8:\"stdClass\":5:{s:4:\"full\";s:63:\"https://downloads.wordpress.org/release/fr_FR/wordpress-5.8.zip\";s:10:\"no_content\";s:0:\"\";s:11:\"new_bundled\";s:0:\"\";s:7:\"partial\";s:0:\"\";s:8:\"rollback\";s:0:\"\";}s:7:\"current\";s:3:\"5.8\";s:7:\"version\";s:3:\"5.8\";s:11:\"php_version\";s:6:\"5.6.20\";s:13:\"mysql_version\";s:3:\"5.0\";s:11:\"new_bundled\";s:3:\"5.6\";s:15:\"partial_version\";s:0:\"\";}}s:12:\"last_checked\";i:1627982417;s:15:\"version_checked\";s:3:\"5.8\";s:12:\"translations\";a:0:{}}','no'),(130,'_site_transient_update_themes','O:8:\"stdClass\":5:{s:12:\"last_checked\";i:1627982417;s:7:\"checked\";a:3:{s:14:\"twentynineteen\";s:3:\"2.1\";s:12:\"twentytwenty\";s:3:\"1.8\";s:15:\"twentytwentyone\";s:3:\"1.4\";}s:8:\"response\";a:0:{}s:9:\"no_update\";a:3:{s:14:\"twentynineteen\";a:6:{s:5:\"theme\";s:14:\"twentynineteen\";s:11:\"new_version\";s:3:\"2.1\";s:3:\"url\";s:44:\"https://wordpress.org/themes/twentynineteen/\";s:7:\"package\";s:60:\"https://downloads.wordpress.org/theme/twentynineteen.2.1.zip\";s:8:\"requires\";s:5:\"4.9.6\";s:12:\"requires_php\";s:5:\"5.2.4\";}s:12:\"twentytwenty\";a:6:{s:5:\"theme\";s:12:\"twentytwenty\";s:11:\"new_version\";s:3:\"1.8\";s:3:\"url\";s:42:\"https://wordpress.org/themes/twentytwenty/\";s:7:\"package\";s:58:\"https://downloads.wordpress.org/theme/twentytwenty.1.8.zip\";s:8:\"requires\";s:3:\"4.7\";s:12:\"requires_php\";s:5:\"5.2.4\";}s:15:\"twentytwentyone\";a:6:{s:5:\"theme\";s:15:\"twentytwentyone\";s:11:\"new_version\";s:3:\"1.4\";s:3:\"url\";s:45:\"https://wordpress.org/themes/twentytwentyone/\";s:7:\"package\";s:61:\"https://downloads.wordpress.org/theme/twentytwentyone.1.4.zip\";s:8:\"requires\";s:3:\"5.3\";s:12:\"requires_php\";s:3:\"5.6\";}}s:12:\"translations\";a:0:{}}','no'),(131,'_site_transient_update_plugins','O:8:\"stdClass\":5:{s:12:\"last_checked\";i:1627997953;s:8:\"response\";a:0:{}s:12:\"translations\";a:2:{i:0;a:7:{s:4:\"type\";s:6:\"plugin\";s:4:\"slug\";s:11:\"hello-dolly\";s:8:\"language\";s:5:\"fr_FR\";s:7:\"version\";s:5:\"1.7.2\";s:7:\"updated\";s:19:\"2018-04-27 10:03:32\";s:7:\"package\";s:78:\"https://downloads.wordpress.org/translation/plugin/hello-dolly/1.7.2/fr_FR.zip\";s:10:\"autoupdate\";b:1;}i:1;a:7:{s:4:\"type\";s:6:\"plugin\";s:4:\"slug\";s:11:\"woocommerce\";s:8:\"language\";s:5:\"fr_FR\";s:7:\"version\";s:5:\"5.5.2\";s:7:\"updated\";s:19:\"2021-07-27 11:46:23\";s:7:\"package\";s:78:\"https://downloads.wordpress.org/translation/plugin/woocommerce/5.5.2/fr_FR.zip\";s:10:\"autoupdate\";b:1;}}s:9:\"no_update\";a:3:{s:19:\"akismet/akismet.php\";O:8:\"stdClass\":10:{s:2:\"id\";s:21:\"w.org/plugins/akismet\";s:4:\"slug\";s:7:\"akismet\";s:6:\"plugin\";s:19:\"akismet/akismet.php\";s:11:\"new_version\";s:6:\"4.1.10\";s:3:\"url\";s:38:\"https://wordpress.org/plugins/akismet/\";s:7:\"package\";s:57:\"https://downloads.wordpress.org/plugin/akismet.4.1.10.zip\";s:5:\"icons\";a:2:{s:2:\"2x\";s:59:\"https://ps.w.org/akismet/assets/icon-256x256.png?rev=969272\";s:2:\"1x\";s:59:\"https://ps.w.org/akismet/assets/icon-128x128.png?rev=969272\";}s:7:\"banners\";a:1:{s:2:\"1x\";s:61:\"https://ps.w.org/akismet/assets/banner-772x250.jpg?rev=479904\";}s:11:\"banners_rtl\";a:0:{}s:8:\"requires\";s:3:\"4.6\";}s:9:\"hello.php\";O:8:\"stdClass\":10:{s:2:\"id\";s:25:\"w.org/plugins/hello-dolly\";s:4:\"slug\";s:11:\"hello-dolly\";s:6:\"plugin\";s:9:\"hello.php\";s:11:\"new_version\";s:5:\"1.7.2\";s:3:\"url\";s:42:\"https://wordpress.org/plugins/hello-dolly/\";s:7:\"package\";s:60:\"https://downloads.wordpress.org/plugin/hello-dolly.1.7.2.zip\";s:5:\"icons\";a:2:{s:2:\"2x\";s:64:\"https://ps.w.org/hello-dolly/assets/icon-256x256.jpg?rev=2052855\";s:2:\"1x\";s:64:\"https://ps.w.org/hello-dolly/assets/icon-128x128.jpg?rev=2052855\";}s:7:\"banners\";a:1:{s:2:\"1x\";s:66:\"https://ps.w.org/hello-dolly/assets/banner-772x250.jpg?rev=2052855\";}s:11:\"banners_rtl\";a:0:{}s:8:\"requires\";s:3:\"4.6\";}s:33:\"woocommerce.5.5.2/woocommerce.php\";O:8:\"stdClass\":10:{s:2:\"id\";s:25:\"w.org/plugins/woocommerce\";s:4:\"slug\";s:11:\"woocommerce\";s:6:\"plugin\";s:33:\"woocommerce.5.5.2/woocommerce.php\";s:11:\"new_version\";s:5:\"5.5.2\";s:3:\"url\";s:42:\"https://wordpress.org/plugins/woocommerce/\";s:7:\"package\";s:60:\"https://downloads.wordpress.org/plugin/woocommerce.5.5.2.zip\";s:5:\"icons\";a:2:{s:2:\"2x\";s:64:\"https://ps.w.org/woocommerce/assets/icon-256x256.png?rev=2366418\";s:2:\"1x\";s:64:\"https://ps.w.org/woocommerce/assets/icon-128x128.png?rev=2366418\";}s:7:\"banners\";a:2:{s:2:\"2x\";s:67:\"https://ps.w.org/woocommerce/assets/banner-1544x500.png?rev=2366418\";s:2:\"1x\";s:66:\"https://ps.w.org/woocommerce/assets/banner-772x250.png?rev=2366418\";}s:11:\"banners_rtl\";a:0:{}s:8:\"requires\";s:3:\"5.5\";}}s:7:\"checked\";a:4:{s:19:\"akismet/akismet.php\";s:6:\"4.1.10\";s:9:\"hello.php\";s:5:\"1.7.2\";s:33:\"woocommerce.5.5.2/woocommerce.php\";s:5:\"5.5.2\";s:50:\"woocommerce_hipayenterprise/wc-hipayenterprise.php\";s:5:\"1.8.1\";}}','no'),(132,'_site_transient_timeout_browser_d4f10de547cb9cf96c32dc2e2c1a7bd2','1628585565','no'),(133,'_site_transient_browser_d4f10de547cb9cf96c32dc2e2c1a7bd2','a:10:{s:4:\"name\";s:6:\"Chrome\";s:7:\"version\";s:13:\"92.0.4515.107\";s:8:\"platform\";s:7:\"Windows\";s:10:\"update_url\";s:29:\"https://www.google.com/chrome\";s:7:\"img_src\";s:43:\"http://s.w.org/images/browsers/chrome.png?1\";s:11:\"img_src_ssl\";s:44:\"https://s.w.org/images/browsers/chrome.png?1\";s:15:\"current_version\";s:2:\"18\";s:7:\"upgrade\";b:0;s:8:\"insecure\";b:0;s:6:\"mobile\";b:0;}','no'),(134,'_site_transient_timeout_php_check_009c6eb5b40f6e5b9ba52ef6dc06f73a','1628585566','no'),(135,'_site_transient_php_check_009c6eb5b40f6e5b9ba52ef6dc06f73a','a:5:{s:19:\"recommended_version\";s:3:\"7.4\";s:15:\"minimum_version\";s:6:\"5.6.20\";s:12:\"is_supported\";b:0;s:9:\"is_secure\";b:1;s:13:\"is_acceptable\";b:1;}','no'),(137,'can_compress_scripts','1','no'),(138,'_site_transient_timeout_community-events-235546300f2cbb7579281b3f220f165c','1628023967','no'),(139,'_site_transient_community-events-235546300f2cbb7579281b3f220f165c','a:4:{s:9:\"sandboxed\";b:0;s:5:\"error\";N;s:8:\"location\";a:1:{s:2:\"ip\";s:12:\"193.248.51.0\";}s:6:\"events\";a:2:{i:0;a:10:{s:4:\"type\";s:6:\"meetup\";s:5:\"title\";s:57:\"Watch Party + Discussion group: Introduction to WordPress\";s:3:\"url\";s:68:\"https://www.meetup.com/learn-wordpress-discussions/events/279774716/\";s:6:\"meetup\";s:27:\"Learn WordPress Discussions\";s:10:\"meetup_url\";s:51:\"https://www.meetup.com/learn-wordpress-discussions/\";s:4:\"date\";s:19:\"2021-08-04 18:00:00\";s:8:\"end_date\";s:19:\"2021-08-04 19:00:00\";s:20:\"start_unix_timestamp\";i:1628125200;s:18:\"end_unix_timestamp\";i:1628128800;s:8:\"location\";a:4:{s:8:\"location\";s:6:\"Online\";s:7:\"country\";s:2:\"US\";s:8:\"latitude\";d:37.779998779297;s:9:\"longitude\";d:-122.41999816895;}}i:1;a:10:{s:4:\"type\";s:8:\"wordcamp\";s:5:\"title\";s:54:\"WordCamp Florianópolis, Santa Catarina &#8211; Brazil\";s:3:\"url\";s:34:\"https://floripa.wordcamp.org/2021/\";s:6:\"meetup\";N;s:10:\"meetup_url\";N;s:4:\"date\";s:19:\"2021-08-11 19:30:00\";s:8:\"end_date\";s:19:\"2021-08-12 00:00:00\";s:20:\"start_unix_timestamp\";i:1628721000;s:18:\"end_unix_timestamp\";i:1628737200;s:8:\"location\";a:4:{s:8:\"location\";s:6:\"Online\";s:7:\"country\";s:2:\"BR\";s:8:\"latitude\";d:-27.5953198;s:9:\"longitude\";d:-48.5542927;}}}}','no'),(140,'_transient_timeout_feed_0d2db5fea5a8633b56992c916819b198','1628023967','no'),(141,'_transient_feed_0d2db5fea5a8633b56992c916819b198','a:4:{s:5:\"child\";a:1:{s:0:\"\";a:1:{s:3:\"rss\";a:1:{i:0;a:6:{s:4:\"data\";s:3:\"\n\n\n\";s:7:\"attribs\";a:1:{s:0:\"\";a:1:{s:7:\"version\";s:3:\"2.0\";}}s:8:\"xml_base\";s:0:\"\";s:17:\"xml_base_explicit\";b:0;s:8:\"xml_lang\";s:0:\"\";s:5:\"child\";a:1:{s:0:\"\";a:1:{s:7:\"channel\";a:1:{i:0;a:6:{s:4:\"data\";s:49:\"\n	\n	\n	\n	\n	\n	\n	\n	\n	\n	\n		\n		\n		\n		\n		\n		\n		\n		\n		\n	\";s:7:\"attribs\";a:0:{}s:8:\"xml_base\";s:0:\"\";s:17:\"xml_base_explicit\";b:0;s:8:\"xml_lang\";s:0:\"\";s:5:\"child\";a:3:{s:0:\"\";a:7:{s:5:\"title\";a:1:{i:0;a:5:{s:4:\"data\";s:20:\"Blog | WordPress.org\";s:7:\"attribs\";a:0:{}s:8:\"xml_base\";s:0:\"\";s:17:\"xml_base_explicit\";b:0;s:8:\"xml_lang\";s:0:\"\";}}s:4:\"link\";a:1:{i:0;a:5:{s:4:\"data\";s:24:\"https://fr.wordpress.org\";s:7:\"attribs\";a:0:{}s:8:\"xml_base\";s:0:\"\";s:17:\"xml_base_explicit\";b:0;s:8:\"xml_lang\";s:0:\"\";}}s:11:\"description\";a:1:{i:0;a:5:{s:4:\"data\";s:0:\"\";s:7:\"attribs\";a:0:{}s:8:\"xml_base\";s:0:\"\";s:17:\"xml_base_explicit\";b:0;s:8:\"xml_lang\";s:0:\"\";}}s:13:\"lastBuildDate\";a:1:{i:0;a:5:{s:4:\"data\";s:31:\"Tue, 20 Jul 2021 18:38:13 +0000\";s:7:\"attribs\";a:0:{}s:8:\"xml_base\";s:0:\"\";s:17:\"xml_base_explicit\";b:0;s:8:\"xml_lang\";s:0:\"\";}}s:8:\"language\";a:1:{i:0;a:5:{s:4:\"data\";s:5:\"fr-FR\";s:7:\"attribs\";a:0:{}s:8:\"xml_base\";s:0:\"\";s:17:\"xml_base_explicit\";b:0;s:8:\"xml_lang\";s:0:\"\";}}s:9:\"generator\";a:1:{i:0;a:5:{s:4:\"data\";s:40:\"https://wordpress.org/?v=5.9-alpha-51529\";s:7:\"attribs\";a:0:{}s:8:\"xml_base\";s:0:\"\";s:17:\"xml_base_explicit\";b:0;s:8:\"xml_lang\";s:0:\"\";}}s:4:\"item\";a:10:{i:0;a:6:{s:4:\"data\";s:73:\"\n		\n		\n					\n		\n		\n		\n				\n		\n\n					\n										\n					\n					\n			\n		\n		\n			\";s:7:\"attribs\";a:0:{}s:8:\"xml_base\";s:0:\"\";s:17:\"xml_base_explicit\";b:0;s:8:\"xml_lang\";s:0:\"\";s:5:\"child\";a:5:{s:0:\"\";a:7:{s:5:\"title\";a:1:{i:0;a:5:{s:4:\"data\";s:27:\"WordPress 5.8 « Tatum »\";s:7:\"attribs\";a:0:{}s:8:\"xml_base\";s:0:\"\";s:17:\"xml_base_explicit\";b:0;s:8:\"xml_lang\";s:0:\"\";}}s:4:\"link\";a:1:{i:0;a:5:{s:4:\"data\";s:56:\"https://fr.wordpress.org/2021/07/20/wordpress-5-8-tatum/\";s:7:\"attribs\";a:0:{}s:8:\"xml_base\";s:0:\"\";s:17:\"xml_base_explicit\";b:0;s:8:\"xml_lang\";s:0:\"\";}}s:8:\"comments\";a:1:{i:0;a:5:{s:4:\"data\";s:65:\"https://fr.wordpress.org/2021/07/20/wordpress-5-8-tatum/#comments\";s:7:\"attribs\";a:0:{}s:8:\"xml_base\";s:0:\"\";s:17:\"xml_base_explicit\";b:0;s:8:\"xml_lang\";s:0:\"\";}}s:7:\"pubDate\";a:1:{i:0;a:5:{s:4:\"data\";s:31:\"Tue, 20 Jul 2021 17:44:40 +0000\";s:7:\"attribs\";a:0:{}s:8:\"xml_base\";s:0:\"\";s:17:\"xml_base_explicit\";b:0;s:8:\"xml_lang\";s:0:\"\";}}s:8:\"category\";a:1:{i:0;a:5:{s:4:\"data\";s:31:\"Nouvelles versions de WordPress\";s:7:\"attribs\";a:0:{}s:8:\"xml_base\";s:0:\"\";s:17:\"xml_base_explicit\";b:0;s:8:\"xml_lang\";s:0:\"\";}}s:4:\"guid\";a:1:{i:0;a:5:{s:4:\"data\";s:32:\"https://fr.wordpress.org/?p=2168\";s:7:\"attribs\";a:1:{s:0:\"\";a:1:{s:11:\"isPermaLink\";s:5:\"false\";}}s:8:\"xml_base\";s:0:\"\";s:17:\"xml_base_explicit\";b:0;s:8:\"xml_lang\";s:0:\"\";}}s:11:\"description\";a:1:{i:0;a:5:{s:4:\"data\";s:382:\"Trois changements d’ampleur Gestion des widgets à l’aide des blocs Après des mois de travail acharné, la puissance des blocs a enfin atteint l’éditeur de widgets et l’outil de personnalisation. Vous pouvez maintenant ajouter des blocs dans tous les emplacements de widgets de votre site et même les prévisualiser en direct dans l’outil de personnalisation. [&#8230;]\";s:7:\"attribs\";a:0:{}s:8:\"xml_base\";s:0:\"\";s:17:\"xml_base_explicit\";b:0;s:8:\"xml_lang\";s:0:\"\";}}}s:32:\"http://purl.org/dc/elements/1.1/\";a:1:{s:7:\"creator\";a:1:{i:0;a:5:{s:4:\"data\";s:9:\"Jb Audras\";s:7:\"attribs\";a:0:{}s:8:\"xml_base\";s:0:\"\";s:17:\"xml_base_explicit\";b:0;s:8:\"xml_lang\";s:0:\"\";}}}s:40:\"http://purl.org/rss/1.0/modules/content/\";a:1:{s:7:\"encoded\";a:1:{i:0;a:5:{s:4:\"data\";s:50648:\"\n<div style=\"height:20px\" aria-hidden=\"true\" class=\"wp-block-spacer\"></div>\n\n\n\n<figure class=\"wp-block-image size-large\"><img src=\"https://wordpress.org/news/files/2021/07/5x8-Album-1-1024x683.jpg\" alt=\"\" class=\"wp-image-11042\" /></figure>\n\n\n\n<div class=\"wp-block-cover has-background-dim\"><img loading=\"lazy\" width=\"1978\" height=\"1254\" class=\"wp-block-cover__image-background wp-image-2126\" alt=\"\" src=\"https://fr.wordpress.org/files/2021/06/wp-5-8-about-page-cover.png\" data-object-fit=\"cover\" srcset=\"https://fr.wordpress.org/files/2021/06/wp-5-8-about-page-cover.png 1978w, https://fr.wordpress.org/files/2021/06/wp-5-8-about-page-cover-300x190.png 300w, https://fr.wordpress.org/files/2021/06/wp-5-8-about-page-cover-1024x649.png 1024w, https://fr.wordpress.org/files/2021/06/wp-5-8-about-page-cover-768x487.png 768w, https://fr.wordpress.org/files/2021/06/wp-5-8-about-page-cover-1536x974.png 1536w\" sizes=\"(max-width: 1978px) 100vw, 1978px\" /><div class=\"wp-block-cover__inner-container\">\n<h2>WordPress 5.8 «&nbsp;Tatum&nbsp;»</h2>\n\n\n\n<p>Nous vous présentons WordPress 5.8 «&nbsp;Tatum&nbsp;», nommée en l’honneur de Art Tatum, le pianiste de Jazz légendaire. Sa technique exceptionnelle et sa volonté de repousser les limites ont inspiré des milliers de musiciens.</p>\n\n\n\n<p>Lancez donc un de ses meilleurs morceaux – comme <em>«&nbsp;Tea for Two&nbsp;»</em>, <em>«&nbsp;Tiger Rag&nbsp;»</em>, <em>«&nbsp;Begin the Beguine»</em> ou encore <em>«&nbsp;Night and Day&nbsp;»</em> et découvrez les nouveautés de la dernière version de WordPress.</p>\n</div></div>\n\n\n\n<div style=\"height:48px\" aria-hidden=\"true\" class=\"wp-block-spacer\"></div>\n\n\n\n<h2 class=\"has-text-align-center\">Trois changements d’ampleur</h2>\n\n\n\n<div style=\"height:16px\" aria-hidden=\"true\" class=\"wp-block-spacer\"></div>\n\n\n\n<figure class=\"wp-block-gallery columns-2 is-cropped\"><ul class=\"blocks-gallery-grid\"><li class=\"blocks-gallery-item\"><figure><img src=\"https://wordpress.org/news/files/2021/07/about-widgets-blocks-1024x768.png\" alt=\"\" data-id=\"10985\" data-full-url=\"https://wordpress.org/news/files/2021/07/about-widgets-blocks.png\" data-link=\"https://wordpress.org/news/?attachment_id=10985\" class=\"wp-image-10985\" /></figure></li><li class=\"blocks-gallery-item\"><figure><img src=\"https://wordpress.org/news/files/2021/07/about-query-loop-1024x811.png\" alt=\"\" data-id=\"10986\" data-full-url=\"https://wordpress.org/news/files/2021/07/about-query-loop.png\" data-link=\"https://wordpress.org/news/?attachment_id=10986\" class=\"wp-image-10986\" /></figure></li><li class=\"blocks-gallery-item\"><figure><img src=\"https://wordpress.org/news/files/2021/07/about-template-1024x666.png\" alt=\"\" data-id=\"10987\" data-full-url=\"https://wordpress.org/news/files/2021/07/about-template.png\" data-link=\"https://wordpress.org/news/?attachment_id=10987\" class=\"wp-image-10987\" /></figure></li></ul></figure>\n\n\n\n<h3>Gestion des widgets à l’aide des blocs</h3>\n\n\n\n<p>Après des mois de travail acharné, la puissance des blocs a enfin atteint l’éditeur de widgets et l’outil de personnalisation. Vous pouvez maintenant ajouter des blocs dans tous les emplacements de widgets de votre site et même les prévisualiser en direct dans l’outil de personnalisation. Cela ouvre de nouvelles possibilités pour créer du contenu&nbsp;: des mises en page sans coder, des présentations avancées à l’aide des blocs fournis par le cœur de WordPress ou par les extensions tierces… tout est possible. Les développeurs et les développeuses trouveront plus d’informations dans la&nbsp;<a href=\"https://make.wordpress.org/core/2021/06/29/block-based-widgets-editor-in-wordpress-5-8/\">note de développement dédiée</a>.</p>\n\n\n\n<h3>De nouveaux blocs et compositions pour vos publications</h3>\n\n\n\n<p>Le bloc de boucle de requête permet d’afficher une liste de publications basée sur des paramètres définis, exactement comme une boucle PHP mais sans avoir à écrire la moindre ligne de code. Cela vous permet très facilement d’afficher les articles appartenant à une catégorie spécifique, de créer un portfolio ou encore une page présentant vos meilleures recettes de cuisine. C’est un peu comme le bloc «&nbsp;Derniers articles&nbsp;», mais en bien plus puissant&nbsp;! De plus, les suggestions de compositions rendent très facile la gestion de l’affichage de ces listes.</p>\n\n\n\n<h3>Modification des modèles de publications</h3>\n\n\n\n<p>Vous pouvez maintenant utiliser l’éditeur de blocs pour modifier les modèles qui permettent l’affichage de votre contenu. Il vous faut pour cela disposer d’un thème conçu sur la base des blocs, ou qui a intégré la prise en charge de cette fonctionnalité. Vous pourrez basculer de l’éditeur de publication vers l’éditeur de modèles et inversement, tout en restant dans l’interface de l’éditeur de blocs. Il y a plus de 20 nouveaux blocs dédiés à l’édition des modèles. Vous pourrez en apprendre davantage sur cette fonctionnalité en lisant le guide disponible en bas de cette page.</p>\n\n\n\n<div style=\"height:32px\" aria-hidden=\"true\" class=\"wp-block-spacer\"></div>\n\n\n\n<h2 class=\"has-text-align-center\">Trois nouveautés utiles au quotidien</h2>\n\n\n\n<div style=\"height:16px\" aria-hidden=\"true\" class=\"wp-block-spacer\"></div>\n\n\n\n<figure class=\"wp-block-gallery columns-2 is-cropped\"><ul class=\"blocks-gallery-grid\"><li class=\"blocks-gallery-item\"><figure><img src=\"https://wordpress.org/news/files/2021/07/about-list-view-1024x803.png\" alt=\"\" data-id=\"10988\" data-full-url=\"https://wordpress.org/news/files/2021/07/about-list-view.png\" data-link=\"https://wordpress.org/news/?attachment_id=10988\" class=\"wp-image-10988\" /></figure></li><li class=\"blocks-gallery-item\"><figure><img src=\"https://wordpress.org/news/files/2021/07/about-pattern-suggestions-1024x555.png\" alt=\"\" data-id=\"10989\" data-full-url=\"https://wordpress.org/news/files/2021/07/about-pattern-suggestions.png\" data-link=\"https://wordpress.org/news/?attachment_id=10989\" class=\"wp-image-10989\" /></figure></li><li class=\"blocks-gallery-item\"><figure><img src=\"https://wordpress.org/news/files/2021/07/about-duotone-1024x837.png\" alt=\"\" data-id=\"10990\" data-full-url=\"https://wordpress.org/news/files/2021/07/about-duotone.png\" data-link=\"https://wordpress.org/news/?attachment_id=10990\" class=\"wp-image-10990\" /></figure></li></ul></figure>\n\n\n\n<h3>Vue d’ensemble de la structure des pages</h3>\n\n\n\n<p>Parfois vous n’avez besoin que d’une mise en page simple. Mais il arrive aussi d’avoir besoin de quelque chose de plus complexe. À mesure que la quantité de blocs et de compositions disponibles s’étoffe dans l’éditeur, les options de création de contenu deviennent plus nombreuses. La vue sous forme de liste vous permet d’avoir une vue d’ensemble du contenu de l’éditeur et de naviguer rapidement d’un bloc à l’autre. Vous pouvez décider de l’afficher constamment ou au contraire de le masquer, à votre guise.</p>\n\n\n\n<h3>Des suggestions de compositions de blocs</h3>\n\n\n\n<p>À partir de cette version, l’outil de transformation des blocs vous suggérera des compositions de blocs basées sur les blocs utilisés sur la sélection courante. Dès maintenant, vous pouvez l’essayer avec le bloc «&nbsp;boucle de requête&nbsp;» ou le bloc «&nbsp;icônes de réseaux sociaux&nbsp;». Au fur et à mesure de l’ajout de nouvelles compositions, vous pourrez obtenir davantage de suggestions de mises en page sans même quitter l’éditeur&nbsp;!</p>\n\n\n\n<h3>Style et colorisation des images</h3>\n\n\n\n<p>Colorisez vos images et blocs bannières avec des filtres duotones&nbsp;! Cela vous permet de rendre vos images (et même vos vidéos&nbsp;!) bicolores pour qu’elles s’intègrent mieux au design de votre site. Bien entendu, le filtre duotone le plus utilisé est sans doute le noir et blanc, mais de nombreuses autres combinaisons sont également disponibles et vous pouvez même créer vos propres combinaisons en suivant la documentation technique de la fonctionnalité.</p>\n\n\n\n<div style=\"height:32px\" aria-hidden=\"true\" class=\"wp-block-spacer\"></div>\n\n\n\n<h2 class=\"has-text-align-center\">Pour les développeurs et les développeuses</h2>\n\n\n\n<div style=\"height:16px\" aria-hidden=\"true\" class=\"wp-block-spacer\"></div>\n\n\n\n<figure class=\"wp-block-image size-large\"><img src=\"https://wordpress.org/news/files/2021/07/about-theme-json-2x-1024x613.png\" alt=\"\" class=\"wp-image-10992\" /></figure>\n\n\n\n<div style=\"height:16px\" aria-hidden=\"true\" class=\"wp-block-spacer\"></div>\n\n\n\n<h3>Un nouveau fichier theme.json</h3>\n\n\n\n<p>WordPress&nbsp;5.8 dévoile une nouvelle API dédiée aux styles et réglages globaux de votre site. Cette API vous permet de contrôler les réglages de l’éditeur, les outils de personnalisation disponibles pour chaque bloc, les styles disponibles pour chaque bloc, le tout dans un simple fichier theme.json déclaré dans votre thème. Ce fichier de configuration permet d’activer ou de désactiver les fonctionnalités de l’éditeur, et de mettre en place des styles par défaut pour l’ensemble de votre site et pour chaque bloc indépendamment. Si vous développez des thèmes, vous pouvez expérimenter cette nouvelle fonctionnalité dès maintenant. Pour en savoir davantage sur cette API,&nbsp;<a href=\"https://make.wordpress.org/core/2021/06/25/introducing-theme-json-in-wordpress-5-8/\">lisez la note de développement dédiée</a>.</p>\n\n\n\n<div style=\"height:16px\" aria-hidden=\"true\" class=\"wp-block-spacer\"></div>\n\n\n\n<div class=\"wp-block-columns\">\n<div class=\"wp-block-column\">\n<h3>Fin de la prise en charge d’IE&nbsp;11</h3>\n\n\n\n<p>La prise en charge d’Internet Explorer 11 est abandonnée à partir de WordPress&nbsp;5.8. Cela signifie que les bogues découverts sur ce navigateur ne seront plus corrigés à l’avenir. Si vous utilisez actuellement IE&nbsp;11, nous vous recommandons fortement de&nbsp;<a href=\"https://browsehappy.com/\">basculer vers un navigateur plus moderne</a>.</p>\n</div>\n\n\n\n<div class=\"wp-block-column\">\n<h3>Prise en charge du format WebP</h3>\n\n\n\n<p>WebP est un format d’image moderne qui fournit une meilleure compression d’image sur le web, avec un poids bien plus léger. Les images WebP sont en moyenne 30&nbsp;% plus légères que leurs équivalents PNG ou JPEG, ce qui a pour résultat de rendre vos sites plus performants.</p>\n</div>\n</div>\n\n\n\n<h3>Nouvelles fonctionnalités liées aux blocs</h3>\n\n\n\n<p>À la suite des fonctionnalités introduites dans les versions&nbsp;<a href=\"https://make.wordpress.org/core/2020/11/18/block-supports-in-wordpress-5-6/\">5.6</a>&nbsp;et&nbsp;<a href=\"https://make.wordpress.org/core/2021/02/24/changes-to-block-editor-components-and-blocks/\">5.7</a>, WordPress&nbsp;5.8 ajoute plusieurs nouvelles fonctionnalités liées aux blocs, afin de plus simplement les déclarer ou les personnaliser. Pour en savoir plus, lisez la&nbsp;<a href=\"https://make.wordpress.org/core/2021/06/25/block-supports-api-updates-for-wordpress-5-8/\">note de développement dédiée</a>.</p>\n\n\n\n<div style=\"height:16px\" aria-hidden=\"true\" class=\"wp-block-spacer\"></div>\n\n\n\n<h3>Consultez le guide de la version pour en savoir plus&nbsp;!</h3>\n\n\n\n<p>Consultez le <a href=\"https://fr.wordpress.org/2021/07/04/guide-des-changements-techniques-a-venir-sur-wordpress-5-8/\" data-type=\"post\" data-id=\"2124\">guide des changements techniques de WordPress&nbsp;5.8</a>. Il met en avant les notes de développement pour chaque modification que vous souhaiteriez approfondir.</p>\n\n\n\n<h2>Contributrices et contributeurs</h2>\n\n\n\n<p>WordPress 5.8 était dirigée par&nbsp;<a href=\"https://profiles.wordpress.org/matt/\">Matt Mullenweg</a> ainsi que l&rsquo;équipe suivante&nbsp;:</p>\n\n\n\n<ul><li><strong>Coordinateurs&nbsp;:</strong>&nbsp;Jeffrey Paul (<a href=\'https://profiles.wordpress.org/jeffpaul/\' class=\'mention\'><span class=\'mentions-prefix\'>@</span>jeffpaul</a>) et Jonathan Desrosiers (<a href=\'https://profiles.wordpress.org/desrosj/\' class=\'mention\'><span class=\'mentions-prefix\'>@</span>desrosj</a>)</li><li><strong>Responsable technique de l’éditeur&nbsp;:</strong>&nbsp;Riad Benguella (<a href=\'https://profiles.wordpress.org/youknowriad/\' class=\'mention\'><span class=\'mentions-prefix\'>@</span>youknowriad</a>)</li><li><strong>Responsable du marketing et de la communication&nbsp;:</strong> Josepha Haden Chomphosy (<a href=\'https://profiles.wordpress.org/chanthaboune/\' class=\'mention\'><span class=\'mentions-prefix\'>@</span>chanthaboune</a>)</li><li><strong>Responsable de la documentation&nbsp;:</strong> Milana Cap (<a href=\'https://profiles.wordpress.org/milana_cap/\' class=\'mention\'><span class=\'mentions-prefix\'>@</span>milana_cap</a>)</li><li><strong>Responsable des tests&nbsp;:</strong>&nbsp;Piotrek Boniu (<a href=\'https://profiles.wordpress.org/boniu91/\' class=\'mention\'><span class=\'mentions-prefix\'>@</span>boniu91</a>)</li><li><strong>Responsable du support&nbsp;:&nbsp;</strong>Mary Job (<a href=\'https://profiles.wordpress.org/mariaojob/\' class=\'mention\'><span class=\'mentions-prefix\'>@</span>mariaojob</a>)</li></ul>\n\n\n\n<p>Cette version est le résultat du travail de 530 contributrices et contributeurs qui ont travaillé sur plus de <a href=\"https://core.trac.wordpress.org/query?milestone=5.8&amp;group=component&amp;col=id&amp;col=summary&amp;col=milestone&amp;col=owner&amp;col=type&amp;col=status&amp;col=priority&amp;order=priority\">320 tickets sur Trac</a> et sur plus de <a href=\"https://github.com/wordpress/gutenberg/compare/v10.0.0...v10.7.0\">1&nbsp;500 pull requests sur GitHub</a>&nbsp;:</p>\n\n\n\n<p><a href=\"https://profiles.wordpress.org/5ubliminal/\">5ubliminal</a>, <a href=\"https://profiles.wordpress.org/ninetyninew/\">99w</a>, <a href=\"https://profiles.wordpress.org/9primus/\">9primus</a>, <a href=\"https://profiles.wordpress.org/jorbin/\">Aaron Jorbin</a>, <a href=\"https://profiles.wordpress.org/aaronrobertshaw/\">aaronrobertshaw</a>, <a href=\"https://profiles.wordpress.org/abderrahman/\">abderrahman</a>, <a href=\"https://profiles.wordpress.org/webcommsat/\">Abha Thakor</a>, <a href=\"https://profiles.wordpress.org/abhijitrakas/\">Abhijit Rakas</a>, <a href=\"https://profiles.wordpress.org/achbed/\">achbed</a>, <a href=\"https://profiles.wordpress.org/adamsilverstein/\">Adam Silverstein</a>, <a href=\"https://profiles.wordpress.org/zieladam/\">Adam Zielinski</a>, <a href=\"https://profiles.wordpress.org/addiestavlo/\">Addie</a>, <a href=\"https://profiles.wordpress.org/aduth/\">aduth</a>, <a href=\"https://profiles.wordpress.org/chaion07/\">Ahmed Chaion</a>, <a href=\"https://profiles.wordpress.org/engahmeds3ed/\">Ahmed Saeed</a>, <a href=\"https://profiles.wordpress.org/ajitbohra/\">Ajit Bohra</a>, <a href=\"https://profiles.wordpress.org/schlessera/\">Alain Schlesser</a>, <a href=\"https://profiles.wordpress.org/alanjacobmathew/\">alanjacobmathew</a>, <a href=\"https://profiles.wordpress.org/aljullu/\">Albert Juhé Lluveras</a>, <a href=\"https://profiles.wordpress.org/aleperez92/\">Alejandro Perez</a>, <a href=\"https://profiles.wordpress.org/xknown/\">Alex Concha</a>, <a href=\"https://profiles.wordpress.org/akirk/\">Alex Kirk</a>, <a href=\"https://profiles.wordpress.org/ajlende/\">Alex Lende</a>, <a href=\"https://profiles.wordpress.org/alexstine/\">alexstine</a>, <a href=\"https://profiles.wordpress.org/firewatch/\">allilevine</a>, <a href=\"https://profiles.wordpress.org/amandariu/\">Amanda Riu</a>, <a href=\"https://profiles.wordpress.org/amarinediary/\">amarinediary</a>, <a href=\"https://profiles.wordpress.org/gadgetroid/\">Amogh Harish</a>, <a href=\"https://profiles.wordpress.org/afercia/\">Andrea Fercia</a>, <a href=\"https://profiles.wordpress.org/andraganescu/\">Andrei Draganescu</a>, <a href=\"https://profiles.wordpress.org/azaozz/\">Andrew Ozz</a>, <a href=\"https://profiles.wordpress.org/andrewserong/\">Andrew Serong</a>, <a href=\"https://profiles.wordpress.org/rarst/\">Andrey « Rarst » Savchenko</a>, <a href=\"https://profiles.wordpress.org/nosolosw/\">André Maneiro</a>, <a href=\"https://profiles.wordpress.org/afragen/\">Andy Fragen</a>, <a href=\"https://profiles.wordpress.org/apeatling/\">Andy Peatling</a>, <a href=\"https://profiles.wordpress.org/andy/\">Andy Skelton</a>, <a href=\"https://profiles.wordpress.org/wpgurudev/\">Ankit Gade</a>, <a href=\"https://profiles.wordpress.org/annalamprou/\">annalamprou</a>, <a href=\"https://profiles.wordpress.org/annezazu/\">Anne McCarthy</a>, <a href=\"https://profiles.wordpress.org/anotherdave/\">anotherdave</a>, <a href=\"https://profiles.wordpress.org/anotia/\">anotia</a>, <a href=\"https://profiles.wordpress.org/antpb/\">Anthony Burchell</a>, <a href=\"https://profiles.wordpress.org/antonlukin/\">Anton Lukin</a>, <a href=\"https://profiles.wordpress.org/vanyukov/\">Anton Vanyukov</a>, <a href=\"https://profiles.wordpress.org/antonisme/\">Antonis Lilis</a>, <a href=\"https://profiles.wordpress.org/apedog/\">apedog</a>, <a href=\"https://profiles.wordpress.org/apokalyptik/\">apokalyptik</a>, <a href=\"https://profiles.wordpress.org/arena/\">arena</a>, <a href=\"https://profiles.wordpress.org/lephleg/\">Argyris Margaritis</a>, <a href=\"https://profiles.wordpress.org/aristath/\">Ari Stathopoulos</a>, <a href=\"https://profiles.wordpress.org/ariskataoka/\">ariskataoka</a>, <a href=\"https://profiles.wordpress.org/arkrs/\">arkrs</a>, <a href=\"https://profiles.wordpress.org/aruphi/\">Armand</a>, <a href=\"https://profiles.wordpress.org/arnaudban/\">ArnaudBan</a>, <a href=\"https://profiles.wordpress.org/arthur791004/\">Arthur Chu</a>, <a href=\"https://profiles.wordpress.org/arunsathiya/\">Arun a11n</a>, <a href=\"https://profiles.wordpress.org/aspexi/\">Aspexi</a>, <a href=\"https://profiles.wordpress.org/atjn/\">atjn</a>, <a href=\"https://profiles.wordpress.org/aurooba/\">Aurooba Ahmed</a>, <a href=\"https://profiles.wordpress.org/filosofo/\">Austin Matzko</a>, <a href=\"https://profiles.wordpress.org/ayeshrajans/\">Ayesh Karunaratne</a>, <a href=\"https://profiles.wordpress.org/barry/\">Barry</a>, <a href=\"https://profiles.wordpress.org/bartkalisz/\">bartkalisz</a>, <a href=\"https://profiles.wordpress.org/beafialho/\">Beatriz Fialho</a>, <a href=\"https://profiles.wordpress.org/pixolin/\">Bego Mario Garde</a>, <a href=\"https://profiles.wordpress.org/utz119/\">Benachi</a>, <a href=\"https://profiles.wordpress.org/benoitchantre/\">Benoit Chantre</a>, <a href=\"https://profiles.wordpress.org/bernhard reiter/\">Bernhard Reiter</a>, <a href=\"https://profiles.wordpress.org/bernhard-reiter/\">Bernhard Reiter</a>, <a href=\"https://profiles.wordpress.org/birgire/\">Birgir Erlendsson (birgire)</a>, <a href=\"https://profiles.wordpress.org/bph/\">Birgit Pauli-Haack</a>, <a href=\"https://profiles.wordpress.org/blobfolio/\">Blobfolio</a>, <a href=\"https://profiles.wordpress.org/bmcculley/\">bmcculley</a>, <a href=\"https://profiles.wordpress.org/boblinthorst/\">Bob Linthorst</a>, <a href=\"https://profiles.wordpress.org/bobbingwide/\">bobbingwide</a>, <a href=\"https://profiles.wordpress.org/bogdanpreda/\">Bogdan Preda</a>, <a href=\"https://profiles.wordpress.org/gitlost/\">bonger</a>, <a href=\"https://profiles.wordpress.org/boonebgorges/\">Boone Gorges</a>, <a href=\"https://profiles.wordpress.org/bradt/\">Brad Touesnard</a>, <a href=\"https://profiles.wordpress.org/kraftbj/\">Brandon Kraft</a>, <a href=\"https://profiles.wordpress.org/brechtvds/\">Brecht</a>, <a href=\"https://profiles.wordpress.org/brentswisher/\">Brent Swisher</a>, <a href=\"https://profiles.wordpress.org/brettshumaker/\">Brett Shumaker</a>, <a href=\"https://profiles.wordpress.org/ribaricplusplus/\">Bruno Ribaric</a>, <a href=\"https://profiles.wordpress.org/burhandodhy/\">Burhan Nasir</a>, <a href=\"https://profiles.wordpress.org/cameronjonesweb/\">Cameron Jones</a>, <a href=\"https://profiles.wordpress.org/cvoell/\">Cameron Voell</a>, <a href=\"https://profiles.wordpress.org/carike/\">Carike</a>, <a href=\"https://profiles.wordpress.org/carlalexander/\">Carl Alexander</a>, <a href=\"https://profiles.wordpress.org/carlomanf/\">carlomanf</a>, <a href=\"https://profiles.wordpress.org/carlosgprim/\">carlosgprim</a>, <a href=\"https://profiles.wordpress.org/poena/\">Carolina Nymark</a>, <a href=\"https://profiles.wordpress.org/caseymilne/\">Casey Milne</a>, <a href=\"https://profiles.wordpress.org/cenay/\">Cenay Nailor</a>, <a href=\"https://profiles.wordpress.org/ceyhun0/\">Ceyhun Ozugur</a>, <a href=\"https://profiles.wordpress.org/nhuja/\">Chandra M</a>, <a href=\"https://profiles.wordpress.org/chetan200891/\">Chetan Prajapati</a>, <a href=\"https://profiles.wordpress.org/chintan1896/\">Chintan hingrajiya</a>, <a href=\"https://profiles.wordpress.org/chipsnyder/\">Chip Snyder</a>, <a href=\"https://profiles.wordpress.org/cbringmann/\">Chloé Bringmann</a>, <a href=\"https://profiles.wordpress.org/chouby/\">Chouby</a>, <a href=\"https://profiles.wordpress.org/chrisvanpatten/\">Chris Van Patten</a>, <a href=\"https://profiles.wordpress.org/chriscct7/\">chriscct7</a>, <a href=\"https://profiles.wordpress.org/vimes1984/\">Christopher Churchill</a>, <a href=\"https://profiles.wordpress.org/ryno267/\">Chuck Reynolds</a>, <a href=\"https://profiles.wordpress.org/claytoncollie/\">Clayton Collie</a>, <a href=\"https://profiles.wordpress.org/codeamp/\">Code Amp</a>, <a href=\"https://profiles.wordpress.org/design_dolphin/\">CodePoet</a>, <a href=\"https://profiles.wordpress.org/costdev/\">Colin Stewart</a>, <a href=\"https://profiles.wordpress.org/collizo4sky/\">Collins Agbonghama</a>, <a href=\"https://profiles.wordpress.org/copons/\">Copons</a>, <a href=\"https://profiles.wordpress.org/coreymckrill/\">Corey McKrill</a>, <a href=\"https://profiles.wordpress.org/cr0ybot/\">Cory Hughart</a>, <a href=\"https://profiles.wordpress.org/courane01/\">Courtney Engle Robertson</a>, <a href=\"https://profiles.wordpress.org/crazycoders/\">crazycoders</a>, <a href=\"https://profiles.wordpress.org/critterverse/\">critterverse</a>, <a href=\"https://profiles.wordpress.org/czapla/\">czapla</a>, <a href=\"https://profiles.wordpress.org/davidszabo/\">Dávid Szabó</a>, <a href=\"https://profiles.wordpress.org/daisyo/\">Daisy Olsen</a>, <a href=\"https://profiles.wordpress.org/damonganto/\">damonganto</a>, <a href=\"https://profiles.wordpress.org/danfarrow/\">Dan Farrow</a>, <a href=\"https://profiles.wordpress.org/diddledan/\">Daniel Llewellyn</a>, <a href=\"https://profiles.wordpress.org/talldanwp/\">Daniel Richards</a>, <a href=\"https://profiles.wordpress.org/danieldudzic/\">danieldudzic</a>, <a href=\"https://profiles.wordpress.org/mte90/\">Daniele Scasciafratte</a>, <a href=\"https://profiles.wordpress.org/vetyst/\">Danny</a>, <a href=\"https://profiles.wordpress.org/davilera/\">David Aguilera</a>, <a href=\"https://profiles.wordpress.org/davidanderson/\">David Anderson</a>, <a href=\"https://profiles.wordpress.org/dartiss/\">David Artiss</a>, <a href=\"https://profiles.wordpress.org/davidbaumwald/\">David Baumwald</a>, <a href=\"https://profiles.wordpress.org/davidbinda/\">David Biňovec</a>, <a href=\"https://profiles.wordpress.org/dpcalhoun/\">David Calhoun</a>, <a href=\"https://profiles.wordpress.org/dlh/\">David Herrera</a>, <a href=\"https://profiles.wordpress.org/davidkryzaniak/\">David Kryzaniak</a>, <a href=\"https://profiles.wordpress.org/get_dave/\">David Smith</a>, <a href=\"https://profiles.wordpress.org/dekervit/\">dekervit</a>, <a href=\"https://profiles.wordpress.org/devle/\">devfle</a>, <a href=\"https://profiles.wordpress.org/devrekli/\">devrekli</a>, <a href=\"https://profiles.wordpress.org/dhruvkb/\">dhruvkb</a>, <a href=\"https://profiles.wordpress.org/dianeco/\">Diane Co</a>, <a href=\"https://profiles.wordpress.org/dingdang/\">dingdang</a>, <a href=\"https://profiles.wordpress.org/dd32/\">Dion Hulse</a>, <a href=\"https://profiles.wordpress.org/djbu/\">djbu</a>, <a href=\"https://profiles.wordpress.org/ocean90/\">Dominik Schilling</a>, <a href=\"https://profiles.wordpress.org/donmhico/\">donmhico</a>, <a href=\"https://profiles.wordpress.org/donnapep/\">Donna Peplinskie</a>, <a href=\"https://profiles.wordpress.org/dougwollison/\">Doug Wollison</a>, <a href=\"https://profiles.wordpress.org/dpik/\">dpik</a>, <a href=\"https://profiles.wordpress.org/dragongate/\">dragongate</a>, <a href=\"https://profiles.wordpress.org/drebbitsweb/\">Dreb Bits</a>, <a href=\"https://profiles.wordpress.org/drewapicture/\">Drew Jaynes</a>, <a href=\"https://profiles.wordpress.org/eatsleepcode/\">eatsleepcode</a>, <a href=\"https://profiles.wordpress.org/metalandcoffee/\">Ebonie Butler</a>, <a href=\"https://profiles.wordpress.org/ediamin/\">Edi Amin</a>, <a href=\"https://profiles.wordpress.org/itsjusteileen/\">Eileen Violini</a>, <a href=\"https://profiles.wordpress.org/ellatrix/\">Ella van Durpe</a>, <a href=\"https://profiles.wordpress.org/aliveic/\">Emil E</a>, <a href=\"https://profiles.wordpress.org/emarticor/\">Emilio Martinez</a>, <a href=\"https://profiles.wordpress.org/manooweb/\">Emmanuel Hesry</a>, <a href=\"https://profiles.wordpress.org/empatogen/\">empatogen</a>, <a href=\"https://profiles.wordpress.org/enej/\">Enej Bajgorić</a>, <a href=\"https://profiles.wordpress.org/nrqsnchz/\">Enrique Sánchez</a>, <a href=\"https://profiles.wordpress.org/epiqueras/\">epiqueras</a>, <a href=\"https://profiles.wordpress.org/kebbet/\">Erik</a>, <a href=\"https://profiles.wordpress.org/etoledom/\">etoledom</a>, <a href=\"https://profiles.wordpress.org/fabiankaegy/\">Fabian Kägy</a>, <a href=\"https://profiles.wordpress.org/fabianpimminger/\">Fabian Pimminger</a>, <a href=\"https://profiles.wordpress.org/gaambo/\">Fabian Todt</a>, <a href=\"https://profiles.wordpress.org/felipeelia/\">Felipe Elia</a>, <a href=\"https://profiles.wordpress.org/flixos90/\">Felix Arntz</a>, <a href=\"https://profiles.wordpress.org/felixbaumgaertner/\">felixbaumgaertner</a>, <a href=\"https://profiles.wordpress.org/femkreations/\">Femy Praseeth</a>, <a href=\"https://profiles.wordpress.org/fijisunshine/\">fijisunshine</a>, <a href=\"https://profiles.wordpress.org/florianbrinkmann/\">Florian Brinkmann</a>, <a href=\"https://profiles.wordpress.org/mista-flo/\">Florian TIAR</a>, <a href=\"https://profiles.wordpress.org/francina/\">Francesca Marano</a>, <a href=\"https://profiles.wordpress.org/bueltge/\">Frank Bueltge</a>, <a href=\"https://profiles.wordpress.org/frosso1/\">frosso1 (a11n)</a>, <a href=\"https://profiles.wordpress.org/fullofcaffeine/\">fullofcaffeine</a>, <a href=\"https://profiles.wordpress.org/gab81/\">gab81</a>, <a href=\"https://profiles.wordpress.org/galbaras/\">Gal Baras</a>, <a href=\"https://profiles.wordpress.org/garrett-eclipse/\">Garrett Hyder</a>, <a href=\"https://profiles.wordpress.org/garyj/\">Gary Jones</a>, <a href=\"https://profiles.wordpress.org/pento/\">Gary Pendergast</a>, <a href=\"https://profiles.wordpress.org/geekpress/\">GeekPress</a>, <a href=\"https://profiles.wordpress.org/soulseekah/\">Gennady Kovshenin</a>, <a href=\"https://profiles.wordpress.org/geoffrey1963/\">Geoffrey</a>, <a href=\"https://profiles.wordpress.org/revgeorge/\">George Hotelling</a>, <a href=\"https://profiles.wordpress.org/mamaduka/\">George Mamadashvili</a>, <a href=\"https://profiles.wordpress.org/georgestephanis/\">George Stephanis</a>, <a href=\"https://profiles.wordpress.org/geriux/\">geriux</a>, <a href=\"https://profiles.wordpress.org/glendaviesnz/\">glendaviesnz</a>, <a href=\"https://profiles.wordpress.org/grantmkin/\">Grant M. Kinney</a>, <a href=\"https://profiles.wordpress.org/gziolo/\">Greg Ziółkowski</a>, <a href=\"https://profiles.wordpress.org/gregorlove/\">gRegor Morrill</a>, <a href=\"https://profiles.wordpress.org/priethor/\">Héctor Prieto</a>, <a href=\"https://profiles.wordpress.org/hannahmalcolm/\">Hannah Malcolm</a>, <a href=\"https://profiles.wordpress.org/happiryu/\">happiryu</a>, <a href=\"https://profiles.wordpress.org/hareesh-pillai/\">Hareesh</a>, <a href=\"https://profiles.wordpress.org/hazdiego/\">Haz</a>, <a href=\"https://profiles.wordpress.org/hedgefield/\">hedgefield</a>, <a href=\"https://profiles.wordpress.org/helen/\">Helen Hou-Sandí</a>, <a href=\"https://profiles.wordpress.org/hermpheus/\">Herm Martini</a>, <a href=\"https://profiles.wordpress.org/herregroen/\">Herre Groen</a>, <a href=\"https://profiles.wordpress.org/herrvigg/\">herrvigg</a>, <a href=\"https://profiles.wordpress.org/htmgarcia/\">htmgarcia</a>, <a href=\"https://profiles.wordpress.org/iandunn/\">Ian Dunn</a>, <a href=\"https://profiles.wordpress.org/ianmjones/\">ianmjones</a>, <a href=\"https://profiles.wordpress.org/icopydoc/\">icopydoc</a>, <a href=\"https://profiles.wordpress.org/ipstenu/\">Ipstenu (Mika Epstein)</a>, <a href=\"https://profiles.wordpress.org/isabel_brison/\">Isabel Brison</a>, <a href=\"https://profiles.wordpress.org/dragunoff/\">Ivaylo Draganov</a>, <a href=\"https://profiles.wordpress.org/wphound/\">Ivete Tecedor</a>, <a href=\"https://profiles.wordpress.org/jdgrimes/\">J.D. Grimes</a>, <a href=\"https://profiles.wordpress.org/jacklenox/\">Jack Lenox</a>, <a href=\"https://profiles.wordpress.org/whyisjake/\">Jake Spurlock</a>, <a href=\"https://profiles.wordpress.org/jamesbonham/\">James Bonham</a>, <a href=\"https://profiles.wordpress.org/jameskoster/\">James Koster</a>, <a href=\"https://profiles.wordpress.org/jnylen0/\">James Nylen</a>, <a href=\"https://profiles.wordpress.org/pondermatic/\">James Richards</a>, <a href=\"https://profiles.wordpress.org/jamesros161/\">James Rosado</a>, <a href=\"https://profiles.wordpress.org/jamil95/\">jamil95</a>, <a href=\"https://profiles.wordpress.org/janak007/\">janak Kaneriya</a>, <a href=\"https://profiles.wordpress.org/janwoostendorp/\">janw.oostendorp</a>, <a href=\"https://profiles.wordpress.org/jsnjohnston/\">Jason Johnston</a>, <a href=\"https://profiles.wordpress.org/javiarce/\">Javier Arce</a>, <a href=\"https://profiles.wordpress.org/jaymanpandya/\">Jayman Pandya</a>, <a href=\"https://profiles.wordpress.org/audrasjb/\">Jean-Baptiste Audras</a>, <a href=\"https://profiles.wordpress.org/jffng/\">Jeff Ong</a>, <a href=\"https://profiles.wordpress.org/jeffpaul/\">Jeff Paul</a>, <a href=\"https://profiles.wordpress.org/jeffikus/\">Jeffrey Pearce</a>, <a href=\"https://profiles.wordpress.org/jdy68/\">Jenny Dupuy</a>, <a href=\"https://profiles.wordpress.org/jeremyfelt/\">Jeremy Felt</a>, <a href=\"https://profiles.wordpress.org/jeherve/\">Jeremy Herve</a>, <a href=\"https://profiles.wordpress.org/jeremyyip/\">Jeremy Yip</a>, <a href=\"https://profiles.wordpress.org/jeremy80/\">jeremy80</a>, <a href=\"https://profiles.wordpress.org/jeroenreumkens/\">JeroenReumkens</a>, <a href=\"https://profiles.wordpress.org/jeryj/\">jeryj</a>, <a href=\"https://profiles.wordpress.org/jillebehm/\">jillebehm</a>, <a href=\"https://profiles.wordpress.org/jipmoors/\">Jip Moors</a>, <a href=\"https://profiles.wordpress.org/sephsekla/\">Joe Bailey-Roberts</a>, <a href=\"https://profiles.wordpress.org/joedolson/\">Joe Dolson</a>, <a href=\"https://profiles.wordpress.org/joemcgill/\">Joe McGill</a>, <a href=\"https://profiles.wordpress.org/joen/\">Joen Asmussen</a>, <a href=\"https://profiles.wordpress.org/jonkastonka/\">Johan Jonk Stenström</a>, <a href=\"https://profiles.wordpress.org/goaroundagain/\">Johannes Kinast</a>, <a href=\"https://profiles.wordpress.org/johnbillion/\">John Blackbourn</a>, <a href=\"https://profiles.wordpress.org/johnny5/\">John Godley</a>, <a href=\"https://profiles.wordpress.org/johnjamesjacoby/\">John James Jacoby</a>, <a href=\"https://profiles.wordpress.org/bhwebworks/\">John Sundberg</a>, <a href=\"https://profiles.wordpress.org/jb510/\">Jon Brown</a>, <a href=\"https://profiles.wordpress.org/jonsurrell/\">Jon Surrell</a>, <a href=\"https://profiles.wordpress.org/desrosj/\">Jonathan Desrosiers</a>, <a href=\"https://profiles.wordpress.org/spacedmonkey/\">Jonny Harris</a>, <a href=\"https://profiles.wordpress.org/jonoaldersonwp/\">Jono Alderson</a>, <a href=\"https://profiles.wordpress.org/joostdevalk/\">Joost de Valk</a>, <a href=\"https://profiles.wordpress.org/koke/\">Jorge Bernal</a>, <a href=\"https://profiles.wordpress.org/jorgefilipecosta/\">Jorge Costa</a>, <a href=\"https://profiles.wordpress.org/joseeyoast/\">Josee Wouters</a>, <a href=\"https://profiles.wordpress.org/chanthaboune/\">Josepha Haden</a>, <a href=\"https://profiles.wordpress.org/dkampdesign/\">JoshuaDoshua</a>, <a href=\"https://profiles.wordpress.org/joyously/\">Joy</a>, <a href=\"https://profiles.wordpress.org/jsnajdr/\">jsnajdr</a>, <a href=\"https://profiles.wordpress.org/juanfra/\">Juan Aldasoro</a>, <a href=\"https://profiles.wordpress.org/jrf/\">Juliette Reinders Folmer</a>, <a href=\"https://profiles.wordpress.org/juliobox/\">Julio Potier</a>, <a href=\"https://profiles.wordpress.org/justinahinon/\">Justin Ahinon</a>, <a href=\"https://profiles.wordpress.org/k3nsai/\">k3nsai</a>, <a href=\"https://profiles.wordpress.org/kaavyaiyer/\">kaavyaiyer</a>, <a href=\"https://profiles.wordpress.org/kevin940726/\">Kai Hao</a>, <a href=\"https://profiles.wordpress.org/akabarikalpesh/\">Kalpesh Akabari</a>, <a href=\"https://profiles.wordpress.org/vyskoczilova/\">Karolina Vyskocilova</a>, <a href=\"https://profiles.wordpress.org/ryelle/\">Kelly Choyce-Dwan</a>, <a href=\"https://profiles.wordpress.org/kellychoffman/\">Kelly Hoffman</a>, <a href=\"https://profiles.wordpress.org/gwwar/\">Kerry Liu</a>, <a href=\"https://profiles.wordpress.org/kishanjasani/\">Kishan Jasani</a>, <a href=\"https://profiles.wordpress.org/ixkaito/\">Kite</a>, <a href=\"https://profiles.wordpress.org/kittmedia/\">KittMedia</a>, <a href=\"https://profiles.wordpress.org/kjellr/\">Kjell Reigstad</a>, <a href=\"https://profiles.wordpress.org/klevyke/\">klevyke</a>, <a href=\"https://profiles.wordpress.org/knutsp/\">Knut Sparhell</a>, <a href=\"https://profiles.wordpress.org/vdwijngaert/\">Koen Van den Wijngaert</a>, <a href=\"https://profiles.wordpress.org/obenland/\">Konstantin Obenland</a>, <a href=\"https://profiles.wordpress.org/xkon/\">Konstantinos Xenos</a>, <a href=\"https://profiles.wordpress.org/devnel/\">Kyle Nel</a>, <a href=\"https://profiles.wordpress.org/lakrisgubben/\">lakrisgubben</a>, <a href=\"https://profiles.wordpress.org/notlaura/\">Lara Schenck</a>, <a href=\"https://profiles.wordpress.org/lmurillom/\">Larissa Murillo</a>, <a href=\"https://profiles.wordpress.org/laxman-prajapati/\">Laxman Prajapati</a>, <a href=\"https://profiles.wordpress.org/lewiscowles/\">LewisCowles</a>, <a href=\"https://profiles.wordpress.org/lifeforceinst/\">lifeforceinst</a>, <a href=\"https://profiles.wordpress.org/linux4me2/\">linux4me2</a>, <a href=\"https://profiles.wordpress.org/lovor/\">Lovro Hrust</a>, <a href=\"https://profiles.wordpress.org/displaynone/\">Luis Sacristán</a>, <a href=\"https://profiles.wordpress.org/infolu/\">Luiz Araújo</a>, <a href=\"https://profiles.wordpress.org/lukecarbis/\">Luke Carbis</a>, <a href=\"https://profiles.wordpress.org/m0ze/\">m0ze</a>, <a href=\"https://profiles.wordpress.org/maedahbatool/\">Maedah Batool</a>, <a href=\"https://profiles.wordpress.org/onemaggie/\">Maggie Cabrera</a>, <a href=\"https://profiles.wordpress.org/travel_girl/\">Maja Benke</a>, <a href=\"https://profiles.wordpress.org/mciampini/\">Marco Ciampini</a>, <a href=\"https://profiles.wordpress.org/mkaz/\">Marcus Kazmierczak</a>, <a href=\"https://profiles.wordpress.org/marekhrabe/\">Marek Hrabe</a>, <a href=\"https://profiles.wordpress.org/tyxla/\">Marin Atanasov</a>, <a href=\"https://profiles.wordpress.org/clorith/\">Marius L. J.</a>, <a href=\"https://profiles.wordpress.org/markjaquith/\">Mark Jaquith</a>, <a href=\"https://profiles.wordpress.org/markparnell/\">Mark Parnell</a>, <a href=\"https://profiles.wordpress.org/markoheijnen/\">Marko Heijnen</a>, <a href=\"https://profiles.wordpress.org/m-e-h/\">Marty Helmick</a>, <a href=\"https://profiles.wordpress.org/marybaum/\">Mary Baum</a>, <a href=\"https://profiles.wordpress.org/mariaojob/\">Mary Job</a>, <a href=\"https://profiles.wordpress.org/marylauc/\">marylauc</a>, <a href=\"https://profiles.wordpress.org/imath/\">Mathieu Viet</a>, <a href=\"https://profiles.wordpress.org/matveb/\">Matias Ventura</a>, <a href=\"https://profiles.wordpress.org/mattchowning/\">Matt Chowning</a>, <a href=\"https://profiles.wordpress.org/matt/\">Matt Mullenweg</a>, <a href=\"https://profiles.wordpress.org/maxpertici/\">Maxime Pertici</a>, <a href=\"https://profiles.wordpress.org/mblach/\">mblach</a>, <a href=\"https://profiles.wordpress.org/immeet94/\">Meet Makadia</a>, <a href=\"https://profiles.wordpress.org/meher/\">Meher Bala</a>, <a href=\"https://profiles.wordpress.org/melchoyce/\">Mel Choyce-Dwan</a>, <a href=\"https://profiles.wordpress.org/meloniq/\">meloniq</a>, <a href=\"https://profiles.wordpress.org/mensmaximus/\">mensmaximus</a>, <a href=\"https://profiles.wordpress.org/mbabker/\">Michael Babker</a>, <a href=\"https://profiles.wordpress.org/tw2113/\">Michael Beckwith</a>, <a href=\"https://profiles.wordpress.org/mcsf/\">Miguel Fonseca</a>, <a href=\"https://profiles.wordpress.org/simison/\">Mikael Korpela</a>, <a href=\"https://profiles.wordpress.org/mikehansenme/\">Mike Hansen</a>, <a href=\"https://profiles.wordpress.org/mikejolley/\">Mike Jolley</a>, <a href=\"https://profiles.wordpress.org/mike_cowobo/\">Mike Martel</a>, <a href=\"https://profiles.wordpress.org/mikeschroder/\">Mike Schroder</a>, <a href=\"https://profiles.wordpress.org/mihdan/\">Mikhail Kobzarev</a>, <a href=\"https://profiles.wordpress.org/dimadin/\">Milan Dinić</a>, <a href=\"https://profiles.wordpress.org/milana_cap/\">Milana Cap</a>, <a href=\"https://profiles.wordpress.org/mkdgs/\">mkdgs</a>, <a href=\"https://profiles.wordpress.org/mmuyskens/\">mmuyskens</a>, <a href=\"https://profiles.wordpress.org/mmxxi/\">mmxxi</a>, <a href=\"https://profiles.wordpress.org/daddou/\">Mohamed El Amine DADDOU</a>, <a href=\"https://profiles.wordpress.org/mohamedfaragallah/\">Mohammed Faragallah</a>, <a href=\"https://profiles.wordpress.org/monikarao/\">Monika Rao</a>, <a href=\"https://profiles.wordpress.org/mor10/\">Morten Rand-Hendriksen</a>, <a href=\"https://profiles.wordpress.org/mrjoeldean/\">mrjoeldean</a>, <a href=\"https://profiles.wordpress.org/mukesh27/\">Mukesh Panchal</a>, <a href=\"https://profiles.wordpress.org/munyagu/\">munyagu</a>, <a href=\"https://profiles.wordpress.org/m_uysl/\">Mustafa Uysal</a>, <a href=\"https://profiles.wordpress.org/mweichert/\">mweichert</a>, <a href=\"https://profiles.wordpress.org/assassinateur/\">Nadir Seghir</a>, <a href=\"https://profiles.wordpress.org/nalininonstopnewsuk/\">Nalini Thakor</a>, <a href=\"https://profiles.wordpress.org/naoki0h/\">Naoki Ohashi</a>, <a href=\"https://profiles.wordpress.org/nao/\">Naoko Takano</a>, <a href=\"https://profiles.wordpress.org/nayanchamp7/\">Nazrul Islam Nayan</a>, <a href=\"https://profiles.wordpress.org/dway/\">nderambure</a>, <a href=\"https://profiles.wordpress.org/krstarica/\">net</a>, <a href=\"https://profiles.wordpress.org/nicegamer7/\">nicegamer7</a>, <a href=\"https://profiles.wordpress.org/eidolonnight/\">Nicholas Garofalo</a>, <a href=\"https://profiles.wordpress.org/celloexpressions/\">Nick Halsey</a>, <a href=\"https://profiles.wordpress.org/ntsekouras/\">Nik Tsekouras</a>, <a href=\"https://profiles.wordpress.org/ninanmnm/\">ninanmnm</a>, <a href=\"https://profiles.wordpress.org/pianist787/\">Noah Allen</a>, <a href=\"https://profiles.wordpress.org/nvartolomei/\">nvartolomei</a>, <a href=\"https://profiles.wordpress.org/oguzkocer/\">oguzkocer</a>, <a href=\"https://profiles.wordpress.org/olafklejnstrupjensen/\">olafklejnstrupjensen</a>, <a href=\"https://profiles.wordpress.org/olgabulat/\">Olga Bulat</a>, <a href=\"https://profiles.wordpress.org/oglekler/\">Olga Gleckler</a>, <a href=\"https://profiles.wordpress.org/otshelnik-fm/\">Otshelnik-Fm</a>, <a href=\"https://profiles.wordpress.org/oxyrealm/\">oxyrealm</a>, <a href=\"https://profiles.wordpress.org/ozh/\">Ozh</a>, <a href=\"https://profiles.wordpress.org/paaljoachim/\">Paal Joachim Romdahl</a>, <a href=\"https://profiles.wordpress.org/palmiak/\">palmiak</a>, <a href=\"https://profiles.wordpress.org/paaggeli/\">Panagiotis Angelidis</a>, <a href=\"https://profiles.wordpress.org/paragoninitiativeenterprises/\">Paragon Initiative Enterprises</a>, <a href=\"https://profiles.wordpress.org/swissspidy/\">Pascal Birchler</a>, <a href=\"https://profiles.wordpress.org/fantasy1125/\">Pascal Knecht</a>, <a href=\"https://profiles.wordpress.org/patkemper/\">Pat</a>, <a href=\"https://profiles.wordpress.org/patricklindsay/\">patricklindsay</a>, <a href=\"https://profiles.wordpress.org/kapilpaul/\">Paul</a>, <a href=\"https://profiles.wordpress.org/pbiron/\">Paul Biron</a>, <a href=\"https://profiles.wordpress.org/pabline/\">Paul Bunkham</a>, <a href=\"https://profiles.wordpress.org/paulschreiber/\">Paul Schreiber</a>, <a href=\"https://profiles.wordpress.org/paulstonier/\">Paul Stonier</a>, <a href=\"https://profiles.wordpress.org/pschrottky/\">Paul Von Schrottky</a>, <a href=\"https://profiles.wordpress.org/psrpinto/\">Paulo Pinto</a>, <a href=\"https://profiles.wordpress.org/pavelvisualcomposer/\">Pavel I</a>, <a href=\"https://profiles.wordpress.org/mrpauloen/\">Paweł</a>, <a href=\"https://profiles.wordpress.org/peterwilsoncc/\">Peter Wilson</a>, <a href=\"https://profiles.wordpress.org/walbo/\">Petter Walbø Johnsgård</a>, <a href=\"https://profiles.wordpress.org/phena109/\">phena109</a>, <a href=\"https://profiles.wordpress.org/philipmjackson/\">Philip Jackson</a>, <a href=\"https://profiles.wordpress.org/wppinar/\">Pinar</a>, <a href=\"https://profiles.wordpress.org/boniu91/\">Piotrek Boniu</a>, <a href=\"https://profiles.wordpress.org/mordauk/\">Pippin Williamson</a>, <a href=\"https://profiles.wordpress.org/ptahdunbar/\">Pirate Dunbar</a>, <a href=\"https://profiles.wordpress.org/promz/\">Pramod Jodhani</a>, <a href=\"https://profiles.wordpress.org/presskopp/\">Presskopp</a>, <a href=\"https://profiles.wordpress.org/presstoke/\">presstoke</a>, <a href=\"https://profiles.wordpress.org/pwallner/\">pwallner</a>, <a href=\"https://profiles.wordpress.org/pyronaur/\">pyronaur</a>, <a href=\"https://profiles.wordpress.org/itsjonq/\">Q</a>, <a href=\"https://profiles.wordpress.org/rachelbaker/\">Rachel Baker</a>, <a href=\"https://profiles.wordpress.org/rafhun/\">rafhun</a>, <a href=\"https://profiles.wordpress.org/rkradadiya/\">Rajesh Radadiya</a>, <a href=\"https://profiles.wordpress.org/ramiy/\">Rami Yushuvaev</a>, <a href=\"https://profiles.wordpress.org/rahmohn/\">Ramon Ahnert</a>, <a href=\"https://profiles.wordpress.org/ramonopoly/\">ramonopoly</a>, <a href=\"https://profiles.wordpress.org/jontyravi/\">Ravi Vaghela</a>, <a href=\"https://profiles.wordpress.org/ravipatel/\">ravipatel</a>, <a href=\"https://profiles.wordpress.org/rellect/\">Refael Iliaguyev</a>, <a href=\"https://profiles.wordpress.org/renehermi/\">Rene Hermenau</a>, <a href=\"https://profiles.wordpress.org/retrofox/\">retrofox</a>, <a href=\"https://profiles.wordpress.org/reynhartono/\">reynhartono</a>, <a href=\"https://profiles.wordpress.org/youknowriad/\">Riad Benguella</a>, <a href=\"https://profiles.wordpress.org/rianrietveld/\">Rian Rietveld</a>, <a href=\"https://profiles.wordpress.org/rima1889/\">Rima Prajapati</a>, <a href=\"https://profiles.wordpress.org/rinatkhaziev/\">Rinat</a>, <a href=\"https://profiles.wordpress.org/rnaby/\">Rnaby</a>, <a href=\"https://profiles.wordpress.org/robdxw/\">robdxw</a>, <a href=\"https://profiles.wordpress.org/noisysocks/\">Robert Anderson</a>, <a href=\"https://profiles.wordpress.org/miqrogroove/\">Robert Chapin</a>, <a href=\"https://profiles.wordpress.org/rogertheriault/\">Roger Theriault</a>, <a href=\"https://profiles.wordpress.org/rogerlos/\">rogerlos</a>, <a href=\"https://profiles.wordpress.org/roo2/\">roo2</a>, <a href=\"https://profiles.wordpress.org/lev0/\">Roy</a>, <a href=\"https://profiles.wordpress.org/geekstreetwp/\">Russell Aaron</a>, <a href=\"https://profiles.wordpress.org/rmccue/\">Ryan McCue</a>, <a href=\"https://profiles.wordpress.org/welcher/\">Ryan Welcher</a>, <a href=\"https://profiles.wordpress.org/soean/\">Sören Wrede</a>, <a href=\"https://profiles.wordpress.org/stodorovic/\">Saša</a>, <a href=\"https://profiles.wordpress.org/sabrinazeidan/\">Sabrina Zeidan</a>, <a href=\"https://profiles.wordpress.org/sahilmepani/\">Sahil Mepani</a>, <a href=\"https://profiles.wordpress.org/solarissmoke/\">Samir Shah</a>, <a href=\"https://profiles.wordpress.org/otto42/\">Samuel Wood (Otto)</a>, <a href=\"https://profiles.wordpress.org/sandipmondal/\">Sandip Mondal</a>, <a href=\"https://profiles.wordpress.org/sannevndrmeulen/\">Sanne van der Meulen</a>, <a href=\"https://profiles.wordpress.org/sarahricker/\">sarahricker</a>, <a href=\"https://profiles.wordpress.org/sarayourfriend/\">sarayourfriend</a>, <a href=\"https://profiles.wordpress.org/sasagar/\">SASAPIYO</a>, <a href=\"https://profiles.wordpress.org/satrancali/\">satrancali</a>, <a href=\"https://profiles.wordpress.org/savicmarko1985/\">savicmarko1985</a>, <a href=\"https://profiles.wordpress.org/gmagicscott/\">Scott Lesovic</a>, <a href=\"https://profiles.wordpress.org/coffee2code/\">Scott Reilly</a>, <a href=\"https://profiles.wordpress.org/scottconnerly/\">scottconnerly</a>, <a href=\"https://profiles.wordpress.org/scruffian/\">scruffian</a>, <a href=\"https://profiles.wordpress.org/sean212/\">Sean Fisher</a>, <a href=\"https://profiles.wordpress.org/seanchayes/\">Sean Hayes</a>, <a href=\"https://profiles.wordpress.org/sebbb/\">sebbb</a>, <a href=\"https://profiles.wordpress.org/sergeybiryukov/\">Sergey Biryukov</a>, <a href=\"https://profiles.wordpress.org/yakimun/\">Sergey Yakimov</a>, <a href=\"https://profiles.wordpress.org/sergioestevao/\">SergioEstevao</a>, <a href=\"https://profiles.wordpress.org/sergiomdgomes/\">sergiomdgomes</a>, <a href=\"https://profiles.wordpress.org/shaunandrews/\">shaunandrews</a>, <a href=\"https://profiles.wordpress.org/shital-patel/\">Shital Marakana</a>, <a href=\"https://profiles.wordpress.org/silb3r/\">silb3r</a>, <a href=\"https://profiles.wordpress.org/siobhyb/\">Siobhan</a>, <a href=\"https://profiles.wordpress.org/sirstuey/\">SirStuey</a>, <a href=\"https://profiles.wordpress.org/snapfractalpop/\">snapfractalpop</a>, <a href=\"https://profiles.wordpress.org/spikeuk1/\">spikeuk1</a>, <a href=\"https://profiles.wordpress.org/spytzo/\">spytzo</a>, <a href=\"https://profiles.wordpress.org/stacimc/\">stacimc</a>, <a href=\"https://profiles.wordpress.org/khromov/\">Stanislav Khromov</a>, <a href=\"https://profiles.wordpress.org/deustron/\">Stefan Hüsges</a>, <a href=\"https://profiles.wordpress.org/stefanjoebstl/\">stefanjoebstl</a>, <a href=\"https://profiles.wordpress.org/ryokuhi/\">Stefano Minoia</a>, <a href=\"https://profiles.wordpress.org/hypest/\">Stefanos Togoulidis</a>, <a href=\"https://profiles.wordpress.org/sabernhardt/\">Stephen Bernhardt</a>, <a href=\"https://profiles.wordpress.org/netweb/\">Stephen Edgar</a>, <a href=\"https://profiles.wordpress.org/dufresnesteven/\">Steve Dufresne</a>, <a href=\"https://profiles.wordpress.org/stevegrunwell/\">Steve Grunwell</a>, <a href=\"https://profiles.wordpress.org/stevehenty/\">Steve Henty</a>, <a href=\"https://profiles.wordpress.org/stevenkword/\">Steven Word</a>, <a href=\"https://profiles.wordpress.org/strategio/\">strategio</a>, <a href=\"https://profiles.wordpress.org/subrataemfluence/\">Subrata Sarkar</a>, <a href=\"https://profiles.wordpress.org/sumaiyasiddika/\">Sumaiya Siddika</a>, <a href=\"https://profiles.wordpress.org/sumanm/\">Suman</a>, <a href=\"https://profiles.wordpress.org/sumitsingh/\">Sumit Singh</a>, <a href=\"https://profiles.wordpress.org/5um17/\">Sumit Singh</a>, <a href=\"https://profiles.wordpress.org/sushmak/\">sushmak</a>, <a href=\"https://profiles.wordpress.org/cybr/\">Sybre Waaijer</a>, <a href=\"https://profiles.wordpress.org/synchro/\">Synchro</a>, <a href=\"https://profiles.wordpress.org/szaqal21/\">szaqal21</a>, <a href=\"https://profiles.wordpress.org/tamlyn/\">tamlyn</a>, <a href=\"https://profiles.wordpress.org/karmatosed/\">Tammie Lister</a>, <a href=\"https://profiles.wordpress.org/tellyworth/\">Tellyworth</a>, <a href=\"https://profiles.wordpress.org/terriann/\">Terri Ann</a>, <a href=\"https://profiles.wordpress.org/wildworks/\">Tetsuaki Hamano</a>, <a href=\"https://profiles.wordpress.org/themes-1/\">them.es</a>, <a href=\"https://profiles.wordpress.org/kraftner/\">Thomas Kräftner</a>, <a href=\"https://profiles.wordpress.org/thomasplevy/\">Thomas Patrick Levy</a>, <a href=\"https://profiles.wordpress.org/thomas-vitale/\">Thomas Vitale</a>, <a href=\"https://profiles.wordpress.org/tigertech/\">tigertech</a>, <a href=\"https://profiles.wordpress.org/timothyblynjacobs/\">Timothy Jacobs</a>, <a href=\"https://profiles.wordpress.org/timotijhof/\">TimoTijhof</a>, <a href=\"https://profiles.wordpress.org/tkama/\">Tkama</a>, <a href=\"https://profiles.wordpress.org/tmatsuur/\">tmatsuur</a>, <a href=\"https://profiles.wordpress.org/tmdk/\">tmdk</a>, <a href=\"https://profiles.wordpress.org/tz-media/\">Tobias Zimpel</a>, <a href=\"https://profiles.wordpress.org/tobiasbg/\">TobiasBg</a>, <a href=\"https://profiles.wordpress.org/tobifjellner/\">tobifjellner (Tor-Bjorn Fjellner)</a>, <a href=\"https://profiles.wordpress.org/tjnowell/\">Tom J Nowell</a>, <a href=\"https://profiles.wordpress.org/skithund/\">Toni Viemerö</a>, <a href=\"https://profiles.wordpress.org/hellofromtonya/\">Tonya Mork</a>, <a href=\"https://profiles.wordpress.org/toro_unit/\">Toro_Unit (Hiroshi Urabe)</a>, <a href=\"https://profiles.wordpress.org/torres126/\">torres126</a>, <a href=\"https://profiles.wordpress.org/zodiac1978/\">Torsten Landsiedel</a>, <a href=\"https://profiles.wordpress.org/toru/\">Toru Miki</a>, <a href=\"https://profiles.wordpress.org/travisnorthcutt/\">Travis Northcutt</a>, <a href=\"https://profiles.wordpress.org/trejder/\">trejder</a>, <a href=\"https://profiles.wordpress.org/desaiuditd/\">Udit Desai</a>, <a href=\"https://profiles.wordpress.org/grapplerulrich/\">Ulrich</a>, <a href=\"https://profiles.wordpress.org/utsav72640/\">Utsav tilava</a>, <a href=\"https://profiles.wordpress.org/vcanales/\">Vicente Canales</a>, <a href=\"https://profiles.wordpress.org/vipulc2/\">Vipul Chandel</a>, <a href=\"https://profiles.wordpress.org/vladytimy/\">Vlad T</a>, <a href=\"https://profiles.wordpress.org/wangql/\">wangql</a>, <a href=\"https://profiles.wordpress.org/webdragon/\">WebDragon</a>, <a href=\"https://profiles.wordpress.org/wendyjchen/\">Wendy Chen</a>, <a href=\"https://profiles.wordpress.org/westonruter/\">Weston Ruter</a>, <a href=\"https://profiles.wordpress.org/earnjam/\">William Earnhardt</a>, <a href=\"https://profiles.wordpress.org/williampatton/\">williampatton</a>, <a href=\"https://profiles.wordpress.org/xavivars/\">Xavi Ivars</a>, <a href=\"https://profiles.wordpress.org/tikifez/\">Xristopher Anderton</a>, <a href=\"https://profiles.wordpress.org/y_kolev/\">Y_Kolev</a>, <a href=\"https://profiles.wordpress.org/yansern/\">Yan Sern</a>, <a href=\"https://profiles.wordpress.org/fierevere/\">Yui</a>, <a href=\"https://profiles.wordpress.org/yuliyan/\">yuliyan</a>, <a href=\"https://profiles.wordpress.org/yvettesonneveld/\">Yvette Sonneveld</a>, <a href=\"https://profiles.wordpress.org/zackkrida/\">Zack Krida</a>, <a href=\"https://profiles.wordpress.org/zebulan/\">Zebulan Stanphill</a>, <a href=\"https://profiles.wordpress.org/zkancs/\">zkancs</a>, and <a href=\"https://profiles.wordpress.org/sunxiyuan/\">孙锡源</a>.</p>\n\";s:7:\"attribs\";a:0:{}s:8:\"xml_base\";s:0:\"\";s:17:\"xml_base_explicit\";b:0;s:8:\"xml_lang\";s:0:\"\";}}}s:36:\"http://wellformedweb.org/CommentAPI/\";a:1:{s:10:\"commentRss\";a:1:{i:0;a:5:{s:4:\"data\";s:61:\"https://fr.wordpress.org/2021/07/20/wordpress-5-8-tatum/feed/\";s:7:\"attribs\";a:0:{}s:8:\"xml_base\";s:0:\"\";s:17:\"xml_base_explicit\";b:0;s:8:\"xml_lang\";s:0:\"\";}}}s:38:\"http://purl.org/rss/1.0/modules/slash/\";a:1:{s:8:\"comments\";a:1:{i:0;a:5:{s:4:\"data\";s:1:\"2\";s:7:\"attribs\";a:0:{}s:8:\"xml_base\";s:0:\"\";s:17:\"xml_base_explicit\";b:0;s:8:\"xml_lang\";s:0:\"\";}}}}}i:1;a:6:{s:4:\"data\";s:77:\"\n		\n		\n					\n		\n		\n		\n				\n		\n		\n\n					\n										\n					\n					\n			\n		\n		\n\n			\";s:7:\"attribs\";a:0:{}s:8:\"xml_base\";s:0:\"\";s:17:\"xml_base_explicit\";b:0;s:8:\"xml_lang\";s:0:\"\";s:5:\"child\";a:5:{s:0:\"\";a:8:{s:5:\"title\";a:1:{i:0;a:5:{s:4:\"data\";s:60:\"Guide des changements techniques à venir sur WordPress 5.8\";s:7:\"attribs\";a:0:{}s:8:\"xml_base\";s:0:\"\";s:17:\"xml_base_explicit\";b:0;s:8:\"xml_lang\";s:0:\"\";}}s:4:\"link\";a:1:{i:0;a:5:{s:4:\"data\";s:95:\"https://fr.wordpress.org/2021/07/04/guide-des-changements-techniques-a-venir-sur-wordpress-5-8/\";s:7:\"attribs\";a:0:{}s:8:\"xml_base\";s:0:\"\";s:17:\"xml_base_explicit\";b:0;s:8:\"xml_lang\";s:0:\"\";}}s:8:\"comments\";a:1:{i:0;a:5:{s:4:\"data\";s:103:\"https://fr.wordpress.org/2021/07/04/guide-des-changements-techniques-a-venir-sur-wordpress-5-8/#respond\";s:7:\"attribs\";a:0:{}s:8:\"xml_base\";s:0:\"\";s:17:\"xml_base_explicit\";b:0;s:8:\"xml_lang\";s:0:\"\";}}s:7:\"pubDate\";a:1:{i:0;a:5:{s:4:\"data\";s:31:\"Sun, 04 Jul 2021 10:30:50 +0000\";s:7:\"attribs\";a:0:{}s:8:\"xml_base\";s:0:\"\";s:17:\"xml_base_explicit\";b:0;s:8:\"xml_lang\";s:0:\"\";}}s:8:\"category\";a:2:{i:0;a:5:{s:4:\"data\";s:5:\"Guide\";s:7:\"attribs\";a:0:{}s:8:\"xml_base\";s:0:\"\";s:17:\"xml_base_explicit\";b:0;s:8:\"xml_lang\";s:0:\"\";}i:1;a:5:{s:4:\"data\";s:31:\"Nouvelles versions de WordPress\";s:7:\"attribs\";a:0:{}s:8:\"xml_base\";s:0:\"\";s:17:\"xml_base_explicit\";b:0;s:8:\"xml_lang\";s:0:\"\";}}s:4:\"guid\";a:1:{i:0;a:5:{s:4:\"data\";s:32:\"https://fr.wordpress.org/?p=2124\";s:7:\"attribs\";a:1:{s:0:\"\";a:1:{s:11:\"isPermaLink\";s:5:\"false\";}}s:8:\"xml_base\";s:0:\"\";s:17:\"xml_base_explicit\";b:0;s:8:\"xml_lang\";s:0:\"\";}}s:11:\"description\";a:1:{i:0;a:5:{s:4:\"data\";s:376:\"La version 5.8 de WordPress prévue pour le 20 juillet 2021 n’apportera pas moins de 96 améliorations et nouvelles fonctionnalités, 170 correctifs de bugs et 24 autres modifications diverses. Cela correspond au total à 291 tickets sur Trac, l&#8217;outil que nous utilisons pour organiser le développement de WordPress. Dans ce guide, vous retrouverez tous les [&#8230;]\";s:7:\"attribs\";a:0:{}s:8:\"xml_base\";s:0:\"\";s:17:\"xml_base_explicit\";b:0;s:8:\"xml_lang\";s:0:\"\";}}s:9:\"enclosure\";a:1:{i:0;a:5:{s:4:\"data\";s:0:\"\";s:7:\"attribs\";a:1:{s:0:\"\";a:3:{s:3:\"url\";s:84:\"https://fr.wordpress.org/files/2021/07/wordpress-5-8-delete-menus-maxime-pertici.mp4\";s:6:\"length\";s:6:\"410124\";s:4:\"type\";s:9:\"video/mp4\";}}s:8:\"xml_base\";s:0:\"\";s:17:\"xml_base_explicit\";b:0;s:8:\"xml_lang\";s:0:\"\";}}}s:32:\"http://purl.org/dc/elements/1.1/\";a:1:{s:7:\"creator\";a:1:{i:0;a:5:{s:4:\"data\";s:9:\"Jb Audras\";s:7:\"attribs\";a:0:{}s:8:\"xml_base\";s:0:\"\";s:17:\"xml_base_explicit\";b:0;s:8:\"xml_lang\";s:0:\"\";}}}s:40:\"http://purl.org/rss/1.0/modules/content/\";a:1:{s:7:\"encoded\";a:1:{i:0;a:5:{s:4:\"data\";s:38080:\"\n<div class=\"wp-block-cover has-background-dim\"><img loading=\"lazy\" width=\"1978\" height=\"1254\" class=\"wp-block-cover__image-background wp-image-2126\" alt=\"\" src=\"https://fr.wordpress.org/files/2021/06/wp-5-8-about-page-cover.png\" data-object-fit=\"cover\" srcset=\"https://fr.wordpress.org/files/2021/06/wp-5-8-about-page-cover.png 1978w, https://fr.wordpress.org/files/2021/06/wp-5-8-about-page-cover-300x190.png 300w, https://fr.wordpress.org/files/2021/06/wp-5-8-about-page-cover-1024x649.png 1024w, https://fr.wordpress.org/files/2021/06/wp-5-8-about-page-cover-768x487.png 768w, https://fr.wordpress.org/files/2021/06/wp-5-8-about-page-cover-1536x974.png 1536w\" sizes=\"(max-width: 1978px) 100vw, 1978px\" /><div class=\"wp-block-cover__inner-container\">\n<h2>La sortie de WordPress 5.8 est<br>prévue pour le 20 juillet 2021</h2>\n\n\n\n<p>Découvrez dans ce guide les nouveautés techniques qui vous attendent pour cette nouvelle version de l’outil qui propulse plus de 42% du web&nbsp;!</p>\n</div></div>\n\n\n\n<p>La version 5.8 de WordPress prévue pour le 20 juillet 2021 n’apportera pas moins de <a href=\"https://core.trac.wordpress.org/query?status=closed&amp;type=enhancement&amp;type=feature+request&amp;milestone=5.8&amp;max=500&amp;col=id&amp;col=summary&amp;col=type&amp;col=status&amp;col=milestone&amp;col=owner&amp;col=priority&amp;order=priority\">96 améliorations et nouvelles fonctionnalités</a>, <a href=\"https://core.trac.wordpress.org/query?status=closed&amp;type=defect+(bug)&amp;milestone=5.8&amp;max=500&amp;col=id&amp;col=summary&amp;col=type&amp;col=status&amp;col=milestone&amp;col=owner&amp;col=priority&amp;order=priority\">170 correctifs de bugs</a> et <a href=\"https://core.trac.wordpress.org/query?status=closed&amp;type=task+(blessed)&amp;milestone=5.8&amp;max=500&amp;col=id&amp;col=summary&amp;col=type&amp;col=status&amp;col=milestone&amp;col=owner&amp;col=priority&amp;order=priority\">24 autres modifications diverses</a>. Cela correspond au total à <a href=\"https://core.trac.wordpress.org/query?status=closed&amp;milestone=5.8&amp;group=component&amp;col=id&amp;col=summary&amp;col=owner&amp;col=type&amp;col=priority&amp;col=component&amp;col=version&amp;order=priority\">291 tickets sur Trac</a>, l&rsquo;outil que nous utilisons pour organiser le développement de WordPress.</p>\n\n\n\n<p>Dans ce guide, vous retrouverez tous les changements majeurs apportés par la version 5.8 de WordPress.</p>\n\n\n\n<p>Pour chaque composant de WordPress concerné par un changement majeur, vous trouverez un paragraphe introductif en français suivi des notes de développement et autres ressources publiées par l&rsquo;équipe de développement de WordPress, en anglais.</p>\n\n\n\n<span id=\"more-2124\"></span>\n\n\n\n<h2>Un premier pas vers l&rsquo;édition complète de votre site avec Gutenberg</h2>\n\n\n\n<p>Toutes les versions de Gutenberg sorties entre WP 5.7 et aujourd&rsquo;hui ont été intégrées dans WordPress 5.8. Ainsi, la prochaine version de WordPress contiendra les versions <a href=\"https://make.wordpress.org/core/2021/02/17/whats-new-in-gutenberg-10-0-february/\">10.0</a>, <a href=\"https://make.wordpress.org/core/2021/03/02/whats-new-in-gutenberg-10-1-3-march/\">10.1</a>, <a href=\"https://make.wordpress.org/core/2021/03/17/whats-new-in-gutenberg-10-2-17-march/\">10.2</a>, <a href=\"https://make.wordpress.org/core/2021/04/02/whats-new-in-gutenberg-10-3-31-march/\">10.3</a>, <a href=\"https://make.wordpress.org/core/2021/04/14/whats-new-in-gutenberg-10-4-14-april/\">10.4</a>, <a href=\"https://make.wordpress.org/core/2021/04/30/whats-new-in-gutenberg-10-5-28-april/\">10.5</a>, <a href=\"https://make.wordpress.org/core/2021/05/14/whats-new-in-gutenberg-10-6-12-may/\">10.6</a> et <a href=\"https://make.wordpress.org/core/2021/05/27/whats-new-in-gutenberg-10-7-26-may/\">10.7</a> de l&rsquo;extension Gutenberg. Par ailleurs, les correctifs et améliorations de performances des versions <a href=\"https://make.wordpress.org/core/2021/06/10/whats-new-in-gutenberg-10-8-9-june/\">10.8</a> et <a href=\"https://make.wordpress.org/core/2021/06/24/whats-new-in-gutenberg-10-9-23-june/\">10.9</a> seront également intégrées dans WP&nbsp;5.8.</p>\n\n\n\n<p><a href=\"https://wordpress.org/news/2021/06/wordpress-5-8-beta-1/\">L&rsquo;annonce de sortie de la version beta 1 de WordPress 5.8</a> présente de nombreuses améliorations et nouvelles fonctionnalités.</p>\n\n\n\n<p>WordPress 5.8 est une version un peu spéciale, car elle contient les premières briques de l&rsquo;édition complète de site, une fonctionnalité connue en anglais sous le nom de <em>«&nbsp;FSE&nbsp;»</em> pour <em>«&nbsp;Full Site Editing&nbsp;»</em>. Vous retrouverez ci-dessous les nouveautés apportées par cette nouvelle fonctionnalité, dont l&rsquo;arrivée dans WordPress sera répartie entre les versions 5.8 et 5.9 de WP.</p>\n\n\n\n<p>Premièrement, commençons par présenter l&rsquo;introduction du fichier <code>theme.json</code>, utilisable par les thèmes prenant en charge l&rsquo;édition complète de sites pour déclarer les fonctionnalités supportées par le thème.</p>\n\n\n\n<figure class=\"wp-block-embed is-type-wp-embed is-provider-make-wordpress-core wp-block-embed-make-wordpress-core\"><div class=\"wp-block-embed__wrapper\">\n<blockquote class=\"wp-embedded-content\" data-secret=\"w8UV72ClgX\"><a href=\"https://make.wordpress.org/core/2021/06/25/introducing-theme-json-in-wordpress-5-8/\">Introducing theme.json in WordPress 5.8</a></blockquote><iframe class=\"wp-embedded-content\" sandbox=\"allow-scripts\" security=\"restricted\" title=\"&#8220;Introducing theme.json in WordPress 5.8&#8221; &#8212; Make WordPress Core\" src=\"https://make.wordpress.org/core/2021/06/25/introducing-theme-json-in-wordpress-5-8/embed/#?secret=w8UV72ClgX\" data-secret=\"w8UV72ClgX\" width=\"600\" height=\"338\" frameborder=\"0\" marginwidth=\"0\" marginheight=\"0\" scrolling=\"no\"></iframe>\n</div></figure>\n\n\n\n<p>Cet article présente quant à lui le nouvel éditeur de modèles disponible à partir de WP 5.8, et comment rendre votre thème compatible&nbsp;:</p>\n\n\n\n<figure class=\"wp-block-embed is-type-wp-embed is-provider-make-wordpress-core wp-block-embed-make-wordpress-core\"><div class=\"wp-block-embed__wrapper\">\n<blockquote class=\"wp-embedded-content\" data-secret=\"es1csQoiTx\"><a href=\"https://make.wordpress.org/core/2021/06/29/on-layout-and-content-width-in-wordpress-5-8/\">On layout and content width in WordPress 5.8</a></blockquote><iframe class=\"wp-embedded-content\" sandbox=\"allow-scripts\" security=\"restricted\" title=\"&#8220;On layout and content width in WordPress 5.8&#8221; &#8212; Make WordPress Core\" src=\"https://make.wordpress.org/core/2021/06/29/on-layout-and-content-width-in-wordpress-5-8/embed/#?secret=es1csQoiTx\" data-secret=\"es1csQoiTx\" width=\"600\" height=\"338\" frameborder=\"0\" marginwidth=\"0\" marginheight=\"0\" scrolling=\"no\"></iframe>\n</div></figure>\n\n\n\n<p>Pour créer le nouvel éditeur de modèles basé sur Gutenberg, il a été nécessaire d&rsquo;isoler l&rsquo;éditeur dans un contexte autre que celui de l&rsquo;édition d&rsquo;une publication. Cet article présente la démarche qui a été suivie pour cette nouvelle fonctionnalité de WP 5.8.</p>\n\n\n\n<figure class=\"wp-block-embed is-type-wp-embed is-provider-make-wordpress-core wp-block-embed-make-wordpress-core\"><div class=\"wp-block-embed__wrapper\">\n<blockquote class=\"wp-embedded-content\" data-secret=\"ShMB0FsNYJ\"><a href=\"https://make.wordpress.org/core/2021/06/16/introducing-the-template-editor-in-wordpress-5-8/\">Introducing the template editor in WordPress 5.8</a></blockquote><iframe class=\"wp-embedded-content\" sandbox=\"allow-scripts\" security=\"restricted\" title=\"&#8220;Introducing the template editor in WordPress 5.8&#8221; &#8212; Make WordPress Core\" src=\"https://make.wordpress.org/core/2021/06/16/introducing-the-template-editor-in-wordpress-5-8/embed/#?secret=ShMB0FsNYJ\" data-secret=\"ShMB0FsNYJ\" width=\"600\" height=\"338\" frameborder=\"0\" marginwidth=\"0\" marginheight=\"0\" scrolling=\"no\"></iframe>\n</div></figure>\n\n\n\n<p>La note de développement ci-dessous présente le nouvel éditeur de widgets embarqué dans WP 5.8. Si vous souhaitez garder l&rsquo;ancien écran de widgets de WordPress, vous pouvez installer l&rsquo;extension <a href=\"https://fr.wordpress.org/plugins/classic-widgets/\">Classic Widgets</a> dès à présent sur votre site.</p>\n\n\n\n<figure class=\"wp-block-embed is-type-wp-embed is-provider-make-wordpress-core wp-block-embed-make-wordpress-core\"><div class=\"wp-block-embed__wrapper\">\n<blockquote class=\"wp-embedded-content\" data-secret=\"3MHyLuLV2p\"><a href=\"https://make.wordpress.org/core/2021/06/29/block-based-widgets-editor-in-wordpress-5-8/\">Block-based Widgets Editor in WordPress 5.8</a></blockquote><iframe class=\"wp-embedded-content\" sandbox=\"allow-scripts\" security=\"restricted\" title=\"&#8220;Block-based Widgets Editor in WordPress 5.8&#8221; &#8212; Make WordPress Core\" src=\"https://make.wordpress.org/core/2021/06/29/block-based-widgets-editor-in-wordpress-5-8/embed/#?secret=3MHyLuLV2p\" data-secret=\"3MHyLuLV2p\" width=\"600\" height=\"338\" frameborder=\"0\" marginwidth=\"0\" marginheight=\"0\" scrolling=\"no\"></iframe>\n</div></figure>\n\n\n\n<p>Cette note de développement décrit quant à elle les modifications faites sur l’API de l&rsquo;éditeur de blocs. Le fichier de métadonnées <code>block.json</code> devient la façon normale de déclarer un bloc Gutenberg, la spécification des métadonnées de blocs est lancée et sera développée de façon itérative dans les prochaines versions. Cet article propose aussi de nombreux exemples d&rsquo;implémentation très utiles si vous développez régulièrement des blocs Gutenberg.</p>\n\n\n\n<figure class=\"wp-block-embed is-type-wp-embed is-provider-make-wordpress-core wp-block-embed-make-wordpress-core\"><div class=\"wp-block-embed__wrapper\">\n<blockquote class=\"wp-embedded-content\" data-secret=\"hxJO8ZqA05\"><a href=\"https://make.wordpress.org/core/2021/06/23/block-api-enhancements-in-wordpress-5-8/\">Block API Enhancements in WordPress 5.8</a></blockquote><iframe class=\"wp-embedded-content\" sandbox=\"allow-scripts\" security=\"restricted\" title=\"&#8220;Block API Enhancements in WordPress 5.8&#8221; &#8212; Make WordPress Core\" src=\"https://make.wordpress.org/core/2021/06/23/block-api-enhancements-in-wordpress-5-8/embed/#?secret=hxJO8ZqA05\" data-secret=\"hxJO8ZqA05\" width=\"600\" height=\"338\" frameborder=\"0\" marginwidth=\"0\" marginheight=\"0\" scrolling=\"no\"></iframe>\n</div></figure>\n\n\n\n<p>Un changement longtemps attendu : l&rsquo;écran de modification des publications n&rsquo;est plus le seul écran de l&rsquo;administration a pouvoir accueillir l&rsquo;éditeur de blocs. Ce sera dorénavant aussi le cas de l&rsquo;écran des widgets, et pour WordPress 5.9 de l&rsquo;écran des menus. Dans un futur proche, il sera possible d&rsquo;intégrer l&rsquo;éditeur sur n&rsquo;importe quelle écran de l&rsquo;administration. Ces évolutions demandent de revoir certaines parties du fonctionnement général de l&rsquo;éditeur de blocs et cet article présente les changements qui arrivent dans un premier temps sur WP 5.8.</p>\n\n\n\n<figure class=\"wp-block-embed is-type-wp-embed is-provider-make-wordpress-core wp-block-embed-make-wordpress-core\"><div class=\"wp-block-embed__wrapper\">\n<blockquote class=\"wp-embedded-content\" data-secret=\"ME4MeIf0TJ\"><a href=\"https://make.wordpress.org/core/2021/06/16/block-editor-api-changes-to-support-multiple-admin-screens-in-wp-5-8/\">Block Editor API Changes to Support Multiple Admin Screens in WP 5.8</a></blockquote><iframe class=\"wp-embedded-content\" sandbox=\"allow-scripts\" security=\"restricted\" title=\"&#8220;Block Editor API Changes to Support Multiple Admin Screens in WP 5.8&#8221; &#8212; Make WordPress Core\" src=\"https://make.wordpress.org/core/2021/06/16/block-editor-api-changes-to-support-multiple-admin-screens-in-wp-5-8/embed/#?secret=ME4MeIf0TJ\" data-secret=\"ME4MeIf0TJ\" width=\"600\" height=\"338\" frameborder=\"0\" marginwidth=\"0\" marginheight=\"0\" scrolling=\"no\"></iframe>\n</div></figure>\n\n\n\n<p>Cette note de développement présente les fonctionnalités de Gutenberg qui ont été dépréciées dans WP 5.8. Pour éviter des avertissements et erreurs sur vos développements, consultez cette note de développement et mettez à jour votre code&nbsp;:</p>\n\n\n\n<figure class=\"wp-block-embed is-type-wp-embed is-provider-make-wordpress-core wp-block-embed-make-wordpress-core\"><div class=\"wp-block-embed__wrapper\">\n<blockquote class=\"wp-embedded-content\" data-secret=\"gJoIVtykTI\"><a href=\"https://make.wordpress.org/core/2021/06/29/block-editor-api-removals-58/\">Various Block Editor API removals in WordPress 5.8</a></blockquote><iframe class=\"wp-embedded-content\" sandbox=\"allow-scripts\" security=\"restricted\" title=\"&#8220;Various Block Editor API removals in WordPress 5.8&#8221; &#8212; Make WordPress Core\" src=\"https://make.wordpress.org/core/2021/06/29/block-editor-api-removals-58/embed/#?secret=gJoIVtykTI\" data-secret=\"gJoIVtykTI\" width=\"600\" height=\"338\" frameborder=\"0\" marginwidth=\"0\" marginheight=\"0\" scrolling=\"no\"></iframe>\n</div></figure>\n\n\n\n<p>Cette note de développement présente la nouvelle API de réglages et de styles globaux. Cette API vous permet de définir dans votre thème des réglages et styles prédéfinis.</p>\n\n\n\n<figure class=\"wp-block-embed is-type-wp-embed is-provider-make-wordpress-core wp-block-embed-make-wordpress-core\"><div class=\"wp-block-embed__wrapper\">\n<blockquote class=\"wp-embedded-content\" data-secret=\"ZwJIunoY2d\"><a href=\"https://make.wordpress.org/core/2021/06/29/blocks-in-an-iframed-template-editor/\">Blocks in an iframed (template) editor</a></blockquote><iframe class=\"wp-embedded-content\" sandbox=\"allow-scripts\" security=\"restricted\" title=\"&#8220;Blocks in an iframed (template) editor&#8221; &#8212; Make WordPress Core\" src=\"https://make.wordpress.org/core/2021/06/29/blocks-in-an-iframed-template-editor/embed/#?secret=ZwJIunoY2d\" data-secret=\"ZwJIunoY2d\" width=\"600\" height=\"338\" frameborder=\"0\" marginwidth=\"0\" marginheight=\"0\" scrolling=\"no\"></iframe>\n</div></figure>\n\n\n\n<p>Pour finir avec l&rsquo;éditeur, WordPress&nbsp;5.8 comprend aussi plusieurs améliorations concernant le chargement des styles CSS associés aux blocs, pour de meilleures performances et un meilleur contrôle des feuilles de styles associées </p>\n\n\n\n<figure class=\"wp-block-embed is-type-wp-embed is-provider-make-wordpress-core wp-block-embed-make-wordpress-core\"><div class=\"wp-block-embed__wrapper\">\n<blockquote class=\"wp-embedded-content\" data-secret=\"Pm4Aq7nwpg\"><a href=\"https://make.wordpress.org/core/2021/07/01/block-styles-loading-enhancements-in-wordpress-5-8/\">Block-styles loading enhancements in WordPress 5.8</a></blockquote><iframe class=\"wp-embedded-content\" sandbox=\"allow-scripts\" security=\"restricted\" title=\"&#8220;Block-styles loading enhancements in WordPress 5.8&#8221; &#8212; Make WordPress Core\" src=\"https://make.wordpress.org/core/2021/07/01/block-styles-loading-enhancements-in-wordpress-5-8/embed/#?secret=Pm4Aq7nwpg\" data-secret=\"Pm4Aq7nwpg\" width=\"600\" height=\"338\" frameborder=\"0\" marginwidth=\"0\" marginheight=\"0\" scrolling=\"no\"></iframe>\n</div></figure>\n\n\n\n<h2>Médiathèque</h2>\n\n\n\n<p><a href=\"https://core.trac.wordpress.org/query?status=closed&amp;component=Media&amp;milestone=5.8&amp;group=component&amp;col=id&amp;col=summary&amp;col=owner&amp;col=type&amp;col=priority&amp;col=component&amp;col=version&amp;order=priority\">Parmi toutes les modifications dans le composant «&nbsp;Médias&nbsp;» de WordPress</a>, c&rsquo;est sans aucun doute l&rsquo;arrivée de la prise en charge native du format WebP qui est le changement le plus important. Cette prise en charge du format WebP est complète, et tous les filtres et crochets d&rsquo;actions disponibles sur le reste des fichiers médias sont également disponibles pour vos médias au format WebP, qui est un format beaucoup plus performant que les «&nbsp;antiques&nbsp;» formats PNG ou JPEG. Accompagnés du nouveau filtre <code>image_editor_output_format</code>, ces changements posent les bases de bonnes améliorations de performances en perspective.</p>\n\n\n\n<figure class=\"wp-block-embed is-type-wp-embed is-provider-make-wordpress-core wp-block-embed-make-wordpress-core\"><div class=\"wp-block-embed__wrapper\">\n<blockquote class=\"wp-embedded-content\" data-secret=\"WtrYvObnKA\"><a href=\"https://make.wordpress.org/core/2021/06/07/wordpress-5-8-adds-webp-support/\">WordPress 5.8 adds WebP support</a></blockquote><iframe class=\"wp-embedded-content\" sandbox=\"allow-scripts\" security=\"restricted\" title=\"&#8220;WordPress 5.8 adds WebP support&#8221; &#8212; Make WordPress Core\" src=\"https://make.wordpress.org/core/2021/06/07/wordpress-5-8-adds-webp-support/embed/#?secret=WtrYvObnKA\" data-secret=\"WtrYvObnKA\" width=\"600\" height=\"338\" frameborder=\"0\" marginwidth=\"0\" marginheight=\"0\" scrolling=\"no\"></iframe>\n</div></figure>\n\n\n\n<p>Vous noterez également quelques améliorations sur l&rsquo;écran Médiathèque de l&rsquo;administration. Par exemple, le défilement infini au sein de la médiathèque posant un certain nombre de problèmes d&rsquo;accessibilité et d&rsquo;utilisabilité générale, nous l&rsquo;avons remplacé par un bouton de chargement dynamique en AJAX (tickets <a href=\"https://core.trac.wordpress.org/ticket/50105\">#50105</a> et <a href=\"https://core.trac.wordpress.org/ticket/40330\">#40330</a>). Nous avons aussi ajouté un bouton permettant de copier-coller rapidement le permalien vers les fichiers de la médiathèque après les avoir téléversés (ticket <a href=\"https://core.trac.wordpress.org/ticket/51754\">#51754</a>).</p>\n\n\n\n<h2>Menus</h2>\n\n\n\n<p>Une nouvelle fonctionnalité a été ajoutée sur l&rsquo;écran de gestion des menus. Celle-ci permet de sélectionner plusieurs éléments de menus afin de les supprimer en un clic, alors que cette opération était particulièrement longue à faire manuellement. Bravo au français <a href=\'https://profiles.wordpress.org/maxpertici/\' class=\'mention\'><span class=\'mentions-prefix\'>@</span>maxpertici</a> qui a travaillé sur le développement de cette nouvelle fonctionnalité intégrée dans WP&nbsp;5.8, résolvant ainsi <a href=\"https://core.trac.wordpress.org/ticket/21603\">un ticket datant de plus de 9 ans</a>.</p>\n\n\n\n<figure class=\"wp-block-video\"><video controls src=\"https://fr.wordpress.org/files/2021/07/wordpress-5-8-delete-menus-maxime-pertici.mp4\"></video></figure>\n\n\n\n<h2>Changement concernant la gestion des extensions</h2>\n\n\n\n<p>WordPress 5.8 introduit un nouveau champ d&rsquo;en-tête utilisable dans le fichier principal de vos extensions&nbsp;: le champ <code>Update URI</code>. Attendu depuis des années par les développeur et développeuses, cet en-tête permet aux personnes développant des extensions de définir la source depuis laquelle l&rsquo;extension peut être mise à jour. Cela permet d&rsquo;éviter que votre extension réalisée sur-mesure soit écrasée par une mise à jour d&rsquo;une extension portant le même nom et provenant du répertoire WordPress.org.</p>\n\n\n\n<figure class=\"wp-block-embed is-type-wp-embed is-provider-make-wordpress-core wp-block-embed-make-wordpress-core\"><div class=\"wp-block-embed__wrapper\">\n<blockquote class=\"wp-embedded-content\" data-secret=\"ETv1k1T7tI\"><a href=\"https://make.wordpress.org/core/2021/06/29/introducing-update-uri-plugin-header-in-wordpress-5-8/\">Introducing &#8220;Update URI&#8221; plugin header in WordPress 5.8</a></blockquote><iframe class=\"wp-embedded-content\" sandbox=\"allow-scripts\" security=\"restricted\" title=\"&#8220;Introducing &#8220;Update URI&#8221; plugin header in WordPress 5.8&#8221; &#8212; Make WordPress Core\" src=\"https://make.wordpress.org/core/2021/06/29/introducing-update-uri-plugin-header-in-wordpress-5-8/embed/#?secret=ETv1k1T7tI\" data-secret=\"ETv1k1T7tI\" width=\"600\" height=\"338\" frameborder=\"0\" marginwidth=\"0\" marginheight=\"0\" scrolling=\"no\"></iframe>\n</div></figure>\n\n\n\n<p>À noter que ce changement ne sera pour l&rsquo;instant disponible que pour les extensions. Le même changement sera opéré sur les thèmes dans WordPress 5.9 si l&rsquo;expérience s&rsquo;avère concluante.</p>\n\n\n\n<h2>API REST</h2>\n\n\n\n<p>Cette note de développement présente toutes les modifications de l&rsquo;API REST ayant été faites sur WordPress&nbsp;5.8. La plupart de ces modifications concernent évidemment l&rsquo;éditeur de widget, qui a nécessité la création d&rsquo;un grand nombre de points de terminaison au sein de l&rsquo;API REST. Longtemps attendue par les développeuses et les développeurs utilisant l&rsquo;API REST, la prise en charge de l&rsquo;opérateur de comparaison <code>AND</code> a été ajouté à l&rsquo;API.<br>D&rsquo;autres changements mineurs sur l&rsquo;API REST sont également présentés.</p>\n\n\n\n<figure class=\"wp-block-embed is-type-wp-embed is-provider-make-wordpress-core wp-block-embed-make-wordpress-core\"><div class=\"wp-block-embed__wrapper\">\n<blockquote class=\"wp-embedded-content\" data-secret=\"TjZRGpgbDw\"><a href=\"https://make.wordpress.org/core/2021/06/29/rest-api-changes-in-wordpress-5-8/\">REST API Changes in WordPress 5.8</a></blockquote><iframe class=\"wp-embedded-content\" sandbox=\"allow-scripts\" security=\"restricted\" title=\"&#8220;REST API Changes in WordPress 5.8&#8221; &#8212; Make WordPress Core\" src=\"https://make.wordpress.org/core/2021/06/29/rest-api-changes-in-wordpress-5-8/embed/#?secret=TjZRGpgbDw\" data-secret=\"TjZRGpgbDw\" width=\"600\" height=\"338\" frameborder=\"0\" marginwidth=\"0\" marginheight=\"0\" scrolling=\"no\"></iframe>\n</div></figure>\n\n\n\n<h2>Santé du site</h2>\n\n\n\n<p>Encore un changement attendu depuis longtemps&nbsp;! En utilisant quelques filtres, crochets d&rsquo;action, et fonctions PHP, les développeurs et développeuses d&rsquo;extensions ont maintenant la possibilité de créer leurs propres onglets au sein de l’écran de Santé du site.</p>\n\n\n\n<p>WordPress 5.8 propose aussi de nouvelles informations, notamment une liste des types de fichiers pris en charges par l&rsquo;installation pour le module PHP d’édition d’images actif sur le serveur (ticket <a href=\"https://core.trac.wordpress.org/ticket/53022\">#53022</a>).</p>\n\n\n\n<figure class=\"wp-block-embed is-type-wp-embed is-provider-make-wordpress-core wp-block-embed-make-wordpress-core\"><div class=\"wp-block-embed__wrapper\">\n<blockquote class=\"wp-embedded-content\" data-secret=\"jFT4GGBqsS\"><a href=\"https://make.wordpress.org/core/2021/06/22/extending-the-site-health-interface-in-wordpress-5-8/\">Extending the Site Health interface in WordPress 5.8</a></blockquote><iframe class=\"wp-embedded-content\" sandbox=\"allow-scripts\" security=\"restricted\" title=\"&#8220;Extending the Site Health interface in WordPress 5.8&#8221; &#8212; Make WordPress Core\" src=\"https://make.wordpress.org/core/2021/06/22/extending-the-site-health-interface-in-wordpress-5-8/embed/#?secret=jFT4GGBqsS\" data-secret=\"jFT4GGBqsS\" width=\"600\" height=\"338\" frameborder=\"0\" marginwidth=\"0\" marginheight=\"0\" scrolling=\"no\"></iframe>\n</div></figure>\n\n\n\n<h2>Thèmes natifs proposés par WordPress</h2>\n\n\n\n<p>Avec l&rsquo;arrivée partielle de l&rsquo;édition complète de site sur WP 5.8, il était nécessaire de proposer davantage d&rsquo;exemples de compositions de blocs au sein des thèmes natifs proposés par le cœur de WordPress. Et c&rsquo;est chose faite, en attendant l&rsquo;arrivée du prochain thème natif qui sera traditionnellement proposé par la dernière version de l&rsquo;année –WordPress 5.9– et qui sera évidemment nommé <em>Twenty&nbsp;Twenty-Two</em>&nbsp;!</p>\n\n\n\n<p>Notons également l’arrivée de deux nouveaux crochets d’action,&nbsp;<code>delete_theme</code>&nbsp;et&nbsp;<code>deleted_theme</code>&nbsp;(ticket <a href=\"https://core.trac.wordpress.org/ticket/16401\">#16401</a>), de plusieurs améliorations de l’interface de gestion des thèmes pour mieux mettre en évidence les thèmes enfants&nbsp;(ticket <a href=\"https://core.trac.wordpress.org/ticket/30240\">#30240</a>), du compteur de mises à jour disponibles dans le menu de l&rsquo;administration (ticket <a href=\"https://core.trac.wordpress.org/ticket/43697\">#43697</a>), et la suppression de l’onglet «&nbsp;Mis en avant&nbsp;» de l’écran d’ajout de thèmes (ticket <a href=\"https://core.trac.wordpress.org/ticket/49487\">#49487</a>).</p>\n\n\n\n<figure class=\"wp-block-embed is-type-wp-embed is-provider-make-wordpress-core wp-block-embed-make-wordpress-core\"><div class=\"wp-block-embed__wrapper\">\n<blockquote class=\"wp-embedded-content\" data-secret=\"p8kO9fNBXg\"><a href=\"https://make.wordpress.org/core/2021/06/21/bundled-themes-changes-in-wordpress-5-8/\">Bundled themes changes in WordPress 5.8</a></blockquote><iframe class=\"wp-embedded-content\" sandbox=\"allow-scripts\" security=\"restricted\" title=\"&#8220;Bundled themes changes in WordPress 5.8&#8221; &#8212; Make WordPress Core\" src=\"https://make.wordpress.org/core/2021/06/21/bundled-themes-changes-in-wordpress-5-8/embed/#?secret=p8kO9fNBXg\" data-secret=\"p8kO9fNBXg\" width=\"600\" height=\"338\" frameborder=\"0\" marginwidth=\"0\" marginheight=\"0\" scrolling=\"no\"></iframe>\n</div></figure>\n\n\n\n<h2>Fin de la prise en charge d&rsquo;Internet Explorer&nbsp;11</h2>\n\n\n\n<p>Hé oui&nbsp;! WordPress cesse définitivement de prendre en charge Internet Explorer 11 (et donc Internet Explorer tout court). Du moins, en ce qui concerne l&rsquo;interface d&rsquo;administration. Un choix logique pris à l&rsquo;unanimité de l&rsquo;équipe de développement. En effet, ce navigateur en fin de vie représente depuis début 2021 moins de 1% de parts de marché des navigateurs. L&rsquo;arrêt de la prise en charge de cet ancien navigateur permettra d&rsquo;améliorer grandement les performances d&rsquo;affichage de l&rsquo;administration sur l&rsquo;ensemble des autres navigateurs, en débarrassant WordPress des règles CSS et <em>polyfills</em> JavaScript nécessaires à la prise en charge d&rsquo;IE&nbsp;11. Ces changements ne concernent que l&rsquo;interface d&rsquo;administration. Les thèmes seront quant à eux libres de prendre en charge ou non l&rsquo;antique IE&nbsp;11. </p>\n\n\n\n<figure class=\"wp-block-embed is-type-wp-embed is-provider-wordpress-news wp-block-embed-wordpress-news\"><div class=\"wp-block-embed__wrapper\">\n<blockquote class=\"wp-embedded-content\" data-secret=\"ITMmCNTUqZ\"><a href=\"https://wordpress.org/news/2021/05/dropping-support-for-internet-explorer-11/\">Dropping support for Internet Explorer 11</a></blockquote><iframe class=\"wp-embedded-content\" sandbox=\"allow-scripts\" security=\"restricted\" title=\"&#8220;Dropping support for Internet Explorer 11&#8221; &#8212; WordPress News\" src=\"https://wordpress.org/news/2021/05/dropping-support-for-internet-explorer-11/embed/#?secret=ITMmCNTUqZ\" data-secret=\"ITMmCNTUqZ\" width=\"600\" height=\"338\" frameborder=\"0\" marginwidth=\"0\" marginheight=\"0\" scrolling=\"no\"></iframe>\n</div></figure>\n\n\n\n<h2>Autres changements techniques notables</h2>\n\n\n\n<p>Le composant Bootstrap/Load correspond à tout ce qui se passe lors du processus d&rsquo;initialisation et de chargement de WordPress. Dans cette note de développement, vous en saurez davantage sur les quelques changements associés à ce composant.</p>\n\n\n\n<figure class=\"wp-block-embed is-type-wp-embed is-provider-make-wordpress-core wp-block-embed-make-wordpress-core\"><div class=\"wp-block-embed__wrapper\">\n<blockquote class=\"wp-embedded-content\" data-secret=\"o4kX1ByqXv\"><a href=\"https://make.wordpress.org/core/2021/06/09/bootstrap-load-changes-in-5-8/\">Bootstrap/Load Changes in 5.8</a></blockquote><iframe class=\"wp-embedded-content\" sandbox=\"allow-scripts\" security=\"restricted\" title=\"&#8220;Bootstrap/Load Changes in 5.8&#8221; &#8212; Make WordPress Core\" src=\"https://make.wordpress.org/core/2021/06/09/bootstrap-load-changes-in-5-8/embed/#?secret=o4kX1ByqXv\" data-secret=\"o4kX1ByqXv\" width=\"600\" height=\"338\" frameborder=\"0\" marginwidth=\"0\" marginheight=\"0\" scrolling=\"no\"></iframe>\n</div></figure>\n\n\n\n<p>Enfin, voici une note de développement regroupant différents changements qui n&rsquo;avaient pas besoin d&rsquo;avoir leur propre note individuelle. Les changements abordés sont les suivants&nbsp;:</p>\n\n\n\n<ul><li>Outils de compilation et de test&nbsp;: suppression d’IE11 de la liste des navigateurs pris en charges (cela signifie qu’il n&rsquo;y aura plus de tests de non-regression sur IE11 à l’avenir)</li><li>Formatage&nbsp;: meilleure cohérence et contrôle du rendu de <code>wp_get_document_title()</code></li><li>Général&nbsp;: cohérence de la déclaration du type des propriétés des classes <code>WP_Post</code>, <code>WP_Term</code>, <code>WP_User</code></li><li>Publications et types de publications&nbsp;: utilisation de&nbsp;<code>_prime_post_caches()</code>&nbsp;pour de meilleures performances pour les appels à la fonction&nbsp;<code>get_pages()</code></li><li>Comptes&nbsp;: les actions et filtres associés à la fonction <code>wp_insert_user()</code> reçoivent maintenant le contenu des métadonnées de l’utilisateur·ice via la variable&nbsp;<code>$userdata</code></li><li>Médiathèque&nbsp;: ajout du filtre&nbsp;<code>image_editor_output_format</code></li><li>Général&nbsp;: tous les filtres de type&nbsp;<code>*_url</code>&nbsp;reçoivent maintenant le schéma d&rsquo;URL demandé</li><li>Publications et types de publications&nbsp;:&nbsp;améliorations de performances sur la fonction&nbsp;<code>post_exists()</code></li><li>Thèmes&nbsp;: ajout des crochets d’action <code>delete_theme</code>&nbsp;et&nbsp;<code>deleted_theme</code>&nbsp;</li><li>Publications et types de publications&nbsp;:&nbsp;les révisions sont maintenant disponibles par défaut pour le type de publication «&nbsp;blocs réutilisables&nbsp;» – <code>wp_block</code>&nbsp;</li><li>Publications et types de publications&nbsp;: amélioration de l&rsquo;extensibilité du filtre <code>the_password_form</code></li></ul>\n\n\n\n<figure class=\"wp-block-embed is-type-wp-embed is-provider-make-wordpress-core wp-block-embed-make-wordpress-core\"><div class=\"wp-block-embed__wrapper\">\n<blockquote class=\"wp-embedded-content\" data-secret=\"Ugc9GmEfsF\"><a href=\"https://make.wordpress.org/core/2021/06/28/miscellaneous-developer-focused-changes-in-wordpress-5-8/\">Miscellaneous developer focused changes in WordPress 5.8</a></blockquote><iframe class=\"wp-embedded-content\" sandbox=\"allow-scripts\" security=\"restricted\" title=\"&#8220;Miscellaneous developer focused changes in WordPress 5.8&#8221; &#8212; Make WordPress Core\" src=\"https://make.wordpress.org/core/2021/06/28/miscellaneous-developer-focused-changes-in-wordpress-5-8/embed/#?secret=Ugc9GmEfsF\" data-secret=\"Ugc9GmEfsF\" width=\"600\" height=\"338\" frameborder=\"0\" marginwidth=\"0\" marginheight=\"0\" scrolling=\"no\"></iframe>\n</div></figure>\n\n\n\n<h2>Et bien plus encore…</h2>\n\n\n\n<p>WordPress&nbsp;5.8 contient bien d’autres améliorations et modifications !<br>Plus de <a href=\"https://core.trac.wordpress.org/query?status=closed&amp;type=defect+(bug)&amp;milestone=5.8&amp;group=component&amp;col=id&amp;col=summary&amp;col=type&amp;col=owner&amp;col=priority&amp;col=component&amp;col=version&amp;order=priority\">170 bugs</a> ont été corrigés,&nbsp;<a href=\"https://core.trac.wordpress.org/query?status=closed&amp;type=enhancement&amp;type=feature+request&amp;milestone=5.8&amp;group=component&amp;col=id&amp;col=summary&amp;col=type&amp;col=owner&amp;col=priority&amp;col=component&amp;col=version&amp;order=priority\">96 améliorations et nouvelles fonctionnalités</a> ont été implémentées et <a href=\"https://core.trac.wordpress.org/query?status=closed&amp;type=task+(blessed)&amp;milestone=5.8&amp;group=component&amp;col=id&amp;col=summary&amp;col=type&amp;col=owner&amp;col=priority&amp;col=component&amp;col=version&amp;order=priority\">24 tâches courantes</a> ont été&nbsp;<a href=\"https://core.trac.wordpress.org/query?status=closed&amp;milestone=5.7&amp;group=component&amp;col=id&amp;col=summary&amp;col=owner&amp;col=type&amp;col=priority&amp;col=component&amp;col=version&amp;order=priority\">clôturées dans WordPress 5.8</a>.</p>\n\n\n\n<p>Voici d’autres modifications qui n’ont pas été évoquées dans les notes de développement listées ci-dessus&nbsp;:</p>\n\n\n\n<ul><li>Outils de compilation et de test&nbsp;: remplacement de la bibliothèque&nbsp;<code>@babel/polyfill</code>&nbsp;par&nbsp;<code>core-js/stable</code>, ce qui nécessite l&rsquo;ajout de&nbsp;<code>regenerator-runtime</code>&nbsp;en tant que dépendance si la prise en charge d’IE11 est souhaitée sur votre site (<a href=\"https://core.trac.wordpress.org/ticket/52941\">#52941</a>)</li><li>Thèmes natifs&nbsp;: ajout de compositions de blocs sur les thèmes Twenty Ten à Twenty Fifteen (<a href=\"https://core.trac.wordpress.org/ticket/51107\">#51107</a>,&nbsp;<a href=\"https://core.trac.wordpress.org/ticket/51106\">#51106</a>,&nbsp;<a href=\"https://core.trac.wordpress.org/ticket/51105\">#51105</a>,&nbsp;<a href=\"https://core.trac.wordpress.org/ticket/51104\">#51104</a>,&nbsp;<a href=\"https://core.trac.wordpress.org/ticket/51103\">#51103</a>,&nbsp;<a href=\"https://core.trac.wordpress.org/ticket/51102\">#51102</a>)</li><li>Commentaires&nbsp;: ajout de la fonction manquante&nbsp;<code>comments_pagination_base</code>&nbsp;dans la fonction&nbsp;<code>get_comment_reply_link()</code> (<a href=\"https://core.trac.wordpress.org/ticket/51189\">#51189</a>)</li><li>Commentaires&nbsp;: dans l’administration, ajout du lien vers l’article seul sur la liste des articles (<a href=\"https://core.trac.wordpress.org/ticket/52353\">#52353</a>)</li><li>Contenus embarqués&nbsp;: implémentation des contenus embarqués sur les blocs de widgets (<a href=\"https://core.trac.wordpress.org/ticket/51566\">#51566</a>)</li><li>Emojis&nbsp;: mise à jour de la bibliothèque <code>Twemoji</code>&nbsp;de 13.0.1 vers 13.1.0 (<a href=\"https://core.trac.wordpress.org/ticket/52852\">#52852</a>)</li><li>Bibliothèques externes&nbsp;: mise à jour de la bibliothèque&nbsp;<code>jQuery</code>&nbsp;de 3.5.1 vers 3.6.0 (<a href=\"https://core.trac.wordpress.org/ticket/52707\">#52707</a>)</li><li>Bibliothèques externes&nbsp;: mise à jour de la bibliothèque&nbsp;<code>Moment.js</code>&nbsp;de 2.27.0 vers 2.29.1 (<a href=\"https://core.trac.wordpress.org/ticket/52853\">#52853</a>)</li><li>Bibliothèques externes&nbsp;: mise à jour de la bibliothèque&nbsp;<code>Requests</code>&nbsp;de 1.7.0 vers 1.8.1 (<a href=\"https://core.trac.wordpress.org/ticket/53101\">#53101</a>&nbsp;and&nbsp;<a href=\"https://core.trac.wordpress.org/ticket/53334\">#53334</a>)</li><li>Bibliothèques externes&nbsp;: mise à jour de la bibliothèque&nbsp;<code>Underscore</code>&nbsp;de 1.8.3 vers 1.13.1 (<a href=\"https://core.trac.wordpress.org/ticket/45785\">#45785</a>)</li><li>Médias&nbsp;: suppression de comportement de défilement infini de la bibliothèque de médias (<a href=\"https://core.trac.wordpress.org/ticket/50105\">#50105</a>)</li><li>Médias&nbsp;: ajout d&rsquo;un lien de copier-coller de la source d&rsquo;un média accessible après son téléversement (<a href=\"https://core.trac.wordpress.org/ticket/51754\">#51754</a>)</li><li>Menus&nbsp;: ajout de la possibilité de supprimer de multiples éléments de menus d&rsquo;un coup (<a href=\"https://core.trac.wordpress.org/ticket/21603\">#21603</a>)</li><li>Révisions&nbsp;: un nouveau filtre dynamique est disponible pour spécifier le nombre de révisions à conserver pour chaque type de publication,&nbsp;<code>wp_{$post-&gt;post_type}_revisions_to_keep</code>&nbsp;(<a href=\"https://core.trac.wordpress.org/ticket/51550\">#51550</a>)</li><li>Rôle/permissions&nbsp;:&nbsp;<code>user_can()</code>&nbsp;propose maintenant la permission&nbsp;<code>exist</code>&nbsp;afin d&rsquo;identifier les comptes anonymes (<a href=\"https://core.trac.wordpress.org/ticket/52076\">#52076</a>)</li><li>Mise à niveau/installation&nbsp;: suppression du parcours des fichiers&nbsp;<code>readme.txt</code> de la fonction <code>validate_plugin_requirements()</code>&nbsp;(<a href=\"https://core.trac.wordpress.org/ticket/48520\">#48520</a>)</li><li>Mise à niveau/installation&nbsp;: suppression d&rsquo;une erreur fatale PHP pouvant survenir si l’extension Gutenberg était activée et lorsque le site était mis à jour vers WP&nbsp;5.8 (<a href=\"https://core.trac.wordpress.org/ticket/53432\">#53432</a>)</li><li>Widgets&nbsp;: ajout d&rsquo;une sécurité permettant de s&rsquo;assurer que le constructeur&nbsp;<code>WP_Widget</code>&nbsp;créé bien une valeur correcte pour <code>classname</code>&nbsp;sur les classes de widgets disposant d&rsquo;un espace de nom (<a href=\"https://core.trac.wordpress.org/ticket/44098\">#44098</a>)</li><li>…et bien plus encore&nbsp;!</li></ul>\n\n\n\n<hr class=\"wp-block-separator\" />\n\n\n\n<p>Pour rappel, la sortie de WordPress 5.8 est prévue le 20 juillet 2021. Vous pouvez d’ores et déjà la tester en version&nbsp;<em>Release Candidate</em>&nbsp;en installant l’extension officielle&nbsp;<em>WordPress Beta Tester</em>&nbsp;puis en allant dans ses réglages et en cochant la case&nbsp;Beta / Version de développement puis en mettant à jour votre installation de façon classique.</p>\n\n\n\n<figure class=\"wp-block-embed is-type-wp-embed is-provider-plugin-directory wp-block-embed-plugin-directory\"><div class=\"wp-block-embed__wrapper\">\n<blockquote class=\"wp-embedded-content\" data-secret=\"zv9jX9AbIL\"><a href=\"https://fr.wordpress.org/plugins/wordpress-beta-tester/\">WordPress Beta Tester</a></blockquote><iframe class=\"wp-embedded-content\" sandbox=\"allow-scripts\" security=\"restricted\" title=\"« WordPress Beta Tester » &#8212; Plugin Directory\" src=\"https://fr.wordpress.org/plugins/wordpress-beta-tester/embed/#?secret=zv9jX9AbIL\" data-secret=\"zv9jX9AbIL\" width=\"600\" height=\"338\" frameborder=\"0\" marginwidth=\"0\" marginheight=\"0\" scrolling=\"no\"></iframe>\n</div></figure>\n\n\n\n<p class=\"has-text-align-right\"><em>Merci à&nbsp;<a href=\'https://profiles.wordpress.org/jdy68/\' class=\'mention\'><span class=\'mentions-prefix\'>@</span>jdy68</a> pour la relecture de ce guide.</em></p>\n\";s:7:\"attribs\";a:0:{}s:8:\"xml_base\";s:0:\"\";s:17:\"xml_base_explicit\";b:0;s:8:\"xml_lang\";s:0:\"\";}}}s:36:\"http://wellformedweb.org/CommentAPI/\";a:1:{s:10:\"commentRss\";a:1:{i:0;a:5:{s:4:\"data\";s:100:\"https://fr.wordpress.org/2021/07/04/guide-des-changements-techniques-a-venir-sur-wordpress-5-8/feed/\";s:7:\"attribs\";a:0:{}s:8:\"xml_base\";s:0:\"\";s:17:\"xml_base_explicit\";b:0;s:8:\"xml_lang\";s:0:\"\";}}}s:38:\"http://purl.org/rss/1.0/modules/slash/\";a:1:{s:8:\"comments\";a:1:{i:0;a:5:{s:4:\"data\";s:1:\"0\";s:7:\"attribs\";a:0:{}s:8:\"xml_base\";s:0:\"\";s:17:\"xml_base_explicit\";b:0;s:8:\"xml_lang\";s:0:\"\";}}}}}i:2;a:6:{s:4:\"data\";s:76:\"\n		\n		\n					\n		\n		\n		\n				\n		\n		\n\n					\n										\n					\n					\n			\n		\n		\n			\";s:7:\"attribs\";a:0:{}s:8:\"xml_base\";s:0:\"\";s:17:\"xml_base_explicit\";b:0;s:8:\"xml_lang\";s:0:\"\";s:5:\"child\";a:5:{s:0:\"\";a:7:{s:5:\"title\";a:1:{i:0;a:5:{s:4:\"data\";s:29:\"WordPress fête ses 18 ans !\";s:7:\"attribs\";a:0:{}s:8:\"xml_base\";s:0:\"\";s:17:\"xml_base_explicit\";b:0;s:8:\"xml_lang\";s:0:\"\";}}s:4:\"link\";a:1:{i:0;a:5:{s:4:\"data\";s:62:\"https://fr.wordpress.org/2021/05/27/wordpress-fete-ses-18-ans/\";s:7:\"attribs\";a:0:{}s:8:\"xml_base\";s:0:\"\";s:17:\"xml_base_explicit\";b:0;s:8:\"xml_lang\";s:0:\"\";}}s:8:\"comments\";a:1:{i:0;a:5:{s:4:\"data\";s:71:\"https://fr.wordpress.org/2021/05/27/wordpress-fete-ses-18-ans/#comments\";s:7:\"attribs\";a:0:{}s:8:\"xml_base\";s:0:\"\";s:17:\"xml_base_explicit\";b:0;s:8:\"xml_lang\";s:0:\"\";}}s:7:\"pubDate\";a:1:{i:0;a:5:{s:4:\"data\";s:31:\"Thu, 27 May 2021 09:26:25 +0000\";s:7:\"attribs\";a:0:{}s:8:\"xml_base\";s:0:\"\";s:17:\"xml_base_explicit\";b:0;s:8:\"xml_lang\";s:0:\"\";}}s:8:\"category\";a:2:{i:0;a:5:{s:4:\"data\";s:11:\"Évènement\";s:7:\"attribs\";a:0:{}s:8:\"xml_base\";s:0:\"\";s:17:\"xml_base_explicit\";b:0;s:8:\"xml_lang\";s:0:\"\";}i:1;a:5:{s:4:\"data\";s:13:\"WordPress.org\";s:7:\"attribs\";a:0:{}s:8:\"xml_base\";s:0:\"\";s:17:\"xml_base_explicit\";b:0;s:8:\"xml_lang\";s:0:\"\";}}s:4:\"guid\";a:1:{i:0;a:5:{s:4:\"data\";s:32:\"https://fr.wordpress.org/?p=2117\";s:7:\"attribs\";a:1:{s:0:\"\";a:1:{s:11:\"isPermaLink\";s:5:\"false\";}}s:8:\"xml_base\";s:0:\"\";s:17:\"xml_base_explicit\";b:0;s:8:\"xml_lang\";s:0:\"\";}}s:11:\"description\";a:1:{i:0;a:5:{s:4:\"data\";s:365:\"Aujourd&#8217;hui est un grand jour pour la communauté WordPress, car il s’agit du dix-huitième anniversaire de notre CMS favori&#160;! Il y a à peine 3 ans, nous célébrions nos quinze ans en organisant des évènements un peu partout dans le monde entier, et voilà que nous arrivons aujourd&#8217;hui à l&#8217;age de la majorité 😎 WordPress [&#8230;]\";s:7:\"attribs\";a:0:{}s:8:\"xml_base\";s:0:\"\";s:17:\"xml_base_explicit\";b:0;s:8:\"xml_lang\";s:0:\"\";}}}s:32:\"http://purl.org/dc/elements/1.1/\";a:1:{s:7:\"creator\";a:1:{i:0;a:5:{s:4:\"data\";s:9:\"Jb Audras\";s:7:\"attribs\";a:0:{}s:8:\"xml_base\";s:0:\"\";s:17:\"xml_base_explicit\";b:0;s:8:\"xml_lang\";s:0:\"\";}}}s:40:\"http://purl.org/rss/1.0/modules/content/\";a:1:{s:7:\"encoded\";a:1:{i:0;a:5:{s:4:\"data\";s:1513:\"\n<p>Aujourd&rsquo;hui est un grand jour pour la communauté WordPress, car il s’agit du dix-huitième anniversaire de notre CMS favori&nbsp;!</p>\n\n\n\n<p>Il y a à peine 3 ans, nous célébrions nos quinze ans <a href=\"https://wp15.wordpress.net/\">en organisant des évènements</a> un peu partout dans le monde entier, et voilà que nous arrivons aujourd&rsquo;hui à l&rsquo;age de la majorité <img src=\"https://s.w.org/images/core/emoji/13.1.0/72x72/1f60e.png\" alt=\"😎\" class=\"wp-smiley\" style=\"height: 1em; max-height: 1em;\" /></p>\n\n\n\n<p>WordPress propulse désormais plus de 40 % du web. Une belle façon de fêter nos 18 ans !</p>\n\n\n\n<p>Nous vous proposons de redécouvrir le chemin parcouru en toutes ces années sur cette petite <a href=\"https://fr.wordpress.org/40-percent-of-web/\">frise chronologique</a>.</p>\n\n\n\n<figure class=\"wp-block-embed is-type-wp-embed is-provider-francais wp-block-embed-francais\"><div class=\"wp-block-embed__wrapper\">\n<blockquote class=\"wp-embedded-content\" data-secret=\"YPOlv6WP3r\"><a href=\"https://fr.wordpress.org/40-percent-of-web/\">WordPress and the Journey to 40% of the Web</a></blockquote><iframe class=\"wp-embedded-content\" sandbox=\"allow-scripts\" security=\"restricted\" title=\"« WordPress and the Journey to 40% of the Web » &#8212; Français\" src=\"https://fr.wordpress.org/40-percent-of-web/embed/#?secret=YPOlv6WP3r\" data-secret=\"YPOlv6WP3r\" width=\"600\" height=\"338\" frameborder=\"0\" marginwidth=\"0\" marginheight=\"0\" scrolling=\"no\"></iframe>\n</div></figure>\n\";s:7:\"attribs\";a:0:{}s:8:\"xml_base\";s:0:\"\";s:17:\"xml_base_explicit\";b:0;s:8:\"xml_lang\";s:0:\"\";}}}s:36:\"http://wellformedweb.org/CommentAPI/\";a:1:{s:10:\"commentRss\";a:1:{i:0;a:5:{s:4:\"data\";s:67:\"https://fr.wordpress.org/2021/05/27/wordpress-fete-ses-18-ans/feed/\";s:7:\"attribs\";a:0:{}s:8:\"xml_base\";s:0:\"\";s:17:\"xml_base_explicit\";b:0;s:8:\"xml_lang\";s:0:\"\";}}}s:38:\"http://purl.org/rss/1.0/modules/slash/\";a:1:{s:8:\"comments\";a:1:{i:0;a:5:{s:4:\"data\";s:1:\"2\";s:7:\"attribs\";a:0:{}s:8:\"xml_base\";s:0:\"\";s:17:\"xml_base_explicit\";b:0;s:8:\"xml_lang\";s:0:\"\";}}}}}i:3;a:6:{s:4:\"data\";s:73:\"\n		\n		\n					\n		\n		\n		\n				\n		\n\n					\n										\n					\n					\n			\n		\n		\n			\";s:7:\"attribs\";a:0:{}s:8:\"xml_base\";s:0:\"\";s:17:\"xml_base_explicit\";b:0;s:8:\"xml_lang\";s:0:\"\";s:5:\"child\";a:5:{s:0:\"\";a:7:{s:5:\"title\";a:1:{i:0;a:5:{s:4:\"data\";s:80:\"Le 30 avril 2021, rejoignez-nous pour un nouveau WordPress Translation Day FR !\";s:7:\"attribs\";a:0:{}s:8:\"xml_base\";s:0:\"\";s:17:\"xml_base_explicit\";b:0;s:8:\"xml_lang\";s:0:\"\";}}s:4:\"link\";a:1:{i:0;a:5:{s:4:\"data\";s:113:\"https://fr.wordpress.org/2021/04/09/le-30-avril-2021-rejoignez-nous-pour-un-nouveau-wordpress-translation-day-fr/\";s:7:\"attribs\";a:0:{}s:8:\"xml_base\";s:0:\"\";s:17:\"xml_base_explicit\";b:0;s:8:\"xml_lang\";s:0:\"\";}}s:8:\"comments\";a:1:{i:0;a:5:{s:4:\"data\";s:122:\"https://fr.wordpress.org/2021/04/09/le-30-avril-2021-rejoignez-nous-pour-un-nouveau-wordpress-translation-day-fr/#comments\";s:7:\"attribs\";a:0:{}s:8:\"xml_base\";s:0:\"\";s:17:\"xml_base_explicit\";b:0;s:8:\"xml_lang\";s:0:\"\";}}s:7:\"pubDate\";a:1:{i:0;a:5:{s:4:\"data\";s:31:\"Fri, 09 Apr 2021 10:33:25 +0000\";s:7:\"attribs\";a:0:{}s:8:\"xml_base\";s:0:\"\";s:17:\"xml_base_explicit\";b:0;s:8:\"xml_lang\";s:0:\"\";}}s:8:\"category\";a:1:{i:0;a:5:{s:4:\"data\";s:11:\"Évènement\";s:7:\"attribs\";a:0:{}s:8:\"xml_base\";s:0:\"\";s:17:\"xml_base_explicit\";b:0;s:8:\"xml_lang\";s:0:\"\";}}s:4:\"guid\";a:1:{i:0;a:5:{s:4:\"data\";s:32:\"https://fr.wordpress.org/?p=2028\";s:7:\"attribs\";a:1:{s:0:\"\";a:1:{s:11:\"isPermaLink\";s:5:\"false\";}}s:8:\"xml_base\";s:0:\"\";s:17:\"xml_base_explicit\";b:0;s:8:\"xml_lang\";s:0:\"\";}}s:11:\"description\";a:1:{i:0;a:5:{s:4:\"data\";s:372:\"Les WordCamps et Meetups ne sont toujours pas à l&#8217;ordre du jour… mais la communauté WordPress s&#8217;organise&#160;! Cette année, les équipes de traduction et de documentation de WP en français vous proposent de participer à un nouveau WordPress Translation Day FR en ligne le vendredi 30 avril 2021. Cet évènement se déroulera donc le vendredi [&#8230;]\";s:7:\"attribs\";a:0:{}s:8:\"xml_base\";s:0:\"\";s:17:\"xml_base_explicit\";b:0;s:8:\"xml_lang\";s:0:\"\";}}}s:32:\"http://purl.org/dc/elements/1.1/\";a:1:{s:7:\"creator\";a:1:{i:0;a:5:{s:4:\"data\";s:9:\"Jb Audras\";s:7:\"attribs\";a:0:{}s:8:\"xml_base\";s:0:\"\";s:17:\"xml_base_explicit\";b:0;s:8:\"xml_lang\";s:0:\"\";}}}s:40:\"http://purl.org/rss/1.0/modules/content/\";a:1:{s:7:\"encoded\";a:1:{i:0;a:5:{s:4:\"data\";s:2462:\"\n<p>Les WordCamps et Meetups ne sont toujours pas à l&rsquo;ordre du jour… mais la communauté WordPress s&rsquo;organise&nbsp;!</p>\n\n\n\n<p>Cette année, les équipes de traduction et de documentation de WP en français vous proposent de participer à un nouveau WordPress Translation Day FR en ligne le vendredi 30 avril 2021.</p>\n\n\n\n<figure class=\"wp-block-image size-large\"><a href=\"https://fr.wordpress.org/files/2021/04/wp-translation-day-fr-avril-2021-1.png\"><img loading=\"lazy\" width=\"1024\" height=\"487\" src=\"https://fr.wordpress.org/files/2021/04/wp-translation-day-fr-avril-2021-1-1024x487.png\" alt=\"\" class=\"wp-image-2038\" srcset=\"https://fr.wordpress.org/files/2021/04/wp-translation-day-fr-avril-2021-1-1024x487.png 1024w, https://fr.wordpress.org/files/2021/04/wp-translation-day-fr-avril-2021-1-300x143.png 300w, https://fr.wordpress.org/files/2021/04/wp-translation-day-fr-avril-2021-1-768x365.png 768w, https://fr.wordpress.org/files/2021/04/wp-translation-day-fr-avril-2021-1.png 1467w\" sizes=\"(max-width: 1024px) 100vw, 1024px\" /></a></figure>\n\n\n\n<p>Cet évènement se déroulera donc le vendredi 30 avril de 14h à 18h, en visioconférence via Zoom.</p>\n\n\n\n<p>Durant cette après-midi 4 GTE (<em>General Translation Editors</em>) seront présents pour vous aider (<a href=\"https://profile.wordpress.org/jdy68\">Jenny Dupuy</a>, <a href=\"https://profile.wordpress.org/fxbenard\">FX Bénard</a>, <a href=\"https://profile.wordpress.org/wolforg\">Didier Wolforg</a> et <a href=\"https://profile.wordpress.org/audrasjb\">Jb Audras</a>) ainsi que les responsables de la documentation de WordPress en français (<a href=\"https://profile.wordpress.org/chaton666\">Marie Comet</a> et <a href=\"https://profile.wordpress.org/jdy68\">Jenny Dupuy</a>).</p>\n\n\n\n<p>L’objectif est d’accueillir, orienter et accompagner un maximum de nouvelles personnes pour les initier à la traduction du cœur de WordPress, mais aussi des thèmes, des extensions et de la documentation relative au fonctionnement de ce CMS.</p>\n\n\n\n<p>Tout au long de l’après-midi nous accueillerons les personnes désireuses de participer et si besoin, nous organiserons des mini-formations pour aider les personnes débutantes.</p>\n\n\n\n<p>Nous vous attendons nombreuses et nombreux ! Alors rendez-vous sur le Slack de la communauté WordPress-fr&nbsp;:&nbsp;<a href=\"https://wpfr.net/slack/\">https://wpfr.net/slack/</a>&nbsp;puis dans le canal&nbsp;<strong>#wptranslationday</strong></p>\n\";s:7:\"attribs\";a:0:{}s:8:\"xml_base\";s:0:\"\";s:17:\"xml_base_explicit\";b:0;s:8:\"xml_lang\";s:0:\"\";}}}s:36:\"http://wellformedweb.org/CommentAPI/\";a:1:{s:10:\"commentRss\";a:1:{i:0;a:5:{s:4:\"data\";s:118:\"https://fr.wordpress.org/2021/04/09/le-30-avril-2021-rejoignez-nous-pour-un-nouveau-wordpress-translation-day-fr/feed/\";s:7:\"attribs\";a:0:{}s:8:\"xml_base\";s:0:\"\";s:17:\"xml_base_explicit\";b:0;s:8:\"xml_lang\";s:0:\"\";}}}s:38:\"http://purl.org/rss/1.0/modules/slash/\";a:1:{s:8:\"comments\";a:1:{i:0;a:5:{s:4:\"data\";s:1:\"1\";s:7:\"attribs\";a:0:{}s:8:\"xml_base\";s:0:\"\";s:17:\"xml_base_explicit\";b:0;s:8:\"xml_lang\";s:0:\"\";}}}}}i:4;a:6:{s:4:\"data\";s:74:\"\n		\n		\n					\n		\n		\n		\n				\n		\n\n					\n										\n					\n					\n			\n		\n		\n\n			\";s:7:\"attribs\";a:0:{}s:8:\"xml_base\";s:0:\"\";s:17:\"xml_base_explicit\";b:0;s:8:\"xml_lang\";s:0:\"\";s:5:\"child\";a:5:{s:0:\"\";a:8:{s:5:\"title\";a:1:{i:0;a:5:{s:4:\"data\";s:31:\"WordPress 5.7 « Esperanza »\";s:7:\"attribs\";a:0:{}s:8:\"xml_base\";s:0:\"\";s:17:\"xml_base_explicit\";b:0;s:8:\"xml_lang\";s:0:\"\";}}s:4:\"link\";a:1:{i:0;a:5:{s:4:\"data\";s:60:\"https://fr.wordpress.org/2021/03/09/wordpress-5-7-esperanza/\";s:7:\"attribs\";a:0:{}s:8:\"xml_base\";s:0:\"\";s:17:\"xml_base_explicit\";b:0;s:8:\"xml_lang\";s:0:\"\";}}s:8:\"comments\";a:1:{i:0;a:5:{s:4:\"data\";s:69:\"https://fr.wordpress.org/2021/03/09/wordpress-5-7-esperanza/#comments\";s:7:\"attribs\";a:0:{}s:8:\"xml_base\";s:0:\"\";s:17:\"xml_base_explicit\";b:0;s:8:\"xml_lang\";s:0:\"\";}}s:7:\"pubDate\";a:1:{i:0;a:5:{s:4:\"data\";s:31:\"Tue, 09 Mar 2021 21:42:23 +0000\";s:7:\"attribs\";a:0:{}s:8:\"xml_base\";s:0:\"\";s:17:\"xml_base_explicit\";b:0;s:8:\"xml_lang\";s:0:\"\";}}s:8:\"category\";a:1:{i:0;a:5:{s:4:\"data\";s:31:\"Nouvelles versions de WordPress\";s:7:\"attribs\";a:0:{}s:8:\"xml_base\";s:0:\"\";s:17:\"xml_base_explicit\";b:0;s:8:\"xml_lang\";s:0:\"\";}}s:4:\"guid\";a:1:{i:0;a:5:{s:4:\"data\";s:32:\"https://fr.wordpress.org/?p=1996\";s:7:\"attribs\";a:1:{s:0:\"\";a:1:{s:11:\"isPermaLink\";s:5:\"false\";}}s:8:\"xml_base\";s:0:\"\";s:17:\"xml_base_explicit\";b:0;s:8:\"xml_lang\";s:0:\"\";}}s:11:\"description\";a:1:{i:0;a:5:{s:4:\"data\";s:409:\"Souhaitez la bienvenue à «&#160;Esperanza&#160;», la première version de WordPress de l&#8217;année 2021. Elle a été nommée ainsi en l&#8217;honneur de la bassiste de jazz Esperanza Spalding. Son chemin de musicienne est varié et inspirant — apprenez-en plus sur elle&#160;et n’hésitez pas écouter l&#8217;un de ses albums&#160;! Avec cette nouvelle version, WordPress vous propose de [&#8230;]\";s:7:\"attribs\";a:0:{}s:8:\"xml_base\";s:0:\"\";s:17:\"xml_base_explicit\";b:0;s:8:\"xml_lang\";s:0:\"\";}}s:9:\"enclosure\";a:1:{i:0;a:5:{s:4:\"data\";s:0:\"\";s:7:\"attribs\";a:1:{s:0:\"\";a:3:{s:3:\"url\";s:60:\"https://s.w.org/images/core/5.7/about-57-drag-drop-image.mp4\";s:6:\"length\";s:6:\"183815\";s:4:\"type\";s:9:\"video/mp4\";}}s:8:\"xml_base\";s:0:\"\";s:17:\"xml_base_explicit\";b:0;s:8:\"xml_lang\";s:0:\"\";}}}s:32:\"http://purl.org/dc/elements/1.1/\";a:1:{s:7:\"creator\";a:1:{i:0;a:5:{s:4:\"data\";s:9:\"Jb Audras\";s:7:\"attribs\";a:0:{}s:8:\"xml_base\";s:0:\"\";s:17:\"xml_base_explicit\";b:0;s:8:\"xml_lang\";s:0:\"\";}}}s:40:\"http://purl.org/rss/1.0/modules/content/\";a:1:{s:7:\"encoded\";a:1:{i:0;a:5:{s:4:\"data\";s:45063:\"\n<div class=\"wp-block-cover\" style=\"background-color:#0a5b89\"><img loading=\"lazy\" width=\"1000\" height=\"517\" class=\"wp-block-cover__image-background wp-image-1997\" alt=\"\" src=\"https://fr.wordpress.org/files/2021/03/about-header-brushes.png\" style=\"object-position:52% 67%\" data-object-fit=\"cover\" data-object-position=\"52% 67%\" srcset=\"https://fr.wordpress.org/files/2021/03/about-header-brushes.png 1000w, https://fr.wordpress.org/files/2021/03/about-header-brushes-300x155.png 300w, https://fr.wordpress.org/files/2021/03/about-header-brushes-768x397.png 768w\" sizes=\"(max-width: 1000px) 100vw, 1000px\" /><div class=\"wp-block-cover__inner-container\">\n<p class=\"has-text-align-center has-large-font-size\"><strong>WordPress&nbsp;5.7</strong> <br><strong><em>«&nbsp;Esperanza&nbsp;»</em></strong></p>\n\n\n\n<p>Rafraîchissement des couleurs de l&rsquo;administration, simplifications des interactions dans l’éditeur, des outils placés là où vous en avez besoin, WordPress&nbsp;5.7 vous permet de vous concentrer sur le contenu que vous créez.</p>\n\n\n\n<div style=\"height:220px\" aria-hidden=\"true\" class=\"wp-block-spacer\"></div>\n</div></div>\n\n\n\n<p>Souhaitez la bienvenue à «&nbsp;Esperanza&nbsp;», la première version de WordPress de l&rsquo;année 2021. Elle a été nommée ainsi en l&rsquo;honneur de la bassiste de jazz Esperanza Spalding. Son chemin de musicienne est varié et inspirant — <a rel=\"noreferrer noopener\" target=\"_blank\" href=\"https://en.wikipedia.org/wiki/Esperanza_Spalding\">apprenez-en plus sur elle</a>&nbsp;et n’hésitez pas écouter l&rsquo;un de ses albums&nbsp;!</p>\n\n\n\n<p>Avec cette nouvelle version, WordPress vous propose de nouvelles couleurs et son éditeur vous aidera à accomplir des actions que vous ne pouviez pas envisager auparavant — du moins, pas sans écrire du code ou engager un pro. Les réglages que vous utilisez le plus souvent, comme celui de la taille des caractères, sont présents sur davantage de blocs. Et des modifications de mise en page telles que le passage des images en pleine hauteur deviennent enfin plus simples à réaliser.</p>\n\n\n\n<span id=\"more-1996\"></span>\n\n\n\n<h2>Maintenant, l’éditeur est plus simple à utiliser</h2>\n\n\n\n<p><strong>Plus d’endroits pour gérer la taille des polices&nbsp;:</strong>&nbsp;les contrôles de la taille des polices sont maintenant disponibles là où vous en avez besoin, notamment sur les blocs liste et code. Plus besoin de se rendre sur un autre écran pour effectuer cette simple modification&nbsp;!</p>\n\n\n\n<p><strong><strong>Blocs réutilisables&nbsp;:</strong>&nbsp;</strong>plusieurs améliorations rendent les blocs réutilisables plus stables et plus faciles à utiliser. Et maintenant, ils s’enregistrent automatiquement lorsque vous sauvegardez une publication.</p>\n\n\n\n<p><strong>Outil d’insertion de blocs en glisser-déposer&nbsp;:</strong>&nbsp;glissez les blocs et les compositions de blocs de l’outil d’insertion directement dans votre publication.</p>\n\n\n\n<figure class=\"wp-block-video\"><video controls src=\"https://s.w.org/images/core/5.7/about-57-drag-drop-image.mp4\"></video></figure>\n\n\n\n<h2>Vous pouvez faire plus, sans écrire la moindre ligne de code</h2>\n\n\n\n<p><strong>Alignement en hauteur&nbsp;:</strong>&nbsp;avez-vous déjà voulu donner au bloc bannière une hauteur égale à la hauteur de la fenêtre&nbsp;? Maintenant, vous pouvez.</p>\n\n\n\n<p><strong>Bloc Boutons&nbsp;:</strong>&nbsp;vous pouvez désormais choisir entre une disposition verticale ou horizontale des boutons. Et vous pouvez régler la largeur des boutons à un pourcentage prédéfini.</p>\n\n\n\n<p><strong>Bloc d’icônes de réseaux sociaux&nbsp;:</strong>&nbsp;vous pouvez maintenant modifier la taille des icônes.</p>\n\n\n\n<figure class=\"wp-block-image size-large\"><img src=\"https://s.w.org/images/core/5.7/about-57-cover.jpg\" alt=\"\" /></figure>\n\n\n\n<h2>Simplification de la palette de couleurs par défaut</h2>\n\n\n\n<p>Cette nouvelle palette de couleurs simplifiée réduit le nombre de couleurs qui se trouvaient auparavant dans le cœur de WordPress à sept couleurs principales et un jeu de 56 nuances conformes au rapport de contraste&nbsp;<a href=\"https://www.w3.org/WAI/WCAG2AAA-Conformance\">WCAG 2.0 AA recommandé</a>.</p>\n\n\n\n<p>En terme de perception, les variations de couleurs sont uniformes du clair au foncé dans chaque gamme de couleur ce qui signifie qu’elles vont du plus clair vers le plus foncé avec les mêmes paliers.</p>\n\n\n\n<p>La moitié de la gamme de couleurs a un rapport de contraste de 4,5 ou plus par rapport au noir, et l’autre moitié propose le même rapport de contraste par rapport au blanc.</p>\n\n\n\n<p>Vous découvrirez cette nouvelle palette de couleurs par défaut sur votre tableau de bord WordPress. Si vous créez des thèmes, des extensions ou tout autre composant, pensez à l’utiliser. Pour plus de détails,&nbsp;<a href=\"https://make.wordpress.org/core/2021/02/23/standardization-of-wp-admin-colors-in-wordpress-5-7\">consultez la note de développement concernant cette palette de couleurs (en anglais)</a>.</p>\n\n\n\n<figure class=\"wp-block-image size-large\"><a href=\"https://fr.wordpress.org/files/2021/03/frise-color-wp57.png\"><img loading=\"lazy\" width=\"1024\" height=\"20\" src=\"https://fr.wordpress.org/files/2021/03/frise-color-wp57-1024x20.png\" alt=\"\" class=\"wp-image-2008\" srcset=\"https://fr.wordpress.org/files/2021/03/frise-color-wp57-1024x20.png 1024w, https://fr.wordpress.org/files/2021/03/frise-color-wp57-300x6.png 300w, https://fr.wordpress.org/files/2021/03/frise-color-wp57-768x15.png 768w, https://fr.wordpress.org/files/2021/03/frise-color-wp57-1536x30.png 1536w, https://fr.wordpress.org/files/2021/03/frise-color-wp57.png 1808w\" sizes=\"(max-width: 1024px) 100vw, 1024px\" /></a></figure>\n\n\n\n<h3>De HTTP à HTTPS en un clic</h3>\n\n\n\n<p>Le passage d’un site de HTTP à HTTPS se fait maintenant en un clic. WordPress mettra automatiquement à jour les URL en base de données lorsque vous passerez au HTTPS. Ne perdez plus votre temps à chercher les URL à modifier&nbsp;!</p>\n\n\n\n<h3>Nouvelle API Robots</h3>\n\n\n\n<p>La nouvelle API Robots vous permet d’inclure des directives de filtrage dans la balise méta «&nbsp;robots&nbsp;», et l’API intègre par défaut la directive&nbsp;<code>max-image-preview: large</code>. Cela signifie que les moteurs de recherche peuvent maintenant afficher de plus grandes images de prévisualisation (à moins que le site ne soit pas public), ce qui peut améliorer votre trafic.</p>\n\n\n\n<h3>Poursuite du nettoyage nécessaire après la mise à jour vers jQuery 3.5.1</h3>\n\n\n\n<p>Pendant des années, jQuery a aidé à animer les choses à l’écran de façon très efficace — mais les choses évoluent sans cesse, et jQuery n’est pas en reste.</p>\n\n\n\n<p>Avec WP&nbsp;5.7, jQuery devient moins intrusif et retourne moins de messages dans la console de votre navigateur.</p>\n\n\n\n<h3>Chargez vos iframes en différé</h3>\n\n\n\n<p>Dorénavant, les iframes pourront se charger en différé. Par défaut, WordPress ajoutera un attribut&nbsp;<code>loading=\"lazy\"</code>&nbsp;aux balises iframe lorsque leur largeur et leur hauteur seront spécifiées.</p>\n\n\n\n<h3>Consultez le guide technique de la version pour en savoir plus&nbsp;!</h3>\n\n\n\n<p>Consultez le guide des changements techniques de WordPress&nbsp;5.7. Il met en avant les notes de développement pour chaque modification que vous souhaiteriez approfondir&nbsp;:&nbsp;<a href=\"https://fr.wordpress.org/2021/02/24/les-changements-techniques-a-venir-sur-wordpress-5-7/\">guide des changements techniques de WordPress 5.7</a></p>\n\n\n\n<h2>L&rsquo;équipe de direction de WordPress 5.7</h2>\n\n\n\n<p>La version 5.7 de WordPress a été dirigée par une équipe réduite mais expérimentée&nbsp;:</p>\n\n\n\n<ul><li><strong>Responsable de la version&nbsp;:</strong>&nbsp;Matt Mullenweg (<a href=\'https://profiles.wordpress.org/matt/\' class=\'mention\'><span class=\'mentions-prefix\'>@</span>matt</a>)</li><li><strong>Coordinatrice de la version&nbsp;:</strong>&nbsp;Ebonie Butler (<a href=\'https://profiles.wordpress.org/metalandcoffee/\' class=\'mention\'><span class=\'mentions-prefix\'>@</span>metalandcoffee</a>)</li><li><strong>Responsable des tickets&nbsp;:</strong>&nbsp;Tonya Mork (<a href=\'https://profiles.wordpress.org/hellofromtonya/\' class=\'mention\'><span class=\'mentions-prefix\'>@</span>hellofromtonya</a>)</li><li><strong style=\", sans-serif\">Responsable technique côté cœur&nbsp;:</strong><span style=\", sans-serif\">&nbsp;Sergey Biryukov (<a href=\'https://profiles.wordpress.org/sergeybiryukov/\' class=\'mention\'><span class=\'mentions-prefix\'>@</span>sergeybiryukov</a>)</span></li><li><strong>Responsable technique côté éditeur&nbsp;:</strong>&nbsp;Robert Anderson (<a href=\'https://profiles.wordpress.org/noisysocks/\' class=\'mention\'><span class=\'mentions-prefix\'>@</span>noisysocks</a>)</li><li><strong>Responsable du design&nbsp;:</strong>&nbsp;Tim Hengeveld (<a href=\'https://profiles.wordpress.org/hedgefield/\' class=\'mention\'><span class=\'mentions-prefix\'>@</span>hedgefield</a>)</li><li><strong>Responsable accessibilité&nbsp;:</strong>&nbsp;Sarah Ricker (@sarahricke<strong>r</strong>)</li><li><strong>Responsable de la documentation&nbsp;:&nbsp;</strong>Jb Audras (<a href=\'https://profiles.wordpress.org/audrasjb/\' class=\'mention\'><span class=\'mentions-prefix\'>@</span>audrasjb</a>)</li><li><strong>Responsable des tests&nbsp;:</strong>&nbsp;Monika Rao (<a href=\'https://profiles.wordpress.org/monikarao/\' class=\'mention\'><span class=\'mentions-prefix\'>@</span>monikarao</a>)</li></ul>\n\n\n\n<p>Cette version est le résultat du dur labeur de 481 contributrices et contributeurs. Cela représente environ 250 tickets sur Trac et plus de 950 <em>pull requests</em> sur GitHub.</p>\n\n\n\n<p><a href=\"https://profiles.wordpress.org/7studio/\">7studio</a>,&nbsp;<a href=\"https://profiles.wordpress.org/aaribaud/\">aaribaud</a>,&nbsp;<a href=\"https://profiles.wordpress.org/technosailor/\">Aaron Brazell</a>,&nbsp;<a href=\"https://profiles.wordpress.org/aaroncampbell/\">Aaron D. Campbell</a>,&nbsp;<a href=\"https://profiles.wordpress.org/jorbin/\">Aaron Jorbin</a>,&nbsp;<a href=\"https://profiles.wordpress.org/aaronrobertshaw/\">aaronrobertshaw</a>,&nbsp;<a href=\"https://profiles.wordpress.org/abagtcs/\">abagtcs</a>,&nbsp;<a href=\"https://profiles.wordpress.org/acerempel/\">acerempel</a>,&nbsp;<a href=\"https://profiles.wordpress.org/activecoder/\">activecoder</a>,&nbsp;<a href=\"https://profiles.wordpress.org/ad7six/\">ad7six</a>,&nbsp;<a href=\"https://profiles.wordpress.org/bosconiandynamics/\">Adam Bosco</a>,&nbsp;<a href=\"https://profiles.wordpress.org/adamsilverstein/\">Adam Silverstein</a>,&nbsp;<a href=\"https://profiles.wordpress.org/adamboro/\">adamboro</a>,&nbsp;<a href=\"https://profiles.wordpress.org/addiestavlo/\">Addison Stavlo</a>,&nbsp;<a href=\"https://profiles.wordpress.org/mrahmadawais/\">Ahmad Awais</a>,&nbsp;<a href=\"https://profiles.wordpress.org/engahmeds3ed/\">Ahmed Saeed</a>,&nbsp;<a href=\"https://profiles.wordpress.org/aljullu/\">Albert Juhé Lluveras</a>,&nbsp;<a href=\"https://profiles.wordpress.org/albertomake/\">albertomake</a>,&nbsp;<a href=\"https://profiles.wordpress.org/ajlende/\">Alex Lende</a>,&nbsp;<a href=\"https://profiles.wordpress.org/alexwoollam/\">Alex Woollam</a>,&nbsp;<a href=\"https://profiles.wordpress.org/alex27/\">alex27</a>,&nbsp;<a href=\"https://profiles.wordpress.org/chemiker/\">Alexander Lueken</a>,&nbsp;<a href=\"https://profiles.wordpress.org/alexstine/\">alexstine</a>,&nbsp;<a href=\"https://profiles.wordpress.org/allancole/\">allancole</a>,&nbsp;<a href=\"https://profiles.wordpress.org/allendav/\">Allen Snook</a>,&nbsp;<a href=\"https://profiles.wordpress.org/almendron/\">almendron</a>,&nbsp;<a href=\"https://profiles.wordpress.org/amandariu/\">Amanda Riu</a>,&nbsp;<a href=\"https://profiles.wordpress.org/ambienthack/\">ambienthack</a>,&nbsp;<a href=\"https://profiles.wordpress.org/amolv/\">Amol Vhankalas</a>,&nbsp;<a href=\"https://profiles.wordpress.org/afercia/\">Andrea Fercia</a>,&nbsp;<a href=\"https://profiles.wordpress.org/andraganescu/\">Andrei Draganescu</a>,&nbsp;<a href=\"https://profiles.wordpress.org/aduth/\">Andrew Duthie</a>,&nbsp;<a href=\"https://profiles.wordpress.org/nacin/\">Andrew Nacin</a>,&nbsp;<a href=\"https://profiles.wordpress.org/anevins/\">Andrew Nevins</a>,&nbsp;<a href=\"https://profiles.wordpress.org/azaozz/\">Andrew Ozz</a>,&nbsp;<a href=\"https://profiles.wordpress.org/andrewserong/\">Andrew Serong</a>,&nbsp;<a href=\"https://profiles.wordpress.org/nosolosw/\">André Maneiro</a>,&nbsp;<a href=\"https://profiles.wordpress.org/afragen/\">Andy Fragen</a>,&nbsp;<a href=\"https://profiles.wordpress.org/apeatling/\">Andy Peatling</a>,&nbsp;<a href=\"https://profiles.wordpress.org/ankitmaru/\">Ankit Panchal</a>,&nbsp;<a href=\"https://profiles.wordpress.org/annezazu/\">Anne McCarthy</a>,&nbsp;<a href=\"https://profiles.wordpress.org/antpb/\">Anthony Burchell</a>,&nbsp;<a href=\"https://profiles.wordpress.org/antonlukin/\">Anton Lukin</a>,&nbsp;<a href=\"https://profiles.wordpress.org/atimmer/\">Anton Timmermans</a>,&nbsp;<a href=\"https://profiles.wordpress.org/anyssa/\">Anyssa Ferreira</a>,&nbsp;<a href=\"https://profiles.wordpress.org/archon810/\">archon810</a>,&nbsp;<a href=\"https://profiles.wordpress.org/aristath/\">Ari Stathopoulos</a>,&nbsp;<a href=\"https://profiles.wordpress.org/passoniate/\">Arslan Ahmed</a>,&nbsp;<a href=\"https://profiles.wordpress.org/artpi/\">Artur Piszek</a>,&nbsp;<a href=\"https://profiles.wordpress.org/maigret/\">Aurélien Denis</a>,&nbsp;<a href=\"https://profiles.wordpress.org/ayeshrajans/\">Ayesh Karunaratne</a>,&nbsp;<a href=\"https://profiles.wordpress.org/bartosz777/\">bartosz777</a>,&nbsp;<a href=\"https://profiles.wordpress.org/basscan/\">basscan</a>,&nbsp;<a href=\"https://profiles.wordpress.org/bduclos/\">bduclos</a>,&nbsp;<a href=\"https://profiles.wordpress.org/becdetat/\">becdetat</a>,&nbsp;<a href=\"https://profiles.wordpress.org/pixolin/\">Bego Mario Garde</a>,&nbsp;<a href=\"https://profiles.wordpress.org/scruffian/\">Ben Dwyer</a>,&nbsp;<a href=\"https://profiles.wordpress.org/bernhard%20reiter/\">Bernhard Reiter</a>,&nbsp;<a href=\"https://profiles.wordpress.org/bernhard-reiter/\">Bernhard Reiter</a>,&nbsp;<a href=\"https://profiles.wordpress.org/bhanusinghkre/\">bhanusinghkre</a>,&nbsp;<a href=\"https://profiles.wordpress.org/birgire/\">Birgir Erlendsson (birgire)</a>,&nbsp;<a href=\"https://profiles.wordpress.org/bph/\">Birgit Pauli-Haack</a>,&nbsp;<a href=\"https://profiles.wordpress.org/bobbingwide/\">bobbingwide</a>,&nbsp;<a href=\"https://profiles.wordpress.org/bonniebeeman/\">bonniebeeman</a>,&nbsp;<a href=\"https://profiles.wordpress.org/boonebgorges/\">Boone Gorges</a>,&nbsp;<a href=\"https://profiles.wordpress.org/ibdz/\">Boy Witthaya</a>,&nbsp;<a href=\"https://profiles.wordpress.org/kraftbj/\">Brandon Kraft</a>,&nbsp;<a href=\"https://profiles.wordpress.org/brentswisher/\">Brent Swisher</a>,&nbsp;<a href=\"https://profiles.wordpress.org/brijeshb42/\">brijeshb42</a>,&nbsp;<a href=\"https://profiles.wordpress.org/burnuser/\">burnuser</a>,&nbsp;<a href=\"https://profiles.wordpress.org/icaleb/\">Caleb Burks</a>,&nbsp;<a href=\"https://profiles.wordpress.org/cvoell/\">Cameron Voell</a>,&nbsp;<a href=\"https://profiles.wordpress.org/carike/\">Carike</a>,&nbsp;<a href=\"https://profiles.wordpress.org/carloscastilloadhoc/\">carloscastilloadhoc</a>,&nbsp;<a href=\"https://profiles.wordpress.org/carlosgprim/\">carlosgprim</a>,&nbsp;<a href=\"https://profiles.wordpress.org/poena/\">Carolina Nymark</a>,&nbsp;<a href=\"https://profiles.wordpress.org/celendesign/\">celendesign</a>,&nbsp;<a href=\"https://profiles.wordpress.org/cenay/\">Cenay Nailor</a>,&nbsp;<a href=\"https://profiles.wordpress.org/ceyhun0/\">ceyhun0</a>,&nbsp;<a href=\"https://profiles.wordpress.org/chexwarrior/\">chexwarrior</a>,&nbsp;<a href=\"https://profiles.wordpress.org/chipsnyder/\">Chip Snyder</a>,&nbsp;<a href=\"https://profiles.wordpress.org/cbringmann/\">Chloé Bringmann</a>,&nbsp;<a href=\"https://profiles.wordpress.org/chouby/\">Chouby</a>,&nbsp;<a href=\"https://profiles.wordpress.org/chrisvanpatten/\">Chris Van Patten</a>,&nbsp;<a href=\"https://profiles.wordpress.org/pixelverbieger/\">Christian Sabo</a>,&nbsp;<a href=\"https://profiles.wordpress.org/amethystanswers/\">Christina Workman</a>,&nbsp;<a href=\"https://profiles.wordpress.org/cfinke/\">Christopher Finke</a>,&nbsp;<a href=\"https://profiles.wordpress.org/clayray/\">clayray</a>,&nbsp;<a href=\"https://profiles.wordpress.org/claytoncollie/\">Clayton Collie</a>,&nbsp;<a href=\"https://profiles.wordpress.org/codeamp/\">Code Amp</a>,&nbsp;<a href=\"https://profiles.wordpress.org/collizo4sky/\">Collins Agbonghama</a>,&nbsp;<a href=\"https://profiles.wordpress.org/copons/\">Copons</a>,&nbsp;<a href=\"https://profiles.wordpress.org/coreyw/\">Corey</a>,&nbsp;<a href=\"https://profiles.wordpress.org/cristinasoponar/\">cristinasoponar</a>,&nbsp;<a href=\"https://profiles.wordpress.org/dam6pl/\">Damian Nowak</a>,&nbsp;<a href=\"https://profiles.wordpress.org/danfarrow/\">Dan Farrow</a>,&nbsp;<a href=\"https://profiles.wordpress.org/talldanwp/\">Daniel Richards</a>,&nbsp;<a href=\"https://profiles.wordpress.org/mte90/\">Daniele Scasciafratte</a>,&nbsp;<a href=\"https://profiles.wordpress.org/dvankooten/\">Danny van Kooten</a>,&nbsp;<a href=\"https://profiles.wordpress.org/dariak/\">Daria</a>,&nbsp;<a href=\"https://profiles.wordpress.org/nerrad/\">Darren Ethier (nerrad)</a>,&nbsp;<a href=\"https://profiles.wordpress.org/drw158/\">Dave Whitley</a>,&nbsp;<a href=\"https://profiles.wordpress.org/davidanderson/\">David Anderson</a>,&nbsp;<a href=\"https://profiles.wordpress.org/davidbaumwald/\">David Baumwald</a>,&nbsp;<a href=\"https://profiles.wordpress.org/dpcalhoun/\">David Calhoun</a>,&nbsp;<a href=\"https://profiles.wordpress.org/dlh/\">David Herrera</a>,&nbsp;<a href=\"https://profiles.wordpress.org/davecpage/\">David Page</a>,&nbsp;<a href=\"https://profiles.wordpress.org/davidbinda/\">david.binda</a>,&nbsp;<a href=\"https://profiles.wordpress.org/dbtedg/\">dbtedg</a>,&nbsp;<a href=\"https://profiles.wordpress.org/dd32/\">dd32</a>,&nbsp;<a href=\"https://profiles.wordpress.org/dkarfa/\">Debabrata Karfa</a>,&nbsp;<a href=\"https://profiles.wordpress.org/dekervit/\">dekervit</a>,&nbsp;<a href=\"https://profiles.wordpress.org/denisco/\">Denis Yanchevskiy</a>,&nbsp;<a href=\"https://profiles.wordpress.org/denishua/\">denishua</a>,&nbsp;<a href=\"https://profiles.wordpress.org/dianeco/\">Diane Co</a>,&nbsp;<a href=\"https://profiles.wordpress.org/dilipbheda/\">Dilip Bheda</a>,&nbsp;<a href=\"https://profiles.wordpress.org/ocean90/\">Dominik Schilling</a>,&nbsp;<a href=\"https://profiles.wordpress.org/donmhico/\">donmhico</a>,&nbsp;<a href=\"https://profiles.wordpress.org/dratwas/\">dratwas</a>,&nbsp;<a href=\"https://profiles.wordpress.org/drewapicture/\">Drew Jaynes</a>,&nbsp;<a href=\"https://profiles.wordpress.org/davidszabo/\">Dávid Szabó</a>,&nbsp;<a href=\"https://profiles.wordpress.org/e_baker/\">e_baker</a>,&nbsp;<a href=\"https://profiles.wordpress.org/metalandcoffee/\">Ebonie Butler</a>,&nbsp;<a href=\"https://profiles.wordpress.org/ediamin/\">Edi Amin</a>,&nbsp;<a href=\"https://profiles.wordpress.org/iseulde/\">Ella van Durpe</a>,&nbsp;<a href=\"https://profiles.wordpress.org/ellatrix/\">Ella van&nbsp;Durpe</a>,&nbsp;<a href=\"https://profiles.wordpress.org/erichmond/\">Elliott Richmond</a>,&nbsp;<a href=\"https://profiles.wordpress.org/enej/\">Enej Bajgorić</a>,&nbsp;<a href=\"https://profiles.wordpress.org/enricocarraro/\">Enrico Carraro</a>,&nbsp;<a href=\"https://profiles.wordpress.org/epicfaace/\">epicfaace</a>,&nbsp;<a href=\"https://profiles.wordpress.org/epiqueras/\">epiqueras</a>,&nbsp;<a href=\"https://profiles.wordpress.org/ericlewis/\">Eric Andrew Lewis</a>,&nbsp;<a href=\"https://profiles.wordpress.org/ebinnion/\">Eric Binnion</a>,&nbsp;<a href=\"https://profiles.wordpress.org/ericmann/\">Eric Mann</a>,&nbsp;<a href=\"https://profiles.wordpress.org/kebbet/\">Erik Betshammar</a>,&nbsp;<a href=\"https://profiles.wordpress.org/folletto/\">Erin &lsquo;Folletto&rsquo; Casali</a>,&nbsp;<a href=\"https://profiles.wordpress.org/estelaris/\">Estela Rueda</a>,&nbsp;<a href=\"https://profiles.wordpress.org/etoledom/\">etoledom</a>,&nbsp;<a href=\"https://profiles.wordpress.org/eventualo/\">eventualo</a>,&nbsp;<a href=\"https://profiles.wordpress.org/fabiankaegy/\">Fabian Kägy</a>,&nbsp;<a href=\"https://profiles.wordpress.org/felipeelia/\">Felipe Elia</a>,&nbsp;<a href=\"https://profiles.wordpress.org/flixos90/\">Felix Arntz</a>,&nbsp;<a href=\"https://profiles.wordpress.org/mista-flo/\">Florian TIAR</a>,&nbsp;<a href=\"https://profiles.wordpress.org/florianziegler/\">Florian Ziegler</a>,&nbsp;<a href=\"https://profiles.wordpress.org/floriswt/\">floriswt</a>,&nbsp;<a href=\"https://profiles.wordpress.org/francina/\">Francesca Marano</a>,&nbsp;<a href=\"https://profiles.wordpress.org/frank-klein/\">Frank Klein</a>,&nbsp;<a href=\"https://profiles.wordpress.org/fullofcaffeine/\">fullofcaffeine</a>,&nbsp;<a href=\"https://profiles.wordpress.org/ecgan/\">Gan Eng Chin</a>,&nbsp;<a href=\"https://profiles.wordpress.org/garrett-eclipse/\">Garrett Hyder</a>,&nbsp;<a href=\"https://profiles.wordpress.org/pento/\">Gary Pendergast</a>,&nbsp;<a href=\"https://profiles.wordpress.org/geekpress/\">GeekPress</a>,&nbsp;<a href=\"https://profiles.wordpress.org/geekzebre/\">geekzebre</a>,&nbsp;<a href=\"https://profiles.wordpress.org/geoffguillain/\">Geoff Guillain</a>,&nbsp;<a href=\"https://profiles.wordpress.org/georgestephanis/\">George Stephanis</a>,&nbsp;<a href=\"https://profiles.wordpress.org/geriux/\">geriux</a>,&nbsp;<a href=\"https://profiles.wordpress.org/gkibria69/\">gKibria</a>,&nbsp;<a href=\"https://profiles.wordpress.org/glendaviesnz/\">glendaviesnz</a>,&nbsp;<a href=\"https://profiles.wordpress.org/gmariani405/\">gmariani405</a>,&nbsp;<a href=\"https://profiles.wordpress.org/alinod/\">Gord</a>,&nbsp;<a href=\"https://profiles.wordpress.org/greatsaltlake/\">greatsaltlake</a>,&nbsp;<a href=\"https://profiles.wordpress.org/gziolo/\">Greg Ziółkowski</a>,&nbsp;<a href=\"https://profiles.wordpress.org/grzim/\">grzim</a>,&nbsp;<a href=\"https://profiles.wordpress.org/gumacahin/\">gumacahin</a>,&nbsp;<a href=\"https://profiles.wordpress.org/gunnard/\">gunnard</a>,&nbsp;<a href=\"https://profiles.wordpress.org/bordoni/\">Gustavo Bordoni</a>,&nbsp;<a href=\"https://profiles.wordpress.org/hansjovisyoast/\">Hans-Christiaan Braun</a>,&nbsp;<a href=\"https://profiles.wordpress.org/hardeepasrani/\">Hardeep Asrani</a>,&nbsp;<a href=\"https://profiles.wordpress.org/hareesh-pillai/\">Hareesh</a>,&nbsp;<a href=\"https://profiles.wordpress.org/hauvong/\">hauvong</a>,&nbsp;<a href=\"https://profiles.wordpress.org/hazdiego/\">Haz</a>,&nbsp;<a href=\"https://profiles.wordpress.org/helen/\">Helen Hou-Sandi</a>,&nbsp;<a href=\"https://profiles.wordpress.org/helmutwalker/\">helmutwalker</a>,&nbsp;<a href=\"https://profiles.wordpress.org/tejwanihemant/\">Hemant Tejwani</a>,&nbsp;<a href=\"https://profiles.wordpress.org/herregroen/\">Herre Groen</a>,&nbsp;<a href=\"https://profiles.wordpress.org/nonverbla/\">hirasso</a>,&nbsp;<a href=\"https://profiles.wordpress.org/hmabpera/\">hmabpera</a>,&nbsp;<a href=\"https://profiles.wordpress.org/howdy_mcgee/\">Howdy_McGee</a>,&nbsp;<a href=\"https://profiles.wordpress.org/hsingyuc7/\">hsingyuc7</a>,&nbsp;<a href=\"https://profiles.wordpress.org/iandunn/\">Ian Dunn</a>,&nbsp;<a href=\"https://profiles.wordpress.org/ianmjones/\">ianmjones</a>,&nbsp;<a href=\"https://profiles.wordpress.org/ibiza69/\">ibiza69</a>,&nbsp;<a href=\"https://profiles.wordpress.org/igorradovanov/\">Igor Radovanov</a>,&nbsp;<a href=\"https://profiles.wordpress.org/ingereck/\">ingereck</a>,&nbsp;<a href=\"https://profiles.wordpress.org/iprg/\">iprg</a>,&nbsp;<a href=\"https://profiles.wordpress.org/ipstenu/\">Ipstenu (Mika Epstein)</a>,&nbsp;<a href=\"https://profiles.wordpress.org/isabel_brison/\">Isabel Brison</a>,&nbsp;<a href=\"https://profiles.wordpress.org/ismailelkorchi/\">Ismail El Korchi</a>,&nbsp;<a href=\"https://profiles.wordpress.org/iviweb/\">iviweb</a>,&nbsp;<a href=\"https://profiles.wordpress.org/jdgrimes/\">J.D. Grimes</a>,&nbsp;<a href=\"https://profiles.wordpress.org/jadeddragoon/\">jadeddragoon</a>,&nbsp;<a href=\"https://profiles.wordpress.org/whyisjake/\">Jake Spurlock</a>,&nbsp;<a href=\"https://profiles.wordpress.org/jakeparis/\">jakeparis</a>,&nbsp;<a href=\"https://profiles.wordpress.org/jakubtyrcha/\">jakub.tyrcha</a>,&nbsp;<a href=\"https://profiles.wordpress.org/jamesgol/\">James Golovich</a>,&nbsp;<a href=\"https://profiles.wordpress.org/macmanx/\">James Huff</a>,&nbsp;<a href=\"https://profiles.wordpress.org/jameskoster/\">James Koster</a>,&nbsp;<a href=\"https://profiles.wordpress.org/jnylen0/\">James Nylen</a>,&nbsp;<a href=\"https://profiles.wordpress.org/jamesros161/\">James Rosado</a>,&nbsp;<a href=\"https://profiles.wordpress.org/janthiel/\">Jan Thiel</a>,&nbsp;<a href=\"https://profiles.wordpress.org/jason_the_adams/\">Jason Adams</a>,&nbsp;<a href=\"https://profiles.wordpress.org/madtownlems/\">Jason LeMahieu (MadtownLems)</a>,&nbsp;<a href=\"https://profiles.wordpress.org/viablethought/\">Jason Ryan</a>,&nbsp;<a href=\"https://profiles.wordpress.org/jaymanpandya/\">Jayman Pandya</a>,&nbsp;<a href=\"https://profiles.wordpress.org/audrasjb/\">Jean-Baptiste Audras</a>,&nbsp;<a href=\"https://profiles.wordpress.org/jeffr0/\">Jeff Chandler</a>,&nbsp;<a href=\"https://profiles.wordpress.org/jfarthing84/\">Jeff Farthing</a>,&nbsp;<a href=\"https://profiles.wordpress.org/jeffpaul/\">Jeff Paul</a>,&nbsp;<a href=\"https://profiles.wordpress.org/jmdodd/\">Jennifer M. Dodd</a>,&nbsp;<a href=\"https://profiles.wordpress.org/jdy68/\">Jenny Dupuy</a>,&nbsp;<a href=\"https://profiles.wordpress.org/jeremyfelt/\">Jeremy Felt</a>,&nbsp;<a href=\"https://profiles.wordpress.org/jeremyyip/\">Jeremy Yip</a>,&nbsp;<a href=\"https://profiles.wordpress.org/jeroenrotty/\">Jeroen Rotty</a>,&nbsp;<a href=\"https://profiles.wordpress.org/jessplease/\">Jessica Duarte</a>,&nbsp;<a href=\"https://profiles.wordpress.org/luminuu/\">Jessica Lyschik</a>,&nbsp;<a href=\"https://profiles.wordpress.org/joanrho/\">joanrho</a>,&nbsp;<a href=\"https://profiles.wordpress.org/joedolson/\">Joe Dolson</a>,&nbsp;<a href=\"https://profiles.wordpress.org/joemcgill/\">Joe McGill</a>,&nbsp;<a href=\"https://profiles.wordpress.org/joelclimbsthings/\">joelclimbsthings</a>,&nbsp;<a href=\"https://profiles.wordpress.org/joen/\">Joen Asmussen</a>,&nbsp;<a href=\"https://profiles.wordpress.org/goaroundagain/\">Johannes Kinast</a>,&nbsp;<a href=\"https://profiles.wordpress.org/johnbillion/\">John Blackbourn</a>,&nbsp;<a href=\"https://profiles.wordpress.org/johnjamesjacoby/\">John James Jacoby</a>,&nbsp;<a href=\"https://profiles.wordpress.org/johnwatkins0/\">John Watkins</a>,&nbsp;<a href=\"https://profiles.wordpress.org/jonsurrell/\">Jon Surrell</a>,&nbsp;<a href=\"https://profiles.wordpress.org/jrchamp/\">Jonathan Champ</a>,&nbsp;<a href=\"https://profiles.wordpress.org/desrosj/\">Jonathan Desrosiers</a>,&nbsp;<a href=\"https://profiles.wordpress.org/jonathanstegall/\">Jonathan Stegall</a>,&nbsp;<a href=\"https://profiles.wordpress.org/spacedmonkey/\">Jonny Harris</a>,&nbsp;<a href=\"https://profiles.wordpress.org/jonoaldersonwp/\">Jono Alderson</a>,&nbsp;<a href=\"https://profiles.wordpress.org/joostdevalk/\">Joost de Valk</a>,&nbsp;<a href=\"https://profiles.wordpress.org/jordesign/\">jordesign</a>,&nbsp;<a href=\"https://profiles.wordpress.org/jorgefilipecosta/\">Jorge Costa</a>,&nbsp;<a href=\"https://profiles.wordpress.org/jomisica/\">José Miguel</a>,&nbsp;<a href=\"https://profiles.wordpress.org/jose64/\">Jose Luis</a>,&nbsp;<a href=\"https://profiles.wordpress.org/accessiblejoe/\">Joseph Karr O&rsquo;Connor</a>,&nbsp;<a href=\"https://profiles.wordpress.org/chanthaboune/\">Josepha Haden</a>,&nbsp;<a href=\"https://profiles.wordpress.org/joshuatf/\">joshuatf</a>,&nbsp;<a href=\"https://profiles.wordpress.org/joshuawold/\">JoshuaWold</a>,&nbsp;<a href=\"https://profiles.wordpress.org/tai/\">JOTAKI, Taisuke</a>,&nbsp;<a href=\"https://profiles.wordpress.org/joyously/\">Joy</a>,&nbsp;<a href=\"https://profiles.wordpress.org/jsmoriss/\">JS Morisset</a>,&nbsp;<a href=\"https://profiles.wordpress.org/jsnajdr/\">jsnajdr</a>,&nbsp;<a href=\"https://profiles.wordpress.org/jrf/\">Juliette Reinders Folmer</a>,&nbsp;<a href=\"https://profiles.wordpress.org/juliobox/\">Julio Potier</a>,&nbsp;<a href=\"https://profiles.wordpress.org/justinahinon/\">Justin Ahinon</a>,&nbsp;<a href=\"https://profiles.wordpress.org/justinsainton/\">Justin Sainton</a>,&nbsp;<a href=\"https://profiles.wordpress.org/jtsternberg/\">Justin Sternberg</a>,&nbsp;<a href=\"https://profiles.wordpress.org/kafleg/\">kafleg</a>,&nbsp;<a href=\"https://profiles.wordpress.org/kevin940726/\">Kai Hao</a>,&nbsp;<a href=\"https://profiles.wordpress.org/trepmal/\">Kailey (trepmal)</a>,&nbsp;<a href=\"https://profiles.wordpress.org/akabarikalpesh/\">Kalpesh Akabari</a>,&nbsp;<a href=\"https://profiles.wordpress.org/karamcnair/\">kara.mcnair</a>,&nbsp;<a href=\"https://profiles.wordpress.org/vyskoczilova/\">Karolina Vyskocilova</a>,&nbsp;<a href=\"https://profiles.wordpress.org/ryelle/\">Kelly Choyce-Dwan</a>,&nbsp;<a href=\"https://profiles.wordpress.org/gwwar/\">Kerry Liu</a>,&nbsp;<a href=\"https://profiles.wordpress.org/tmfespresso/\">kimdcottrell</a>,&nbsp;<a href=\"https://profiles.wordpress.org/kirilzh/\">Kiril Zhelyazkov</a>,&nbsp;<a href=\"https://profiles.wordpress.org/kburgoine/\">Kirsty Burgoine</a>,&nbsp;<a href=\"https://profiles.wordpress.org/ixkaito/\">Kite</a>,&nbsp;<a href=\"https://profiles.wordpress.org/kjellr/\">Kjell Reigstad</a>,&nbsp;<a href=\"https://profiles.wordpress.org/knutsp/\">Knut Sparhell</a>,&nbsp;<a href=\"https://profiles.wordpress.org/hwk-fr/\">Konrad Chmielewski</a>,&nbsp;<a href=\"https://profiles.wordpress.org/obenland/\">Konstantin Obenland</a>,&nbsp;<a href=\"https://profiles.wordpress.org/xkon/\">Konstantinos Xenos</a>,&nbsp;<a href=\"https://profiles.wordpress.org/kurtpayne/\">Kurt Payne</a>,&nbsp;<a href=\"https://profiles.wordpress.org/kbjohnson90/\">Kyle B. Johnson</a>,&nbsp;<a href=\"https://profiles.wordpress.org/notlaura/\">Lara Schenck</a>,&nbsp;<a href=\"https://profiles.wordpress.org/laurelfulford/\">laurelfulford</a>,&nbsp;<a href=\"https://profiles.wordpress.org/laxman-prajapati/\">Laxman Prajapati</a>,&nbsp;<a href=\"https://profiles.wordpress.org/leogermani/\">leogermani</a>,&nbsp;<a href=\"https://profiles.wordpress.org/levdbas/\">Levdbas</a>,&nbsp;<a href=\"https://profiles.wordpress.org/oellin/\">Lihä</a>,&nbsp;<a href=\"https://profiles.wordpress.org/litemotiv/\">litemotiv</a>,&nbsp;<a href=\"https://profiles.wordpress.org/lovor/\">lovor</a>,&nbsp;<a href=\"https://profiles.wordpress.org/lucasbustamante/\">lucasbustamante</a>,&nbsp;<a href=\"https://profiles.wordpress.org/_luigi/\">Luigi Cavalieri</a>,&nbsp;<a href=\"https://profiles.wordpress.org/lpawlik/\">Lukas Pawlik</a>,&nbsp;<a href=\"https://profiles.wordpress.org/lukecarbis/\">Luke Carbis</a>,&nbsp;<a href=\"https://profiles.wordpress.org/lukecavanagh/\">Luke Cavanagh</a>,&nbsp;<a href=\"https://profiles.wordpress.org/happiryu/\">Luke Walczak</a>,&nbsp;<a href=\"https://profiles.wordpress.org/magnuswebdesign/\">magnuswebdesign</a>,&nbsp;<a href=\"https://profiles.wordpress.org/mahfuz01/\">Mahafuz</a>,&nbsp;<a href=\"https://profiles.wordpress.org/akramipro/\">Mahdi Akrami</a>,&nbsp;<a href=\"https://profiles.wordpress.org/malinajirka/\">malinajirka</a>,&nbsp;<a href=\"https://profiles.wordpress.org/mallorydxw/\">mallorydxw</a>,&nbsp;<a href=\"https://profiles.wordpress.org/tomdxw/\">mallorydxw-old</a>,&nbsp;<a href=\"https://profiles.wordpress.org/manzoorwanijk/\">Manzoor Wani</a>,&nbsp;<a href=\"https://profiles.wordpress.org/manzurahammed/\">Manzur Ahammed</a>,&nbsp;<a href=\"https://profiles.wordpress.org/marcelo2605/\">marcelo2605</a>,&nbsp;<a href=\"https://profiles.wordpress.org/marcio-zebedeu/\">Marcio Zebedeu</a>,&nbsp;<a href=\"https://profiles.wordpress.org/netweblogic/\">Marcus</a>,&nbsp;<a href=\"https://profiles.wordpress.org/mkaz/\">Marcus Kazmierczak</a>,&nbsp;<a href=\"https://profiles.wordpress.org/chaton666/\">Marie Comet</a>,&nbsp;<a href=\"https://profiles.wordpress.org/marijnkoopman/\">Marijn Koopman</a>,&nbsp;<a href=\"https://profiles.wordpress.org/tyxla/\">Marin Atanasov</a>,&nbsp;<a href=\"https://profiles.wordpress.org/clorith/\">Marius Jensen</a>,&nbsp;<a href=\"https://profiles.wordpress.org/mdwolinski/\">Mark D Wolinski</a>,&nbsp;<a href=\"https://profiles.wordpress.org/markhowellsmead/\">Mark Howells-Mead</a>,&nbsp;<a href=\"https://profiles.wordpress.org/markscottrobson/\">Mark Robson</a>,&nbsp;<a href=\"https://profiles.wordpress.org/mapk/\">Mark Uraine</a>,&nbsp;<a href=\"https://profiles.wordpress.org/vindl/\">Marko Andrijasevic</a>,&nbsp;<a href=\"https://profiles.wordpress.org/flootr/\">Markus</a>,&nbsp;<a href=\"https://profiles.wordpress.org/marybaum/\">Mary Baum</a>,&nbsp;<a href=\"https://profiles.wordpress.org/mberard/\">Mathieu Berard Smartfire</a>,&nbsp;<a href=\"https://profiles.wordpress.org/imath/\">Mathieu Viet</a>,&nbsp;<a href=\"https://profiles.wordpress.org/matveb/\">Matias Ventura</a>,&nbsp;<a href=\"https://profiles.wordpress.org/mattchowning/\">Matt Chowning</a>,&nbsp;<a href=\"https://profiles.wordpress.org/matt/\">Matt Mullenweg</a>,&nbsp;<a href=\"https://profiles.wordpress.org/mattwiebe/\">Matt Wiebe</a>,&nbsp;<a href=\"https://profiles.wordpress.org/maxpertici/\">Maxime Pertici</a>,&nbsp;<a href=\"https://profiles.wordpress.org/mayankmajeji/\">Mayank Majeji</a>,&nbsp;<a href=\"https://profiles.wordpress.org/mdrockwell/\">mdrockwell</a>,&nbsp;<a href=\"https://profiles.wordpress.org/megphillips91/\">Meg Phillips</a>,&nbsp;<a href=\"https://profiles.wordpress.org/megabyterose/\">megabyterose</a>,&nbsp;<a href=\"https://profiles.wordpress.org/meher/\">Meher Bala</a>,&nbsp;<a href=\"https://profiles.wordpress.org/mehrshaddarzi/\">Mehrshad Darzi</a>,&nbsp;<a href=\"https://profiles.wordpress.org/mehulkaklotar/\">Mehul Kaklotar</a>,&nbsp;<a href=\"https://profiles.wordpress.org/melchoyce/\">Mel Choyce-Dwan</a>,&nbsp;<a href=\"https://profiles.wordpress.org/mendezcode/\">mendezcode</a>,&nbsp;<a href=\"https://profiles.wordpress.org/mgol/\">mgol</a>,&nbsp;<a href=\"https://profiles.wordpress.org/michael-arestad/\">Michael Arestad</a>,&nbsp;<a href=\"https://profiles.wordpress.org/mbabker/\">Michael Babker</a>,&nbsp;<a href=\"https://profiles.wordpress.org/mcsf/\">Miguel Fonseca</a>,&nbsp;<a href=\"https://profiles.wordpress.org/miinasikk/\">Miina Sikk</a>,&nbsp;<a href=\"https://profiles.wordpress.org/mikeschroder/\">Mike Schroder</a>,&nbsp;<a href=\"https://profiles.wordpress.org/dimadin/\">Milan Dinić</a>,&nbsp;<a href=\"https://profiles.wordpress.org/milana_cap/\">Milana Cap</a>,&nbsp;<a href=\"https://profiles.wordpress.org/0mirka00/\">mirka</a>,&nbsp;<a href=\"https://profiles.wordpress.org/daddou/\">Mohamed El Amine DADDOU</a>,&nbsp;<a href=\"https://profiles.wordpress.org/monika/\">Monika</a>,&nbsp;<a href=\"https://profiles.wordpress.org/monikarao/\">Monika Rao</a>,&nbsp;<a href=\"https://profiles.wordpress.org/morenaf/\">morenaf</a>,&nbsp;<a href=\"https://profiles.wordpress.org/mrjoeldean/\">mrjoeldean</a>,&nbsp;<a href=\"https://profiles.wordpress.org/mukesh27/\">Mukesh Panchal</a>,&nbsp;<a href=\"https://profiles.wordpress.org/munyagu/\">munyagu</a>,&nbsp;<a href=\"https://profiles.wordpress.org/mzorz/\">mzorz</a>,&nbsp;<a href=\"https://profiles.wordpress.org/naveen17797/\">Naveen</a>,&nbsp;<a href=\"https://profiles.wordpress.org/krstarica/\">net</a>,&nbsp;<a href=\"https://profiles.wordpress.org/nre/\">nicky</a>,&nbsp;<a href=\"https://profiles.wordpress.org/nico23/\">Nico</a>,&nbsp;<a href=\"https://profiles.wordpress.org/nico_martin/\">Nico Martin</a>,&nbsp;<a href=\"https://profiles.wordpress.org/nicolalaserra/\">Nicola Laserra</a>,&nbsp;<a href=\"https://profiles.wordpress.org/rahe/\">Nicolas Juen</a>,&nbsp;<a href=\"https://profiles.wordpress.org/nicolaskulka/\">NicolasKulka</a>,&nbsp;<a href=\"https://profiles.wordpress.org/ntsekouras/\">Nik Tsekouras</a>,&nbsp;<a href=\"https://profiles.wordpress.org/noahtallen/\">Noah Allen</a>,&nbsp;<a href=\"https://profiles.wordpress.org/nwjames/\">nwjames</a>,&nbsp;<a href=\"https://profiles.wordpress.org/oakesjosh/\">oakesjosh</a>,&nbsp;<a href=\"https://profiles.wordpress.org/oglekler/\">Olga Gleckler</a>,&nbsp;<a href=\"https://profiles.wordpress.org/ovidiul/\">ovidiul</a>,&nbsp;<a href=\"https://profiles.wordpress.org/oxyc/\">oxyc</a>,&nbsp;<a href=\"https://profiles.wordpress.org/paaljoachim/\">Paal Joachim Romdahl</a>,&nbsp;<a href=\"https://profiles.wordpress.org/swissspidy/\">Pascal Birchler</a>,&nbsp;<a href=\"https://profiles.wordpress.org/pbearne/\">Paul Bearne</a>,&nbsp;<a href=\"https://profiles.wordpress.org/pbiron/\">Paul Biron</a>,&nbsp;<a href=\"https://profiles.wordpress.org/pabline/\">Paul Bunkham</a>,&nbsp;<a href=\"https://profiles.wordpress.org/paulschreiber/\">Paul Schreiber</a>,&nbsp;<a href=\"https://profiles.wordpress.org/pschrottky/\">Paul Von Schrottky</a>,&nbsp;<a href=\"https://profiles.wordpress.org/pawki07/\">pawki07</a>,&nbsp;<a href=\"https://profiles.wordpress.org/pbking/\">pbking</a>,&nbsp;<a href=\"https://profiles.wordpress.org/pedromendonca/\">Pedro Mendonça</a>,&nbsp;<a href=\"https://profiles.wordpress.org/gungeekatx/\">Pete Nelson</a>,&nbsp;<a href=\"https://profiles.wordpress.org/psmits1567/\">Peter Smits</a>,&nbsp;<a href=\"https://profiles.wordpress.org/peterwilsoncc/\">Peter Wilson</a>,&nbsp;<a href=\"https://profiles.wordpress.org/pinkalbeladiya/\">Pinkal Devani</a>,&nbsp;<a href=\"https://profiles.wordpress.org/boniu91/\">Piotrek Boniu</a>,&nbsp;<a href=\"https://profiles.wordpress.org/freewebmentor/\">Prem Tiwari</a>,&nbsp;<a href=\"https://profiles.wordpress.org/presstoke/\">presstoke</a>,&nbsp;<a href=\"https://profiles.wordpress.org/prettyboymp/\">prettyboymp</a>,&nbsp;<a href=\"https://profiles.wordpress.org/princeahmed/\">Prince</a>,&nbsp;<a href=\"https://profiles.wordpress.org/pypwalters/\">pypwalters</a>,&nbsp;<a href=\"https://profiles.wordpress.org/itsjonq/\">Q</a>,&nbsp;<a href=\"https://profiles.wordpress.org/r-a-y/\">r-a-y</a>,&nbsp;<a href=\"https://profiles.wordpress.org/rafaelgalani/\">Rafael Galani</a>,&nbsp;<a href=\"https://profiles.wordpress.org/rafhun/\">rafhun</a>,&nbsp;<a href=\"https://profiles.wordpress.org/ramiy/\">Rami Yushuvaev</a>,&nbsp;<a href=\"https://profiles.wordpress.org/rahmohn/\">Ramon Ahnert</a>,&nbsp;<a href=\"https://profiles.wordpress.org/ratneshk/\">ratneshk</a>,&nbsp;<a href=\"https://profiles.wordpress.org/jontyravi/\">Ravi Vaghela</a>,&nbsp;<a href=\"https://profiles.wordpress.org/ravipatel/\">ravipatel</a>,&nbsp;<a href=\"https://profiles.wordpress.org/retrofox/\">retrofox</a>,&nbsp;<a href=\"https://profiles.wordpress.org/reardestani/\">Reza Ardestani</a>,&nbsp;<a href=\"https://profiles.wordpress.org/youknowriad/\">Riad Benguella</a>,&nbsp;<a href=\"https://profiles.wordpress.org/rianrietveld/\">Rian Rietveld</a>,&nbsp;<a href=\"https://profiles.wordpress.org/iamfriendly/\">Richard Tape</a>,&nbsp;<a href=\"https://profiles.wordpress.org/noisysocks/\">Robert Anderson</a>,&nbsp;<a href=\"https://profiles.wordpress.org/rodrigosprimo/\">Rodrigo Primo</a>,&nbsp;<a href=\"https://profiles.wordpress.org/roger995/\">roger995</a>,&nbsp;<a href=\"https://profiles.wordpress.org/rolfsiebers/\">Rolf Siebers</a>,&nbsp;<a href=\"https://profiles.wordpress.org/romain-d/\">Romain</a>,&nbsp;<a href=\"https://profiles.wordpress.org/burtrw/\">Ronnie Burt</a>,&nbsp;<a href=\"https://profiles.wordpress.org/magicroundabout/\">Ross Wintle</a>,&nbsp;<a href=\"https://profiles.wordpress.org/ryan/\">Ryan Boren</a>,&nbsp;<a href=\"https://profiles.wordpress.org/sebastienserre/\">Sébastien SERRE</a>,&nbsp;<a href=\"https://profiles.wordpress.org/soean/\">Sören Wrede</a>,&nbsp;<a href=\"https://profiles.wordpress.org/stodorovic/\">Saša</a>,&nbsp;<a href=\"https://profiles.wordpress.org/sanketchodavadiya/\">Sanket Chodavadiya</a>,&nbsp;<a href=\"https://profiles.wordpress.org/sarahricker/\">Sarah Ricker</a>,&nbsp;<a href=\"https://profiles.wordpress.org/sarayourfriend/\">sarayourfriend</a>,&nbsp;<a href=\"https://profiles.wordpress.org/wonderboymusic/\">Scott Taylor</a>,&nbsp;<a href=\"https://profiles.wordpress.org/sebastianpisula/\">Sebastian Pisula</a>,&nbsp;<a href=\"https://profiles.wordpress.org/sebsz/\">SeBsZ</a>,&nbsp;<a href=\"https://profiles.wordpress.org/sergeybiryukov/\">Sergey Biryukov</a>,&nbsp;<a href=\"https://profiles.wordpress.org/yakimun/\">Sergey Yakimov</a>,&nbsp;<a href=\"https://profiles.wordpress.org/sergiomdgomes/\">sergiomdgomes</a>,&nbsp;<a href=\"https://profiles.wordpress.org/shahinsid07/\">Shahin Sid</a>,&nbsp;<a href=\"https://profiles.wordpress.org/shaunandrews/\">shaunandrews</a>,&nbsp;<a href=\"https://profiles.wordpress.org/shital-patel/\">Shital Marakana</a>,&nbsp;<a href=\"https://profiles.wordpress.org/slaffik/\">Slava Abakumov</a>,&nbsp;<a href=\"https://profiles.wordpress.org/snapfractalpop/\">snapfractalpop</a>,&nbsp;<a href=\"https://profiles.wordpress.org/souri_wpaustria/\">souri_wpaustria</a>,&nbsp;<a href=\"https://profiles.wordpress.org/ryokuhi/\">Stefano Minoia</a>,&nbsp;<a href=\"https://profiles.wordpress.org/hypest/\">Stefanos Togoulidis</a>,&nbsp;<a href=\"https://profiles.wordpress.org/sabernhardt/\">Stephen Bernhardt</a>,&nbsp;<a href=\"https://profiles.wordpress.org/netweb/\">Stephen Edgar</a>,&nbsp;<a href=\"https://profiles.wordpress.org/stevenkword/\">Steven Word</a>,&nbsp;<a href=\"https://profiles.wordpress.org/subrataemfluence/\">Subrata Sarkar</a>,&nbsp;<a href=\"https://profiles.wordpress.org/quadthemes/\">Sunny</a>,&nbsp;<a href=\"https://profiles.wordpress.org/t-p/\">t-p</a>,&nbsp;<a href=\"https://profiles.wordpress.org/inc2734/\">Takashi Kitajima</a>,&nbsp;<a href=\"https://profiles.wordpress.org/patopaiar/\">Tami</a>,&nbsp;<a href=\"https://profiles.wordpress.org/karmatosed/\">Tammie Lister</a>,&nbsp;<a href=\"https://profiles.wordpress.org/tanvirul/\">Tanvirul Haque</a>,&nbsp;<a href=\"https://profiles.wordpress.org/voboghure/\">Tapan</a>,&nbsp;<a href=\"https://profiles.wordpress.org/teamdnk/\">TeamDNK</a>,&nbsp;<a href=\"https://profiles.wordpress.org/utz119/\">TeBenachi</a>,&nbsp;<a href=\"https://profiles.wordpress.org/tweetythierry/\">Thierry Muller</a>,&nbsp;<a href=\"https://profiles.wordpress.org/thorlentz/\">thorlentz</a>,&nbsp;<a href=\"https://profiles.wordpress.org/hedgefield/\">Tim Hengeveld</a>,&nbsp;<a href=\"https://profiles.wordpress.org/tnolte/\">Tim Nolte</a>,&nbsp;<a href=\"https://profiles.wordpress.org/sippis/\">Timi Wahalahti</a>,&nbsp;<a href=\"https://profiles.wordpress.org/timothyblynjacobs/\">Timothy Jacobs</a>,&nbsp;<a href=\"https://profiles.wordpress.org/tinodidriksen/\">tinodidriksen</a>,&nbsp;<a href=\"https://profiles.wordpress.org/tkama/\">Tkama</a>,&nbsp;<a href=\"https://profiles.wordpress.org/tmatsuur/\">tmatsuur</a>,&nbsp;<a href=\"https://profiles.wordpress.org/tz-media/\">Tobias Zimpel</a>,&nbsp;<a href=\"https://profiles.wordpress.org/tobifjellner/\">tobifjellner (Tor-Bjorn Fjellner)</a>,&nbsp;<a href=\"https://profiles.wordpress.org/skithund/\">Toni Viemerö</a>,&nbsp;<a href=\"https://profiles.wordpress.org/arcangelini/\">Tony A</a>,&nbsp;<a href=\"https://profiles.wordpress.org/hellofromtonya/\">Tonya Mork</a>,&nbsp;<a href=\"https://profiles.wordpress.org/tonysandwich/\">tonysandwich</a>,&nbsp;<a href=\"https://profiles.wordpress.org/zodiac1978/\">Torsten Landsiedel</a>,&nbsp;<a href=\"https://profiles.wordpress.org/toru/\">Toru Miki</a>,&nbsp;<a href=\"https://profiles.wordpress.org/transl8or/\">transl8or</a>,&nbsp;<a href=\"https://profiles.wordpress.org/tylertork/\">Tyler Tork</a>,&nbsp;<a href=\"https://profiles.wordpress.org/grapplerulrich/\">Ulrich</a>,&nbsp;<a href=\"https://profiles.wordpress.org/umangvaghela123/\">Umang Vaghela</a>,&nbsp;<a href=\"https://profiles.wordpress.org/vandestouwe/\">vandestouwe</a>,&nbsp;<a href=\"https://profiles.wordpress.org/vcanales/\">vcanales</a>,&nbsp;<a href=\"https://profiles.wordpress.org/vipulc2/\">Vipul Chandel</a>,&nbsp;<a href=\"https://profiles.wordpress.org/vladytimy/\">Vlad T.</a>,&nbsp;<a href=\"https://profiles.wordpress.org/webcommsat/\">webcommsat AbhaNonStopNewsUK</a>,&nbsp;<a href=\"https://profiles.wordpress.org/webmandesign/\">WebMan Design | Oliver Juhas</a>,&nbsp;<a href=\"https://profiles.wordpress.org/wendyjchen/\">Wendy Chen</a>,&nbsp;<a href=\"https://profiles.wordpress.org/wesselvandenberg/\">wesselvandenberg</a>,&nbsp;<a href=\"https://profiles.wordpress.org/westonruter/\">Weston Ruter</a>,&nbsp;<a href=\"https://profiles.wordpress.org/wallstead/\">Willis Allstead</a>,&nbsp;<a href=\"https://profiles.wordpress.org/worldedu/\">worldedu</a>,&nbsp;<a href=\"https://profiles.wordpress.org/wponlinesupport/\">WP OnlineSupport</a>,&nbsp;<a href=\"https://profiles.wordpress.org/tikifez/\">Xristopher Anderton</a>,&nbsp;<a href=\"https://profiles.wordpress.org/yannkozon/\">Yann Kozon</a>,&nbsp;<a href=\"https://profiles.wordpress.org/yoavf/\">Yoav Farhi</a>,&nbsp;<a href=\"https://profiles.wordpress.org/yscik/\">yscik</a>,&nbsp;<a href=\"https://profiles.wordpress.org/fierevere/\">Yui</a>,&nbsp;<a href=\"https://profiles.wordpress.org/yuliyan/\">yuliyan</a>,&nbsp;<a href=\"https://profiles.wordpress.org/zebulan/\">Zebulan Stanphill</a> et&nbsp;<a href=\"https://profiles.wordpress.org/zieladam/\">zieladam</a>.</p>\n\n\n\n<p><em>Merci <a href=\"https://profiles.wordpress.org/chaton666\">Marie Comet</a> pour la relecture de ce communiqué.</em></p>\n\";s:7:\"attribs\";a:0:{}s:8:\"xml_base\";s:0:\"\";s:17:\"xml_base_explicit\";b:0;s:8:\"xml_lang\";s:0:\"\";}}}s:36:\"http://wellformedweb.org/CommentAPI/\";a:1:{s:10:\"commentRss\";a:1:{i:0;a:5:{s:4:\"data\";s:65:\"https://fr.wordpress.org/2021/03/09/wordpress-5-7-esperanza/feed/\";s:7:\"attribs\";a:0:{}s:8:\"xml_base\";s:0:\"\";s:17:\"xml_base_explicit\";b:0;s:8:\"xml_lang\";s:0:\"\";}}}s:38:\"http://purl.org/rss/1.0/modules/slash/\";a:1:{s:8:\"comments\";a:1:{i:0;a:5:{s:4:\"data\";s:1:\"2\";s:7:\"attribs\";a:0:{}s:8:\"xml_base\";s:0:\"\";s:17:\"xml_base_explicit\";b:0;s:8:\"xml_lang\";s:0:\"\";}}}}}i:5;a:6:{s:4:\"data\";s:74:\"\n		\n		\n					\n		\n		\n		\n				\n		\n\n					\n										\n					\n					\n			\n		\n		\n\n			\";s:7:\"attribs\";a:0:{}s:8:\"xml_base\";s:0:\"\";s:17:\"xml_base_explicit\";b:0;s:8:\"xml_lang\";s:0:\"\";s:5:\"child\";a:5:{s:0:\"\";a:8:{s:5:\"title\";a:1:{i:0;a:5:{s:4:\"data\";s:54:\"Les changements techniques à venir sur WordPress 5.7\";s:7:\"attribs\";a:0:{}s:8:\"xml_base\";s:0:\"\";s:17:\"xml_base_explicit\";b:0;s:8:\"xml_lang\";s:0:\"\";}}s:4:\"link\";a:1:{i:0;a:5:{s:4:\"data\";s:89:\"https://fr.wordpress.org/2021/02/24/les-changements-techniques-a-venir-sur-wordpress-5-7/\";s:7:\"attribs\";a:0:{}s:8:\"xml_base\";s:0:\"\";s:17:\"xml_base_explicit\";b:0;s:8:\"xml_lang\";s:0:\"\";}}s:8:\"comments\";a:1:{i:0;a:5:{s:4:\"data\";s:98:\"https://fr.wordpress.org/2021/02/24/les-changements-techniques-a-venir-sur-wordpress-5-7/#comments\";s:7:\"attribs\";a:0:{}s:8:\"xml_base\";s:0:\"\";s:17:\"xml_base_explicit\";b:0;s:8:\"xml_lang\";s:0:\"\";}}s:7:\"pubDate\";a:1:{i:0;a:5:{s:4:\"data\";s:31:\"Wed, 24 Feb 2021 10:04:30 +0000\";s:7:\"attribs\";a:0:{}s:8:\"xml_base\";s:0:\"\";s:17:\"xml_base_explicit\";b:0;s:8:\"xml_lang\";s:0:\"\";}}s:8:\"category\";a:1:{i:0;a:5:{s:4:\"data\";s:31:\"Nouvelles versions de WordPress\";s:7:\"attribs\";a:0:{}s:8:\"xml_base\";s:0:\"\";s:17:\"xml_base_explicit\";b:0;s:8:\"xml_lang\";s:0:\"\";}}s:4:\"guid\";a:1:{i:0;a:5:{s:4:\"data\";s:32:\"https://fr.wordpress.org/?p=1939\";s:7:\"attribs\";a:1:{s:0:\"\";a:1:{s:11:\"isPermaLink\";s:5:\"false\";}}s:8:\"xml_base\";s:0:\"\";s:17:\"xml_base_explicit\";b:0;s:8:\"xml_lang\";s:0:\"\";}}s:11:\"description\";a:1:{i:0;a:5:{s:4:\"data\";s:365:\"&#160; La sortie de WordPress 5.7 est prévue pour le 9 mars 2021. Avec maintenant plus de 40&#160;% de parts de marché, le logiciel libre WordPress poursuit son ascension impressionnante au sein de l&#8217;écosystème des CMS. Découvrez dans cet article les nouveautés qui vous attendent pour cette nouvelle version de l’outil de création de sites [&#8230;]\";s:7:\"attribs\";a:0:{}s:8:\"xml_base\";s:0:\"\";s:17:\"xml_base_explicit\";b:0;s:8:\"xml_lang\";s:0:\"\";}}s:9:\"enclosure\";a:1:{i:0;a:5:{s:4:\"data\";s:0:\"\";s:7:\"attribs\";a:1:{s:0:\"\";a:3:{s:3:\"url\";s:78:\"https://fr.wordpress.org/files/2021/02/send-password-reset-profile-setting.mp4\";s:6:\"length\";s:6:\"222292\";s:4:\"type\";s:9:\"video/mp4\";}}s:8:\"xml_base\";s:0:\"\";s:17:\"xml_base_explicit\";b:0;s:8:\"xml_lang\";s:0:\"\";}}}s:32:\"http://purl.org/dc/elements/1.1/\";a:1:{s:7:\"creator\";a:1:{i:0;a:5:{s:4:\"data\";s:9:\"Jb Audras\";s:7:\"attribs\";a:0:{}s:8:\"xml_base\";s:0:\"\";s:17:\"xml_base_explicit\";b:0;s:8:\"xml_lang\";s:0:\"\";}}}s:40:\"http://purl.org/rss/1.0/modules/content/\";a:1:{s:7:\"encoded\";a:1:{i:0;a:5:{s:4:\"data\";s:31223:\"\n<div class=\"wp-block-group has-background\" style=\"background-color:#0d5a89\"><div class=\"wp-block-group__inner-container\">\n<figure class=\"wp-block-image size-large\"><a href=\"https://fr.wordpress.org/files/2021/02/wp-5-7-RC1-banner.png\"><img loading=\"lazy\" width=\"1024\" height=\"458\" src=\"https://fr.wordpress.org/files/2021/02/wp-5-7-RC1-banner-1024x458.png\" alt=\"\" class=\"wp-image-1940\" srcset=\"https://fr.wordpress.org/files/2021/02/wp-5-7-RC1-banner-1024x458.png 1024w, https://fr.wordpress.org/files/2021/02/wp-5-7-RC1-banner-300x134.png 300w, https://fr.wordpress.org/files/2021/02/wp-5-7-RC1-banner-768x344.png 768w, https://fr.wordpress.org/files/2021/02/wp-5-7-RC1-banner-1536x688.png 1536w, https://fr.wordpress.org/files/2021/02/wp-5-7-RC1-banner.png 1568w\" sizes=\"(max-width: 1024px) 100vw, 1024px\" /></a></figure>\n\n\n\n<div class=\"wp-block-group has-white-color has-text-color\"><div class=\"wp-block-group__inner-container\">\n<div class=\"wp-block-columns\">\n<div class=\"wp-block-column\" style=\"flex-basis:2%\">\n<p>&nbsp;</p>\n</div>\n\n\n\n<div class=\"wp-block-column\" style=\"flex-basis:96%\">\n<p class=\"has-normal-font-size\">La sortie de WordPress 5.7 est prévue pour le 9 mars 2021.</p>\n\n\n\n<p class=\"has-small-font-size\">Avec maintenant plus de 40&nbsp;% de parts de marché, le logiciel libre WordPress poursuit son ascension impressionnante au sein de l&rsquo;écosystème des CMS.</p>\n\n\n\n<p class=\"has-small-font-size\">Découvrez dans cet article les nouveautés qui vous attendent pour cette nouvelle version de l’outil de création de sites web le plus populaire au monde&nbsp;!</p>\n\n\n\n<div style=\"height:10px\" aria-hidden=\"true\" class=\"wp-block-spacer\"></div>\n</div>\n\n\n\n<div class=\"wp-block-column\">\n<p style=\"font-size:2px\">&nbsp;</p>\n</div>\n</div>\n</div></div>\n</div></div>\n\n\n\n<span id=\"more-1939\"></span>\n\n\n\n<p>Dans ces temps difficiles, WordPress 5.7 vous propose de nouvelles fonctionnalités et des améliorations pour vous aider à démarrer cette année 2021 sur une note positive ! Pour cette nouvelle version de WordPress, une <a href=\"https://make.wordpress.org/core/2020/12/21/wordpress-5-7-planning-roundup/\">petite équipe – mais expérimentée –</a> a été mise sur pied afin de diriger le développement de cette nouvelle version embarquant un paquet de nouvelles fonctionnalités techniques et des corrections attendues par les développeurs et développeuses.</p>\n\n\n\n<p>En tant qu’utilisatrice ou utilisateur de WordPress, vous retrouverez un éditeur de blocs encore plus efficace, l&rsquo;arrivée du chargement différé des iframes, un outil de migration vous permettant de passer de HTTP à HTTPS en un clic, de nouvelles couleurs standardisées pour l&rsquo;administration de votre site WordPress, une nouvelle API destinée à la gestion des instructions pour les robots d&rsquo;indexation.</p>\n\n\n\n<p>En tant que développeuse ou développeur, vous retrouverez <a href=\"https://core.trac.wordpress.org/query?status=closed&amp;type=enhancement&amp;type=feature+request&amp;milestone=5.7&amp;max=500&amp;col=id&amp;col=summary&amp;col=type&amp;col=milestone&amp;col=owner&amp;col=status&amp;col=priority&amp;order=priority\">66 améliorations et nouvelles fonctionnalités</a>,&nbsp;<a href=\"https://core.trac.wordpress.org/query?status=closed&amp;type=defect+(bug)&amp;milestone=5.7&amp;max=500&amp;col=id&amp;col=summary&amp;col=type&amp;col=milestone&amp;col=owner&amp;col=status&amp;col=priority&amp;order=priority\">127 corrections de bugs</a>, et bien plus encore&nbsp;! Les personnes qui s&rsquo;intéressent à la technique seront sûrement attentives <a href=\"https://core.trac.wordpress.org/ticket/51812\">à la tâche de nettoyage des erreurs JavaScript qui a été conduite après la mise à niveau vers jQuery 3.5.1 en tant qu’étape 3 de notre processus de mise à niveau de la bibliothèque jQuery</a>.</p>\n\n\n\n<p>Dans ce guide technique, vous trouverez tous les changements qui pourront vous concerner en tant que personne utilisant WordPress au quotidien. Les liens proposés mènent tous à des ressources en anglais.</p>\n\n\n\n<h2>Administration&nbsp;: une nouvelle palette de couleurs standardisée</h2>\n\n\n\n<p>Il s&rsquo;agit de la première partie d&rsquo;un projet plus large visant à nettoyer les feuilles de styles de l&rsquo;administration de WP. Avec WP 5.7, toutes les couleurs déclarées en CSS sont regroupées au sein de l&rsquo;une des 12 variations de bleu, vert, rouge et jaune, ou dans l&rsquo;une des 13 variations de gris, noir et le blanc. Cela peut paraître encore présenter trop de variations, mais il faut savoir qu&rsquo;il y en avait bien plus auparavant, et surtout qu&rsquo;elles n&rsquo;obéissaient pas du tout à des variations strictes et prévisibles.</p>\n\n\n\n<p>La nouvelle palette de couleurs regroupe donc toutes les couleurs du code source de WordPress dans une palette de 56 couleurs qui permettent de satisfaire les ratios de contrastes demandés par les <a href=\"https://www.w3.org/TR/UNDERSTANDING-WCAG20/visual-audio-contrast-contrast.html\">Règles d&rsquo;accessibilités des contenus web (WCAG)</a> au niveau AA entre ces couleurs, et le blanc ou le noir.</p>\n\n\n\n<p>La standardisation de la palette de couleurs de l&rsquo;administration pourra aider les personnes contribuant à WordPress à prendre des décisions de conception accessibles. Les développeuses et développeurs de thèmes sont encouragé·e·s à utiliser cette nouvelle palette de couleurs afin de proposer une meilleur cohérence entre leur produit et le cœur de WordPress.</p>\n\n\n\n<p>Dans la note de développement liée ci-dessous, vous trouverez toutes les indications techniques pour vous permettre de rendre le code de vos développements conforme à la palette de couleurs de l&rsquo;administration de WP.</p>\n\n\n\n<figure class=\"wp-block-embed is-type-wp-embed is-provider-make-wordpress-core wp-block-embed-make-wordpress-core\"><div class=\"wp-block-embed__wrapper\">\n<blockquote class=\"wp-embedded-content\" data-secret=\"1C0xgLs7Cz\"><a href=\"https://make.wordpress.org/core/2021/02/23/standardization-of-wp-admin-colors-in-wordpress-5-7/\">Standardization of WP-Admin colors in WordPress 5.7</a></blockquote><iframe class=\"wp-embedded-content\" sandbox=\"allow-scripts\" security=\"restricted\" title=\"&#8220;Standardization of WP-Admin colors in WordPress 5.7&#8221; &#8212; Make WordPress Core\" src=\"https://make.wordpress.org/core/2021/02/23/standardization-of-wp-admin-colors-in-wordpress-5-7/embed/#?secret=1C0xgLs7Cz\" data-secret=\"1C0xgLs7Cz\" width=\"600\" height=\"338\" frameborder=\"0\" marginwidth=\"0\" marginheight=\"0\" scrolling=\"no\"></iframe>\n</div></figure>\n\n\n\n<h2>L&rsquo;éditeur de blocs – Gutenberg</h2>\n\n\n\n<p>L&rsquo;éditeur de blocs Gutenberg poursuit ses itérations rapides.&nbsp;La version 9.9 de Gutenberg est pleinement intégrée à  WordPress 5.7, ce qui représente 7 nouvelles versions supplémentaires de Gutenberg (les versions&nbsp;<a href=\"https://make.wordpress.org/core/2020/11/04/whats-new-in-gutenberg-4-november/\">9.3</a>,&nbsp;<a href=\"https://make.wordpress.org/core/2020/11/19/whats-new-in-gutenberg-18-november-2/\">9.4</a>,&nbsp;<a href=\"https://make.wordpress.org/core/2020/12/02/whats-new-in-gutenberg-2-december/\">9.5</a>,&nbsp;<a href=\"https://make.wordpress.org/core/2020/12/23/whats-new-in-gutenberg-23-december/\">9.6</a>,&nbsp;<a href=\"https://make.wordpress.org/core/2021/01/07/whats-new-in-gutenberg-6-january/\">9.7</a>,&nbsp;<a href=\"https://make.wordpress.org/core/2021/01/20/whats-new-in-gutenberg-9-8-20-january/\">9.8</a> et&nbsp;<a href=\"https://make.wordpress.org/core/2021/02/05/whats-new-in-gutenberg-9-9-5-february/\">9.9</a>), toutes comprises dans cette nouvelle version de WP. Des correctifs de bogues et des améliorations de performances provenant des versions&nbsp;<a href=\"https://make.wordpress.org/core/2021/02/17/whats-new-in-gutenberg-10-0-february/\">10.0</a>&nbsp;et 10.1 font aussi partie de WP 5.7.</p>\n\n\n\n<p>Il y a un paquet de nouvelles fonctionnalités liées à Gutenberg dans WP 5.7. Citons par exemple le glisser-déposer depuis l&rsquo;outil d&rsquo;insertion de blocs, l&rsquo;alignement en pleine hauteur pour certains blocs, l&rsquo;affichage des variations de styles dans l&rsquo;inspecteur, des améliorations d&rsquo;utilisabilité et de stabilité sur les blocs réutilisables, les alignements verticaux dans les blocs boutons, la possibilité de modifier la taille des icônes dans le bloc icônes de réseaux sociaux, ou encore la possibilité de modifier la taille de police dans les blocs de liste ou d&rsquo;affichage de bouts de code.</p>\n\n\n\n<p>Pour les mises à jour techniques, voici quelques notes de développement (en anglais)&nbsp;:</p>\n\n\n\n<figure class=\"wp-block-embed is-type-wp-embed is-provider-make-wordpress-core wp-block-embed-make-wordpress-core\"><div class=\"wp-block-embed__wrapper\">\n<blockquote class=\"wp-embedded-content\" data-secret=\"J3inin7OuR\"><a href=\"https://make.wordpress.org/core/2021/02/18/wordpress-5-7-a-new-dynamic-hook-to-filter-the-content-of-a-single-block/\">WordPress 5.7: A new dynamic hook to filter the content of a single block</a></blockquote><iframe class=\"wp-embedded-content\" sandbox=\"allow-scripts\" security=\"restricted\" title=\"&#8220;WordPress 5.7: A new dynamic hook to filter the content of a single block&#8221; &#8212; Make WordPress Core\" src=\"https://make.wordpress.org/core/2021/02/18/wordpress-5-7-a-new-dynamic-hook-to-filter-the-content-of-a-single-block/embed/#?secret=J3inin7OuR\" data-secret=\"J3inin7OuR\" width=\"600\" height=\"338\" frameborder=\"0\" marginwidth=\"0\" marginheight=\"0\" scrolling=\"no\"></iframe>\n</div></figure>\n\n\n\n<figure class=\"wp-block-embed is-type-wp-embed is-provider-make-wordpress-core wp-block-embed-make-wordpress-core\"><div class=\"wp-block-embed__wrapper\">\n<blockquote class=\"wp-embedded-content\" data-secret=\"J94wgc0nlt\"><a href=\"https://make.wordpress.org/core/2021/02/22/changes-in-wordpress-data-api/\">Changes in @wordpress/data API</a></blockquote><iframe class=\"wp-embedded-content\" sandbox=\"allow-scripts\" security=\"restricted\" title=\"&#8220;Changes in @wordpress/data API&#8221; &#8212; Make WordPress Core\" src=\"https://make.wordpress.org/core/2021/02/22/changes-in-wordpress-data-api/embed/#?secret=J94wgc0nlt\" data-secret=\"J94wgc0nlt\" width=\"600\" height=\"338\" frameborder=\"0\" marginwidth=\"0\" marginheight=\"0\" scrolling=\"no\"></iframe>\n</div></figure>\n\n\n\n<figure class=\"wp-block-embed is-type-wp-embed is-provider-make-wordpress-core wp-block-embed-make-wordpress-core\"><div class=\"wp-block-embed__wrapper\">\n<blockquote class=\"wp-embedded-content\" data-secret=\"cRxoDVWHgL\"><a href=\"https://make.wordpress.org/core/2021/02/22/new-block-variation-apis-in-5-7/\">New block variation APIs in 5.7</a></blockquote><iframe class=\"wp-embedded-content\" sandbox=\"allow-scripts\" security=\"restricted\" title=\"&#8220;New block variation APIs in 5.7&#8221; &#8212; Make WordPress Core\" src=\"https://make.wordpress.org/core/2021/02/22/new-block-variation-apis-in-5-7/embed/#?secret=cRxoDVWHgL\" data-secret=\"cRxoDVWHgL\" width=\"600\" height=\"338\" frameborder=\"0\" marginwidth=\"0\" marginheight=\"0\" scrolling=\"no\"></iframe>\n</div></figure>\n\n\n\n<figure class=\"wp-block-embed is-type-wp-embed is-provider-make-wordpress-core wp-block-embed-make-wordpress-core\"><div class=\"wp-block-embed__wrapper\">\n<blockquote class=\"wp-embedded-content\" data-secret=\"vc2JDHxqEZ\"><a href=\"https://make.wordpress.org/core/2021/02/23/inner-blocks-api-changes/\">Inner Blocks API Changes</a></blockquote><iframe class=\"wp-embedded-content\" sandbox=\"allow-scripts\" security=\"restricted\" title=\"&#8220;Inner Blocks API Changes&#8221; &#8212; Make WordPress Core\" src=\"https://make.wordpress.org/core/2021/02/23/inner-blocks-api-changes/embed/#?secret=vc2JDHxqEZ\" data-secret=\"vc2JDHxqEZ\" width=\"600\" height=\"338\" frameborder=\"0\" marginwidth=\"0\" marginheight=\"0\" scrolling=\"no\"></iframe>\n</div></figure>\n\n\n\n<figure class=\"wp-block-embed is-type-wp-embed is-provider-make-wordpress-core wp-block-embed-make-wordpress-core\"><div class=\"wp-block-embed__wrapper\">\n<blockquote class=\"wp-embedded-content\" data-secret=\"Y8C8DE5CAV\"><a href=\"https://make.wordpress.org/core/2021/02/23/new-i18n-filters-createi18n-changes/\">New i18n filters &amp; createI18n() changes</a></blockquote><iframe class=\"wp-embedded-content\" sandbox=\"allow-scripts\" security=\"restricted\" title=\"&#8220;New i18n filters &amp; createI18n() changes&#8221; &#8212; Make WordPress Core\" src=\"https://make.wordpress.org/core/2021/02/23/new-i18n-filters-createi18n-changes/embed/#?secret=Y8C8DE5CAV\" data-secret=\"Y8C8DE5CAV\" width=\"600\" height=\"338\" frameborder=\"0\" marginwidth=\"0\" marginheight=\"0\" scrolling=\"no\"></iframe>\n</div></figure>\n\n\n\n<h2>Outils d&rsquo;importation et d&rsquo;exportation</h2>\n\n\n\n<p>Plusieurs changements importants impactent les outils d&rsquo;importation et d&rsquo;exportation&nbsp;: un crochet a été créé pour filtrer le titre des publications avant exportation&nbsp;; la date de dernière modification a été ajoutée dans les données d&rsquo;exportation&nbsp;; des améliorations significatives de performances ont été apportées pour une importation plus rapide des menus de navigation. Ces éléments sont détaillés dans la note de développement dédiée&nbsp;:</p>\n\n\n\n<figure class=\"wp-block-embed is-type-wp-embed is-provider-make-wordpress-core wp-block-embed-make-wordpress-core\"><div class=\"wp-block-embed__wrapper\">\n<blockquote class=\"wp-embedded-content\" data-secret=\"VyczrpHE2F\"><a href=\"https://make.wordpress.org/core/2021/02/23/enhancements-to-the-import-export-feature-in-wordpress-5-7/\">Enhancements to the Import/Export feature in WordPress 5.7</a></blockquote><iframe class=\"wp-embedded-content\" sandbox=\"allow-scripts\" security=\"restricted\" title=\"&#8220;Enhancements to the Import/Export feature in WordPress 5.7&#8221; &#8212; Make WordPress Core\" src=\"https://make.wordpress.org/core/2021/02/23/enhancements-to-the-import-export-feature-in-wordpress-5-7/embed/#?secret=VyczrpHE2F\" data-secret=\"VyczrpHE2F\" width=\"600\" height=\"338\" frameborder=\"0\" marginwidth=\"0\" marginheight=\"0\" scrolling=\"no\"></iframe>\n</div></figure>\n\n\n\n<h2>Gestion des médias</h2>\n\n\n\n<p>La principale amélioration concernant les médias est la mise en place du chargement différé par défaut des iframes. Cela fera gagner à votre sites quelques précieux dixièmes de secondes de temps de chargement. D&rsquo;autres changements relatifs à la médiathèque sont listés plus bas dans les améliorations diverses, mais cette nouvelle fonctionnalité méritait sa rubrique dédiée&nbsp;:</p>\n\n\n\n<figure class=\"wp-block-embed is-type-wp-embed is-provider-make-wordpress-core wp-block-embed-make-wordpress-core\"><div class=\"wp-block-embed__wrapper\">\n<blockquote class=\"wp-embedded-content\" data-secret=\"24vK7JdlIB\"><a href=\"https://make.wordpress.org/core/2021/02/19/lazy-loading-iframes-in-5-7/\">Lazy-loading iframes in 5.7</a></blockquote><iframe class=\"wp-embedded-content\" sandbox=\"allow-scripts\" security=\"restricted\" title=\"&#8220;Lazy-loading iframes in 5.7&#8221; &#8212; Make WordPress Core\" src=\"https://make.wordpress.org/core/2021/02/19/lazy-loading-iframes-in-5-7/embed/#?secret=24vK7JdlIB\" data-secret=\"24vK7JdlIB\" width=\"600\" height=\"338\" frameborder=\"0\" marginwidth=\"0\" marginheight=\"0\" scrolling=\"no\"></iframe>\n</div></figure>\n\n\n\n<h2>Gestion des comptes des utilisatrices et utilisateurs de votre site</h2>\n\n\n\n<p>À partir de WordPress 5.7, il est possible pour les administratrices et administrateurs de sites WordPress de générer facilement l&rsquo;envoi de l&rsquo;e-mail de réinitialisation de mot de passe à n&rsquo;importe quel compte déjà inscrit sur le site. Pour cela, il suffit de se rendre sur l&rsquo;écran de modification du compte et de cliquer sur le bouton d&rsquo;envoi de l&rsquo;e-mail contenant le lien de réinitialisation, comme décrit dans cette petite vidéo (montrant l&rsquo;interface en anglais)&nbsp;:</p>\n\n\n\n<figure class=\"wp-block-video\"><video controls src=\"https://fr.wordpress.org/files/2021/02/send-password-reset-profile-setting.mp4\"></video></figure>\n\n\n\n<p>Il est aussi possible d&rsquo;utiliser les liens d&rsquo;accès rapide présents dans la liste des comptes du site sur chaque ligne correspondant à un utilisateur ou une utilisatrice, ou encore d&rsquo;envoyer ce lien de réinitialisation à un grand nombre de comptes en utilisant l&rsquo;outil de traitement par lots. Consultez l&rsquo;article d&rsquo;origine en anglais pour plus de détails&nbsp;:</p>\n\n\n\n<figure class=\"wp-block-embed is-type-wp-embed is-provider-make-wordpress-core wp-block-embed-make-wordpress-core\"><div class=\"wp-block-embed__wrapper\">\n<blockquote class=\"wp-embedded-content\" data-secret=\"V84RfcthGK\"><a href=\"https://make.wordpress.org/core/2021/02/22/send-reset-password-links-in-wordpress-5-7/\">Send reset password links in WordPress 5.7</a></blockquote><iframe class=\"wp-embedded-content\" sandbox=\"allow-scripts\" security=\"restricted\" title=\"&#8220;Send reset password links in WordPress 5.7&#8221; &#8212; Make WordPress Core\" src=\"https://make.wordpress.org/core/2021/02/22/send-reset-password-links-in-wordpress-5-7/embed/#?secret=V84RfcthGK\" data-secret=\"V84RfcthGK\" width=\"600\" height=\"338\" frameborder=\"0\" marginwidth=\"0\" marginheight=\"0\" scrolling=\"no\"></iframe>\n</div></figure>\n\n\n\n<h2>API REST</h2>\n\n\n\n<p>Des modifications ont été apportées à l’API REST, notamment concernant des changements de points de terminaison, des changements de paramètres disponibles ou acceptés, ou encore des changements concernant la gestion des mots de passe d&rsquo;application.</p>\n\n\n\n<p>Ces changements sont récapitulés sur cet article en anglais&nbsp;:</p>\n\n\n\n<figure class=\"wp-block-embed is-type-wp-embed is-provider-make-wordpress-core wp-block-embed-make-wordpress-core\"><div class=\"wp-block-embed__wrapper\">\n<blockquote class=\"wp-embedded-content\" data-secret=\"LkKIGqGLiv\"><a href=\"https://make.wordpress.org/core/2021/02/23/rest-api-changes-in-wordpress-5-7/\">REST API Changes in WordPress 5.7</a></blockquote><iframe class=\"wp-embedded-content\" sandbox=\"allow-scripts\" security=\"restricted\" title=\"&#8220;REST API Changes in WordPress 5.7&#8221; &#8212; Make WordPress Core\" src=\"https://make.wordpress.org/core/2021/02/23/rest-api-changes-in-wordpress-5-7/embed/#?secret=LkKIGqGLiv\" data-secret=\"LkKIGqGLiv\" width=\"600\" height=\"338\" frameborder=\"0\" marginwidth=\"0\" marginheight=\"0\" scrolling=\"no\"></iframe>\n</div></figure>\n\n\n\n<h2>API Robots</h2>\n\n\n\n<p>Une nouvelle API fait son arrivée dans WordPress&nbsp;! L’API Robots permet de gérer de façon précise et contrôlée l&rsquo;affichage des balises méta <code>robots</code> sur les pages de votre site. Pour tout savoir sur cette amélioration destinées aux personnes souhaitant optimiser leur site aux petits oignons pour le référencement, consultez cette note de développement&nbsp;: </p>\n\n\n\n<figure class=\"wp-block-embed is-type-wp-embed is-provider-make-wordpress-core wp-block-embed-make-wordpress-core\"><div class=\"wp-block-embed__wrapper\">\n<blockquote class=\"wp-embedded-content\" data-secret=\"Cjzdm2rSaO\"><a href=\"https://make.wordpress.org/core/2021/02/19/robots-api-and-max-image-preview-directive-in-wordpress-5-7/\">Robots API and max-image-preview directive in WordPress 5.7</a></blockquote><iframe class=\"wp-embedded-content\" sandbox=\"allow-scripts\" security=\"restricted\" title=\"&#8220;Robots API and max-image-preview directive in WordPress 5.7&#8221; &#8212; Make WordPress Core\" src=\"https://make.wordpress.org/core/2021/02/19/robots-api-and-max-image-preview-directive-in-wordpress-5-7/embed/#?secret=Cjzdm2rSaO\" data-secret=\"Cjzdm2rSaO\" width=\"600\" height=\"338\" frameborder=\"0\" marginwidth=\"0\" marginheight=\"0\" scrolling=\"no\"></iframe>\n</div></figure>\n\n\n\n<h2>Sécurité</h2>\n\n\n\n<p>Pas de correctif de faille de sécurité dans cette version car rappelons-le&nbsp;: ce n&rsquo;est pas le but des versions majeures&nbsp;! Mais en revanche, plusieurs améliorations intéressantes&nbsp;: tout d&rsquo;abord, l&rsquo;outil de contrôle de la santé de votre site (Outils &gt; Santé du site) sera maintenant à même de vérifier si votre site dispose d&rsquo;un certificat SSL (permettant le passage de votre site en HTTPS) et le cas échéant de vous proposer de migrer votre site de HTTP à HTTPS. Il fera également un état des lieux de la migration et vous permettra de corriger les erreurs éventuelles. Enfin, un premier pas vers l&rsquo;intégration des entêtes Content-Security-Policy (CSP) est fait avec la mise en place d&rsquo;outils permettant aux développeurs et développeuses d&rsquo;utiliser des attributs dédiés sur les scripts qu&rsquo;ils et elles ajoutent sur WordPress afin notamment d&rsquo;en vérifier l&rsquo;origine. Pour plus de détails&nbsp;:</p>\n\n\n\n<figure class=\"wp-block-embed is-type-wp-embed is-provider-make-wordpress-core wp-block-embed-make-wordpress-core\"><div class=\"wp-block-embed__wrapper\">\n<blockquote class=\"wp-embedded-content\" data-secret=\"onU2eWtR2Z\"><a href=\"https://make.wordpress.org/core/2021/02/22/improved-https-detection-and-migration-in-wordpress-5-7/\">Improved HTTPS detection and migration in WordPress 5.7</a></blockquote><iframe class=\"wp-embedded-content\" sandbox=\"allow-scripts\" security=\"restricted\" title=\"&#8220;Improved HTTPS detection and migration in WordPress 5.7&#8221; &#8212; Make WordPress Core\" src=\"https://make.wordpress.org/core/2021/02/22/improved-https-detection-and-migration-in-wordpress-5-7/embed/#?secret=onU2eWtR2Z\" data-secret=\"onU2eWtR2Z\" width=\"600\" height=\"338\" frameborder=\"0\" marginwidth=\"0\" marginheight=\"0\" scrolling=\"no\"></iframe>\n</div></figure>\n\n\n\n<figure class=\"wp-block-embed is-type-wp-embed is-provider-make-wordpress-core wp-block-embed-make-wordpress-core\"><div class=\"wp-block-embed__wrapper\">\n<blockquote class=\"wp-embedded-content\" data-secret=\"xYibzHZ3Es\"><a href=\"https://make.wordpress.org/core/2021/02/23/introducing-script-attributes-related-functions-in-wordpress-5-7/\">Introducing script attributes related functions in WordPress 5.7</a></blockquote><iframe class=\"wp-embedded-content\" sandbox=\"allow-scripts\" security=\"restricted\" title=\"&#8220;Introducing script attributes related functions in WordPress 5.7&#8221; &#8212; Make WordPress Core\" src=\"https://make.wordpress.org/core/2021/02/23/introducing-script-attributes-related-functions-in-wordpress-5-7/embed/#?secret=xYibzHZ3Es\" data-secret=\"xYibzHZ3Es\" width=\"600\" height=\"338\" frameborder=\"0\" marginwidth=\"0\" marginheight=\"0\" scrolling=\"no\"></iframe>\n</div></figure>\n\n\n\n<h2>Autres mises à jour techniques de WordPress&nbsp;5.7</h2>\n\n\n\n<p>Des modifications concernant les écrans de connexion et d&rsquo;inscription on également été faites&nbsp;:</p>\n\n\n\n<figure class=\"wp-block-embed is-type-wp-embed is-provider-make-wordpress-core wp-block-embed-make-wordpress-core\"><div class=\"wp-block-embed__wrapper\">\n<blockquote class=\"wp-embedded-content\" data-secret=\"SQskB7miUR\"><a href=\"https://make.wordpress.org/core/2021/02/16/login-registration-screens-changes-in-wordpress-5-7/\">Login &amp; registration screens changes in WordPress 5.7</a></blockquote><iframe class=\"wp-embedded-content\" sandbox=\"allow-scripts\" security=\"restricted\" title=\"&#8220;Login &amp; registration screens changes in WordPress 5.7&#8221; &#8212; Make WordPress Core\" src=\"https://make.wordpress.org/core/2021/02/16/login-registration-screens-changes-in-wordpress-5-7/embed/#?secret=SQskB7miUR\" data-secret=\"SQskB7miUR\" width=\"600\" height=\"338\" frameborder=\"0\" marginwidth=\"0\" marginheight=\"0\" scrolling=\"no\"></iframe>\n</div></figure>\n\n\n\n<p>Utile pour les développeuses et développeurs de thèmes, un nouveau marqueur de modèle et un nouveau marqueur conditionnel permettant de récupérer ou tester les publications parentes d&rsquo;une publication donnée&nbsp;:</p>\n\n\n\n<figure class=\"wp-block-embed is-type-wp-embed is-provider-make-wordpress-core wp-block-embed-make-wordpress-core\"><div class=\"wp-block-embed__wrapper\">\n<blockquote class=\"wp-embedded-content\" data-secret=\"5eT1aLYOGx\"><a href=\"https://make.wordpress.org/core/2021/02/10/introducing-new-post-parent-related-functions-in-wordpress-5-7/\">Introducing new Post Parent related functions in WordPress 5.7</a></blockquote><iframe class=\"wp-embedded-content\" sandbox=\"allow-scripts\" security=\"restricted\" title=\"&#8220;Introducing new Post Parent related functions in WordPress 5.7&#8221; &#8212; Make WordPress Core\" src=\"https://make.wordpress.org/core/2021/02/10/introducing-new-post-parent-related-functions-in-wordpress-5-7/embed/#?secret=5eT1aLYOGx\" data-secret=\"5eT1aLYOGx\" width=\"600\" height=\"338\" frameborder=\"0\" marginwidth=\"0\" marginheight=\"0\" scrolling=\"no\"></iframe>\n</div></figure>\n\n\n\n<p>Deux nouvelles fonctions ont été ajoutées dans WP 5.7 afin de déterminer si une publication est visualisable publiquement ou non. Le marqueur conditionnel <code>is_post_publicly_viewable()</code> est notamment particulièrement intéressant car il combine plusieurs vérifications en une seule fonction. Pour plus de détails (en anglais)&nbsp;:</p>\n\n\n\n<figure class=\"wp-block-embed is-type-wp-embed is-provider-make-wordpress-core wp-block-embed-make-wordpress-core\"><div class=\"wp-block-embed__wrapper\">\n<blockquote class=\"wp-embedded-content\" data-secret=\"o95wmnzqCC\"><a href=\"https://make.wordpress.org/core/2021/02/18/introducing-additional-functions-to-check-if-a-post-is-publicly-viewable-in-wordpress-5-7/\">Introducing additional functions to check if a post is publicly viewable in WordPress 5.7</a></blockquote><iframe class=\"wp-embedded-content\" sandbox=\"allow-scripts\" security=\"restricted\" title=\"&#8220;Introducing additional functions to check if a post is publicly viewable in WordPress 5.7&#8221; &#8212; Make WordPress Core\" src=\"https://make.wordpress.org/core/2021/02/18/introducing-additional-functions-to-check-if-a-post-is-publicly-viewable-in-wordpress-5-7/embed/#?secret=o95wmnzqCC\" data-secret=\"o95wmnzqCC\" width=\"600\" height=\"338\" frameborder=\"0\" marginwidth=\"0\" marginheight=\"0\" scrolling=\"no\"></iframe>\n</div></figure>\n\n\n\n<p>Pour finir, voici une note de développement contenant pêle-mêle une liste de toutes les petites améliorations notables destinées aux développeuses et développeurs&nbsp;:</p>\n\n\n\n<figure class=\"wp-block-embed is-type-wp-embed is-provider-make-wordpress-core wp-block-embed-make-wordpress-core\"><div class=\"wp-block-embed__wrapper\">\n<blockquote class=\"wp-embedded-content\" data-secret=\"x30T5MYHjK\"><a href=\"https://make.wordpress.org/core/2021/02/23/miscellaneous-developer-focused-changes-in-wordpress-5-7/\">Miscellaneous developer focused changes in WordPress 5.7</a></blockquote><iframe class=\"wp-embedded-content\" sandbox=\"allow-scripts\" security=\"restricted\" title=\"&#8220;Miscellaneous developer focused changes in WordPress 5.7&#8221; &#8212; Make WordPress Core\" src=\"https://make.wordpress.org/core/2021/02/23/miscellaneous-developer-focused-changes-in-wordpress-5-7/embed/#?secret=x30T5MYHjK\" data-secret=\"x30T5MYHjK\" width=\"600\" height=\"338\" frameborder=\"0\" marginwidth=\"0\" marginheight=\"0\" scrolling=\"no\"></iframe>\n</div></figure>\n\n\n\n<h2>Et bien plus encore…</h2>\n\n\n\n<p>WordPress&nbsp;5.7 contient bien d&rsquo;autres améliorations et modifications !<br>Plus de <a href=\"https://core.trac.wordpress.org/query?status=closed&amp;type=defect+(bug)&amp;milestone=5.7&amp;group=component&amp;col=id&amp;col=summary&amp;col=type&amp;col=owner&amp;col=priority&amp;col=component&amp;col=version&amp;order=priority\">127</a>&nbsp;bugs ont été corrigés,&nbsp;<a href=\"https://core.trac.wordpress.org/query?status=closed&amp;type=enhancement&amp;type=feature+request&amp;milestone=5.7&amp;group=component&amp;col=id&amp;col=summary&amp;col=type&amp;col=owner&amp;col=priority&amp;col=component&amp;col=version&amp;order=priority\">66</a>&nbsp;améliorations et nouvelles fonctionnalités ont été implémentées et <a href=\"https://core.trac.wordpress.org/query?status=closed&amp;type=task+(blessed)&amp;milestone=5.7&amp;group=component&amp;col=id&amp;col=summary&amp;col=type&amp;col=owner&amp;col=priority&amp;col=component&amp;col=version&amp;order=priority\">29</a>&nbsp;tâches courantes ont été&nbsp;<a href=\"https://core.trac.wordpress.org/query?status=closed&amp;milestone=5.7&amp;group=component&amp;col=id&amp;col=summary&amp;col=owner&amp;col=type&amp;col=priority&amp;col=component&amp;col=version&amp;order=priority\">clôturées dans WordPress 5.7</a>. Voici une poignée d&rsquo;autres modifications qui n&rsquo;ont pas été évoquées dans les notes de développement listées ci-dessus&nbsp;:</p>\n\n\n\n<ul><li>Éditeur&nbsp;: prise en charge du filtrage des paramètres dans l&rsquo;enregistrement de nouveaux types de blocs à partir de métadonnées (<a href=\"https://core.trac.wordpress.org/ticket/52138\">#52138</a>)</li><li>Menus&nbsp;: ajout d&rsquo;un pied de section épinglé au gestionnaire d&rsquo;éléments de menus afin d&rsquo;éviter de dupliquer les boutons de sauvegarde (<a href=\"https://core.trac.wordpress.org/ticket/51631\">#51631</a>)</li><li>Mises à jour&nbsp;: affichage du numéro de la version qui sera réinstallée sur le bouton de réinstallation disponible sur la page de mise à jour de WP (<a href=\"https://core.trac.wordpress.org/ticket/51774\">#51774</a>)</li><li>Mises à jour&nbsp;: prise en charge de la valeur <code>development</code>&nbsp;pour la constante&nbsp;<code>WP_AUTO_UPDATE_CORE</code>&nbsp;(<a href=\"https://core.trac.wordpress.org/ticket/51978\">#51978</a>)</li></ul>\n\n\n\n<hr class=\"wp-block-separator\" />\n\n\n\n<p>Pour rappel, la sortie de WordPress 5.7 est prévue le 9 mars 2021. Vous pouvez d’ores et déjà la tester en version&nbsp;<em>Release Candidate</em>&nbsp;en installant l’extension officielle&nbsp;<em>WordPress Beta Tester</em>&nbsp;puis en allant dans ses réglages et en cochant la case&nbsp;Beta / Version de développement puis en mettant à jour votre installation de façon classique.</p>\n\n\n\n<figure class=\"wp-block-embed is-type-wp-embed is-provider-plugin-directory wp-block-embed-plugin-directory\"><div class=\"wp-block-embed__wrapper\">\n<blockquote class=\"wp-embedded-content\" data-secret=\"wUWSt9zkGg\"><a href=\"https://fr.wordpress.org/plugins/wordpress-beta-tester/\">WordPress Beta Tester</a></blockquote><iframe class=\"wp-embedded-content\" sandbox=\"allow-scripts\" security=\"restricted\" title=\"« WordPress Beta Tester » &#8212; Plugin Directory\" src=\"https://fr.wordpress.org/plugins/wordpress-beta-tester/embed/#?secret=wUWSt9zkGg\" data-secret=\"wUWSt9zkGg\" width=\"600\" height=\"338\" frameborder=\"0\" marginwidth=\"0\" marginheight=\"0\" scrolling=\"no\"></iframe>\n</div></figure>\n\n\n\n<p><em>Merci à <a href=\'https://profiles.wordpress.org/jdy68/\' class=\'mention\'><span class=\'mentions-prefix\'>@</span>jdy68</a>, <a href=\'https://profiles.wordpress.org/wolforg/\' class=\'mention\'><span class=\'mentions-prefix\'>@</span>wolforg</a>, <a href=\'https://profiles.wordpress.org/chaton666/\' class=\'mention\'><span class=\'mentions-prefix\'>@</span>chaton666</a> et <a href=\'https://profiles.wordpress.org/crash_47/\' class=\'mention\'><span class=\'mentions-prefix\'>@</span>crash_47</a> pour leur relecture de ce guide.</em></p>\n\";s:7:\"attribs\";a:0:{}s:8:\"xml_base\";s:0:\"\";s:17:\"xml_base_explicit\";b:0;s:8:\"xml_lang\";s:0:\"\";}}}s:36:\"http://wellformedweb.org/CommentAPI/\";a:1:{s:10:\"commentRss\";a:1:{i:0;a:5:{s:4:\"data\";s:94:\"https://fr.wordpress.org/2021/02/24/les-changements-techniques-a-venir-sur-wordpress-5-7/feed/\";s:7:\"attribs\";a:0:{}s:8:\"xml_base\";s:0:\"\";s:17:\"xml_base_explicit\";b:0;s:8:\"xml_lang\";s:0:\"\";}}}s:38:\"http://purl.org/rss/1.0/modules/slash/\";a:1:{s:8:\"comments\";a:1:{i:0;a:5:{s:4:\"data\";s:1:\"8\";s:7:\"attribs\";a:0:{}s:8:\"xml_base\";s:0:\"\";s:17:\"xml_base_explicit\";b:0;s:8:\"xml_lang\";s:0:\"\";}}}}}i:6;a:6:{s:4:\"data\";s:73:\"\n		\n		\n					\n		\n		\n		\n				\n		\n\n					\n										\n					\n					\n			\n		\n		\n			\";s:7:\"attribs\";a:0:{}s:8:\"xml_base\";s:0:\"\";s:17:\"xml_base_explicit\";b:0;s:8:\"xml_lang\";s:0:\"\";s:5:\"child\";a:5:{s:0:\"\";a:7:{s:5:\"title\";a:1:{i:0;a:5:{s:4:\"data\";s:28:\"WordPress 5.6 « Simone »\";s:7:\"attribs\";a:0:{}s:8:\"xml_base\";s:0:\"\";s:17:\"xml_base_explicit\";b:0;s:8:\"xml_lang\";s:0:\"\";}}s:4:\"link\";a:1:{i:0;a:5:{s:4:\"data\";s:57:\"https://fr.wordpress.org/2020/12/09/wordpress-5-6-simone/\";s:7:\"attribs\";a:0:{}s:8:\"xml_base\";s:0:\"\";s:17:\"xml_base_explicit\";b:0;s:8:\"xml_lang\";s:0:\"\";}}s:8:\"comments\";a:1:{i:0;a:5:{s:4:\"data\";s:66:\"https://fr.wordpress.org/2020/12/09/wordpress-5-6-simone/#comments\";s:7:\"attribs\";a:0:{}s:8:\"xml_base\";s:0:\"\";s:17:\"xml_base_explicit\";b:0;s:8:\"xml_lang\";s:0:\"\";}}s:7:\"pubDate\";a:1:{i:0;a:5:{s:4:\"data\";s:31:\"Tue, 08 Dec 2020 23:53:19 +0000\";s:7:\"attribs\";a:0:{}s:8:\"xml_base\";s:0:\"\";s:17:\"xml_base_explicit\";b:0;s:8:\"xml_lang\";s:0:\"\";}}s:8:\"category\";a:1:{i:0;a:5:{s:4:\"data\";s:31:\"Nouvelles versions de WordPress\";s:7:\"attribs\";a:0:{}s:8:\"xml_base\";s:0:\"\";s:17:\"xml_base_explicit\";b:0;s:8:\"xml_lang\";s:0:\"\";}}s:4:\"guid\";a:1:{i:0;a:5:{s:4:\"data\";s:32:\"https://fr.wordpress.org/?p=1899\";s:7:\"attribs\";a:1:{s:0:\"\";a:1:{s:11:\"isPermaLink\";s:5:\"false\";}}s:8:\"xml_base\";s:0:\"\";s:17:\"xml_base_explicit\";b:0;s:8:\"xml_lang\";s:0:\"\";}}s:11:\"description\";a:1:{i:0;a:5:{s:4:\"data\";s:398:\"Voici « Simone », la dernière version de WordPress. Nommée en l’honneur de la légendaire interprète de jazz Nina Simone, connue pour des tubes tels que « Feeling Good », « Young, Gifted and Black » ou encore « Four Women ». Lancez quelques-unes de ses chansons phares en fond sonore et découvrez les nouveautés que nous vous avons réservé. Partager vos histoires [&#8230;]\";s:7:\"attribs\";a:0:{}s:8:\"xml_base\";s:0:\"\";s:17:\"xml_base_explicit\";b:0;s:8:\"xml_lang\";s:0:\"\";}}}s:32:\"http://purl.org/dc/elements/1.1/\";a:1:{s:7:\"creator\";a:1:{i:0;a:5:{s:4:\"data\";s:9:\"Jb Audras\";s:7:\"attribs\";a:0:{}s:8:\"xml_base\";s:0:\"\";s:17:\"xml_base_explicit\";b:0;s:8:\"xml_lang\";s:0:\"\";}}}s:40:\"http://purl.org/rss/1.0/modules/content/\";a:1:{s:7:\"encoded\";a:1:{i:0;a:5:{s:4:\"data\";s:78679:\"\n<p>Voici « Simone », la dernière version de WordPress. Nommée en l’honneur de la légendaire interprète de jazz Nina Simone, connue pour des tubes tels que <em>« Feeling Good »</em>, <em>« Young, Gifted and Black »</em> ou encore <em>« Four Women »</em>. Lancez quelques-unes de ses <a rel=\"noreferrer noopener\" href=\"https://youtu.be/D5Y11hwjMNs\" target=\"_blank\">chansons phares</a> en fond sonore et découvrez les nouveautés que nous vous avons réservé.</p>\n\n\n\n<figure class=\"wp-block-image\"><img src=\"https://i2.wp.com/wordpress.org/news/files/2020/12/wordpress-5-6_cover-03.jpg?resize=632%2C633&amp;ssl=1\" alt=\"WordPress 5.6 Simone with a photo of Nina Simone\" class=\"wp-image-9385\" /></figure>\n\n\n\n<span id=\"more-1899\"></span>\n\n\n\n<h3>Partager vos histoires n’a jamais été aussi facile</h3>\n\n\n\n<p>WordPress 5.6 vous apporte de nombreuses façons de donner vie à vos idées. Avec un tout nouveau thème par défaut comme toile vierge, cette version prend en charge une collection de blocs toujours plus grande. Peignez avec des mots, des images, des sons… et des médias embarqués enrichis.</p>\n\n\n\n<figure class=\"wp-block-image\"><img src=\"https://i0.wp.com/wordpress.org/news/files/2020/12/WordPress5-6-1.jpeg?resize=632%2C234&amp;ssl=1\" alt=\"colored circles\" class=\"wp-image-9346\" /></figure>\n\n\n\n<h3>Une plus grande flexibilité de mise en page</h3>\n\n\n\n<p>Donnez vie à vos histoires avec encore plus d’outils pour modifier vos mises en page avec ou sans code. Blocs avec une seule colonne, mises en page utilisant des largeurs mixtes et des colonnes, en-têtes en pleine largeur, bannières vidéos… faites de petits changements ou révolutionnez vos mises en page avec la même facilité.</p>\n\n\n\n<h3>Plus de compositions de blocs</h3>\n\n\n\n<p>Les compositions de blocs pré-configurées sur les thèmes facilitent la mise en place de pages standards sur votre site. Testez la force des compositions pour rendre votre flux de travail plus efficace et partagez cela facilement en vous épargnant quelques clics.</p>\n\n\n\n<h3>Un sous-titrage vidéo directement dans l’éditeur</h3>\n\n\n\n<p>Pour vous aider à ajouter des sous-titres ou des légendes à vos vidéos, vous pouvez désormais les téléverser dans vos articles et vos pages. Il est maintenant très simple de rendre vos vidéos accessibles à toute personne ayant besoin ou préférant utiliser des sous-titres.</p>\n\n\n\n<figure class=\"wp-block-image\"><img src=\"https://i2.wp.com/wordpress.org/news/files/2020/12/WordPress5-6-2.jpeg?resize=632%2C120&amp;ssl=1\" alt=\"black vertical line\" class=\"wp-image-9347\" /></figure>\n\n\n\n<h2>Twenty Twenty-One est là&nbsp;!</h2>\n\n\n\n<p>Twenty Twenty-One est une toile vierge pour exprimer vos idées, et l’éditeur de blocs sera votre meilleur pinceau. Ce thème est construit pour l’éditeur de blocs et embarque de nouvelles compositions de blocs dédiées. Essayez différentes mises en page en quelques secondes, et laissez le design intemporel de ce thème faire briller vos contenus.</p>\n\n\n\n<figure class=\"wp-block-image\"><img src=\"https://i2.wp.com/wordpress.org/news/files/2020/12/WordPress-5-6-5.jpeg?resize=632%2C231&amp;ssl=1\" alt=\"examples of what WordPress 5.6 could look like\" class=\"wp-image-9348\" /></figure>\n\n\n\n<p>De plus, ce thème par défaut place l’accessibilité au cœur de votre site. Il est conforme aux&nbsp;<a href=\"https://make.wordpress.org/themes/handbook/review/accessibility/\">Règles d’accessibilité de WordPress</a>&nbsp;et à la plupart des règles de standards tels que les&nbsp;<a href=\"https://www.w3.org/WAI/WCAG2AAA-Conformance\">Règles pour l’accessibilité des contenus web (WCAG) 2.1 au niveau AAA</a>. Cela vous aidera à atteindre les plus hauts niveaux des standards internationaux d’accessibilité… dans la mesure où vous créerez des contenus accessibles et où vous choisirez des extensions également accessibles&nbsp;!</p>\n\n\n\n<h3>Un arc-en-ciel de couleurs pastel</h3>\n\n\n\n<figure class=\"wp-block-image\"><img src=\"https://i1.wp.com/wordpress.org/news/files/2020/12/WordPress-5-6-6.jpeg?resize=632%2C631&amp;ssl=1\" alt=\"Examples of block patterns available in select default themes.\" class=\"wp-image-9349\" /></figure>\n\n\n\n<p>Parfait pour la nouvelle année, Twenty Twenty-One vous propose une palette de couleurs pastel présélectionnées, toutes conformes aux normes de contraste AAA. Vous pouvez également choisir votre propre couleur d’arrière-plan pour le thème, et le thème choisit pour vous des couleurs de texte adaptées à l’accessibilité &#8211; automatiquement&nbsp;!</p>\n\n\n\n<p>Besoin de plus de flexibilité que cela&nbsp;? Vous pouvez également choisir votre propre palette de couleurs à partir du sélecteur de couleurs.</p>\n\n\n\n<figure class=\"wp-block-image\"><img src=\"https://i0.wp.com/wordpress.org/news/files/2020/12/WordPress5-6-3.jpeg?resize=632%2C151&amp;ssl=1\" alt=\"colored circles\" class=\"wp-image-9351\" /></figure>\n\n\n\n<h2>Des améliorations pour tout le monde</h2>\n\n\n\n<h3>Extension des mises à jour automatiques</h3>\n\n\n\n<p>Depuis des années, les mises à jour automatiques de WordPress n’étaient accessibles que via un développement spécifique. Maintenant, cette option est disponible directement dans votre tableau de bord. S’il s’agit de votre premier site, les mises à jour automatiques sont déjà en place. Si vous avez mis à jour un site déjà existant alors tout est resté comme avant. L’option d’activation/désactivation des mises à jour automatiques est disponible sur l’écran Tableau de bord &gt; Mises à jour.</p>\n\n\n\n<h3>Modèle de déclaration d’accessibilité</h3>\n\n\n\n<p>Même sans disposer d’une grande expertise à ce sujet, vous pouvez faire connaître les engagements pris par votre site en termes d’accessibilité juste en cliquant sur un bouton. Une nouvelle&nbsp;<a href=\"https://github.com/10degrees/accessibility-statement-plugin\">extension de fonctionnalités</a>&nbsp;comprend un modèle de texte que vous n’avez qu’à réadapter et à publier. Il a été écrit pour prendre en charge différents contextes et juridictions.</p>\n\n\n\n<h3>Des compositions de blocs intégrées</h3>\n\n\n\n<p>Si vous n’avez pas encore eu l’occasion de jouer avec les compositions de blocs, sachez que tous les thèmes natifs comprennent maintenant une sélection de compositions de blocs qui vous permet de créer des mises en pages complexes. Ces compositions peuvent être personnalisées à votre gré avec les textes, images ou couleurs qui conviennent à votre contenu ou à votre image de marque.</p>\n\n\n\n<figure class=\"wp-block-image\"><img src=\"https://i0.wp.com/wordpress.org/news/files/2020/12/WordPress-5-6-4.jpeg?resize=632%2C185&amp;ssl=1\" alt=\"colored and textured rectangles\" class=\"wp-image-9352\" /></figure>\n\n\n\n<h2>Pour les développeurs et les développeuses</h2>\n\n\n\n<h3>Authentification sur l’API REST avec les mots de passe d’application</h3>\n\n\n\n<p>Grâce à la nouvelle API de mots de passe d’application, les applications tierces peuvent se connecter de façon transparente et sécurisée à votre site. Cette nouvelle fonctionnalité de l’API REST vous permet de surveiller les applications qui se connectent à votre site et de contrôler ce qu’elles font.</p>\n\n\n\n<h3>Une meilleure prise en charge de PHP&nbsp;8</h3>\n\n\n\n<p>WordPress 5.6 marque le premier pas vers la prise en charge de PHP&nbsp;8 par WordPress. Il est grand temps de commencer à planifier la façon dont vos produits, services et sites tournant sur WordPress prennent en charge la dernière version de PHP. Pour plus d’information, lisez&nbsp;<a href=\"https://make.wordpress.org/core/2020/11/23/wordpress-and-php-8-0/\">la note de développement concernant PHP&nbsp;8 (en anglais)</a>.</p>\n\n\n\n<h3>jQuery</h3>\n\n\n\n<p>La mise à jour de la bibliothèque jQuery se déroule sur trois versions de WordPress&nbsp;: 5.5, 5.6 et 5.7. Comme nous arrivons à mi-chemin du processus, vous pouvez lancer&nbsp;<a href=\"https://fr.wordpress.org/plugins/wp-jquery-update-test/\">l’extension de test de mise à jour</a>&nbsp;pour vérifier par avance d’éventuelles erreurs sur vos sites.</p>\n\n\n\n<p>Si vous rencontrez des problèmes d’affichage sur votre site (ex&nbsp;: un diaporama qui ne fonctionne plus, un bouton qui n’a aucun effet), installez&nbsp;<a href=\"https://fr.wordpress.org/plugins/enable-jquery-migrate-helper/\">l’extension jQuery Migrate</a>.</p>\n\n\n\n<p>Nous vous recommandons également la lecture de <a href=\"https://fr.wordpress.org/2020/12/07/gestion-des-problemes-potentiels-lies-a-la-mise-a-jour-de-jquery-dans-wordpress-5-6/\" data-type=\"post\" data-id=\"1835\">cet article complet en français concernant les changements sur jQuery sur WordPress 5.6</a> et comment les gérer en tant que responsable d&rsquo;un site internet WordPress.</p>\n\n\n\n<h3>Consultez le guide de la version pour en savoir plus</h3>\n\n\n\n<p>Consultez le guide des changements techniques de WordPress 5.6. Il met en avant les notes de développement de chaque modification que vous souhaiteriez connaître&nbsp;:&nbsp;<a href=\"https://fr.wordpress.org/2020/11/24/les-changements-techniques-a-venir-sur-wordpress-5-6/\" data-type=\"post\" data-id=\"1766\">Guide des changements techniques de WordPress 5.6</a>.</p>\n\n\n\n<h3>Changements dans la traduction de WordPress en français</h3>\n\n\n\n<p>La traduction de WordPress en français devient plus inclusive&nbsp;! Consultez les <a href=\"https://fr.wordpress.org/2020/11/26/wordpress-5-6-des-changements-visant-a-ameliorer-linclusivite-de-linterface-dadministration/\" data-type=\"post\" data-id=\"1801\">détails de ces changements de traduction visant à rendre WordPress plus inclusif sur notre article dédié</a>.</p>\n\n\n\n<figure class=\"wp-block-pullquote\"><blockquote><p>It’s a new day, it’s a new life for me<br>…and I’m feeling good.</p><cite>~Nina Simone</cite></blockquote></figure>\n\n\n\n<h2>L’équipe de direction de WordPress&nbsp;5.6 «&nbsp;Simone&nbsp;»</h2>\n\n\n\n<p>Pour la première fois dans l&rsquo;écosystème WordPress, cette version majeure a été dirigée par une équipe 100&nbsp;% féminine&nbsp;: </p>\n\n\n\n<ul><li><strong>Direction&nbsp;:</strong> Josepha Haden (<a href=\"https://profiles.wordpress.org/chanthaboune/\">@chanthaboune</a>). Aidée de Chloé Bringmann (<a href=\"https://profiles.wordpress.org/cbringmann/\">@cbringmann</a>) et Angela Jin (<a href=\"https://profiles.wordpress.org/angelasjin/\">@angelasjin</a>).</li><li><strong>Coordination&nbsp;:</strong> Dee Teal (<a href=\"https://profiles.wordpress.org/thewebprincess/\">@thewebprincess</a>).&nbsp;Aidée de Thelma Mutete (<a href=\"https://profiles.wordpress.org/thelmachido/\">@thelmachido</a>) et Laura Nelson (<a href=\"https://profiles.wordpress.org/laurora/\">@laurora</a>).</li><li><strong>Suivi&nbsp;:</strong> Tonya Mork (<a href=\"https://profiles.wordpress.org/hellofromtonya/\">@hellofromtonya</a>).&nbsp;</li><li><strong>Direction technique du cœur WP&nbsp;:</strong> Helen Hou-Sandì (<a href=\"https://profiles.wordpress.org/helen/\">@helen</a>).&nbsp;Aidée de Amy Kamala (<a href=\"https://profiles.wordpress.org/amykamala/\">@amykamala</a>) et Ebonie Butler (<a href=\"https://profiles.wordpress.org/metalandcoffee/\">@metalandcoffee</a>).</li><li><strong>Direction technique de l’éditeur Gutenberg&nbsp;:</strong> Isabel Brison (<a href=\"https://profiles.wordpress.org/isabel_brison/\">@isabel_brison</a>).&nbsp;Aidée de Chandrika Guntur (<a href=\"https://profiles.wordpress.org/cguntur/\">@cguntur</a>), Anchen le Roux (<a href=\"https://profiles.wordpress.org/anchenlr/\">@anchenlr</a>), et Rebecca Hum (<a href=\"https://profiles.wordpress.org/rebasaurus/\">@rebasauru<strong>s</strong></a>).</li><li><strong>Direction artistique&nbsp;:</strong> Ellen Bauer (<a href=\"https://profiles.wordpress.org/elmastudio/\">@elmastudio</a>) et Tammie Lister (<a href=\"https://profiles.wordpress.org/karmatosed/\">@karmatosed</a>).&nbsp;Aidées de Anyssa Ferreira (<a href=\"https://profiles.wordpress.org/anyssa/\">@anyssa</a>), Estela Rueda (<a href=\"https://profiles.wordpress.org/estelaris/\">@estelaris</a>), Tracy Apps (<a href=\"https://profiles.wordpress.org/tray/\">@tray</a>), et Sophia DeRosia (<a href=\"https://profiles.wordpress.org/eringoblog/\">@eringoblog</a>).</li><li><strong>Accompagnement technique de la direction artistique&nbsp;:</strong> Shital Marakana (<a href=\"https://profiles.wordpress.org/shital-patel/\">@shital-patel</a>).</li><li><strong>Directrice du focus accessibilité&nbsp;:</strong> Sarah Ricker (<a href=\"https://profiles.wordpress.org/sarahricker/\">@sarahricke<strong>r</strong></a>).&nbsp;Aidée de Hauwa Abashiya (<a href=\"https://profiles.wordpress.org/azhiyadev/\">@azhiyadev</a>).</li><li><strong>Direction du marketing et de la communications&nbsp;:</strong> Abha Thakor (<a href=\"https://profiles.wordpress.org/webcommsat/\">@webcommsat</a>) et Yvette Sonneveld (<a href=\"https://profiles.wordpress.org/yvettesonneveld/\">@yvettesonneveld</a>).&nbsp;Aidées de Nalini Thakor (<a href=\"https://profiles.wordpress.org/nalininonstopnewsuk/\">@nalininonstopnewsuk</a>), Meher Bala (<a href=\"https://profiles.wordpress.org/meher/\">@meher</a>), Olga Gleckler (<a href=\"https://profiles.wordpress.org/oglekler/\">@ogleckler</a>), Larissa Murrillo (<a href=\"https://profiles.wordpress.org/lmurillom/\">@lmurillom</a>), Michelle Frechette (<a href=\"https://profiles.wordpress.org/michelleames/\">@michelleames</a>), Breann McDede (<a href=\"https://profiles.wordpress.org/bmcdede/\">@bmcdede</a>), et Afshana Diya (<a href=\"https://profiles.wordpress.org/afshanadiya/\">@afshanadiya</a>).</li><li><strong>Direction de la documentation&nbsp;: </strong>Shawntelle Coker (<a href=\"https://profiles.wordpress.org/sncoker/\">@sncoker</a>). Aidée de Daisy Olsen (<a href=\"https://wordpress.slack.com/team/U8D7JFA3X\">@DaisyO</a>), Meher Bala (<a href=\"https://profiles.wordpress.org/meher/\">@meher</a>) et Winstina Hughes (<a href=\"https://profiles.wordpress.org/planningwrite/\">@planningwrite</a>).</li><li><strong>Relecture et validation de la documentation&nbsp;:</strong> Michele Butcher-Jones (<a href=\"https://profiles.wordpress.org/m_butcher/\">@m_butcher</a>).&nbsp;Aidée de Nidhi Jain (<a href=\"https://profiles.wordpress.org/jainnidhi/\">@jainnidhi</a>) et Laura Byrne Cristiano (<a href=\"https://wordpress.org/support/users/newyorkerlaura/\">@newyorkerlaura</a>).</li><li><strong>Direction artistique du nouveau thème natif&nbsp;:</strong> Mel Choyce-Dwan (<a href=\"https://profiles.wordpress.org/melchoyce/\">@melchoyce</a>).&nbsp;Aidée de Ellen Bauer (<a href=\"https://profiles.wordpress.org/elmastudio/\">@elmastudio</a>).</li><li><strong>Direction technique du nouveau thème natif&nbsp;:</strong> Carolina Nymark (<a href=\"https://profiles.wordpress.org/poena/\">@poena</a>).&nbsp;Aidée de Kelly Choyce-Dwan (<a href=\"https://profiles.wordpress.org/ryelle/\">@ryelle</a>) et Jessica Lyschik (<a href=\"https://profiles.wordpress.org/luminuu/\">@luminuu</a>).</li><li><strong>Suivi du développement du nouveau thème natif&nbsp;:</strong> Jessica Lyschik (<a href=\"https://profiles.wordpress.org/luminuu/\">@luminuu</a>).</li><li><strong>Direction de l’équipe de test&nbsp;:</strong> Monika Rao (<a href=\"https://profiles.wordpress.org/monikarao/\">@monikarao</a>). Aidée de Allie Nimmons (<a href=\"https://profiles.wordpress.org/alliennimmons/\">@alliennimmons</a>).</li><li><strong>Direction du support à destination des utilisatrices et utilisateurs finaux&nbsp;:</strong> Bet Hannon (<a href=\"https://profiles.wordpress.org/bethannon1/\">@bethannon1</a>).</li></ul>\n\n\n\n<p>Comme toujours, cette nouvelle version est surtout le reflet du travail de centaines de formidables contributrices et contributeurs&nbsp;:</p>\n\n\n\n<p><a href=\"https://profiles.wordpress.org/a2hosting/\">A2 Hosting</a>, <a href=\"https://profiles.wordpress.org/a4jpcom/\">a4jp . com</a>, <a href=\"https://profiles.wordpress.org/a6software/\">a6software</a>, <a href=\"https://profiles.wordpress.org/aaroncampbell/\">Aaron D. Campbell</a>, <a href=\"https://profiles.wordpress.org/jorbin/\">Aaron Jorbin</a>, <a href=\"https://profiles.wordpress.org/abderrahman/\">abderrahman</a>, <a href=\"https://profiles.wordpress.org/webcommsat/\">Abha Thakor</a>, <a href=\"https://profiles.wordpress.org/ibachal/\">Achal Jain</a>, <a href=\"https://profiles.wordpress.org/achbed/\">achbed</a>, <a href=\"https://profiles.wordpress.org/achyuthajoy/\">Achyuth Ajoy</a>, <a href=\"https://profiles.wordpress.org/acosmin/\">acosmin</a>, <a href=\"https://profiles.wordpress.org/acsnaterse/\">acsnaterse</a>, <a href=\"https://profiles.wordpress.org/adamsilverstein/\">Adam Silverstein</a>, <a href=\"https://profiles.wordpress.org/addiestavlo/\">Addie</a>, <a href=\"https://profiles.wordpress.org/addyosmani/\">addyosmani</a>, <a href=\"https://profiles.wordpress.org/adnanlimdi/\">adnan.limdi</a>, <a href=\"https://profiles.wordpress.org/adrian/\">adrian</a>, <a href=\"https://profiles.wordpress.org/airamerica/\">airamerica</a>, <a href=\"https://profiles.wordpress.org/ajayghaghretiya1/\">Ajay Ghaghretiya</a>, <a href=\"https://profiles.wordpress.org/ajitbohra/\">Ajit Bohra</a>, <a href=\"https://profiles.wordpress.org/akbarhusen/\">akbarhusen</a>, <a href=\"https://profiles.wordpress.org/akbarhusen429/\">akbarhusen429</a>, <a href=\"https://profiles.wordpress.org/akhileshsabharwal/\">Akhilesh Sabharwal</a>, <a href=\"https://profiles.wordpress.org/atachibana/\">Akira Tachibana</a>, <a href=\"https://profiles.wordpress.org/schlessera/\">Alain Schlesser</a>, <a href=\"https://profiles.wordpress.org/aljullu/\">Albert Juhé Lluveras</a>, <a href=\"https://profiles.wordpress.org/xknown/\">Alex Concha</a>, <a href=\"https://profiles.wordpress.org/akirk/\">Alex Kirk</a>, <a href=\"https://profiles.wordpress.org/ajlende/\">Alex Lende</a>, <a href=\"https://profiles.wordpress.org/tellyworth/\">Alex Shiels</a>, <a href=\"https://profiles.wordpress.org/alishanvr/\">Ali Shan</a>, <a href=\"https://profiles.wordpress.org/ali11007/\">ali11007</a>, <a href=\"https://profiles.wordpress.org/allendav/\">Allen Snook</a>, <a href=\"https://profiles.wordpress.org/amaschas/\">amaschas</a>, <a href=\"https://profiles.wordpress.org/wpamitkumar/\">Amit Dudhat</a>, <a href=\"https://profiles.wordpress.org/anbumz/\">anbumz</a>, <a href=\"https://profiles.wordpress.org/andfinally/\">andfinally</a>, <a href=\"https://profiles.wordpress.org/afercia/\">Andrea Fercia</a>, <a href=\"https://profiles.wordpress.org/andreamiddleton/\">Andrea Middleton</a>, <a href=\"https://profiles.wordpress.org/dontdream/\">Andrea Tarantini</a>, <a href=\"https://profiles.wordpress.org/andraganescu/\">Andrei Draganescu</a>, <a href=\"https://profiles.wordpress.org/aduth/\">Andrew Duthie</a>, <a href=\"https://profiles.wordpress.org/nacin/\">Andrew Nacin</a>, <a href=\"https://profiles.wordpress.org/anevins/\">Andrew Nevins</a>, <a href=\"https://profiles.wordpress.org/azaozz/\">Andrew Ozz</a>, <a href=\"https://profiles.wordpress.org/rarst/\">Andrey « Rarst » Savchenko</a>, <a href=\"https://profiles.wordpress.org/nosolosw/\">Andrés Maneiro</a>, <a href=\"https://profiles.wordpress.org/afragen/\">Andy Fragen</a>, <a href=\"https://profiles.wordpress.org/andizer/\">Andy Meerwaldt</a>, <a href=\"https://profiles.wordpress.org/apeatling/\">Andy Peatling</a>, <a href=\"https://profiles.wordpress.org/akissz/\">Angel Hess</a>, <a href=\"https://profiles.wordpress.org/angelasjin/\">Angela Jin</a>, <a href=\"https://profiles.wordpress.org/la-geek/\">Angelika Reisiger</a>, <a href=\"https://profiles.wordpress.org/rilwis/\">Anh Tran</a>, <a href=\"https://profiles.wordpress.org/wpgurudev/\">Ankit Gade</a>, <a href=\"https://profiles.wordpress.org/ankit-k-gupta/\">Ankit K Gupta</a>, <a href=\"https://profiles.wordpress.org/ankitmaru/\">Ankit Panchal</a>, <a href=\"https://profiles.wordpress.org/annezazu/\">Anne McCarthy</a>, <a href=\"https://profiles.wordpress.org/antpb/\">Anthony Burchell</a>, <a href=\"https://profiles.wordpress.org/ahortin/\">Anthony Hortin</a>, <a href=\"https://profiles.wordpress.org/atimmer/\">Anton Timmermans</a>, <a href=\"https://profiles.wordpress.org/antonisme/\">Antonis Lilis</a>, <a href=\"https://profiles.wordpress.org/apedog/\">apedog</a>, <a href=\"https://profiles.wordpress.org/archon810/\">archon810</a>, <a href=\"https://profiles.wordpress.org/argentite/\">argentite</a>, <a href=\"https://profiles.wordpress.org/arpitgshah/\">Arpit G Shah</a>, <a href=\"https://profiles.wordpress.org/passoniate/\">Arslan Ahmed</a>, <a href=\"https://profiles.wordpress.org/asalce/\">asalce</a>, <a href=\"https://profiles.wordpress.org/ashiagr/\">ashiagr</a>, <a href=\"https://profiles.wordpress.org/ashour/\">ashour</a>, <a href=\"https://profiles.wordpress.org/tacitonic/\">Atharva Dhekne</a>, <a href=\"https://profiles.wordpress.org/ajoah/\">Aurélien Joahny</a>, <a href=\"https://profiles.wordpress.org/aussi/\">aussi</a>, <a href=\"https://profiles.wordpress.org/automaton/\">automaton</a>, <a href=\"https://profiles.wordpress.org/avixansa/\">avixansa</a>, <a href=\"https://profiles.wordpress.org/ayeshrajans/\">Ayesh Karunaratne</a>, <a href=\"https://profiles.wordpress.org/backups/\">BackuPs</a>, <a href=\"https://profiles.wordpress.org/barry/\">Barry</a>, <a href=\"https://profiles.wordpress.org/barryceelen/\">Barry Ceelen</a>, <a href=\"https://profiles.wordpress.org/bartczyz/\">Bart Czyz</a>, <a href=\"https://profiles.wordpress.org/bartekcholewa/\">bartekcholewa</a>, <a href=\"https://profiles.wordpress.org/bartkalisz/\">bartkalisz</a>, <a href=\"https://profiles.wordpress.org/bastho/\">Bastien Ho</a>, <a href=\"https://profiles.wordpress.org/bmartinent/\">Bastien Martinent</a>, <a href=\"https://profiles.wordpress.org/bcworkz/\">bcworkz</a>, <a href=\"https://profiles.wordpress.org/bdbch/\">bdbch</a>, <a href=\"https://profiles.wordpress.org/bdcstr/\">bdcstr</a>, <a href=\"https://profiles.wordpress.org/empireoflight/\">Ben Dunkle</a>, <a href=\"https://profiles.wordpress.org/grapestain/\">Bence Szalai</a>, <a href=\"https://profiles.wordpress.org/bencroskery/\">bencroskery</a>, <a href=\"https://profiles.wordpress.org/benjamingosset/\">Benjamin Gosset</a>, <a href=\"https://profiles.wordpress.org/benoitchantre/\">Benoit Chantre</a>, <a href=\"https://profiles.wordpress.org/bernhard-reiter/\">Bernhard Reiter</a>, <a href=\"https://profiles.wordpress.org/bettyjj/\">BettyJJ</a>, <a href=\"https://profiles.wordpress.org/bgermann/\">bgermann</a>, <a href=\"https://profiles.wordpress.org/bigcloudmedia/\">bigcloudmedia</a>, <a href=\"https://profiles.wordpress.org/bigdawggi/\">bigdawggi</a>, <a href=\"https://profiles.wordpress.org/billerickson/\">Bill Erickson</a>, <a href=\"https://profiles.wordpress.org/birgire/\">Birgir Erlendsson (birgire)</a>, <a href=\"https://profiles.wordpress.org/bph/\">Birgit Pauli-Haack</a>, <a href=\"https://profiles.wordpress.org/bjornw/\">BjornW</a>, <a href=\"https://profiles.wordpress.org/bobbingwide/\">bobbingwide</a>, <a href=\"https://profiles.wordpress.org/gitlost/\">bonger</a>, <a href=\"https://profiles.wordpress.org/boonebgorges/\">Boone Gorges</a>, <a href=\"https://profiles.wordpress.org/bbrdaric/\">Boris Brdarić</a>, <a href=\"https://profiles.wordpress.org/ibdz/\">Boy Witthaya</a>, <a href=\"https://profiles.wordpress.org/kraftbj/\">Brandon Kraft</a>, <a href=\"https://profiles.wordpress.org/bpayton/\">Brandon Payton</a>, <a href=\"https://profiles.wordpress.org/brentswisher/\">Brent Swisher</a>, <a href=\"https://profiles.wordpress.org/brianhogg/\">Brian Hogg</a>, <a href=\"https://profiles.wordpress.org/krogsgard/\">Brian Krogsgard</a>, <a href=\"https://profiles.wordpress.org/bridgetwillard/\">bridgetwillard</a>, <a href=\"https://profiles.wordpress.org/bruandet/\">bruandet</a>, <a href=\"https://profiles.wordpress.org/bhargavbhandari90/\">Bunty</a>, <a href=\"https://profiles.wordpress.org/burhandodhy/\">Burhan Nasir</a>, <a href=\"https://profiles.wordpress.org/caiocrcosta/\">caiocrcosta</a>, <a href=\"https://profiles.wordpress.org/cvoell/\">Cameron Voell</a>, <a href=\"https://profiles.wordpress.org/cameronamcintyre/\">cameronamcintyre</a>, <a href=\"https://profiles.wordpress.org/carike/\">Carike</a>, <a href=\"https://profiles.wordpress.org/stuffradio/\">Carl Wuensche</a>, <a href=\"https://profiles.wordpress.org/carloslfu/\">Carlos Galarza</a>, <a href=\"https://profiles.wordpress.org/poena/\">Carolina Nymark</a>, <a href=\"https://profiles.wordpress.org/sixhours/\">Caroline Moore</a>, <a href=\"https://profiles.wordpress.org/carriganvb/\">Carrigan</a>, <a href=\"https://profiles.wordpress.org/ceyhun/\">ceyhun</a>, <a href=\"https://profiles.wordpress.org/shireling/\">Chad</a>, <a href=\"https://profiles.wordpress.org/cbutlerjr/\">Chad Butler</a>, <a href=\"https://profiles.wordpress.org/mackensen/\">Charles Fulton</a>, <a href=\"https://profiles.wordpress.org/chetan200891/\">Chetan Prajapati</a>, <a href=\"https://profiles.wordpress.org/chintan1896/\">Chintan hingrajiya</a>, <a href=\"https://profiles.wordpress.org/chipsnyder/\">Chip Snyder</a>, <a href=\"https://profiles.wordpress.org/cbringmann/\">Chloé Bringmann</a>, <a href=\"https://profiles.wordpress.org/chouby/\">Chouby</a>, <a href=\"https://profiles.wordpress.org/chrisvanpatten/\">Chris Van Patten</a>, <a href=\"https://profiles.wordpress.org/chriscct7/\">chriscct7</a>, <a href=\"https://profiles.wordpress.org/christian1012/\">Christian Chung</a>, <a href=\"https://profiles.wordpress.org/cjbj/\">Christian Jongeneel</a>, <a href=\"https://profiles.wordpress.org/pixelverbieger/\">Christian Sabo</a>, <a href=\"https://profiles.wordpress.org/needle/\">Christian Wach</a>, <a href=\"https://profiles.wordpress.org/christophherr/\">Christoph Herr</a>, <a href=\"https://profiles.wordpress.org/vimes1984/\">Christopher Churchill</a>, <a href=\"https://profiles.wordpress.org/chunkysteveo/\">chunkysteveo</a>, <a href=\"https://profiles.wordpress.org/cklee/\">cklee</a>, <a href=\"https://profiles.wordpress.org/clayray/\">clayray</a>, <a href=\"https://profiles.wordpress.org/claytoncollie/\">Clayton Collie</a>, <a href=\"https://profiles.wordpress.org/cliffpaulick/\">Clifford Paulick</a>, <a href=\"https://profiles.wordpress.org/codeforest/\">codeforest</a>, <a href=\"https://profiles.wordpress.org/commeuneimage/\">Commeuneimage</a>, <a href=\"https://profiles.wordpress.org/copons/\">Copons</a>, <a href=\"https://profiles.wordpress.org/coreymckrill/\">Corey McKrill</a>, <a href=\"https://profiles.wordpress.org/cpasqualini/\">cpasqualini</a>, <a href=\"https://profiles.wordpress.org/cristovaov/\">Cristovao Verstraeten</a>, <a href=\"https://profiles.wordpress.org/littlebigthing/\">Csaba (LittleBigThings)</a>, <a href=\"https://profiles.wordpress.org/curtisbelt/\">Curtis Belt</a>, <a href=\"https://profiles.wordpress.org/clarinetlord/\">Cyrus Collier</a>, <a href=\"https://profiles.wordpress.org/dperonne/\">D.PERONNE</a>, <a href=\"https://profiles.wordpress.org/dsixinetu/\">d6</a>, <a href=\"https://profiles.wordpress.org/danielbachhuber/\">Daniel Bachhuber</a>, <a href=\"https://profiles.wordpress.org/danielhuesken/\">Daniel Hüsken</a>, <a href=\"https://profiles.wordpress.org/diddledan/\">Daniel Llewellyn</a>, <a href=\"https://profiles.wordpress.org/talldanwp/\">Daniel Richards</a>, <a href=\"https://profiles.wordpress.org/confridin/\">Daniel Roch</a>, <a href=\"https://profiles.wordpress.org/mte90/\">Daniele Scasciafratte</a>, <a href=\"https://profiles.wordpress.org/danieltj/\">danieltj</a>, <a href=\"https://profiles.wordpress.org/dboy1988/\">Danny</a>, <a href=\"https://profiles.wordpress.org/darkog/\">Darko G.</a>, <a href=\"https://profiles.wordpress.org/nerrad/\">Darren Ethier (nerrad)</a>, <a href=\"https://profiles.wordpress.org/dmchale/\">Dave McHale</a>, <a href=\"https://profiles.wordpress.org/drw158/\">Dave Whitley</a>, <a href=\"https://profiles.wordpress.org/davidakennedy/\">David A. Kennedy</a>, <a href=\"https://profiles.wordpress.org/davilera/\">David Aguilera</a>, <a href=\"https://profiles.wordpress.org/davidanderson/\">David Anderson</a>, <a href=\"https://profiles.wordpress.org/dartiss/\">David Artiss</a>, <a href=\"https://profiles.wordpress.org/davidbaumwald/\">David Baumwald</a>, <a href=\"https://profiles.wordpress.org/dbrumbaugh10up/\">David Brumbaugh</a>, <a href=\"https://profiles.wordpress.org/desmith/\">David E. Smith</a>, <a href=\"https://profiles.wordpress.org/dlh/\">David Herrera</a>, <a href=\"https://profiles.wordpress.org/dryanpress/\">David Ryan</a>, <a href=\"https://profiles.wordpress.org/dshanske/\">David Shanske</a>, <a href=\"https://profiles.wordpress.org/get_dave/\">David Smith</a>, <a href=\"https://profiles.wordpress.org/davidbinda/\">david.binda</a>, <a href=\"https://profiles.wordpress.org/davidvee/\">davidvee</a>, <a href=\"https://profiles.wordpress.org/davisshaver/\">Davis Shaver</a>, <a href=\"https://profiles.wordpress.org/dchymko/\">dchymko</a>, <a href=\"https://profiles.wordpress.org/dkarfa/\">Debabrata Karfa</a>, <a href=\"https://profiles.wordpress.org/deepaklalwani/\">Deepak Lalwani</a>, <a href=\"https://profiles.wordpress.org/dekervit/\">dekervit</a>, <a href=\"https://profiles.wordpress.org/delowardev/\">Delowar Hossain</a>, <a href=\"https://profiles.wordpress.org/demetris/\">demetris (Demetris Kikizas)</a>, <a href=\"https://profiles.wordpress.org/denisco/\">Denis Yanchevskiy</a>, <a href=\"https://profiles.wordpress.org/derekakelly/\">derekakelly</a>, <a href=\"https://profiles.wordpress.org/pcfreak30/\">Derrick Hammer</a>, <a href=\"https://profiles.wordpress.org/emrikol/\">Derrick Tennant</a>, <a href=\"https://profiles.wordpress.org/dianeco/\">Diane Co</a>, <a href=\"https://profiles.wordpress.org/dilipbheda/\">Dilip Bheda</a>, <a href=\"https://profiles.wordpress.org/dimitrism/\">Dimitris Mitsis</a>, <a href=\"https://profiles.wordpress.org/dingo_d/\">dingo-d</a>, <a href=\"https://profiles.wordpress.org/dd32/\">Dion Hulse</a>, <a href=\"https://profiles.wordpress.org/dency/\">Dixita Dusara</a>, <a href=\"https://profiles.wordpress.org/djennez/\">djennez</a>, <a href=\"https://profiles.wordpress.org/dmenard/\">dmenard</a>, <a href=\"https://profiles.wordpress.org/dmethvin/\">dmethvin</a>, <a href=\"https://profiles.wordpress.org/doc987/\">doc987</a>, <a href=\"https://profiles.wordpress.org/ocean90/\">Dominik Schilling</a>, <a href=\"https://profiles.wordpress.org/donmhico/\">donmhico</a>, <a href=\"https://profiles.wordpress.org/dono12/\">Dono12</a>, <a href=\"https://profiles.wordpress.org/doobeedoo/\">Doobeedoo</a>, <a href=\"https://profiles.wordpress.org/dossy/\">Dossy Shiobara</a>, <a href=\"https://profiles.wordpress.org/dpacks/\">dpacks</a>, <a href=\"https://profiles.wordpress.org/dratwas/\">dratwas</a>, <a href=\"https://profiles.wordpress.org/drewapicture/\">Drew Jaynes</a>, <a href=\"https://profiles.wordpress.org/drlightman/\">DrLightman</a>, <a href=\"https://profiles.wordpress.org/drprotocols/\">DrProtocols</a>, <a href=\"https://profiles.wordpress.org/dsifford/\">dsifford</a>, <a href=\"https://profiles.wordpress.org/dudo/\">dudo</a>, <a href=\"https://profiles.wordpress.org/dushakov/\">dushakov</a>, <a href=\"https://profiles.wordpress.org/dustinbolton/\">Dustin Bolton</a>, <a href=\"https://profiles.wordpress.org/dvershinin/\">dvershinin</a>, <a href=\"https://profiles.wordpress.org/cyberhobo/\">Dylan Kuhn</a>, <a href=\"https://profiles.wordpress.org/elrae/\">Earle Davies</a>, <a href=\"https://profiles.wordpress.org/metalandcoffee/\">Ebonie Butler</a>, <a href=\"https://profiles.wordpress.org/seedsca/\">ecotechie</a>, <a href=\"https://profiles.wordpress.org/eddiemoya/\">Eddie Moya</a>, <a href=\"https://profiles.wordpress.org/eddystile/\">Eddy</a>, <a href=\"https://profiles.wordpress.org/ediamin/\">Edi Amin</a>, <a href=\"https://profiles.wordpress.org/ehtis/\">ehtis</a>, <a href=\"https://profiles.wordpress.org/itsjusteileen/\">Eileen Violini</a>, <a href=\"https://profiles.wordpress.org/ekatherine/\">Ekaterina</a>, <a href=\"https://profiles.wordpress.org/ellatrix/\">Ella van Durpe</a>, <a href=\"https://profiles.wordpress.org/elmastudio/\">elmastudio</a>, <a href=\"https://profiles.wordpress.org/emanuel_blagonic/\">Emanuel Blagonic</a>, <a href=\"https://profiles.wordpress.org/emlebrun/\">Emilie LEBRUN</a>, <a href=\"https://profiles.wordpress.org/manooweb/\">Emmanuel Hesry</a>, <a href=\"https://profiles.wordpress.org/enej/\">Enej Bajgoric</a>, <a href=\"https://profiles.wordpress.org/enricosorcinelli/\">Enrico Sorcinelli</a>, <a href=\"https://profiles.wordpress.org/epiqueras/\">Enrique Piqueras</a>, <a href=\"https://profiles.wordpress.org/nrqsnchz/\">Enrique Sánchez</a>, <a href=\"https://profiles.wordpress.org/shamai/\">Eric</a>, <a href=\"https://profiles.wordpress.org/ericlewis/\">Eric Andrew Lewis</a>, <a href=\"https://profiles.wordpress.org/ebinnion/\">Eric Binnion</a>, <a href=\"https://profiles.wordpress.org/kebbet/\">Erik Betshammar</a>, <a href=\"https://profiles.wordpress.org/folletto/\">Erin &lsquo;Folletto&rsquo; Casali</a>, <a href=\"https://profiles.wordpress.org/esemlabel/\">esemlabel</a>, <a href=\"https://profiles.wordpress.org/esoj/\">esoj</a>, <a href=\"https://profiles.wordpress.org/espiat/\">espiat</a>, <a href=\"https://profiles.wordpress.org/estelaris/\">Estela Rueda</a>, <a href=\"https://profiles.wordpress.org/etoledom/\">etoledom</a>, <a href=\"https://profiles.wordpress.org/etruel/\">etruel</a>, <a href=\"https://profiles.wordpress.org/ev3rywh3re/\">Ev3rywh3re</a>, <a href=\"https://profiles.wordpress.org/circlecube/\">Evan Mullins</a>, <a href=\"https://profiles.wordpress.org/fabiankaegy/\">Fabian Kägy</a>, <a href=\"https://profiles.wordpress.org/gaambo/\">Fabian Todt</a>, <a href=\"https://profiles.wordpress.org/fftfaisal/\">Faisal Ahmed</a>, <a href=\"https://profiles.wordpress.org/flixos90/\">Felix Arntz</a>, <a href=\"https://profiles.wordpress.org/felix-edelmann/\">Felix Edelmann</a>, <a href=\"https://profiles.wordpress.org/ferdiesletering/\">ferdiesletering</a>, <a href=\"https://profiles.wordpress.org/finomeno/\">finomeno</a>, <a href=\"https://profiles.wordpress.org/florianbrinkmann/\">Florian Brinkmann</a>, <a href=\"https://profiles.wordpress.org/mista-flo/\">Florian TIAR</a>, <a href=\"https://profiles.wordpress.org/truchot/\">Florian Truchot</a>, <a href=\"https://profiles.wordpress.org/florianatwhodunit/\">florianatwhodunit</a>, <a href=\"https://profiles.wordpress.org/foliovision/\">FolioVision</a>, <a href=\"https://profiles.wordpress.org/francina/\">Francesca Marano</a>, <a href=\"https://profiles.wordpress.org/francoist/\">Francois Thibaud</a>, <a href=\"https://profiles.wordpress.org/futtta/\">Frank Goossens</a>, <a href=\"https://profiles.wordpress.org/frank-klein/\">Frank Klein</a>, <a href=\"https://profiles.wordpress.org/frankprendergast/\">Frank.Prendergast</a>, <a href=\"https://profiles.wordpress.org/fjarrett/\">Frankie Jarrett</a>, <a href=\"https://profiles.wordpress.org/franzarmas/\">Franz Armas</a>, <a href=\"https://profiles.wordpress.org/fullofcaffeine/\">fullofcaffeine</a>, <a href=\"https://profiles.wordpress.org/mintindeed/\">Gabriel Koen</a>, <a href=\"https://profiles.wordpress.org/gma992/\">Gabriel Maldonado</a>, <a href=\"https://profiles.wordpress.org/gmays/\">Gabriel Mays</a>, <a href=\"https://profiles.wordpress.org/gadgetroid/\">gadgetroid</a>, <a href=\"https://profiles.wordpress.org/galbaras/\">Gal Baras</a>, <a href=\"https://profiles.wordpress.org/garavani/\">Garavani</a>, <a href=\"https://profiles.wordpress.org/garethgillman/\">garethgillman</a>, <a href=\"https://profiles.wordpress.org/garrett-eclipse/\">Garrett Hyder</a>, <a href=\"https://profiles.wordpress.org/garyc40/\">Gary Cao</a>, <a href=\"https://profiles.wordpress.org/garyj/\">Gary Jones</a>, <a href=\"https://profiles.wordpress.org/pento/\">Gary Pendergast</a>, <a href=\"https://profiles.wordpress.org/gchtr/\">gchtr</a>, <a href=\"https://profiles.wordpress.org/geertdd/\">Geert De Deckere</a>, <a href=\"https://profiles.wordpress.org/geminilabs/\">Gemini Labs</a>, <a href=\"https://profiles.wordpress.org/soulseekah/\">Gennady Kovshenin</a>, <a href=\"https://profiles.wordpress.org/geriux/\">geriux</a>, <a href=\"https://profiles.wordpress.org/giorgio25b/\">Giorgio25b</a>, <a href=\"https://profiles.wordpress.org/gisselfeldt/\">gisselfeldt</a>, <a href=\"https://profiles.wordpress.org/glendaviesnz/\">glendaviesnz</a>, <a href=\"https://profiles.wordpress.org/goldsounds/\">goldsounds</a>, <a href=\"https://profiles.wordpress.org/gh640/\">Goto Hayato</a>, <a href=\"https://profiles.wordpress.org/gkloveweb/\">Govind Kumar</a>, <a href=\"https://profiles.wordpress.org/greglone/\">Grégory Viguier</a>, <a href=\"https://profiles.wordpress.org/gradina/\">gradina</a>, <a href=\"https://profiles.wordpress.org/gziolo/\">Greg Ziółkowski</a>, <a href=\"https://profiles.wordpress.org/gregmulhauser/\">gregmulhauser</a>, <a href=\"https://profiles.wordpress.org/grierson/\">grierson</a>, <a href=\"https://profiles.wordpress.org/grzegorzjanoszka/\">Grzegorz.Janoszka</a>, <a href=\"https://profiles.wordpress.org/gsmumbo/\">gsmumbo</a>, <a href=\"https://profiles.wordpress.org/wido/\">Guido Scialfa</a>, <a href=\"https://profiles.wordpress.org/guidobras/\">guidobras</a>, <a href=\"https://profiles.wordpress.org/netsurfer2705/\">Gunther Pilz</a>, <a href=\"https://profiles.wordpress.org/gwwar/\">gwwar</a>, <a href=\"https://profiles.wordpress.org/hvar/\">H-var</a>, <a href=\"https://profiles.wordpress.org/hakre/\">hakre</a>, <a href=\"https://profiles.wordpress.org/halgatewood/\">Hal Gatewood</a>, <a href=\"https://profiles.wordpress.org/hankthetank/\">hankthetank</a>, <a href=\"https://profiles.wordpress.org/psdtohtmlguru/\">Hapiuc Robert</a>, <a href=\"https://profiles.wordpress.org/hareesh-pillai/\">Hareesh</a>, <a href=\"https://profiles.wordpress.org/haukep/\">haukep</a>, <a href=\"https://profiles.wordpress.org/azhiyadev/\">Hauwa Abashiya</a>, <a href=\"https://profiles.wordpress.org/hazdiego/\">Haz</a>, <a href=\"https://profiles.wordpress.org/h71/\">Hector Farahani</a>, <a href=\"https://profiles.wordpress.org/helen/\">Helen Hou-Sandi</a>, <a href=\"https://profiles.wordpress.org/henrywright/\">Henry Wright</a>, <a href=\"https://profiles.wordpress.org/herregroen/\">Herre Groen</a>, <a href=\"https://profiles.wordpress.org/hlanggo/\">hlanggo</a>, <a href=\"https://profiles.wordpress.org/hommealone/\">hommealone</a>, <a href=\"https://profiles.wordpress.org/ryanshoover/\">Hoover</a>, <a href=\"https://profiles.wordpress.org/howdy_mcgee/\">Howdy_McGee</a>, <a href=\"https://profiles.wordpress.org/hronak/\">Hronak Nahar</a>, <a href=\"https://profiles.wordpress.org/hlashbrooke/\">Hugh Lashbrooke</a>, <a href=\"https://profiles.wordpress.org/huntlyc/\">huntlyc</a>, <a href=\"https://profiles.wordpress.org/ianbelanger/\">Ian Belanger</a>, <a href=\"https://profiles.wordpress.org/iandunn/\">Ian Dunn</a>, <a href=\"https://profiles.wordpress.org/iandstewart/\">Ian Stewart</a>, <a href=\"https://profiles.wordpress.org/ianjvr/\">ianjvr</a>, <a href=\"https://profiles.wordpress.org/ifrins/\">ifrins</a>, <a href=\"https://profiles.wordpress.org/igorradovanov/\">Igor Radovanov</a>, <a href=\"https://profiles.wordpress.org/infinum/\">infinum</a>, <a href=\"https://profiles.wordpress.org/ipstenu/\">Ipstenu (Mika Epstein)</a>, <a href=\"https://profiles.wordpress.org/isabel_brison/\">Isabel Brison</a>, <a href=\"https://profiles.wordpress.org/ishitaka/\">ishitaka</a>, <a href=\"https://profiles.wordpress.org/jdgrimes/\">J.D. Grimes</a>, <a href=\"https://profiles.wordpress.org/jackfungi/\">jackfungi</a>, <a href=\"https://profiles.wordpress.org/jacklinkers/\">jacklinkers</a>, <a href=\"https://profiles.wordpress.org/jadonn/\">Jadon N</a>, <a href=\"https://profiles.wordpress.org/jadpm/\">jadpm</a>, <a href=\"https://profiles.wordpress.org/jagirbahesh/\">jagirbahesh</a>, <a href=\"https://profiles.wordpress.org/whyisjake/\">Jake Spurlock</a>, <a href=\"https://profiles.wordpress.org/twentyzerotwo/\">Jake Whiteley</a>, <a href=\"https://profiles.wordpress.org/jameskoster/\">James Koster</a>, <a href=\"https://profiles.wordpress.org/jnylen0/\">James Nylen</a>, <a href=\"https://profiles.wordpress.org/foack/\">Jan Koch</a>, <a href=\"https://profiles.wordpress.org/janr/\">Jan Reilink</a>, <a href=\"https://profiles.wordpress.org/janthiel/\">Jan Thiel</a>, <a href=\"https://profiles.wordpress.org/javidalkaruzi/\">Janvo Aldred</a>, <a href=\"https://profiles.wordpress.org/jarretc/\">Jarret</a>, <a href=\"https://profiles.wordpress.org/jason_the_adams/\">Jason Adams</a>, <a href=\"https://profiles.wordpress.org/strangerstudios/\">Jason Coleman</a>, <a href=\"https://profiles.wordpress.org/boogah/\">Jason Cosper</a>, <a href=\"https://profiles.wordpress.org/coolmann/\">Jason Crouse</a>, <a href=\"https://profiles.wordpress.org/madtownlems/\">Jason LeMahieu (MadtownLems)</a>, <a href=\"https://profiles.wordpress.org/jaz_on/\">Jason Rouet</a>, <a href=\"https://profiles.wordpress.org/jaswsinc/\">JasWSInc</a>, <a href=\"https://profiles.wordpress.org/javiercasares/\">Javier Casares</a>, <a href=\"https://profiles.wordpress.org/shiki/\">Jayson Basanes</a>, <a href=\"https://profiles.wordpress.org/jbinda/\">jbinda</a>, <a href=\"https://profiles.wordpress.org/jbouganim/\">jbouganim</a>, <a href=\"https://profiles.wordpress.org/audrasjb/\">Jean-Baptiste Audras</a>, <a href=\"https://profiles.wordpress.org/jean-david/\">Jean-David Daviet</a>, <a href=\"https://profiles.wordpress.org/jeffr0/\">Jeff Chandler</a>, <a href=\"https://profiles.wordpress.org/jfarthing84/\">Jeff Farthing</a>, <a href=\"https://profiles.wordpress.org/jffng/\">Jeff Ong</a>, <a href=\"https://profiles.wordpress.org/jeffpaul/\">Jeff Paul</a>, <a href=\"https://profiles.wordpress.org/jenmylo/\">Jen</a>, <a href=\"https://profiles.wordpress.org/jenilk/\">Jenil Kanani</a>, <a href=\"https://profiles.wordpress.org/jeremyfelt/\">Jeremy Felt</a>, <a href=\"https://profiles.wordpress.org/jeherve/\">Jeremy Herve</a>, <a href=\"https://profiles.wordpress.org/jeremyyip/\">Jeremy Yip</a>, <a href=\"https://profiles.wordpress.org/jeroenrotty/\">Jeroen Rotty</a>, <a href=\"https://profiles.wordpress.org/jeryj/\">jeryj</a>, <a href=\"https://profiles.wordpress.org/jesin/\">Jesin A</a>, <a href=\"https://profiles.wordpress.org/jigneshnakrani/\">Jignesh Nakrani</a>, <a href=\"https://profiles.wordpress.org/jim_panse/\">Jim_Panse</a>, <a href=\"https://profiles.wordpress.org/jipmoors/\">Jip Moors</a>, <a href=\"https://profiles.wordpress.org/jivanpal/\">jivanpal</a>, <a href=\"https://profiles.wordpress.org/joedolson/\">Joe Dolson</a>, <a href=\"https://profiles.wordpress.org/joehoyle/\">Joe Hoyle</a>, <a href=\"https://profiles.wordpress.org/joemcgill/\">Joe McGill</a>, <a href=\"https://profiles.wordpress.org/joen/\">Joen Asmussen</a>, <a href=\"https://profiles.wordpress.org/johannadevos/\">Johanna de Vos</a>, <a href=\"https://profiles.wordpress.org/johnbillion/\">John Blackbourn</a>, <a href=\"https://profiles.wordpress.org/jdorner/\">John Dorner</a>, <a href=\"https://profiles.wordpress.org/johnjamesjacoby/\">John James Jacoby</a>, <a href=\"https://profiles.wordpress.org/johnpgreen/\">John P. Green</a>, <a href=\"https://profiles.wordpress.org/rastaban/\">John Richards II</a>, <a href=\"https://profiles.wordpress.org/johnwatkins0/\">John Watkins</a>, <a href=\"https://profiles.wordpress.org/johnnyb/\">johnnyb</a>, <a href=\"https://profiles.wordpress.org/jb510/\">Jon Brown</a>, <a href=\"https://profiles.wordpress.org/itsjonq/\">Jon Quach</a>, <a href=\"https://profiles.wordpress.org/jonsurrell/\">Jon Surrell</a>, <a href=\"https://profiles.wordpress.org/psykro/\">Jonathan Bossenger</a>, <a href=\"https://profiles.wordpress.org/jrchamp/\">Jonathan Champ</a>, <a href=\"https://profiles.wordpress.org/jchristopher/\">Jonathan Christopher</a>, <a href=\"https://profiles.wordpress.org/desrosj/\">Jonathan Desrosiers</a>, <a href=\"https://profiles.wordpress.org/jonathanstegall/\">Jonathan Stegall</a>, <a href=\"https://profiles.wordpress.org/jonkolbert/\">jonkolbert</a>, <a href=\"https://profiles.wordpress.org/spacedmonkey/\">Jonny Harris</a>, <a href=\"https://profiles.wordpress.org/jonnybot/\">jonnybot</a>, <a href=\"https://profiles.wordpress.org/jonoaldersonwp/\">Jono Alderson</a>, <a href=\"https://profiles.wordpress.org/joostdevalk/\">Joost de Valk</a>, <a href=\"https://profiles.wordpress.org/koke/\">Jorge Bernal</a>, <a href=\"https://profiles.wordpress.org/jorgefilipecosta/\">Jorge Costa</a>, <a href=\"https://profiles.wordpress.org/josephdickson/\">Joseph Dickson</a>, <a href=\"https://profiles.wordpress.org/chanthaboune/\">Josepha Haden</a>, <a href=\"https://profiles.wordpress.org/procifer/\">Josh Smith</a>, <a href=\"https://profiles.wordpress.org/joshuawold/\">JoshuaWold</a>, <a href=\"https://profiles.wordpress.org/joyously/\">Joy</a>, <a href=\"https://profiles.wordpress.org/juanfra/\">Juanfra Aldasoro</a>, <a href=\"https://profiles.wordpress.org/juanlopez4691/\">juanlopez4691</a>, <a href=\"https://profiles.wordpress.org/jules-colle/\">Jules Colle</a>, <a href=\"https://profiles.wordpress.org/julianm/\">julianm</a>, <a href=\"https://profiles.wordpress.org/jrf/\">Juliette Reinders Folmer</a>, <a href=\"https://profiles.wordpress.org/juliobox/\">Julio Potier</a>, <a href=\"https://profiles.wordpress.org/jgrodel/\">Julka Grodel</a>, <a href=\"https://profiles.wordpress.org/justinahinon/\">Justin Ahinon</a>, <a href=\"https://profiles.wordpress.org/devesine/\">Justin de Vesine</a>, <a href=\"https://profiles.wordpress.org/greenshady/\">Justin Tadlock</a>, <a href=\"https://profiles.wordpress.org/justlevine/\">justlevine</a>, <a href=\"https://profiles.wordpress.org/justnorris/\">justnorris</a>, <a href=\"https://profiles.wordpress.org/kadamwhite/\">K. Adam White</a>, <a href=\"https://profiles.wordpress.org/kaggdesign/\">kaggdesign</a>, <a href=\"https://profiles.wordpress.org/trepmal/\">Kailey (trepmal)</a>, <a href=\"https://profiles.wordpress.org/kaira/\">Kaira</a>, <a href=\"https://profiles.wordpress.org/kaitlin414/\">Kaitlin Bolling</a>, <a href=\"https://profiles.wordpress.org/akabarikalpesh/\">Kalpesh Akabari</a>, <a href=\"https://profiles.wordpress.org/kamataryo/\">KamataRyo</a>, <a href=\"https://profiles.wordpress.org/leprincenoir/\">Kantari Samy</a>, <a href=\"https://profiles.wordpress.org/kasparsd/\">Kaspars</a>, <a href=\"https://profiles.wordpress.org/properlypurple/\">Kavya Gokul</a>, <a href=\"https://profiles.wordpress.org/keesiemeijer/\">keesiemeijer</a>, <a href=\"https://profiles.wordpress.org/ryelle/\">Kelly Dwan</a>, <a href=\"https://profiles.wordpress.org/kellybleck/\">kellybleck</a>, <a href=\"https://profiles.wordpress.org/kennethroberson5556/\">kennethroberson5556</a>, <a href=\"https://profiles.wordpress.org/khag7/\">Kevin Hagerty</a>, <a href=\"https://profiles.wordpress.org/kharisblank/\">Kharis Sulistiyono</a>, <a href=\"https://profiles.wordpress.org/itzmekhokan/\">Khokan Sardar</a>, <a href=\"https://profiles.wordpress.org/kinjaldalwadi/\">kinjaldalwadi</a>, <a href=\"https://profiles.wordpress.org/kirilzh/\">Kiril Zhelyazkov</a>, <a href=\"https://profiles.wordpress.org/kburgoine/\">Kirsty Burgoine</a>, <a href=\"https://profiles.wordpress.org/kishanjasani/\">Kishan Jasani</a>, <a href=\"https://profiles.wordpress.org/kitchin/\">kitchin</a>, <a href=\"https://profiles.wordpress.org/ixkaito/\">Kite</a>, <a href=\"https://profiles.wordpress.org/kittmedia/\">KittMedia</a>, <a href=\"https://profiles.wordpress.org/kjellr/\">Kjell Reigstad</a>, <a href=\"https://profiles.wordpress.org/knutsp/\">Knut Sparhell</a>, <a href=\"https://profiles.wordpress.org/obenland/\">Konstantin Obenland</a>, <a href=\"https://profiles.wordpress.org/xkon/\">Konstantinos Xenos</a>, <a href=\"https://profiles.wordpress.org/ksoares/\">ksoares</a>, <a href=\"https://profiles.wordpress.org/kthmd/\">KT Cheung</a>, <a href=\"https://profiles.wordpress.org/sainthkh/\">Kukhyeon Heo</a>, <a href=\"https://profiles.wordpress.org/kbjohnson90/\">Kyle B. Johnson</a>, <a href=\"https://profiles.wordpress.org/lalitpendhare/\">lalitpendhare</a>, <a href=\"https://profiles.wordpress.org/landau/\">landau</a>, <a href=\"https://profiles.wordpress.org/laternastudio/\">Laterna Studio</a>, <a href=\"https://profiles.wordpress.org/laurelfulford/\">laurelfulford</a>, <a href=\"https://profiles.wordpress.org/offereins/\">Laurens Offereins</a>, <a href=\"https://profiles.wordpress.org/laxman-prajapati/\">Laxman Prajapati</a>, <a href=\"https://profiles.wordpress.org/gamerz/\">Lester Chan</a>, <a href=\"https://profiles.wordpress.org/levdbas/\">Levdbas</a>, <a href=\"https://profiles.wordpress.org/layotte/\">Lew Ayotte</a>, <a href=\"https://profiles.wordpress.org/lex_robinson/\">Lex Robinson</a>, <a href=\"https://profiles.wordpress.org/linyows/\">linyows</a>, <a href=\"https://profiles.wordpress.org/lipathor/\">lipathor</a>, <a href=\"https://profiles.wordpress.org/lschuyler/\">Lisa Schuyler</a>, <a href=\"https://profiles.wordpress.org/liuhaibin/\">liuhaibin</a>, <a href=\"https://profiles.wordpress.org/ljharb/\">ljharb</a>, <a href=\"https://profiles.wordpress.org/logig/\">logig</a>, <a href=\"https://profiles.wordpress.org/lucasbustamante/\">lucasbustamante</a>, <a href=\"https://profiles.wordpress.org/lwill/\">luiswill</a>, <a href=\"https://profiles.wordpress.org/lukecavanagh/\">Luke Cavanagh</a>, <a href=\"https://profiles.wordpress.org/happiryu/\">Luke Walczak</a>, <a href=\"https://profiles.wordpress.org/lukestramasonder/\">lukestramasonder</a>, <a href=\"https://profiles.wordpress.org/asif2bd/\">M Asif Rahman</a>, <a href=\"https://profiles.wordpress.org/msafi/\">M.K. Safi</a>, <a href=\"https://profiles.wordpress.org/cloudstek/\">Maarten de Boer</a>, <a href=\"https://profiles.wordpress.org/aladin02dz/\">Mahfoudh Arous</a>, <a href=\"https://profiles.wordpress.org/mailnew2ster/\">mailnew2ster</a>, <a href=\"https://profiles.wordpress.org/manojlovic/\">manojlovic</a>, <a href=\"https://profiles.wordpress.org/targz-1/\">Manuel Schmalstieg</a>, <a href=\"https://profiles.wordpress.org/neodjandre/\">maraki</a>, <a href=\"https://profiles.wordpress.org/iworks/\">Marcin Pietrzak</a>, <a href=\"https://profiles.wordpress.org/marcio-zebedeu/\">Marcio Zebedeu</a>, <a href=\"https://profiles.wordpress.org/pereirinha/\">Marco Pereirinha</a>, <a href=\"https://profiles.wordpress.org/marcoz/\">MarcoZ</a>, <a href=\"https://profiles.wordpress.org/netweblogic/\">Marcus</a>, <a href=\"https://profiles.wordpress.org/mkaz/\">Marcus Kazmierczak</a>, <a href=\"https://profiles.wordpress.org/marekdedic/\">Marek Dědič</a>, <a href=\"https://profiles.wordpress.org/marekhrabe/\">Marek Hrabe</a>, <a href=\"https://profiles.wordpress.org/mariovalney/\">Mario Valney</a>, <a href=\"https://profiles.wordpress.org/clorith/\">Marius Jensen</a>, <a href=\"https://profiles.wordpress.org/machouinard/\">Mark Chouinard</a>, <a href=\"https://profiles.wordpress.org/markjaquith/\">Mark Jaquith</a>, <a href=\"https://profiles.wordpress.org/markparnell/\">Mark Parnell</a>, <a href=\"https://profiles.wordpress.org/mapk/\">Mark Uraine</a>, <a href=\"https://profiles.wordpress.org/markdubois/\">markdubois</a>, <a href=\"https://profiles.wordpress.org/markgoho/\">markgoho</a>, <a href=\"https://profiles.wordpress.org/vindl/\">Marko Andrijasevic</a>, <a href=\"https://profiles.wordpress.org/markoheijnen/\">Marko Heijnen</a>, <a href=\"https://profiles.wordpress.org/markrh/\">MarkRH</a>, <a href=\"https://profiles.wordpress.org/markshep/\">markshep</a>, <a href=\"https://profiles.wordpress.org/markusthiel/\">markusthiel</a>, <a href=\"https://profiles.wordpress.org/martijn-van-der-kooij/\">Martijn van der Kooij</a>, <a href=\"https://profiles.wordpress.org/martychc23/\">martychc23</a>, <a href=\"https://profiles.wordpress.org/marybaum/\">Mary Baum</a>, <a href=\"https://profiles.wordpress.org/matheusfd/\">Matheus Martins</a>, <a href=\"https://profiles.wordpress.org/imath/\">Mathieu Viet</a>, <a href=\"https://profiles.wordpress.org/matveb/\">Matias Ventura</a>, <a href=\"https://profiles.wordpress.org/matjack1/\">matjack1</a>, <a href=\"https://profiles.wordpress.org/webdevmattcrom/\">Matt Cromwell</a>, <a href=\"https://profiles.wordpress.org/gothickgothickorguk/\">Matt Gibson</a>, <a href=\"https://profiles.wordpress.org/matt/\">Matt Mullenweg</a>, <a href=\"https://profiles.wordpress.org/mattrad/\">Matt Radford</a>, <a href=\"https://profiles.wordpress.org/veraxus/\">Matt van Andel</a>, <a href=\"https://profiles.wordpress.org/mattchowning/\">mattchowning</a>, <a href=\"https://profiles.wordpress.org/mboynes/\">Matthew Boynes</a>, <a href=\"https://profiles.wordpress.org/mattheweppelsheimer/\">Matthew Eppelsheimer</a>, <a href=\"https://profiles.wordpress.org/beatpanda/\">Matthew Gerring</a>, <a href=\"https://profiles.wordpress.org/pfefferle/\">Matthias Pfefferle</a>, <a href=\"https://profiles.wordpress.org/matthieumota/\">Matthieu Mota</a>, <a href=\"https://profiles.wordpress.org/mattyrob/\">mattyrob</a>, <a href=\"https://profiles.wordpress.org/maximeculea/\">Maxime Culea</a>, <a href=\"https://profiles.wordpress.org/maxpertici/\">Maxime Pertici</a>, <a href=\"https://profiles.wordpress.org/maxme/\">maxme</a>, <a href=\"https://profiles.wordpress.org/mayankmajeji/\">Mayank Majeji</a>, <a href=\"https://profiles.wordpress.org/mcshane/\">mcshane</a>, <a href=\"https://profiles.wordpress.org/melchoyce/\">Mel Choyce-Dwan</a>, <a href=\"https://profiles.wordpress.org/menakas/\">Menaka S.</a>, <a href=\"https://profiles.wordpress.org/mensmaximus/\">mensmaximus</a>, <a href=\"https://profiles.wordpress.org/lilmike/\">Michael</a>, <a href=\"https://profiles.wordpress.org/michaelarestad/\">Michael Arestad</a>, <a href=\"https://profiles.wordpress.org/michael-arestad/\">Michael Arestad</a>, <a href=\"https://profiles.wordpress.org/tw2113/\">Michael Beckwith</a>, <a href=\"https://profiles.wordpress.org/mfields/\">Michael Fields</a>, <a href=\"https://profiles.wordpress.org/mnelson4/\">Michael Nelson</a>, <a href=\"https://profiles.wordpress.org/m_butcher/\">Michele Butcher-Jones</a>, <a href=\"https://profiles.wordpress.org/marktimemedia/\">Michelle</a>, <a href=\"https://profiles.wordpress.org/mcsf/\">Miguel Fonseca</a>, <a href=\"https://profiles.wordpress.org/mihdan/\">mihdan</a>, <a href=\"https://profiles.wordpress.org/miinasikk/\">Miina Sikk</a>, <a href=\"https://profiles.wordpress.org/simison/\">Mikael Korpela</a>, <a href=\"https://profiles.wordpress.org/mikaumoto/\">mikaumoto</a>, <a href=\"https://profiles.wordpress.org/mihai2u/\">Mike Crantea</a>, <a href=\"https://profiles.wordpress.org/mdgl/\">Mike Glendinning</a>, <a href=\"https://profiles.wordpress.org/mike-haydon-swo/\">Mike Haydon</a>, <a href=\"https://profiles.wordpress.org/mikeschinkel/\">Mike Schinkel</a>, <a href=\"https://profiles.wordpress.org/mikeschroder/\">Mike Schroder</a>, <a href=\"https://profiles.wordpress.org/mikeyarce/\">Mikey Arce</a>, <a href=\"https://profiles.wordpress.org/dimadin/\">Milan Dinić</a>, <a href=\"https://profiles.wordpress.org/milana_cap/\">Milana Cap</a>, <a href=\"https://profiles.wordpress.org/milindmore22/\">Milind More</a>, <a href=\"https://profiles.wordpress.org/mimitips/\">mimi</a>, <a href=\"https://profiles.wordpress.org/mislavjuric/\">mislavjuric</a>, <a href=\"https://profiles.wordpress.org/batmoo/\">Mohammad Jangda</a>, <a href=\"https://profiles.wordpress.org/opurockey/\">Mohammad Rockeybul Alam</a>, <a href=\"https://profiles.wordpress.org/mohsinrasool/\">Mohsin Rasool</a>, <a href=\"https://profiles.wordpress.org/monikarao/\">Monika Rao</a>, <a href=\"https://profiles.wordpress.org/gwendydd/\">Morgan Kay</a>, <a href=\"https://profiles.wordpress.org/mor10/\">Morten Rand-Hendriksen</a>, <a href=\"https://profiles.wordpress.org/man4toman/\">Morteza Geransayeh</a>, <a href=\"https://profiles.wordpress.org/mt8biz/\">moto hachi ( mt8.biz )</a>, <a href=\"https://profiles.wordpress.org/mrgrt/\">mrgrt</a>, <a href=\"https://profiles.wordpress.org/mrmist/\">mrmist</a>, <a href=\"https://profiles.wordpress.org/mrtall/\">mrTall</a>, <a href=\"https://profiles.wordpress.org/msaggiorato/\">msaggiorato</a>, <a href=\"https://profiles.wordpress.org/musamamasood/\">Muhammad Usama Masood</a>, <a href=\"https://profiles.wordpress.org/mukesh27/\">Mukesh Panchal</a>, <a href=\"https://profiles.wordpress.org/munyagu/\">munyagu</a>, <a href=\"https://profiles.wordpress.org/nabilmoqbel/\">Nabil Moqbel</a>, <a href=\"https://profiles.wordpress.org/assassinateur/\">Nadir Seghir</a>, <a href=\"https://profiles.wordpress.org/nfmohit/\">Nahid Ferdous Mohit</a>, <a href=\"https://profiles.wordpress.org/nalininonstopnewsuk/\">Nalini Thakor</a>, <a href=\"https://profiles.wordpress.org/nao/\">Naoko Takano</a>, <a href=\"https://profiles.wordpress.org/narwen/\">narwen</a>, <a href=\"https://profiles.wordpress.org/nateinaction/\">Nate Gay</a>, <a href=\"https://profiles.wordpress.org/nathanrice/\">Nathan Rice</a>, <a href=\"https://profiles.wordpress.org/navidos/\">Navid</a>, <a href=\"https://profiles.wordpress.org/neonkowy/\">neonkowy</a>, <a href=\"https://profiles.wordpress.org/krstarica/\">net</a>, <a href=\"https://profiles.wordpress.org/netpassprodsr/\">netpassprodsr</a>, <a href=\"https://profiles.wordpress.org/nextendweb/\">Nextendweb</a>, <a href=\"https://profiles.wordpress.org/calvin_ngan/\">Ngan Tengyuen</a>, <a href=\"https://profiles.wordpress.org/nickdaugherty/\">Nick Daugherty</a>, <a href=\"https://profiles.wordpress.org/nickylimjj/\">Nicky Lim</a>, <a href=\"https://profiles.wordpress.org/vadimnicolai/\">nicolad</a>, <a href=\"https://profiles.wordpress.org/rahe/\">Nicolas Juen</a>, <a href=\"https://profiles.wordpress.org/nicolaskulka/\">NicolasKulka</a>, <a href=\"https://profiles.wordpress.org/jainnidhi/\">Nidhi Jain</a>, <a href=\"https://profiles.wordpress.org/nielsdeblaauw/\">Niels de Blaauw</a>, <a href=\"https://profiles.wordpress.org/nielslange/\">Niels Lange</a>, <a href=\"https://profiles.wordpress.org/nigrosimone/\">nigro.simone</a>, <a href=\"https://profiles.wordpress.org/ntsekouras/\">Nik Tsekouras</a>, <a href=\"https://profiles.wordpress.org/nikhilbhansi/\">Nikhil Bhansi</a>, <a href=\"https://profiles.wordpress.org/nbachiyski/\">Nikolay Bachiyski</a>, <a href=\"https://profiles.wordpress.org/nilovelez/\">Nilo Velez</a>, <a href=\"https://profiles.wordpress.org/niresh12495/\">Niresh</a>, <a href=\"https://profiles.wordpress.org/nmenescardi/\">nmenescardi</a>, <a href=\"https://profiles.wordpress.org/noahtallen/\">Noah Allen</a>, <a href=\"https://profiles.wordpress.org/numidwasnotavailable/\">NumidWasNotAvailable</a>, <a href=\"https://profiles.wordpress.org/oakesjosh/\">oakesjosh</a>, <a href=\"https://profiles.wordpress.org/obliviousharmony/\">obliviousharmony</a>, <a href=\"https://profiles.wordpress.org/ockham/\">ockham</a>, <a href=\"https://profiles.wordpress.org/oglekler/\">Olga Gleckler</a>, <a href=\"https://profiles.wordpress.org/alshakero/\">Omar Alshaker</a>, <a href=\"https://profiles.wordpress.org/omarreiss/\">Omar Reiss</a>, <a href=\"https://profiles.wordpress.org/onokazu/\">onokazu</a>, <a href=\"https://profiles.wordpress.org/optimizingmatters/\">Optimizing Matters</a>, <a href=\"https://profiles.wordpress.org/ov3rfly/\">Ov3rfly</a>, <a href=\"https://profiles.wordpress.org/ovann86/\">ovann86</a>, <a href=\"https://profiles.wordpress.org/overclokk/\">overclokk</a>, <a href=\"https://profiles.wordpress.org/p_enrique/\">p_enrique</a>, <a href=\"https://profiles.wordpress.org/paaljoachim/\">Paal Joachim Romdahl</a>, <a href=\"https://profiles.wordpress.org/pablohoneyhoney/\">Pablo Honey</a>, <a href=\"https://profiles.wordpress.org/paddy/\">Paddy</a>, <a href=\"https://profiles.wordpress.org/palmiak/\">palmiak</a>, <a href=\"https://profiles.wordpress.org/paresh07/\">Paresh Shinde</a>, <a href=\"https://profiles.wordpress.org/parvand/\">Parvand</a>, <a href=\"https://profiles.wordpress.org/swissspidy/\">Pascal Birchler</a>, <a href=\"https://profiles.wordpress.org/casiepa/\">Pascal Casier</a>, <a href=\"https://profiles.wordpress.org/pbearne/\">Paul Bearne</a>, <a href=\"https://profiles.wordpress.org/pbiron/\">Paul Biron</a>, <a href=\"https://profiles.wordpress.org/pdfernhout/\">Paul Fernhout</a>, <a href=\"https://profiles.wordpress.org/djpaul/\">Paul Gibbs</a>, <a href=\"https://profiles.wordpress.org/figureone/\">Paul Ryan</a>, <a href=\"https://profiles.wordpress.org/paulschreiber/\">Paul Schreiber</a>, <a href=\"https://profiles.wordpress.org/paulstonier/\">Paul Stonier</a>, <a href=\"https://profiles.wordpress.org/pschrottky/\">Paul Von Schrottky</a>, <a href=\"https://profiles.wordpress.org/pavelevap/\">pavelevap</a>, <a href=\"https://profiles.wordpress.org/pedromendonca/\">Pedro Mendonça</a>, <a href=\"https://profiles.wordpress.org/pentatonicfunk/\">pentatonicfunk</a>, <a href=\"https://profiles.wordpress.org/pputzer/\">pepe</a>, <a href=\"https://profiles.wordpress.org/pessoft/\">Peter « Pessoft » Kolínek</a>, <a href=\"https://profiles.wordpress.org/westi/\">Peter Westwood</a>, <a href=\"https://profiles.wordpress.org/peterwilsoncc/\">Peter Wilson</a>, <a href=\"https://profiles.wordpress.org/pderksen/\">Phil Derksen</a>, <a href=\"https://profiles.wordpress.org/johnstonphilip/\">Phil Johnston</a>, <a href=\"https://profiles.wordpress.org/philipmjackson/\">Philip Jackson</a>, <a href=\"https://profiles.wordpress.org/pierlo/\">Pierre Gordon</a>, <a href=\"https://profiles.wordpress.org/pigdog234/\">pigdog234</a>, <a href=\"https://profiles.wordpress.org/pikamander2/\">pikamander2</a>, <a href=\"https://profiles.wordpress.org/wppinar/\">Pinar</a>, <a href=\"https://profiles.wordpress.org/pingram3541/\">pingram</a>, <a href=\"https://profiles.wordpress.org/pionect/\">Pionect</a>, <a href=\"https://profiles.wordpress.org/piyushmca/\">Piyush Patel</a>, <a href=\"https://profiles.wordpress.org/pkarjala/\">pkarjala</a>, <a href=\"https://profiles.wordpress.org/pkvillanueva/\">pkvillanueva</a>, <a href=\"https://profiles.wordpress.org/pmbaldha/\">Prashant Baldha</a>, <a href=\"https://profiles.wordpress.org/pratik028/\">pratik028</a>, <a href=\"https://profiles.wordpress.org/pravinparmar2404/\">Pravin Parmar</a>, <a href=\"https://profiles.wordpress.org/presskopp/\">Presskopp</a>, <a href=\"https://profiles.wordpress.org/presslabs/\">Presslabs</a>, <a href=\"https://profiles.wordpress.org/priyankkpatel/\">Priyank Patel</a>, <a href=\"https://profiles.wordpress.org/priyomukul/\">Priyo Mukul</a>, <a href=\"https://profiles.wordpress.org/prografika/\">ProGrafika</a>, <a href=\"https://profiles.wordpress.org/programmin/\">programmin</a>, <a href=\"https://profiles.wordpress.org/puneetsahalot/\">Puneet Sahalot</a>, <a href=\"https://profiles.wordpress.org/punitsoftac/\">punitsoftac</a>, <a href=\"https://profiles.wordpress.org/pvogel2/\">pvogel2</a>, <a href=\"https://profiles.wordpress.org/r-a-y/\">r-a-y</a>, <a href=\"https://profiles.wordpress.org/raajtram/\">Raaj Trambadia</a>, <a href=\"https://profiles.wordpress.org/larrach/\">Rachel Peter</a>, <a href=\"https://profiles.wordpress.org/raineorshine/\">raine</a>, <a href=\"https://profiles.wordpress.org/rajeshsingh520/\">rajeshsingh520</a>, <a href=\"https://profiles.wordpress.org/superpoincare/\">Ramanan</a>, <a href=\"https://profiles.wordpress.org/ramiy/\">Rami Yushuvaev</a>, <a href=\"https://profiles.wordpress.org/ravanh/\">RavanH</a>, <a href=\"https://profiles.wordpress.org/ravatparmar/\">Ravat Parmar</a>, <a href=\"https://profiles.wordpress.org/ravenswd/\">ravenswd</a>, <a href=\"https://profiles.wordpress.org/rawrly/\">rawrly</a>, <a href=\"https://profiles.wordpress.org/rebasaurus/\">rebasaurus</a>, <a href=\"https://profiles.wordpress.org/redsand/\">Red Sand Media Group</a>, <a href=\"https://profiles.wordpress.org/regankhadgi/\">Regan Khadgi</a>, <a href=\"https://profiles.wordpress.org/tabrisrp/\">Remy Perona</a>, <a href=\"https://profiles.wordpress.org/remzicavdar/\">Remzi Cavdar</a>, <a href=\"https://profiles.wordpress.org/renathoc/\">Renatho</a>, <a href=\"https://profiles.wordpress.org/renggo888/\">renggo888</a>, <a href=\"https://profiles.wordpress.org/retlehs/\">retlehs</a>, <a href=\"https://profiles.wordpress.org/retrofox/\">retrofox</a>, <a href=\"https://profiles.wordpress.org/riaanlom/\">riaanlom</a>, <a href=\"https://profiles.wordpress.org/youknowriad/\">Riad Benguella</a>, <a href=\"https://profiles.wordpress.org/rianrietveld/\">Rian Rietveld</a>, <a href=\"https://profiles.wordpress.org/riasat/\">riasat</a>, <a href=\"https://profiles.wordpress.org/richtabor/\">Rich Tabor</a>, <a href=\"https://profiles.wordpress.org/ringisha/\">Ringisha</a>, <a href=\"https://profiles.wordpress.org/ritterml/\">ritterml</a>, <a href=\"https://profiles.wordpress.org/rnaby/\">Rnaby</a>, <a href=\"https://profiles.wordpress.org/rcutmore/\">Rob Cutmore</a>, <a href=\"https://profiles.wordpress.org/dhrrob/\">Rob Migchels</a>, <a href=\"https://profiles.wordpress.org/rob006/\">rob006</a>, <a href=\"https://profiles.wordpress.org/noisysocks/\">Robert Anderson</a>, <a href=\"https://profiles.wordpress.org/miqrogroove/\">Robert Chapin</a>, <a href=\"https://profiles.wordpress.org/robertpeake/\">Robert Peake</a>, <a href=\"https://profiles.wordpress.org/nullbyte/\">Robert Windisch</a>, <a href=\"https://profiles.wordpress.org/kreppar/\">Rodrigo Arias</a>, <a href=\"https://profiles.wordpress.org/ronalfy/\">Ronald Huereca</a>, <a href=\"https://profiles.wordpress.org/costasovo/\">Rostislav Wolný</a>, <a href=\"https://profiles.wordpress.org/roytanck/\">Roy Tanck</a>, <a href=\"https://profiles.wordpress.org/rtagliento/\">rtagliento</a>, <a href=\"https://profiles.wordpress.org/ruxandra/\">Ruxandra</a>, <a href=\"https://profiles.wordpress.org/ryan/\">Ryan Boren</a>, <a href=\"https://profiles.wordpress.org/bookdude13/\">Ryan Fredlund</a>, <a href=\"https://profiles.wordpress.org/ryankienstra/\">Ryan Kienstra</a>, <a href=\"https://profiles.wordpress.org/rmccue/\">Ryan McCue</a>, <a href=\"https://profiles.wordpress.org/welcher/\">Ryan Welcher</a>, <a href=\"https://profiles.wordpress.org/ryotasakamoto/\">Ryota Sakamoto</a>, <a href=\"https://profiles.wordpress.org/ryotsun/\">ryotsun</a>, <a href=\"https://profiles.wordpress.org/soean/\">Sören Wrede</a>, <a href=\"https://profiles.wordpress.org/sorenbronsted/\">Søren Brønsted</a>, <a href=\"https://profiles.wordpress.org/sachittandukar/\">Sachit Tandukar</a>, <a href=\"https://profiles.wordpress.org/sagarjadhav/\">Sagar Jadhav</a>, <a href=\"https://profiles.wordpress.org/sajjad67/\">Sajjad Hossain Sagor</a>, <a href=\"https://profiles.wordpress.org/salcode/\">Sal Ferrarello</a>, <a href=\"https://profiles.wordpress.org/salvatoreformisano/\">Salvatore Formisano</a>, <a href=\"https://profiles.wordpress.org/salvoaranzulla/\">salvoaranzulla</a>, <a href=\"https://profiles.wordpress.org/samful/\">Sam Fullalove</a>, <a href=\"https://profiles.wordpress.org/sswebster/\">Sam Webster</a>, <a href=\"https://profiles.wordpress.org/solarissmoke/\">Samir Shah</a>, <a href=\"https://profiles.wordpress.org/otto42/\">Samuel Wood (Otto)</a>, <a href=\"https://profiles.wordpress.org/samueljseay/\">samueljseay</a>, <a href=\"https://profiles.wordpress.org/pacifika/\">Sander van Dragt</a>, <a href=\"https://profiles.wordpress.org/sanzeeb3/\">Sanjeev Aryal</a>, <a href=\"https://profiles.wordpress.org/progremzion/\">Sanket Mehta</a>, <a href=\"https://profiles.wordpress.org/sarahricker/\">sarahricker</a>, <a href=\"https://profiles.wordpress.org/sathyapulse/\">Sathiyamoorthy V</a>, <a href=\"https://profiles.wordpress.org/sayedwp/\">Sayed Taqui</a>, <a href=\"https://profiles.wordpress.org/scarolan/\">scarolan</a>, <a href=\"https://profiles.wordpress.org/scholdstrom/\">scholdstrom</a>, <a href=\"https://profiles.wordpress.org/sc0ttkclark/\">Scott Kingsley Clark</a>, <a href=\"https://profiles.wordpress.org/coffee2code/\">Scott Reilly</a>, <a href=\"https://profiles.wordpress.org/scottsmith/\">Scott Smith</a>, <a href=\"https://profiles.wordpress.org/wonderboymusic/\">Scott Taylor</a>, <a href=\"https://profiles.wordpress.org/scribu/\">scribu</a>, <a href=\"https://profiles.wordpress.org/scruffian/\">scruffian</a>, <a href=\"https://profiles.wordpress.org/seanchayes/\">Sean Hayes</a>, <a href=\"https://profiles.wordpress.org/seanpaulrasmussen/\">seanpaulrasmussen</a>, <a href=\"https://profiles.wordpress.org/seayou/\">seayou</a>, <a href=\"https://profiles.wordpress.org/senatorman/\">senatorman</a>, <a href=\"https://profiles.wordpress.org/sergeybiryukov/\">Sergey Biryukov</a>, <a href=\"https://profiles.wordpress.org/vjik/\">Sergey Predvoditelev</a>, <a href=\"https://profiles.wordpress.org/yakimun/\">Sergey Yakimov</a>, <a href=\"https://profiles.wordpress.org/sgr33n/\">Sergio de Falco</a>, <a href=\"https://profiles.wordpress.org/sergiomdgomes/\">sergiomdgomes</a>, <a href=\"https://profiles.wordpress.org/functionalrhyme/\">Shannon Smith</a>, <a href=\"https://profiles.wordpress.org/wpshades/\">Shantanu Desai</a>, <a href=\"https://profiles.wordpress.org/shaunandrews/\">shaunandrews</a>, <a href=\"https://profiles.wordpress.org/shooper/\">Shawn Hooper</a>, <a href=\"https://profiles.wordpress.org/shawnz/\">shawnz</a>, <a href=\"https://profiles.wordpress.org/shital-patel/\">Shital Marakana</a>, <a href=\"https://profiles.wordpress.org/shulard/\">shulard</a>, <a href=\"https://profiles.wordpress.org/siliconforks/\">siliconforks</a>, <a href=\"https://profiles.wordpress.org/simonwheatley/\">Simon Wheatley</a>, <a href=\"https://profiles.wordpress.org/simonjanin/\">simonjanin</a>, <a href=\"https://profiles.wordpress.org/sinatrateam/\">sinatrateam</a>, <a href=\"https://profiles.wordpress.org/sjmur/\">sjmur</a>, <a href=\"https://profiles.wordpress.org/skarabeq/\">skarabeq</a>, <a href=\"https://profiles.wordpress.org/skorasaurus/\">skorasaurus</a>, <a href=\"https://profiles.wordpress.org/skoskie/\">skoskie</a>, <a href=\"https://profiles.wordpress.org/slushman/\">slushman</a>, <a href=\"https://profiles.wordpress.org/snapfractalpop/\">snapfractalpop</a>, <a href=\"https://profiles.wordpress.org/seth17/\">SpearsMarketing</a>, <a href=\"https://profiles.wordpress.org/sphakka/\">sphakka</a>, <a href=\"https://profiles.wordpress.org/squarecandy/\">squarecandy</a>, <a href=\"https://profiles.wordpress.org/sreedoap/\">sreedoap</a>, <a href=\"https://profiles.wordpress.org/sstoqnov/\">Stanimir Stoyanov</a>, <a href=\"https://profiles.wordpress.org/garubi/\">Stefano Garuti</a>, <a href=\"https://profiles.wordpress.org/ryokuhi/\">Stefano Minoia</a>, <a href=\"https://profiles.wordpress.org/hypest/\">Stefanos Togoulidis</a>, <a href=\"https://profiles.wordpress.org/sswells/\">Steph Wells</a>, <a href=\"https://profiles.wordpress.org/sabernhardt/\">Stephen Bernhardt</a>, <a href=\"https://profiles.wordpress.org/stephencronin/\">Stephen Cronin</a>, <a href=\"https://profiles.wordpress.org/netweb/\">Stephen Edgar</a>, <a href=\"https://profiles.wordpress.org/dufresnesteven/\">Steve Dufresne</a>, <a href=\"https://profiles.wordpress.org/stevegibson12/\">stevegibson12</a>, <a href=\"https://profiles.wordpress.org/sterndata/\">Steven Stern (sterndata)</a>, <a href=\"https://profiles.wordpress.org/stevenkword/\">Steven Word</a>, <a href=\"https://profiles.wordpress.org/stevenkussmaul/\">stevenkussmaul</a>, <a href=\"https://profiles.wordpress.org/stevenlinx/\">stevenlinx</a>, <a href=\"https://profiles.wordpress.org/stiofansisland/\">Stiofan</a>, <a href=\"https://profiles.wordpress.org/subrataemfluence/\">Subrata Sarkar</a>, <a href=\"https://profiles.wordpress.org/sum1/\">SUM1</a>, <a href=\"https://profiles.wordpress.org/quadthemes/\">Sunny</a>, <a href=\"https://profiles.wordpress.org/sunnyratilal/\">Sunny Ratilal</a>, <a href=\"https://profiles.wordpress.org/sushyant/\">Sushyant Zavarzadeh</a>, <a href=\"https://profiles.wordpress.org/suzylah/\">suzylah</a>, <a href=\"https://profiles.wordpress.org/cybr/\">Sybre Waaijer</a>, <a href=\"https://profiles.wordpress.org/smub/\">Syed Balkhi</a>, <a href=\"https://profiles.wordpress.org/synchro/\">Synchro</a>, <a href=\"https://profiles.wordpress.org/szaqal21/\">szaqal21</a>, <a href=\"https://profiles.wordpress.org/sergioestevao/\">Sérgio Estêvão</a>, <a href=\"https://profiles.wordpress.org/miyauchi/\">Takayuki Miyauchi</a>, <a href=\"https://profiles.wordpress.org/karmatosed/\">Tammie Lister</a>, <a href=\"https://profiles.wordpress.org/tangrufus/\">Tang Rufus</a>, <a href=\"https://profiles.wordpress.org/utz119/\">TeBenachi</a>, <a href=\"https://profiles.wordpress.org/tessawatkinsllc/\">Tessa Watkins LLC</a>, <a href=\"https://profiles.wordpress.org/wildworks/\">Tetsuaki Hamano</a>, <a href=\"https://profiles.wordpress.org/themiked/\">theMikeD</a>, <a href=\"https://profiles.wordpress.org/theolg/\">theolg</a>, <a href=\"https://profiles.wordpress.org/tweetythierry/\">Thierry Muller</a>, <a href=\"https://profiles.wordpress.org/thimalw/\">Thimal Wickremage</a>, <a href=\"https://profiles.wordpress.org/webzunft/\">Thomas M</a>, <a href=\"https://profiles.wordpress.org/tfrommen/\">Thorsten Frommen</a>, <a href=\"https://profiles.wordpress.org/thrijith/\">Thrijith Thankachan</a>, <a href=\"https://profiles.wordpress.org/tiagohillebrandt/\">Tiago Hillebrandt</a>, <a href=\"https://profiles.wordpress.org/tillkruess/\">Till Krüss</a>, <a href=\"https://profiles.wordpress.org/sippis/\">Timi Wahalahti</a>, <a href=\"https://profiles.wordpress.org/timothyblynjacobs/\">Timothy Jacobs</a>, <a href=\"https://profiles.wordpress.org/tkama/\">Tkama</a>, <a href=\"https://profiles.wordpress.org/tmdesigned/\">tmdesigned</a>, <a href=\"https://profiles.wordpress.org/tmoore41/\">tmoore41</a>, <a href=\"https://profiles.wordpress.org/tobiasbg/\">TobiasBg</a>, <a href=\"https://profiles.wordpress.org/tobifjellner/\">tobifjellner (Tor-Bjorn Fjellner)</a>, <a href=\"https://profiles.wordpress.org/tofandel/\">Tofandel</a>, <a href=\"https://profiles.wordpress.org/tomdude/\">tomdude</a>, <a href=\"https://profiles.wordpress.org/tferry/\">Tommy Ferry</a>, <a href=\"https://profiles.wordpress.org/starbuck/\">Tony G</a>, <a href=\"https://profiles.wordpress.org/hellofromtonya/\">Tonya Mork</a>, <a href=\"https://profiles.wordpress.org/toro_unit/\">Toro_Unit (Hiroshi Urabe)</a>, <a href=\"https://profiles.wordpress.org/torres126/\">torres126</a>, <a href=\"https://profiles.wordpress.org/zodiac1978/\">Torsten Landsiedel</a>, <a href=\"https://profiles.wordpress.org/toru/\">Toru Miki</a>, <a href=\"https://profiles.wordpress.org/itowhid06/\">Towhidul I Chowdhury</a>, <a href=\"https://profiles.wordpress.org/travisnorthcutt/\">Travis Northcutt</a>, <a href=\"https://profiles.wordpress.org/treecutter/\">treecutter</a>, <a href=\"https://profiles.wordpress.org/truongwp/\">truongwp</a>, <a href=\"https://profiles.wordpress.org/tsimmons/\">tsimmons</a>, <a href=\"https://profiles.wordpress.org/dinhtungdu/\">Tung Du</a>, <a href=\"https://profiles.wordpress.org/desaiuditd/\">Udit Desai</a>, <a href=\"https://profiles.wordpress.org/grapplerulrich/\">Ulrich</a>, <a href=\"https://profiles.wordpress.org/vagios/\">Vagios Vlachos</a>, <a href=\"https://profiles.wordpress.org/valchovski/\">valchovski</a>, <a href=\"https://profiles.wordpress.org/valentinbora/\">Valentin Bora</a>, <a href=\"https://profiles.wordpress.org/vayu/\">Vayu Robins</a>, <a href=\"https://profiles.wordpress.org/veromary/\">veromary</a>, <a href=\"https://profiles.wordpress.org/szepeviktor/\">Viktor Szépe</a>, <a href=\"https://profiles.wordpress.org/vinayakanivase/\">Vinayak Anivase</a>, <a href=\"https://profiles.wordpress.org/vinkla/\">vinkla</a>, <a href=\"https://profiles.wordpress.org/virginienacci/\">virginienacci</a>, <a href=\"https://profiles.wordpress.org/planvova/\">Vladimir</a>, <a href=\"https://profiles.wordpress.org/vabrashev/\">Vladislav Abrashev</a>, <a href=\"https://profiles.wordpress.org/vortfu/\">vortfu</a>, <a href=\"https://profiles.wordpress.org/voyager131/\">voyager131</a>, <a href=\"https://profiles.wordpress.org/vtieu/\">vtieu</a>, <a href=\"https://profiles.wordpress.org/webaware/\">webaware</a>, <a href=\"https://profiles.wordpress.org/westonruter/\">Weston Ruter</a>, <a href=\"https://profiles.wordpress.org/earnjam/\">William Earnhardt</a>, <a href=\"https://profiles.wordpress.org/williampatton/\">williampatton</a>, <a href=\"https://profiles.wordpress.org/planningwrite/\">Winstina Hughes</a>, <a href=\"https://profiles.wordpress.org/wittich/\">wittich</a>, <a href=\"https://profiles.wordpress.org/wpdesk/\">wpdesk</a>, <a href=\"https://profiles.wordpress.org/wpdo5ea/\">WPDO</a>, <a href=\"https://profiles.wordpress.org/alexandreb3/\">WPMarmite</a>, <a href=\"https://profiles.wordpress.org/yahil/\">Yahil Madakiya</a>, <a href=\"https://profiles.wordpress.org/yashrs/\">yashrs</a>, <a href=\"https://profiles.wordpress.org/yoancutillas/\">yoancutillas</a>, <a href=\"https://profiles.wordpress.org/yoavf/\">Yoav Farhi</a>, <a href=\"https://profiles.wordpress.org/yohannp/\">yohannp</a>, <a href=\"https://profiles.wordpress.org/yuhin/\">yuhin</a>, <a href=\"https://profiles.wordpress.org/fierevere/\">Yui</a>, <a href=\"https://profiles.wordpress.org/ysalame/\">Yuri Salame</a>, <a href=\"https://profiles.wordpress.org/yvettesonneveld/\">Yvette Sonneveld</a>, <