-- Table structure for table `oauth_token`
--

CREATE TABLE `oauth_token` (
  `entity_id` int unsigned NOT NULL AUTO_INCREMENT COMMENT 'Entity ID',
  `consumer_id` int unsigned DEFAULT NULL COMMENT 'Oauth Consumer ID',
  `admin_id` int unsigned DEFAULT NULL COMMENT 'Admin user ID',
  `customer_id` int unsigned DEFAULT NULL COMMENT 'Customer user ID',
  `type` varchar(16) NOT NULL COMMENT 'Token Type',
  `token` varchar(32) NOT NULL COMMENT 'Token',
  `secret` varchar(128) NOT NULL COMMENT 'Token Secret',
  `verifier` varchar(32) DEFAULT NULL COMMENT 'Token Verifier',
  `callback_url` text NOT NULL COMMENT 'Token Callback URL',
  `revoked` smallint unsigned NOT NULL DEFAULT '0' COMMENT 'Is Token revoked',
  `authorized` smallint unsigned NOT NULL DEFAULT '0' COMMENT 'Is Token authorized',
  `user_type` int DEFAULT NULL COMMENT 'User type',
  `created_at` timestamp NOT NULL DEFAULT CURRENT_TIMESTAMP COMMENT 'Token creation timestamp',
  PRIMARY KEY (`entity_id`),
  UNIQUE KEY `OAUTH_TOKEN_TOKEN` (`token`),
  KEY `OAUTH_TOKEN_ADMIN_ID_ADMIN_USER_USER_ID` (`admin_id`),
  KEY `OAUTH_TOKEN_CUSTOMER_ID_CUSTOMER_ENTITY_ENTITY_ID` (`customer_id`),
  KEY `OAUTH_TOKEN_CONSUMER_ID` (`consumer_id`),
  KEY `OAUTH_TOKEN_CREATED_AT` (`created_at`),
  CONSTRAINT `OAUTH_TOKEN_ADMIN_ID_ADMIN_USER_USER_ID` FOREIGN KEY (`admin_id`) REFERENCES `admin_user` (`user_id`) ON DELETE CASCADE,
  CONSTRAINT `OAUTH_TOKEN_CONSUMER_ID_OAUTH_CONSUMER_ENTITY_ID` FOREIGN KEY (`consumer_id`) REFERENCES `oauth_consumer` (`entity_id`) ON DELETE CASCADE,
  CONSTRAINT `OAUTH_TOKEN_CUSTOMER_ID_CUSTOMER_ENTITY_ENTITY_ID` FOREIGN KEY (`customer_id`) REFERENCES `customer_entity` (`entity_id`) ON DELETE CASCADE
) ENGINE=InnoDB DEFAULT CHARSET=utf8 COMMENT='OAuth Tokens';

--
-- Dumping data for table `oauth_token`
--


--
-- Table structure for table `oauth_token_request_log`
--

CREATE TABLE `oauth_token_request_log` (
  `log_id` int unsigned NOT NULL AUTO_INCREMENT COMMENT 'Log ID',
  `user_name` varchar(255) NOT NULL COMMENT 'Customer email or admin login',
  `user_type` smallint unsigned NOT NULL COMMENT 'User type (admin or customer)',
  `failures_count` smallint unsigned DEFAULT '0' COMMENT 'Number of failed authentication attempts in a row',
  `lock_expires_at` timestamp NOT NULL DEFAULT CURRENT_TIMESTAMP ON UPDATE CURRENT_TIMESTAMP COMMENT 'Lock expiration time',
  PRIMARY KEY (`log_id`),
  UNIQUE KEY `OAUTH_TOKEN_REQUEST_LOG_USER_NAME_USER_TYPE` (`user_name`,`user_type`)
) ENGINE=InnoDB DEFAULT CHARSET=utf8 COMMENT='Log of token request authentication failures.';

--
-- Dumping data for table `oauth_token_request_log`
--


--
-- Table structure for table `pagebuilder_template`
--

CREATE TABLE `pagebuilder_template` (
  `template_id` int NOT NULL AUTO_INCREMENT COMMENT 'Template ID Auto Increment',
  `name` varchar(1024) NOT NULL COMMENT 'Template Name',
  `preview_image` varchar(1024) DEFAULT NULL COMMENT 'Template Preview Image',
  `template` longtext NOT NULL COMMENT 'Master Format HTML',
  `created_for` varchar(255) DEFAULT NULL COMMENT 'Created For',
  `created_at` timestamp NOT NULL DEFAULT CURRENT_TIMESTAMP COMMENT 'Creation Time',
  `updated_at` timestamp NOT NULL DEFAULT CURRENT_TIMESTAMP ON UPDATE CURRENT_TIMESTAMP COMMENT 'Update Time',
  PRIMARY KEY (`template_id`),
  FULLTEXT KEY `PAGEBUILDER_TEMPLATE_NAME` (`name`)
) ENGINE=InnoDB DEFAULT CHARSET=utf8 COMMENT='Page Builder Templates';

--
-- Dumping data for table `pagebuilder_template`
--


--
-- Table structure for table `password_reset_request_event`
--

CREATE TABLE `password_reset_request_event` (
  `id` int unsigned NOT NULL AUTO_INCREMENT COMMENT 'Entity ID',
  `request_type` smallint unsigned NOT NULL COMMENT 'Type of the event under a security control',
  `account_reference` varchar(255) DEFAULT NULL COMMENT 'An identifier for existing account or another target',
  `created_at` timestamp NOT NULL DEFAULT CURRENT_TIMESTAMP COMMENT 'Timestamp when the event occurs',
  `ip` varchar(15) NOT NULL COMMENT 'Remote user IP',
  PRIMARY KEY (`id`),
  KEY `PASSWORD_RESET_REQUEST_EVENT_ACCOUNT_REFERENCE` (`account_reference`),
  KEY `PASSWORD_RESET_REQUEST_EVENT_CREATED_AT` (`created_at`)
) ENGINE=InnoDB DEFAULT CHARSET=utf8 COMMENT='Password Reset Request Event under a security control';

--
-- Dumping data for table `password_reset_request_event`
--


--
-- Table structure for table `patch_list`
--

CREATE TABLE `patch_list` (
  `patch_id` int NOT NULL AUTO_INCREMENT COMMENT 'Patch Auto Increment',
  `patch_name` varchar(1024) NOT NULL COMMENT 'Patch Class Name',
  PRIMARY KEY (`patch_id`)
) ENGINE=InnoDB AUTO_INCREMENT=181 DEFAULT CHARSET=utf8 COMMENT='List of data/schema patches';

--
-- Dumping data for table `patch_list`
--

INSERT INTO `patch_list` VALUES (1,'Magento\\Store\\Setup\\Patch\\Schema\\InitializeStoresAndWebsites'),(2,'Magento\\Catalog\\Setup\\Patch\\Schema\\EnableSegmentation'),(3,'Magento\\Bundle\\Setup\\Patch\\Schema\\UpdateBundleRelatedSchema'),(4,'Magento\\InventoryCatalog\\Setup\\Patch\\Schema\\CreateLegacyStockStatusView'),(5,'Magento\\InventoryCatalog\\Setup\\Patch\\Schema\\InitializeDefaultStock'),(6,'Magento\\InventoryCatalog\\Setup\\Patch\\Schema\\UpdateInventorySourceItem'),(7,'Magento\\InventoryCatalog\\Setup\\Patch\\Schema\\ReindexDefaultSource'),(8,'Magento\\InventorySales\\Setup\\Patch\\Schema\\InitializeWebsiteDefaultSock'),(9,'Magento\\Review\\Setup\\Patch\\Schema\\AddUniqueConstraintToReviewEntitySummary'),(10,'Magento\\TwoFactorAuth\\Setup\\Patch\\Schema\\CopyTablesFromOldModule'),(11,'Temando\\ShippingRemover\\Setup\\Patch\\Schema\\EmptyTablesRemoval'),(12,'Magento\\Store\\Setup\\Patch\\Data\\DisableSid'),(13,'Magento\\Store\\Setup\\Patch\\Data\\UpdateStoreGroupCodes'),(14,'Magento\\Directory\\Setup\\Patch\\Data\\InitializeDirectoryData'),(15,'Magento\\Directory\\Setup\\Patch\\Data\\AddCountriesCaribbeanCuracaoKosovoSintMaarten'),(16,'Magento\\Directory\\Setup\\Patch\\Data\\AddDataForAlbania'),(17,'Magento\\Directory\\Setup\\Patch\\Data\\AddDataForArgentina'),(18,'Magento\\Directory\\Setup\\Patch\\Data\\AddDataForCroatia'),(19,'Magento\\Directory\\Setup\\Patch\\Data\\AddDataForIndia'),(20,'Magento\\Directory\\Setup\\Patch\\Data\\AddDataForAustralia'),(21,'Magento\\Directory\\Setup\\Patch\\Data\\AddDataForBelarus'),(22,'Magento\\Directory\\Setup\\Patch\\Data\\AddDataForBelgium'),(23,'Magento\\Directory\\Setup\\Patch\\Data\\AddDataForBolivia'),(24,'Magento\\Directory\\Setup\\Patch\\Data\\AddDataForBulgaria'),(25,'Magento\\Directory\\Setup\\Patch\\Data\\AddDataForChile'),(26,'Magento\\Directory\\Setup\\Patch\\Data\\AddDataForChina'),(27,'Magento\\Directory\\Setup\\Patch\\Data\\AddDataForColombia'),(28,'Magento\\Directory\\Setup\\Patch\\Data\\AddDataForDenmark'),(29,'Magento\\Directory\\Setup\\Patch\\Data\\AddDataForEcuador'),(30,'Magento\\Directory\\Setup\\Patch\\Data\\AddDataForGreece'),(31,'Magento\\Directory\\Setup\\Patch\\Data\\AddDataForGuyana'),(32,'Magento\\Directory\\Setup\\Patch\\Data\\AddDataForIceland'),(33,'Magento\\Directory\\Setup\\Patch\\Data\\AddDataForItaly'),(34,'Magento\\Directory\\Setup\\Patch\\Data\\AddDataForMexico'),(35,'Magento\\Directory\\Setup\\Patch\\Data\\AddDataForParaguay'),(36,'Magento\\Directory\\Setup\\Patch\\Data\\AddDataForPeru'),(37,'Magento\\Directory\\Setup\\Patch\\Data\\AddDataForPoland'),(38,'Magento\\Directory\\Setup\\Patch\\Data\\AddDataForPortugal'),(39,'Magento\\Directory\\Setup\\Patch\\Data\\AddDataForSuriname'),(40,'Magento\\Directory\\Setup\\Patch\\Data\\AddDataForSweden'),(41,'Magento\\Directory\\Setup\\Patch\\Data\\AddDataForUruguay'),(42,'Magento\\Directory\\Setup\\Patch\\Data\\AddDataForVenezuela'),(43,'Magento\\Directory\\Setup\\Patch\\Data\\UpdateRegionNamesForSwitzerland'),(44,'Magento\\Theme\\Setup\\Patch\\Data\\RegisterThemes'),(45,'Magento\\Theme\\Setup\\Patch\\Data\\ConvertSerializedData'),(46,'Magento\\Config\\Setup\\Patch\\Data\\RemoveTinymceConfig'),(47,'Magento\\Config\\Setup\\Patch\\Data\\UnsetTinymce3'),(48,'Magento\\Config\\Setup\\Patch\\Data\\UpdateClassAliases'),(49,'Magento\\Authorization\\Setup\\Patch\\Data\\InitializeAuthRoles'),(50,'Magento\\Eav\\Setup\\Patch\\Data\\InitializeAttributeModels'),(51,'Magento\\Customer\\Setup\\Patch\\Data\\DefaultCustomerGroupsAndAttributes'),(52,'Magento\\Customer\\Setup\\Patch\\Data\\UpdateCustomerAttributesMetadata'),(53,'Magento\\Customer\\Setup\\Patch\\Data\\AddNonSpecifiedGenderAttributeOption'),(54,'Magento\\Customer\\Setup\\Patch\\Data\\UpdateIdentifierCustomerAttributesVisibility'),(55,'Magento\\Customer\\Setup\\Patch\\Data\\AddCustomerUpdatedAtAttribute'),(56,'Magento\\Customer\\Setup\\Patch\\Data\\UpgradePasswordHashAndAddress'),(57,'Magento\\Customer\\Setup\\Patch\\Data\\RemoveCheckoutRegisterAndUpdateAttributes'),(58,'Magento\\Customer\\Setup\\Patch\\Data\\AddSecurityTrackingAttributes'),(59,'Magento\\Customer\\Setup\\Patch\\Data\\UpdateAutocompleteOnStorefrontConfigPath'),(60,'Magento\\Customer\\Setup\\Patch\\Data\\MigrateStoresAllowedCountriesToWebsite'),(61,'Magento\\Customer\\Setup\\Patch\\Data\\ConvertValidationRulesFromSerializedToJson'),(62,'Magento\\Customer\\Setup\\Patch\\Data\\SessionIDColumnCleanUp'),(63,'Magento\\Customer\\Setup\\Patch\\Data\\UpdateCustomerAddressAttributesSortOrder'),(64,'Magento\\Customer\\Setup\\Patch\\Data\\UpdateVATNumber'),(65,'Magento\\Customer\\Setup\\Patch\\Data\\UpdateCustomerAttributeInputFilters'),(66,'Magento\\Customer\\Setup\\Patch\\Data\\UpdateDefaultCustomerGroupInConfig'),(67,'Magento\\Indexer\\Setup\\Patch\\Data\\InitializeIndexerState'),(68,'Magento\\Cms\\Setup\\Patch\\Data\\CreateDefaultPages'),(69,'Magento\\Cms\\Setup\\Patch\\Data\\UpdatePrivacyPolicyPage'),(70,'Magento\\Cms\\Setup\\Patch\\Data\\ConvertWidgetConditionsToJson'),(71,'Magento\\Security\\Setup\\Patch\\Data\\SessionIDColumnCleanUp'),(72,'Magento\\Catalog\\Setup\\Patch\\Data\\InstallDefaultCategories'),(73,'Magento\\Catalog\\Setup\\Patch\\Data\\SetNewResourceModelsPaths'),(74,'Magento\\Catalog\\Setup\\Patch\\Data\\UpdateDefaultAttributeValue'),(75,'Magento\\Catalog\\Setup\\Patch\\Data\\UpdateMediaAttributesBackendTypes'),(76,'Magento\\Catalog\\Setup\\Patch\\Data\\UpdateProductAttributes'),(77,'Magento\\Catalog\\Setup\\Patch\\Data\\UpdateProductMetaDescription'),(78,'Magento\\Catalog\\Setup\\Patch\\Data\\ChangePriceAttributeDefaultScope'),(79,'Magento\\Catalog\\Setup\\Patch\\Data\\DisallowUsingHtmlForProductName'),(80,'Magento\\Catalog\\Setup\\Patch\\Data\\EnableDirectiveParsing'),(81,'Magento\\Catalog\\Setup\\Patch\\Data\\EnableSegmentation'),(82,'Magento\\Catalog\\Setup\\Patch\\Data\\UpdateCustomLayoutAttributes'),(83,'Magento\\Catalog\\Setup\\Patch\\Data\\UpdateMultiselectAttributesBackendTypes'),(84,'Magento\\Catalog\\Setup\\Patch\\Data\\UpdateProductDescriptionOrder'),(85,'Magento\\Catalog\\Setup\\Patch\\Data\\UpgradeWidgetData'),(86,'Magento\\Catalog\\Setup\\Patch\\Data\\UpgradeWebsiteAttributes'),(87,'Magento\\CatalogInventory\\Setup\\Patch\\Data\\CreateDefaultStock'),(88,'Magento\\CatalogInventory\\Setup\\Patch\\Data\\UpdateStockItemsWebsite'),(89,'Magento\\CatalogInventory\\Setup\\Patch\\Data\\ConvertSerializedDataToJson'),(90,'Magento\\CatalogRule\\Setup\\Patch\\Data\\UpdateClassAliasesForCatalogRules'),(91,'Magento\\CatalogRule\\Setup\\Patch\\Data\\ConvertSerializedDataToJson'),(92,'Magento\\Msrp\\Setup\\Patch\\Data\\InitializeMsrpAttributes'),(93,'Magento\\Msrp\\Setup\\Patch\\Data\\ChangeMsrpAttributeLabel'),(94,'Magento\\Msrp\\Setup\\Patch\\Data\\ChangePriceAttributeDefaultScope'),(95,'Magento\\CatalogSearch\\Setup\\Patch\\Data\\MySQLSearchRemovalNotification'),(96,'Magento\\CatalogSearch\\Setup\\Patch\\Data\\SetInitialSearchWeightForAttributes'),(97,'Magento\\CatalogUrlRewrite\\Setup\\Patch\\Data\\CreateUrlAttributes'),(98,'Magento\\CatalogUrlRewrite\\Setup\\Patch\\Data\\UpdateUrlKeyForProducts'),(99,'Magento\\CatalogUrlRewrite\\Setup\\Patch\\Data\\UpdateUrlKeySearchable'),(100,'Magento\\Quote\\Setup\\Patch\\Data\\InstallEntityTypes'),(101,'Magento\\Quote\\Setup\\Patch\\Data\\ConvertSerializedDataToJson'),(102,'Magento\\Quote\\Setup\\Patch\\Data\\WishlistDataCleanUp'),(103,'Magento\\MediaGalleryUi\\Setup\\Patch\\Data\\AddMediaGalleryPermissions'),(104,'Magento\\User\\Setup\\Patch\\Data\\UpgradePasswordHashes'),(105,'Magento\\User\\Setup\\Patch\\Data\\UpgradeSerializedFields'),(106,'Magento\\Sales\\Setup\\Patch\\Data\\InstallOrderStatusesAndInitialSalesConfig'),(107,'Magento\\Sales\\Setup\\Patch\\Data\\UpdateEntityTypes'),(108,'Magento\\Sales\\Setup\\Patch\\Data\\ConvertSerializedDataToJson'),(109,'Magento\\Sales\\Setup\\Patch\\Data\\FillQuoteAddressIdInSalesOrderAddress'),(110,'Magento\\Sales\\Setup\\Patch\\Data\\UpdateEntityTypeModelForInvoice'),(111,'Magento\\Sales\\Setup\\Patch\\Data\\WishlistDataCleanUp'),(112,'Magento\\Checkout\\Setup\\Patch\\Data\\PrepareInitialCheckoutConfiguration'),(113,'Magento\\Widget\\Setup\\Patch\\Data\\UpgradeModelInstanceClassAliases'),(114,'Magento\\Widget\\Setup\\Patch\\Data\\ConvertSerializedData'),(115,'Magento\\Integration\\Setup\\Patch\\Data\\RemoveInactiveTokens'),(116,'Magento\\Integration\\Setup\\Patch\\Data\\UpgradeConsumerSecret'),(117,'Magento\\Integration\\Setup\\Patch\\Data\\UpgradeOauthToken'),(118,'Magento\\Downloadable\\Setup\\Patch\\Data\\AddDownloadableHostsConfig'),(119,'Magento\\Downloadable\\Setup\\Patch\\Data\\InstallDownloadableAttributes'),(120,'Magento\\Downloadable\\Setup\\Patch\\Data\\UpdateLinksExistDefaultAttributeValue'),(121,'Magento\\Dhl\\Setup\\Patch\\Data\\PrepareShipmentDays'),(122,'Magento\\Bundle\\Setup\\Patch\\Data\\ApplyAttributesUpdate'),(123,'Magento\\Bundle\\Setup\\Patch\\Data\\UpdateBundleRelatedEntityTypes'),(124,'Magento\\Elasticsearch\\Setup\\Patch\\Data\\InvalidateIndex'),(125,'Magento\\Email\\Setup\\Patch\\Data\\FlagLegacyTemplates'),(126,'Magento\\EncryptionKey\\Setup\\Patch\\Data\\SodiumChachaPatch'),(127,'Magento\\Fedex\\Setup\\Patch\\Data\\ConfigureFedexDefaults'),(128,'Magento\\GiftMessage\\Setup\\Patch\\Data\\AddGiftMessageAttributes'),(129,'Magento\\GiftMessage\\Setup\\Patch\\Data\\MoveGiftMessageToGiftOptionsGroup'),(130,'Magento\\GiftMessage\\Setup\\Patch\\Data\\UpdateGiftMessageAttribute'),(131,'Magento\\GroupedProduct\\Setup\\Patch\\Data\\InitializeGroupedProductLinks'),(132,'Magento\\GroupedProduct\\Setup\\Patch\\Data\\UpdateProductRelations'),(133,'Magento\\Analytics\\Setup\\Patch\\Data\\PrepareInitialConfig'),(134,'Magento\\Analytics\\Setup\\Patch\\Data\\ActivateDataCollection'),(135,'Magento\\ConfigurableProduct\\Setup\\Patch\\Data\\InstallInitialConfigurableAttributes'),(136,'Magento\\ConfigurableProduct\\Setup\\Patch\\Data\\UpdateManufacturerAttribute'),(137,'Magento\\ConfigurableProduct\\Setup\\Patch\\Data\\UpdateTierPriceAttribute'),(138,'Magento\\InventoryLowQuantityNotification\\Setup\\Patch\\Data\\MigrateCatalogInventoryNotifyStockQuantityData'),(139,'Magento\\Reports\\Setup\\Patch\\Data\\InitializeReportEntityTypesAndPages'),(140,'Magento\\Reports\\Setup\\Patch\\Data\\ReportDisableNotification'),(141,'Magento\\Newsletter\\Setup\\Patch\\Data\\FlagLegacyTemplates'),(142,'Magento\\SalesRule\\Setup\\Patch\\Data\\PrepareRuleModelSerializedData'),(143,'Magento\\SalesRule\\Setup\\Patch\\Data\\ConvertSerializedDataToJson'),(144,'Magento\\SalesRule\\Setup\\Patch\\Data\\FillSalesRuleProductAttributeTable'),(145,'Magento\\PageBuilder\\Setup\\Patch\\Data\\UpdateProductAttribute'),(146,'Magento\\PageBuilder\\Setup\\Patch\\Data\\UpgradePageBuilderStripStyles'),(147,'Magento\\Vault\\Setup\\Patch\\Data\\SetCreditCardAsDefaultTokenType'),(148,'Magento\\Paypal\\Setup\\Patch\\Data\\AddPaypalOrderStatuses'),(149,'Magento\\Paypal\\Setup\\Patch\\Data\\UpdateBmltoPayLater'),(150,'Magento\\Paypal\\Setup\\Patch\\Data\\UpdatePaypalCreditOption'),(151,'Magento\\Paypal\\Setup\\Patch\\Data\\UpdateSmartButtonLabel'),(152,'Magento\\Paypal\\Setup\\Patch\\Data\\UpdateSmartButtonSize'),(153,'Magento\\ReCaptchaMigration\\Setup\\Patch\\Data\\MigrateConfigToRecaptchaModules'),(154,'Magento\\Review\\Setup\\Patch\\Data\\InitReviewStatusesAndData'),(155,'Magento\\OfflineShipping\\Setup\\Patch\\Data\\UpdateQuoteShippingAddresses'),(156,'Magento\\OfflineShipping\\Setup\\Patch\\Data\\UpdateShippingTablerate'),(157,'Magento\\UrlRewrite\\Setup\\Patch\\Data\\ConvertSerializedDataToJson'),(158,'Magento\\Swatches\\Setup\\Patch\\Data\\AddSwatchImageAttribute'),(159,'Magento\\Swatches\\Setup\\Patch\\Data\\AddSwatchImageToDefaultAttribtueSet'),(160,'Magento\\Swatches\\Setup\\Patch\\Data\\UpdateAdminTextSwatchValues'),(161,'Magento\\Swatches\\Setup\\Patch\\Data\\ConvertAdditionalDataToJson'),(162,'Magento\\Tax\\Setup\\Patch\\Data\\AddTaxAttributeAndTaxClasses'),(163,'Magento\\Tax\\Setup\\Patch\\Data\\UpdateTaxClassAttributeVisibility'),(164,'Magento\\Tax\\Setup\\Patch\\Data\\UpdateTaxRegionId'),(165,'Magento\\TwoFactorAuth\\Setup\\Patch\\Data\\CopyConfigFromOldModule'),(166,'Magento\\TwoFactorAuth\\Setup\\Patch\\Data\\EncryptConfiguration'),(167,'Magento\\TwoFactorAuth\\Setup\\Patch\\Data\\EncryptGoogleSecrets'),(168,'Magento\\TwoFactorAuth\\Setup\\Patch\\Data\\EncryptSecrets'),(169,'Magento\\TwoFactorAuth\\Setup\\Patch\\Data\\GenerateDuoSecurityKey'),(170,'Magento\\TwoFactorAuth\\Setup\\Patch\\Data\\PopulateCountryTable'),(171,'Magento\\TwoFactorAuth\\Setup\\Patch\\Data\\ResetU2fConfig'),(172,'Magento\\SampleData\\Setup\\Patch\\Data\\ClearSampleDataState'),(173,'Magento\\Usps\\Setup\\Patch\\Data\\UpdateAllowedMethods'),(174,'Magento\\Weee\\Setup\\Patch\\Data\\InitQuoteAndOrderAttributes'),(175,'Magento\\CurrencySymbol\\Setup\\Patch\\Data\\ConvertSerializedCustomCurrencySymbolToJson'),(176,'Magento\\Wishlist\\Setup\\Patch\\Data\\ConvertSerializedData'),(177,'Magento\\Wishlist\\Setup\\Patch\\Data\\WishlistDataCleanUp'),(178,'Temando\\ShippingRemover\\Setup\\Patch\\Data\\AttributesRemoval'),(179,'Temando\\ShippingRemover\\Setup\\Patch\\Data\\BookmarkCleaner'),(180,'Temando\\ShippingRemover\\Setup\\Patch\\Data\\ConfigRemoval');

--
-- Table structure for table `paypal_billing_agreement`
--

CREATE TABLE `paypal_billing_agreement` (
  `agreement_id` int unsigned NOT NULL AUTO_INCREMENT COMMENT 'Agreement ID',
  `customer_id` int unsigned NOT NULL COMMENT 'Customer ID',
  `method_code` varchar(32) NOT NULL COMMENT 'Method Code',
  `reference_id` varchar(32) NOT NULL COMMENT 'Reference ID',
  `status` varchar(20) NOT NULL COMMENT 'Status',
  `created_at` timestamp NOT NULL DEFAULT CURRENT_TIMESTAMP COMMENT 'Created At',
  `updated_at` timestamp NULL DEFAULT NULL COMMENT 'Updated At',
  `store_id` smallint unsigned DEFAULT NULL COMMENT 'Store ID',
  `agreement_label` varchar(255) DEFAULT NULL COMMENT 'Agreement Label',
  PRIMARY KEY (`agreement_id`),
  KEY `PAYPAL_BILLING_AGREEMENT_CUSTOMER_ID` (`customer_id`),
  KEY `PAYPAL_BILLING_AGREEMENT_STORE_ID` (`store_id`),
  CONSTRAINT `PAYPAL_BILLING_AGREEMENT_CUSTOMER_ID_CUSTOMER_ENTITY_ENTITY_ID` FOREIGN KEY (`customer_id`) REFERENCES `customer_entity` (`entity_id`) ON DELETE CASCADE,
  CONSTRAINT `PAYPAL_BILLING_AGREEMENT_STORE_ID_STORE_STORE_ID` FOREIGN KEY (`store_id`) REFERENCES `store` (`store_id`) ON DELETE SET NULL
) ENGINE=InnoDB DEFAULT CHARSET=utf8 COMMENT='Sales Billing Agreement';

--
-- Dumping data for table `paypal_billing_agreement`
--


--
-- Table structure for table `paypal_billing_agreement_order`
--

CREATE TABLE `paypal_billing_agreement_order` (
  `agreement_id` int unsigned NOT NULL COMMENT 'Agreement ID',
  `order_id` int unsigned NOT NULL COMMENT 'Order ID',
  PRIMARY KEY (`agreement_id`,`order_id`),
  KEY `PAYPAL_BILLING_AGREEMENT_ORDER_ORDER_ID` (`order_id`),
  CONSTRAINT `PAYPAL_BILLING_AGREEMENT_ORDER_ORDER_ID_SALES_ORDER_ENTITY_ID` FOREIGN KEY (`order_id`) REFERENCES `sales_order` (`entity_id`) ON DELETE CASCADE,
  CONSTRAINT `PAYPAL_BILLING_AGRT_ORDER_AGRT_ID_PAYPAL_BILLING_AGRT_AGRT_ID` FOREIGN KEY (`agreement_id`) REFERENCES `paypal_billing_agreement` (`agreement_id`) ON DELETE CASCADE
) ENGINE=InnoDB DEFAULT CHARSET=utf8 COMMENT='Sales Billing Agreement Order';

--
-- Dumping data for table `paypal_billing_agreement_order`
--


--
-- Table structure for table `paypal_cert`
--

CREATE TABLE `paypal_cert` (
  `cert_id` smallint unsigned NOT NULL AUTO_INCREMENT COMMENT 'Cert ID',
  `website_id` smallint unsigned NOT NULL DEFAULT '0' COMMENT 'Website ID',
  `content` text COMMENT 'Content',
  `updated_at` timestamp NULL DEFAULT NULL COMMENT 'Updated At',
  PRIMARY KEY (`cert_id`),
  KEY `PAYPAL_CERT_WEBSITE_ID` (`website_id`),
  CONSTRAINT `PAYPAL_CERT_WEBSITE_ID_STORE_WEBSITE_WEBSITE_ID` FOREIGN KEY (`website_id`) REFERENCES `store_website` (`website_id`) ON DELETE CASCADE
) ENGINE=InnoDB DEFAULT CHARSET=utf8 COMMENT='Paypal Certificate Table';

--
-- Dumping data for table `paypal_cert`
--


--
-- Table structure for table `paypal_payment_transaction`
--

CREATE TABLE `paypal_payment_transaction` (
  `transaction_id` int unsigned NOT NULL AUTO_INCREMENT COMMENT 'Entity ID',
  `txn_id` varchar(100) DEFAULT NULL COMMENT 'Txn ID',
  `additional_information` blob COMMENT 'Additional Information',
  `created_at` timestamp NULL DEFAULT NULL COMMENT 'Created At',
  PRIMARY KEY (`transaction_id`),
  UNIQUE KEY `PAYPAL_PAYMENT_TRANSACTION_TXN_ID` (`txn_id`)
) ENGINE=InnoDB DEFAULT CHARSET=utf8 COMMENT='PayPal Payflow Link Payment Transaction';

--
-- Dumping data for table `paypal_payment_transaction`
--


--
-- Table structure for table `paypal_settlement_report`
--

CREATE TABLE `paypal_settlement_report` (
  `report_id` int unsigned NOT NULL AUTO_INCREMENT COMMENT 'Report ID',
  `report_date` date DEFAULT NULL COMMENT 'Report Date',
  `account_id` varchar(64) DEFAULT NULL COMMENT 'Account ID',
  `filename` varchar(24) DEFAULT NULL COMMENT 'Filename',
  `last_modified` timestamp NULL DEFAULT NULL COMMENT 'Last Modified',
  PRIMARY KEY (`report_id`),
  UNIQUE KEY `PAYPAL_SETTLEMENT_REPORT_REPORT_DATE_ACCOUNT_ID` (`report_date`,`account_id`)
) ENGINE=InnoDB DEFAULT CHARSET=utf8 COMMENT='Paypal Settlement Report Table';

--
-- Dumping data for table `paypal_settlement_report`
--


--
-- Table structure for table `paypal_settlement_report_row`
--

CREATE TABLE `paypal_settlement_report_row` (
  `row_id` int unsigned NOT NULL AUTO_INCREMENT COMMENT 'Row ID',
  `report_id` int unsigned NOT NULL COMMENT 'Report ID',
  `transaction_id` varchar(19) DEFAULT NULL COMMENT 'Transaction ID',
  `invoice_id` varchar(127) DEFAULT NULL COMMENT 'Invoice ID',
  `paypal_reference_id` varchar(19) DEFAULT NULL COMMENT 'Paypal Reference ID',
  `paypal_reference_id_type` varchar(3) DEFAULT NULL COMMENT 'Paypal Reference ID Type',
  `transaction_event_code` varchar(5) DEFAULT NULL COMMENT 'Transaction Event Code',
  `transaction_initiation_date` timestamp NULL DEFAULT NULL COMMENT 'Transaction Initiation Date',
  `transaction_completion_date` timestamp NULL DEFAULT NULL COMMENT 'Transaction Completion Date',
  `transaction_debit_or_credit` varchar(2) NOT NULL DEFAULT 'CR' COMMENT 'Transaction Debit Or Credit',
  `gross_transaction_amount` decimal(20,6) NOT NULL DEFAULT '0.000000' COMMENT 'Gross Transaction Amount',
  `gross_transaction_currency` varchar(3) DEFAULT NULL COMMENT 'Gross Transaction Currency',
  `fee_debit_or_credit` varchar(2) DEFAULT NULL COMMENT 'Fee Debit Or Credit',
  `fee_amount` decimal(20,6) NOT NULL DEFAULT '0.000000' COMMENT 'Fee Amount',
  `fee_currency` varchar(3) DEFAULT NULL COMMENT 'Fee Currency',
  `custom_field` varchar(255) DEFAULT NULL COMMENT 'Custom Field',
  `consumer_id` varchar(127) DEFAULT NULL COMMENT 'Consumer ID',
  `payment_tracking_id` varchar(255) DEFAULT NULL COMMENT 'Payment Tracking ID',
  `store_id` varchar(50) DEFAULT NULL COMMENT 'Store ID',
  PRIMARY KEY (`row_id`),
  KEY `PAYPAL_SETTLEMENT_REPORT_ROW_REPORT_ID` (`report_id`),
  CONSTRAINT `FK_E183E488F593E0DE10C6EBFFEBAC9B55` FOREIGN KEY (`report_id`) REFERENCES `paypal_settlement_report` (`report_id`) ON DELETE CASCADE
) ENGINE=InnoDB DEFAULT CHARSET=utf8 COMMENT='Paypal Settlement Report Row Table';

--
-- Dumping data for table `paypal_settlement_report_row`
--


--
-- Table structure for table `persistent_session`
--

CREATE TABLE `persistent_session` (
  `persistent_id` int unsigned NOT NULL AUTO_INCREMENT COMMENT 'Session ID',
  `key` varchar(50) NOT NULL COMMENT 'Unique cookie key',
  `customer_id` int unsigned DEFAULT NULL COMMENT 'Customer ID',
  `website_id` smallint unsigned NOT NULL DEFAULT '0' COMMENT 'Website ID',
  `info` text COMMENT 'Session Data',
  `updated_at` timestamp NOT NULL DEFAULT CURRENT_TIMESTAMP ON UPDATE CURRENT_TIMESTAMP COMMENT 'Updated At',
  PRIMARY KEY (`persistent_id`),
  UNIQUE KEY `PERSISTENT_SESSION_KEY` (`key`),
  UNIQUE KEY `PERSISTENT_SESSION_CUSTOMER_ID` (`customer_id`),
  KEY `PERSISTENT_SESSION_WEBSITE_ID_STORE_WEBSITE_WEBSITE_ID` (`website_id`),
  KEY `PERSISTENT_SESSION_UPDATED_AT` (`updated_at`),
  CONSTRAINT `PERSISTENT_SESSION_CUSTOMER_ID_CUSTOMER_ENTITY_ENTITY_ID` FOREIGN KEY (`customer_id`) REFERENCES `customer_entity` (`entity_id`) ON DELETE CASCADE,
  CONSTRAINT `PERSISTENT_SESSION_WEBSITE_ID_STORE_WEBSITE_WEBSITE_ID` FOREIGN KEY (`website_id`) REFERENCES `store_website` (`website_id`) ON DELETE CASCADE
) ENGINE=InnoDB DEFAULT CHARSET=utf8 COMMENT='Persistent Session';

--
-- Dumping data for table `persistent_session`
--


--
-- Table structure for table `product_alert_price`
--

CREATE TABLE `product_alert_price` (
  `alert_price_id` int unsigned NOT NULL AUTO_INCREMENT COMMENT 'Product alert price ID',
  `customer_id` int unsigned NOT NULL DEFAULT '0' COMMENT 'Customer ID',
  `product_id` int unsigned NOT NULL DEFAULT '0' COMMENT 'Product ID',
  `price` decimal(20,6) NOT NULL DEFAULT '0.000000' COMMENT 'Price amount',
  `website_id` smallint unsigned NOT NULL DEFAULT '0' COMMENT 'Website ID',
  `store_id` smallint unsigned DEFAULT '0' COMMENT 'Store ID',
  `add_date` timestamp NOT NULL DEFAULT CURRENT_TIMESTAMP COMMENT 'Product alert add date',
  `last_send_date` timestamp NULL DEFAULT NULL COMMENT 'Product alert last send date',
  `send_count` smallint unsigned NOT NULL DEFAULT '0' COMMENT 'Product alert send count',
  `status` smallint unsigned NOT NULL DEFAULT '0' COMMENT 'Product alert status',
  PRIMARY KEY (`alert_price_id`),
  KEY `PRODUCT_ALERT_PRICE_CUSTOMER_ID` (`customer_id`),
  KEY `PRODUCT_ALERT_PRICE_PRODUCT_ID` (`product_id`),
  KEY `PRODUCT_ALERT_PRICE_WEBSITE_ID` (`website_id`),
  KEY `PRODUCT_ALERT_PRICE_STORE_ID` (`store_id`),
  CONSTRAINT `PRODUCT_ALERT_PRICE_CUSTOMER_ID_CUSTOMER_ENTITY_ENTITY_ID` FOREIGN KEY (`customer_id`) REFERENCES `customer_entity` (`entity_id`) ON DELETE CASCADE,
  CONSTRAINT `PRODUCT_ALERT_PRICE_PRODUCT_ID_CATALOG_PRODUCT_ENTITY_ENTITY_ID` FOREIGN KEY (`product_id`) REFERENCES `catalog_product_entity` (`entity_id`) ON DELETE CASCADE,
  CONSTRAINT `PRODUCT_ALERT_PRICE_STORE_ID_STORE_STORE_ID` FOREIGN KEY (`store_id`) REFERENCES `store` (`store_id`) ON DELETE CASCADE,
  CONSTRAINT `PRODUCT_ALERT_PRICE_WEBSITE_ID_STORE_WEBSITE_WEBSITE_ID` FOREIGN KEY (`website_id`) REFERENCES `store_website` (`website_id`) ON DELETE CASCADE
) ENGINE=InnoDB DEFAULT CHARSET=utf8 COMMENT='Product Alert Price';

--
-- Dumping data for table `product_alert_price`
--


--
-- Table structure for table `product_alert_stock`
--

CREATE TABLE `product_alert_stock` (
  `alert_stock_id` int unsigned NOT NULL AUTO_INCREMENT COMMENT 'Product alert stock ID',
  `customer_id` int unsigned NOT NULL DEFAULT '0' COMMENT 'Customer ID',
  `product_id` int unsigned NOT NULL DEFAULT '0' COMMENT 'Product ID',
  `website_id` smallint unsigned NOT NULL DEFAULT '0' COMMENT 'Website ID',
  `store_id` smallint unsigned DEFAULT '0' COMMENT 'Store ID',
  `add_date` timestamp NOT NULL DEFAULT CURRENT_TIMESTAMP COMMENT 'Product alert add date',
  `send_date` timestamp NULL DEFAULT NULL COMMENT 'Product alert send date',
  `send_count` smallint unsigned NOT NULL DEFAULT '0' COMMENT 'Send Count',
  `status` smallint unsigned NOT NULL DEFAULT '0' COMMENT 'Product alert status',
  PRIMARY KEY (`alert_stock_id`),
  KEY `PRODUCT_ALERT_STOCK_CUSTOMER_ID` (`customer_id`),
  KEY `PRODUCT_ALERT_STOCK_PRODUCT_ID` (`product_id`),
  KEY `PRODUCT_ALERT_STOCK_WEBSITE_ID` (`website_id`),
  KEY `PRODUCT_ALERT_STOCK_STORE_ID` (`store_id`),
  CONSTRAINT `PRODUCT_ALERT_STOCK_CUSTOMER_ID_CUSTOMER_ENTITY_ENTITY_ID` FOREIGN KEY (`customer_id`) REFERENCES `customer_entity` (`entity_id`) ON DELETE CASCADE,
  CONSTRAINT `PRODUCT_ALERT_STOCK_PRODUCT_ID_CATALOG_PRODUCT_ENTITY_ENTITY_ID` FOREIGN KEY (`product_id`) REFERENCES `catalog_product_entity` (`entity_id`) ON DELETE CASCADE,
  CONSTRAINT `PRODUCT_ALERT_STOCK_STORE_ID_STORE_STORE_ID` FOREIGN KEY (`store_id`) REFERENCES `store` (`store_id`) ON DELETE CASCADE,
  CONSTRAINT `PRODUCT_ALERT_STOCK_WEBSITE_ID_STORE_WEBSITE_WEBSITE_ID` FOREIGN KEY (`website_id`) REFERENCES `store_website` (`website_id`) ON DELETE CASCADE
) ENGINE=InnoDB DEFAULT CHARSET=utf8 COMMENT='Product Alert Stock';

--
-- Dumping data for table `product_alert_stock`
--


--
-- Table structure for table `queue`
--

CREATE TABLE `queue` (
  `id` int unsigned NOT NULL AUTO_INCREMENT COMMENT 'Queue ID',
  `name` varchar(255) DEFAULT NULL COMMENT 'Queue name',
  PRIMARY KEY (`id`),
  UNIQUE KEY `QUEUE_NAME` (`name`)
) ENGINE=InnoDB AUTO_INCREMENT=19 DEFAULT CHARSET=utf8 COMMENT='Table storing unique queues';

--
-- Dumping data for table `queue`
--

INSERT INTO `queue` VALUES (18,'async.operations.all'),(15,'codegenerator'),(4,'export'),(10,'inventory.indexer.sourceItem'),(11,'inventory.indexer.stock'),(6,'inventory.mass.update'),(7,'inventory.reservations.cleanup'),(8,'inventory.reservations.update'),(9,'inventory.reservations.updateSalabilityStatus'),(5,'inventory.source.items.cleanup'),(12,'media.content.synchronization'),(13,'media.gallery.renditions.update'),(14,'media.gallery.synchronization'),(3,'media.storage.catalog.image.resize'),(1,'product_action_attribute.update'),(2,'product_action_attribute.website.update'),(17,'product_alert.queue'),(16,'sales.rule.update.coupon.usage');

--
-- Table structure for table `queue_lock`
--

CREATE TABLE `queue_lock` (
  `id` int unsigned NOT NULL AUTO_INCREMENT COMMENT 'Message ID',
  `message_code` varchar(255) NOT NULL DEFAULT '' COMMENT 'Message Code',
  `created_at` timestamp NOT NULL DEFAULT CURRENT_TIMESTAMP ON UPDATE CURRENT_TIMESTAMP COMMENT 'Created At',
  PRIMARY KEY (`id`),
  UNIQUE KEY `QUEUE_LOCK_MESSAGE_CODE` (`message_code`)
) ENGINE=InnoDB DEFAULT CHARSET=utf8 COMMENT='Messages that were processed are inserted here to be locked.';

--
-- Dumping data for table `queue_lock`
--


--
-- Table structure for table `queue_message`
--

CREATE TABLE `queue_message` (
  `id` bigint unsigned NOT NULL AUTO_INCREMENT COMMENT 'Message ID',
  `topic_name` varchar(255) DEFAULT NULL COMMENT 'Message topic',
  `body` longtext COMMENT 'Message body',
  PRIMARY KEY (`id`)
) ENGINE=InnoDB DEFAULT CHARSET=utf8 COMMENT='Queue messages';

--
-- Dumping data for table `queue_message`
--


--
-- Table structure for table `queue_message_status`
--

CREATE TABLE `queue_message_status` (
  `id` bigint unsigned NOT NULL AUTO_INCREMENT COMMENT 'Relation ID',
  `queue_id` int unsigned NOT NULL COMMENT 'Queue ID',
  `message_id` bigint unsigned NOT NULL COMMENT 'Message ID',
  `updated_at` timestamp NOT NULL DEFAULT CURRENT_TIMESTAMP ON UPDATE CURRENT_TIMESTAMP COMMENT 'Updated At',
  `status` smallint unsigned NOT NULL COMMENT 'Message status in particular queue',
  `number_of_trials` smallint unsigned NOT NULL DEFAULT '0' COMMENT 'Number of trials to processed failed message processing',
  PRIMARY KEY (`id`),
  UNIQUE KEY `QUEUE_MESSAGE_STATUS_QUEUE_ID_MESSAGE_ID` (`queue_id`,`message_id`),
  KEY `QUEUE_MESSAGE_STATUS_MESSAGE_ID_QUEUE_MESSAGE_ID` (`message_id`),
  KEY `QUEUE_MESSAGE_STATUS_STATUS_UPDATED_AT` (`status`,`updated_at`),
  CONSTRAINT `QUEUE_MESSAGE_STATUS_MESSAGE_ID_QUEUE_MESSAGE_ID` FOREIGN KEY (`message_id`) REFERENCES `queue_message` (`id`) ON DELETE CASCADE,
  CONSTRAINT `QUEUE_MESSAGE_STATUS_QUEUE_ID_QUEUE_ID` FOREIGN KEY (`queue_id`) REFERENCES `queue` (`id`) ON DELETE CASCADE
) ENGINE=InnoDB DEFAULT CHARSET=utf8 COMMENT='Relation table to keep associations between queues and messages';

--
-- Dumping data for table `queue_message_status`
--


--
-- Table structure for table `queue_poison_pill`
--

CREATE TABLE `queue_poison_pill` (
  `version` varchar(255) NOT NULL COMMENT 'Poison Pill version.'
) ENGINE=InnoDB DEFAULT CHARSET=utf8 COMMENT='Sequence table for poison pill versions';

--
-- Dumping data for table `queue_poison_pill`
--

INSERT INTO `queue_poison_pill` VALUES ('version-62ea6e9d3927a');

--
-- Table structure for table `quote`
--

CREATE TABLE `quote` (
  `entity_id` int unsigned NOT NULL AUTO_INCREMENT COMMENT 'Entity ID',
  `store_id` smallint unsigned NOT NULL DEFAULT '0' COMMENT 'Store ID',
  `created_at` timestamp NOT NULL DEFAULT CURRENT_TIMESTAMP COMMENT 'Created At',
  `updated_at` timestamp NOT NULL DEFAULT CURRENT_TIMESTAMP ON UPDATE CURRENT_TIMESTAMP,
  `converted_at` timestamp NULL DEFAULT NULL COMMENT 'Converted At',
  `is_active` smallint unsigned DEFAULT '1' COMMENT 'Is Active',
  `is_virtual` smallint unsigned DEFAULT '0' COMMENT 'Is Virtual',
  `is_multi_shipping` smallint unsigned DEFAULT '0' COMMENT 'Is Multi Shipping',
  `items_count` int unsigned DEFAULT '0' COMMENT 'Items Count',
  `items_qty` decimal(12,4) DEFAULT '0.0000' COMMENT 'Items Qty',
  `orig_order_id` int unsigned DEFAULT '0' COMMENT 'Orig Order ID',
  `store_to_base_rate` decimal(12,4) DEFAULT '0.0000' COMMENT 'Store To Base Rate',
  `store_to_quote_rate` decimal(12,4) DEFAULT '0.0000' COMMENT 'Store To Quote Rate',
  `base_currency_code` varchar(255) DEFAULT NULL COMMENT 'Base Currency Code',
  `store_currency_code` varchar(255) DEFAULT NULL COMMENT 'Store Currency Code',
  `quote_currency_code` varchar(255) DEFAULT NULL COMMENT 'Quote Currency Code',
  `grand_total` decimal(20,4) DEFAULT '0.0000' COMMENT 'Grand Total',
  `base_grand_total` decimal(20,4) DEFAULT '0.0000' COMMENT 'Base Grand Total',
  `checkout_method` varchar(255) DEFAULT NULL COMMENT 'Checkout Method',
  `customer_id` int unsigned DEFAULT NULL COMMENT 'Customer ID',
  `customer_tax_class_id` int unsigned DEFAULT NULL COMMENT 'Customer Tax Class ID',
  `customer_group_id` int unsigned DEFAULT '0' COMMENT 'Customer Group ID',
  `customer_email` varchar(255) DEFAULT NULL COMMENT 'Customer Email',
  `customer_prefix` varchar(40) DEFAULT NULL COMMENT 'Customer Prefix',
  `customer_firstname` varchar(255) DEFAULT NULL COMMENT 'Customer Firstname',
  `customer_middlename` varchar(40) DEFAULT NULL COMMENT 'Customer Middlename',
  `customer_lastname` varchar(255) DEFAULT NULL COMMENT 'Customer Lastname',
  `customer_suffix` varchar(40) DEFAULT NULL COMMENT 'Customer Suffix',
  `customer_dob` datetime DEFAULT NULL COMMENT 'Customer Dob',
  `customer_note` text COMMENT 'Customer Note',
  `customer_note_notify` smallint unsigned DEFAULT '1' COMMENT 'Customer Note Notify',
  `customer_is_guest` smallint unsigned DEFAULT '0' COMMENT 'Customer Is Guest',
  `remote_ip` varchar(45) DEFAULT NULL COMMENT 'Remote Ip',
  `applied_rule_ids` varchar(255) DEFAULT NULL COMMENT 'Applied Rule Ids',
  `reserved_order_id` varchar(64) DEFAULT NULL COMMENT 'Reserved Order ID',
  `password_hash` varchar(255) DEFAULT NULL COMMENT 'Password Hash',
  `coupon_code` varchar(255) DEFAULT NULL COMMENT 'Coupon Code',
  `global_currency_code` varchar(255) DEFAULT NULL COMMENT 'Global Currency Code',
  `base_to_global_rate` decimal(20,4) DEFAULT NULL COMMENT 'Base To Global Rate',
  `base_to_quote_rate` decimal(20,4) DEFAULT NULL COMMENT 'Base To Quote Rate',
  `customer_taxvat` varchar(255) DEFAULT NULL COMMENT 'Customer Taxvat',
  `customer_gender` varchar(255) DEFAULT NULL COMMENT 'Customer Gender',
  `subtotal` decimal(20,4) DEFAULT NULL COMMENT 'Subtotal',
  `base_subtotal` decimal(20,4) DEFAULT NULL COMMENT 'Base Subtotal',
  `subtotal_with_discount` decimal(20,4) DEFAULT NULL COMMENT 'Subtotal With Discount',
  `base_subtotal_with_discount` decimal(20,4) DEFAULT NULL COMMENT 'Base Subtotal With Discount',
  `is_changed` int unsigned DEFAULT NULL COMMENT 'Is Changed',
  `trigger_recollect` smallint NOT NULL DEFAULT '0' COMMENT 'Trigger Recollect',
  `ext_shipping_info` text COMMENT 'Ext Shipping Info',
  `gift_message_id` int DEFAULT NULL COMMENT 'Gift Message ID',
  `is_persistent` smallint unsigned DEFAULT '0' COMMENT 'Is Quote Persistent',
  PRIMARY KEY (`entity_id`),
  KEY `QUOTE_CUSTOMER_ID_STORE_ID_IS_ACTIVE` (`customer_id`,`store_id`,`is_active`),
  KEY `QUOTE_STORE_ID` (`store_id`),
  CONSTRAINT `QUOTE_STORE_ID_STORE_STORE_ID` FOREIGN KEY (`store_id`) REFERENCES `store` (`store_id`) ON DELETE CASCADE
) ENGINE=InnoDB DEFAULT CHARSET=utf8 COMMENT='Sales Flat Quote';

--
-- Dumping data for table `quote`
--


--
-- Table structure for table `quote_address`
--

CREATE TABLE `quote_address` (
  `address_id` int unsigned NOT NULL AUTO_INCREMENT COMMENT 'Address ID',
  `quote_id` int unsigned NOT NULL DEFAULT '0' COMMENT 'Quote ID',
  `created_at` timestamp NOT NULL DEFAULT CURRENT_TIMESTAMP COMMENT 'Created At',
  `updated_at` timestamp NOT NULL DEFAULT CURRENT_TIMESTAMP ON UPDATE CURRENT_TIMESTAMP COMMENT 'Updated At',
  `customer_id` int unsigned DEFAULT NULL COMMENT 'Customer ID',
  `save_in_address_book` smallint DEFAULT '0' COMMENT 'Save In Address Book',
  `customer_address_id` int unsigned DEFAULT NULL COMMENT 'Customer Address ID',
  `address_type` varchar(10) DEFAULT NULL COMMENT 'Address Type',
  `email` varchar(255) DEFAULT NULL COMMENT 'Email',
  `prefix` varchar(40) DEFAULT NULL COMMENT 'Prefix',
  `firstname` varchar(255) DEFAULT NULL,
  `middlename` varchar(40) DEFAULT NULL,
  `lastname` varchar(255) DEFAULT NULL,
  `suffix` varchar(40) DEFAULT NULL COMMENT 'Suffix',
  `company` varchar(255) DEFAULT NULL COMMENT 'Company',
  `street` varchar(255) DEFAULT NULL COMMENT 'Street',
  `city` varchar(255) DEFAULT NULL,
  `region` varchar(255) DEFAULT NULL,
  `region_id` int unsigned DEFAULT NULL COMMENT 'Region ID',
  `postcode` varchar(20) DEFAULT NULL COMMENT 'Postcode',
  `country_id` varchar(30) DEFAULT NULL COMMENT 'Country ID',
  `telephone` varchar(255) DEFAULT NULL,
  `fax` varchar(255) DEFAULT NULL,
  `same_as_billing` smallint unsigned NOT NULL DEFAULT '0' COMMENT 'Same As Billing',
  `collect_shipping_rates` smallint unsigned NOT NULL DEFAULT '0' COMMENT 'Collect Shipping Rates',
  `shipping_method` varchar(120) DEFAULT NULL,
  `shipping_description` varchar(255) DEFAULT NULL COMMENT 'Shipping Description',
  `weight` decimal(12,4) NOT NULL DEFAULT '0.0000' COMMENT 'Weight',
  `subtotal` decimal(20,4) NOT NULL DEFAULT '0.0000' COMMENT 'Subtotal',
  `base_subtotal` decimal(20,4) NOT NULL DEFAULT '0.0000' COMMENT 'Base Subtotal',
  `subtotal_with_discount` decimal(20,4) NOT NULL DEFAULT '0.0000' COMMENT 'Subtotal With Discount',
  `base_subtotal_with_discount` decimal(20,4) NOT NULL DEFAULT '0.0000' COMMENT 'Base Subtotal With Discount',
  `tax_amount` decimal(20,4) NOT NULL DEFAULT '0.0000' COMMENT 'Tax Amount',
  `base_tax_amount` decimal(20,4) NOT NULL DEFAULT '0.0000' COMMENT 'Base Tax Amount',
  `shipping_amount` decimal(20,4) NOT NULL DEFAULT '0.0000' COMMENT 'Shipping Amount',
  `base_shipping_amount` decimal(20,4) NOT NULL DEFAULT '0.0000' COMMENT 'Base Shipping Amount',
  `shipping_tax_amount` decimal(20,4) DEFAULT NULL COMMENT 'Shipping Tax Amount',
  `base_shipping_tax_amount` decimal(20,4) DEFAULT NULL COMMENT 'Base Shipping Tax Amount',
  `discount_amount` decimal(20,4) NOT NULL DEFAULT '0.0000' COMMENT 'Discount Amount',
  `base_discount_amount` decimal(20,4) NOT NULL DEFAULT '0.0000' COMMENT 'Base Discount Amount',
  `grand_total` decimal(20,4) NOT NULL DEFAULT '0.0000' COMMENT 'Grand Total',
  `base_grand_total` decimal(20,4) NOT NULL DEFAULT '0.0000' COMMENT 'Base Grand Total',
  `customer_notes` text COMMENT 'Customer Notes',
  `applied_taxes` text COMMENT 'Applied Taxes',
  `discount_description` varchar(255) DEFAULT NULL COMMENT 'Discount Description',
  `shipping_discount_amount` decimal(20,4) DEFAULT NULL COMMENT 'Shipping Discount Amount',
  `base_shipping_discount_amount` decimal(20,4) DEFAULT NULL COMMENT 'Base Shipping Discount Amount',
  `subtotal_incl_tax` decimal(20,4) DEFAULT NULL COMMENT 'Subtotal Incl Tax',
  `base_subtotal_total_incl_tax` decimal(20,4) DEFAULT NULL COMMENT 'Base Subtotal Total Incl Tax',
  `discount_tax_compensation_amount` decimal(20,4) DEFAULT NULL COMMENT 'Discount Tax Compensation Amount',
  `base_discount_tax_compensation_amount` decimal(20,4) DEFAULT NULL COMMENT 'Base Discount Tax Compensation Amount',
  `shipping_discount_tax_compensation_amount` decimal(20,4) DEFAULT NULL COMMENT 'Shipping Discount Tax Compensation Amount',
  `base_shipping_discount_tax_compensation_amnt` decimal(20,4) DEFAULT NULL COMMENT 'Base Shipping Discount Tax Compensation Amount',
  `shipping_incl_tax` decimal(20,4) DEFAULT NULL COMMENT 'Shipping Incl Tax',
  `base_shipping_incl_tax` decimal(20,4) DEFAULT NULL COMMENT 'Base Shipping Incl Tax',
  `vat_id` text COMMENT 'Vat ID',
  `vat_is_valid` smallint DEFAULT NULL COMMENT 'Vat Is Valid',
  `vat_request_id` text COMMENT 'Vat Request ID',
  `vat_request_date` text COMMENT 'Vat Request Date',
  `vat_request_success` smallint DEFAULT NULL COMMENT 'Vat Request Success',
  `validated_country_code` text COMMENT 'Validated Country Code',
  `validated_vat_number` text COMMENT 'Validated Vat Number',
  `gift_message_id` int DEFAULT NULL COMMENT 'Gift Message ID',
  `free_shipping` smallint unsigned NOT NULL DEFAULT '0' COMMENT 'Free Shipping',
  PRIMARY KEY (`address_id`),
  KEY `QUOTE_ADDRESS_QUOTE_ID` (`quote_id`),
  CONSTRAINT `QUOTE_ADDRESS_QUOTE_ID_QUOTE_ENTITY_ID` FOREIGN KEY (`quote_id`) REFERENCES `quote` (`entity_id`) ON DELETE CASCADE
) ENGINE=InnoDB DEFAULT CHARSET=utf8 COMMENT='Sales Flat Quote Address';

--
-- Dumping data for table `quote_address`
--


--
-- Table structure for table `quote_address_item`
--

CREATE TABLE `quote_address_item` (
  `address_item_id` int unsigned NOT NULL AUTO_INCREMENT COMMENT 'Address Item ID',
  `parent_item_id` int unsigned DEFAULT NULL COMMENT 'Parent Item ID',
  `quote_address_id` int unsigned NOT NULL DEFAULT '0' COMMENT 'Quote Address ID',
  `quote_item_id` int unsigned NOT NULL DEFAULT '0' COMMENT 'Quote Item ID',
  `created_at` timestamp NOT NULL DEFAULT CURRENT_TIMESTAMP COMMENT 'Created At',
  `updated_at` timestamp NOT NULL DEFAULT CURRENT_TIMESTAMP ON UPDATE CURRENT_TIMESTAMP COMMENT 'Updated At',
  `applied_rule_ids` text COMMENT 'Applied Rule Ids',
  `additional_data` text COMMENT 'Additional Data',
  `weight` decimal(12,4) DEFAULT '0.0000' COMMENT 'Weight',
  `qty` decimal(12,4) NOT NULL DEFAULT '0.0000' COMMENT 'Qty',
  `discount_amount` decimal(20,4) DEFAULT '0.0000' COMMENT 'Discount Amount',
  `tax_amount` decimal(20,4) DEFAULT '0.0000' COMMENT 'Tax Amount',
  `row_total` decimal(20,4) NOT NULL DEFAULT '0.0000' COMMENT 'Row Total',
  `base_row_total` decimal(20,4) NOT NULL DEFAULT '0.0000' COMMENT 'Base Row Total',
  `row_total_with_discount` decimal(20,4) DEFAULT '0.0000' COMMENT 'Row Total With Discount',
  `base_discount_amount` decimal(20,4) DEFAULT '0.0000' COMMENT 'Base Discount Amount',
  `base_tax_amount` decimal(20,4) DEFAULT '0.0000' COMMENT 'Base Tax Amount',
  `row_weight` decimal(12,4) DEFAULT '0.0000' COMMENT 'Row Weight',
  `product_id` int unsigned DEFAULT NULL COMMENT 'Product ID',
  `super_product_id` int unsigned DEFAULT NULL COMMENT 'Super Product ID',
  `parent_product_id` int unsigned DEFAULT NULL COMMENT 'Parent Product ID',
  `store_id` smallint unsigned DEFAULT NULL COMMENT 'Store ID',
  `sku` varchar(255) DEFAULT NULL COMMENT 'Sku',
  `image` varchar(255) DEFAULT NULL COMMENT 'Image',
  `name` varchar(255) DEFAULT NULL COMMENT 'Name',
  `description` text COMMENT 'Description',
  `is_qty_decimal` int unsigned DEFAULT NULL COMMENT 'Is Qty Decimal',
  `price` decimal(12,4) DEFAULT NULL COMMENT 'Price',
  `discount_percent` decimal(12,4) DEFAULT NULL COMMENT 'Discount Percent',
  `no_discount` int unsigned DEFAULT NULL COMMENT 'No Discount',
  `tax_percent` decimal(12,4) DEFAULT NULL COMMENT 'Tax Percent',
  `base_price` decimal(12,4) DEFAULT NULL COMMENT 'Base Price',
  `base_cost` decimal(12,4) DEFAULT NULL COMMENT 'Base Cost',
  `price_incl_tax` decimal(20,4) DEFAULT NULL COMMENT 'Price Incl Tax',
  `base_price_incl_tax` decimal(20,4) DEFAULT NULL COMMENT 'Base Price Incl Tax',
  `row_total_incl_tax` decimal(20,4) DEFAULT NULL COMMENT 'Row Total Incl Tax',
  `base_row_total_incl_tax` decimal(20,4) DEFAULT NULL COMMENT 'Base Row Total Incl Tax',
  `discount_tax_compensation_amount` decimal(20,4) DEFAULT NULL COMMENT 'Discount Tax Compensation Amount',
  `base_discount_tax_compensation_amount` decimal(20,4) DEFAULT NULL COMMENT 'Base Discount Tax Compensation Amount',
  `gift_message_id` int DEFAULT NULL COMMENT 'Gift Message ID',
  `free_shipping` int unsigned DEFAULT NULL COMMENT 'Free Shipping',
  PRIMARY KEY (`address_item_id`),
  KEY `QUOTE_ADDRESS_ITEM_QUOTE_ADDRESS_ID` (`quote_address_id`),
  KEY `QUOTE_ADDRESS_ITEM_PARENT_ITEM_ID` (`parent_item_id`),
  KEY `QUOTE_ADDRESS_ITEM_QUOTE_ITEM_ID` (`quote_item_id`),
  KEY `QUOTE_ADDRESS_ITEM_STORE_ID` (`store_id`),
  CONSTRAINT `QUOTE_ADDR_ITEM_PARENT_ITEM_ID_QUOTE_ADDR_ITEM_ADDR_ITEM_ID` FOREIGN KEY (`parent_item_id`) REFERENCES `quote_address_item` (`address_item_id`) ON DELETE CASCADE,
  CONSTRAINT `QUOTE_ADDRESS_ITEM_QUOTE_ADDRESS_ID_QUOTE_ADDRESS_ADDRESS_ID` FOREIGN KEY (`quote_address_id`) REFERENCES `quote_address` (`address_id`) ON DELETE CASCADE,
  CONSTRAINT `QUOTE_ADDRESS_ITEM_QUOTE_ITEM_ID_QUOTE_ITEM_ITEM_ID` FOREIGN KEY (`quote_item_id`) REFERENCES `quote_item` (`item_id`) ON DELETE CASCADE
) ENGINE=InnoDB DEFAULT CHARSET=utf8 COMMENT='Sales Flat Quote Address Item';

--
-- Dumping data for table `quote_address_item`
--


--
-- Table structure for table `quote_id_mask`
--

CREATE TABLE `quote_id_mask` (
  `entity_id` int unsigned NOT NULL AUTO_INCREMENT COMMENT 'Entity ID',
  `quote_id` int unsigned NOT NULL COMMENT 'Quote ID',
  `masked_id` varchar(32) DEFAULT NULL COMMENT 'Masked ID',
  PRIMARY KEY (`entity_id`,`quote_id`),
  KEY `QUOTE_ID_MASK_QUOTE_ID` (`quote_id`),
  KEY `QUOTE_ID_MASK_MASKED_ID` (`masked_id`),
  CONSTRAINT `QUOTE_ID_MASK_QUOTE_ID_QUOTE_ENTITY_ID` FOREIGN KEY (`quote_id`) REFERENCES `quote` (`entity_id`) ON DELETE CASCADE
) ENGINE=InnoDB DEFAULT CHARSET=utf8 COMMENT='Quote ID and masked ID mapping';

--
-- Dumping data for table `quote_id_mask`
--


--
-- Table structure for table `quote_item`
--

CREATE TABLE `quote_item` (
  `item_id` int unsigned NOT NULL AUTO_INCREMENT COMMENT 'Item ID',
  `quote_id` int unsigned NOT NULL DEFAULT '0' COMMENT 'Quote ID',
  `created_at` timestamp NOT NULL DEFAULT CURRENT_TIMESTAMP COMMENT 'Created At',
  `updated_at` timestamp NOT NULL DEFAULT CURRENT_TIMESTAMP ON UPDATE CURRENT_TIMESTAMP COMMENT 'Updated At',
  `product_id` int unsigned DEFAULT NULL COMMENT 'Product ID',
  `store_id` smallint unsigned DEFAULT NULL COMMENT 'Store ID',
  `parent_item_id` int unsigned DEFAULT NULL COMMENT 'Parent Item ID',
  `is_virtual` smallint unsigned DEFAULT NULL COMMENT 'Is Virtual',
  `sku` varchar(255) DEFAULT NULL COMMENT 'Sku',
  `name` varchar(255) DEFAULT NULL COMMENT 'Name',
  `description` text COMMENT 'Description',
  `applied_rule_ids` text COMMENT 'Applied Rule Ids',
  `additional_data` text COMMENT 'Additional Data',
  `is_qty_decimal` smallint unsigned DEFAULT NULL COMMENT 'Is Qty Decimal',
  `no_discount` smallint unsigned DEFAULT '0' COMMENT 'No Discount',
  `weight` decimal(12,4) DEFAULT '0.0000' COMMENT 'Weight',
  `qty` decimal(12,4) NOT NULL DEFAULT '0.0000' COMMENT 'Qty',
  `price` decimal(12,4) NOT NULL DEFAULT '0.0000' COMMENT 'Price',
  `base_price` decimal(12,4) NOT NULL DEFAULT '0.0000' COMMENT 'Base Price',
  `custom_price` decimal(12,4) DEFAULT NULL COMMENT 'Custom Price',
  `discount_percent` decimal(12,4) DEFAULT '0.0000' COMMENT 'Discount Percent',
  `discount_amount` decimal(20,4) DEFAULT '0.0000' COMMENT 'Discount Amount',
  `base_discount_amount` decimal(20,4) DEFAULT '0.0000' COMMENT 'Base Discount Amount',
  `tax_percent` decimal(12,4) DEFAULT '0.0000' COMMENT 'Tax Percent',
  `tax_amount` decimal(20,4) DEFAULT '0.0000' COMMENT 'Tax Amount',
  `base_tax_amount` decimal(20,4) DEFAULT '0.0000' COMMENT 'Base Tax Amount',
  `row_total` decimal(20,4) NOT NULL DEFAULT '0.0000' COMMENT 'Row Total',
  `base_row_total` decimal(20,4) NOT NULL DEFAULT '0.0000' COMMENT 'Base Row Total',
  `row_total_with_discount` decimal(20,4) DEFAULT '0.0000' COMMENT 'Row Total With Discount',
  `row_weight` decimal(12,4) DEFAULT '0.0000' COMMENT 'Row Weight',
  `product_type` varchar(255) DEFAULT NULL COMMENT 'Product Type',
  `base_tax_before_discount` decimal(20,4) DEFAULT NULL COMMENT 'Base Tax Before Discount',
  `tax_before_discount` decimal(20,4) DEFAULT NULL COMMENT 'Tax Before Discount',
  `original_custom_price` decimal(12,4) DEFAULT NULL COMMENT 'Original Custom Price',
  `redirect_url` varchar(255) DEFAULT NULL COMMENT 'Redirect Url',
  `base_cost` decimal(12,4) DEFAULT NULL COMMENT 'Base Cost',
  `price_incl_tax` decimal(20,4) DEFAULT NULL COMMENT 'Price Incl Tax',
  `base_price_incl_tax` decimal(20,4) DEFAULT NULL COMMENT 'Base Price Incl Tax',
  `row_total_incl_tax` decimal(20,4) DEFAULT NULL COMMENT 'Row Total Incl Tax',
  `base_row_total_incl_tax` decimal(20,4) DEFAULT NULL COMMENT 'Base Row Total Incl Tax',
  `discount_tax_compensation_amount` decimal(20,4) DEFAULT NULL COMMENT 'Discount Tax Compensation Amount',
  `base_discount_tax_compensation_amount` decimal(20,4) DEFAULT NULL COMMENT 'Base Discount Tax Compensation Amount',
  `gift_message_id` int DEFAULT NULL COMMENT 'Gift Message ID',
  `free_shipping` smallint unsigned NOT NULL DEFAULT '0' COMMENT 'Free Shipping',
  `weee_tax_applied` text COMMENT 'Weee Tax Applied',
  `weee_tax_applied_amount` decimal(12,4) DEFAULT NULL COMMENT 'Weee Tax Applied Amount',
  `weee_tax_applied_row_amount` decimal(12,4) DEFAULT NULL COMMENT 'Weee Tax Applied Row Amount',
  `weee_tax_disposition` decimal(12,4) DEFAULT NULL COMMENT 'Weee Tax Disposition',
  `weee_tax_row_disposition` decimal(12,4) DEFAULT NULL COMMENT 'Weee Tax Row Disposition',
  `base_weee_tax_applied_amount` decimal(12,4) DEFAULT NULL COMMENT 'Base Weee Tax Applied Amount',
  `base_weee_tax_applied_row_amnt` decimal(12,4) DEFAULT NULL COMMENT 'Base Weee Tax Applied Row Amnt',
  `base_weee_tax_disposition` decimal(12,4) DEFAULT NULL COMMENT 'Base Weee Tax Disposition',
  `base_weee_tax_row_disposition` decimal(12,4) DEFAULT NULL COMMENT 'Base Weee Tax Row Disposition',
  PRIMARY KEY (`item_id`),
  KEY `QUOTE_ITEM_PARENT_ITEM_ID` (`parent_item_id`),
  KEY `QUOTE_ITEM_PRODUCT_ID` (`product_id`),
  KEY `QUOTE_ITEM_QUOTE_ID` (`quote_id`),
  KEY `QUOTE_ITEM_STORE_ID` (`store_id`),
  CONSTRAINT `QUOTE_ITEM_PARENT_ITEM_ID_QUOTE_ITEM_ITEM_ID` FOREIGN KEY (`parent_item_id`) REFERENCES `quote_item` (`item_id`) ON DELETE CASCADE,
  CONSTRAINT `QUOTE_ITEM_QUOTE_ID_QUOTE_ENTITY_ID` FOREIGN KEY (`quote_id`) REFERENCES `quote` (`entity_id`) ON DELETE CASCADE,
  CONSTRAINT `QUOTE_ITEM_STORE_ID_STORE_STORE_ID` FOREIGN KEY (`store_id`) REFERENCES `store` (`store_id`) ON DELETE SET NULL
) ENGINE=InnoDB DEFAULT CHARSET=utf8 COMMENT='Sales Flat Quote Item';

--
-- Dumping data for table `quote_item`
--


--
-- Table structure for table `quote_item_option`
--

CREATE TABLE `quote_item_option` (
  `option_id` int unsigned NOT NULL AUTO_INCREMENT COMMENT 'Option ID',
  `item_id` int unsigned NOT NULL COMMENT 'Item ID',
  `product_id` int unsigned NOT NULL COMMENT 'Product ID',
  `code` varchar(255) NOT NULL COMMENT 'Code',
  `value` text COMMENT 'Value',
  PRIMARY KEY (`option_id`),
  KEY `QUOTE_ITEM_OPTION_ITEM_ID` (`item_id`),
  CONSTRAINT `QUOTE_ITEM_OPTION_ITEM_ID_QUOTE_ITEM_ITEM_ID` FOREIGN KEY (`item_id`) REFERENCES `quote_item` (`item_id`) ON DELETE CASCADE
) ENGINE=InnoDB DEFAULT CHARSET=utf8 COMMENT='Sales Flat Quote Item Option';

--
-- Dumping data for table `quote_item_option`
--


--
-- Table structure for table `quote_payment`
--

CREATE TABLE `quote_payment` (
  `payment_id` int unsigned NOT NULL AUTO_INCREMENT COMMENT 'Payment ID',
  `quote_id` int unsigned NOT NULL DEFAULT '0' COMMENT 'Quote ID',
  `created_at` timestamp NOT NULL DEFAULT CURRENT_TIMESTAMP COMMENT 'Created At',
  `updated_at` timestamp NOT NULL DEFAULT CURRENT_TIMESTAMP ON UPDATE CURRENT_TIMESTAMP COMMENT 'Updated At',
  `method` varchar(255) DEFAULT NULL COMMENT 'Method',
  `cc_type` varchar(255) DEFAULT NULL COMMENT 'Cc Type',
  `cc_number_enc` varchar(255) DEFAULT NULL COMMENT 'Cc Number Enc',
  `cc_last_4` varchar(255) DEFAULT NULL COMMENT 'Cc Last 4',
  `cc_cid_enc` varchar(255) DEFAULT NULL COMMENT 'Cc Cid Enc',
  `cc_owner` varchar(255) DEFAULT NULL COMMENT 'Cc Owner',
  `cc_exp_month` varchar(255) DEFAULT NULL COMMENT 'Cc Exp Month',
  `cc_exp_year` smallint unsigned DEFAULT '0' COMMENT 'Cc Exp Year',
  `cc_ss_owner` varchar(255) DEFAULT NULL COMMENT 'Cc Ss Owner',
  `cc_ss_start_month` smallint unsigned DEFAULT '0' COMMENT 'Cc Ss Start Month',
  `cc_ss_start_year` smallint unsigned DEFAULT '0' COMMENT 'Cc Ss Start Year',
  `po_number` varchar(255) DEFAULT NULL COMMENT 'Po Number',
  `additional_data` text COMMENT 'Additional Data',
  `cc_ss_issue` varchar(255) DEFAULT NULL COMMENT 'Cc Ss Issue',
  `additional_information` text COMMENT 'Additional Information',
  `paypal_payer_id` varchar(255) DEFAULT NULL COMMENT 'Paypal Payer ID',
  `paypal_payer_status` varchar(255) DEFAULT NULL COMMENT 'Paypal Payer Status',
  `paypal_correlation_id` varchar(255) DEFAULT NULL COMMENT 'Paypal Correlation ID',
  PRIMARY KEY (`payment_id`),
  KEY `QUOTE_PAYMENT_QUOTE_ID` (`quote_id`),
  CONSTRAINT `QUOTE_PAYMENT_QUOTE_ID_QUOTE_ENTITY_ID` FOREIGN KEY (`quote_id`) REFERENCES `quote` (`entity_id`) ON DELETE CASCADE
) ENGINE=InnoDB DEFAULT CHARSET=utf8 COMMENT='Sales Flat Quote Payment';

--
-- Dumping data for table `quote_payment`
--


--
-- Table structure for table `quote_shipping_rate`
--

CREATE TABLE `quote_shipping_rate` (
  `rate_id` int unsigned NOT NULL AUTO_INCREMENT COMMENT 'Rate ID',
  `address_id` int unsigned NOT NULL DEFAULT '0' COMMENT 'Address ID',
  `created_at` timestamp NOT NULL DEFAULT CURRENT_TIMESTAMP COMMENT 'Created At',
  `updated_at` timestamp NOT NULL DEFAULT CURRENT_TIMESTAMP ON UPDATE CURRENT_TIMESTAMP COMMENT 'Updated At',
  `carrier` varchar(255) DEFAULT NULL COMMENT 'Carrier',
  `carrier_title` varchar(255) DEFAULT NULL COMMENT 'Carrier Title',
  `code` varchar(255) DEFAULT NULL COMMENT 'Code',
  `method` varchar(255) DEFAULT NULL COMMENT 'Method',
  `method_description` text COMMENT 'Method Description',
  `price` decimal(20,4) NOT NULL DEFAULT '0.0000' COMMENT 'Price',
  `error_message` text COMMENT 'Error Message',
  `method_title` text COMMENT 'Method Title',
  PRIMARY KEY (`rate_id`),
  KEY `QUOTE_SHIPPING_RATE_ADDRESS_ID` (`address_id`),
  CONSTRAINT `QUOTE_SHIPPING_RATE_ADDRESS_ID_QUOTE_ADDRESS_ADDRESS_ID` FOREIGN KEY (`address_id`) REFERENCES `quote_address` (`address_id`) ON DELETE CASCADE
) ENGINE=InnoDB DEFAULT CHARSET=utf8 COMMENT='Sales Flat Quote Shipping Rate';

--
-- Dumping data for table `quote_shipping_rate`
--


--
-- Table structure for table `rating`
--

CREATE TABLE `rating` (
  `rating_id` smallint unsigned NOT NULL AUTO_INCREMENT COMMENT 'Rating ID',
  `entity_id` smallint unsigned NOT NULL DEFAULT '0' COMMENT 'Entity ID',
  `rating_code` varchar(64) NOT NULL COMMENT 'Rating Code',
  `position` smallint unsigned NOT NULL DEFAULT '0' COMMENT 'Rating Position On Storefront',
  `is_active` smallint NOT NULL DEFAULT '1' COMMENT 'Rating is active.',
  PRIMARY KEY (`rating_id`),
  UNIQUE KEY `RATING_RATING_CODE` (`rating_code`),
  KEY `RATING_ENTITY_ID` (`entity_id`),
  CONSTRAINT `RATING_ENTITY_ID_RATING_ENTITY_ENTITY_ID` FOREIGN KEY (`entity_id`) REFERENCES `rating_entity` (`entity_id`) ON DELETE CASCADE
) ENGINE=InnoDB AUTO_INCREMENT=4 DEFAULT CHARSET=utf8 COMMENT='Ratings';

--
-- Dumping data for table `rating`
--

INSERT INTO `rating` VALUES (1,1,'Quality',0,1),(2,1,'Value',0,1),(3,1,'Price',0,1);

--
-- Table structure for table `rating_entity`
--

CREATE TABLE `rating_entity` (
  `entity_id` smallint unsigned NOT NULL AUTO_INCREMENT COMMENT 'Entity ID',
  `entity_code` varchar(64) NOT NULL COMMENT 'Entity Code',
  PRIMARY KEY (`entity_id`),
  UNIQUE KEY `RATING_ENTITY_ENTITY_CODE` (`entity_code`)
) ENGINE=InnoDB AUTO_INCREMENT=4 DEFAULT CHARSET=utf8 COMMENT='Rating entities';

--
-- Dumping data for table `rating_entity`
--

INSERT INTO `rating_entity` VALUES (1,'product'),(2,'product_review'),(3,'review');

--
-- Table structure for table `rating_option`
--

CREATE TABLE `rating_option` (
  `option_id` int unsigned NOT NULL AUTO_INCREMENT COMMENT 'Rating Option ID',
  `rating_id` smallint unsigned NOT NULL DEFAULT '0' COMMENT 'Rating ID',
  `code` varchar(32) NOT NULL COMMENT 'Rating Option Code',
  `value` smallint unsigned NOT NULL DEFAULT '0' COMMENT 'Rating Option Value',
  `position` smallint unsigned NOT NULL DEFAULT '0' COMMENT 'Ration option position on Storefront',
  PRIMARY KEY (`option_id`),
  KEY `RATING_OPTION_RATING_ID` (`rating_id`),
  CONSTRAINT `RATING_OPTION_RATING_ID_RATING_RATING_ID` FOREIGN KEY (`rating_id`) REFERENCES `rating` (`rating_id`) ON DELETE CASCADE
) ENGINE=InnoDB AUTO_INCREMENT=16 DEFAULT CHARSET=utf8 COMMENT='Rating options';

--
-- Dumping data for table `rating_option`
--

INSERT INTO `rating_option` VALUES (1,1,'1',1,1),(2,1,'2',2,2),(3,1,'3',3,3),(4,1,'4',4,4),(5,1,'5',5,5),(6,2,'1',1,1),(7,2,'2',2,2),(8,2,'3',3,3),(9,2,'4',4,4),(10,2,'5',5,5),(11,3,'1',1,1),(12,3,'2',2,2),(13,3,'3',3,3),(14,3,'4',4,4),(15,3,'5',5,5);

--
-- Table structure for table `rating_option_vote`
--

CREATE TABLE `rating_option_vote` (
  `vote_id` bigint unsigned NOT NULL AUTO_INCREMENT COMMENT 'Vote ID',
  `option_id` int unsigned NOT NULL DEFAULT '0' COMMENT 'Vote option ID',
  `remote_ip` varchar(16) NOT NULL COMMENT 'Customer IP',
  `remote_ip_long` bigint NOT NULL DEFAULT '0' COMMENT 'Customer IP converted to long integer format',
  `customer_id` int unsigned DEFAULT '0' COMMENT 'Customer ID',
  `entity_pk_value` bigint unsigned NOT NULL DEFAULT '0' COMMENT 'Product ID',
  `rating_id` smallint unsigned NOT NULL DEFAULT '0' COMMENT 'Rating ID',
  `review_id` bigint unsigned DEFAULT NULL COMMENT 'Review ID',
  `percent` smallint NOT NULL DEFAULT '0' COMMENT 'Percent amount',
  `value` smallint NOT NULL DEFAULT '0' COMMENT 'Vote option value',
  PRIMARY KEY (`vote_id`),
  KEY `RATING_OPTION_VOTE_REVIEW_ID_REVIEW_REVIEW_ID` (`review_id`),
  KEY `RATING_OPTION_VOTE_OPTION_ID` (`option_id`),
  CONSTRAINT `RATING_OPTION_VOTE_OPTION_ID_RATING_OPTION_OPTION_ID` FOREIGN KEY (`option_id`) REFERENCES `rating_option` (`option_id`) ON DELETE CASCADE,
  CONSTRAINT `RATING_OPTION_VOTE_REVIEW_ID_REVIEW_REVIEW_ID` FOREIGN KEY (`review_id`) REFERENCES `review` (`review_id`) ON DELETE CASCADE
) ENGINE=InnoDB DEFAULT CHARSET=utf8 COMMENT='Rating option values';

--
-- Dumping data for table `rating_option_vote`
--


--
-- Table structure for table `rating_option_vote_aggregated`
--

CREATE TABLE `rating_option_vote_aggregated` (
  `primary_id` int NOT NULL AUTO_INCREMENT COMMENT 'Vote aggregation ID',
  `rating_id` smallint unsigned NOT NULL DEFAULT '0' COMMENT 'Rating ID',
  `entity_pk_value` bigint unsigned NOT NULL DEFAULT '0' COMMENT 'Product ID',
  `vote_count` int unsigned NOT NULL DEFAULT '0' COMMENT 'Vote dty',
  `vote_value_sum` int unsigned NOT NULL DEFAULT '0' COMMENT 'General vote sum',
  `percent` smallint NOT NULL DEFAULT '0' COMMENT 'Vote percent',
  `percent_approved` smallint DEFAULT '0' COMMENT 'Vote percent approved by admin',
  `store_id` smallint unsigned NOT NULL DEFAULT '0' COMMENT 'Store ID',
  PRIMARY KEY (`primary_id`),
  KEY `RATING_OPTION_VOTE_AGGREGATED_RATING_ID` (`rating_id`),
  KEY `RATING_OPTION_VOTE_AGGREGATED_STORE_ID` (`store_id`),
  CONSTRAINT `RATING_OPTION_VOTE_AGGREGATED_RATING_ID_RATING_RATING_ID` FOREIGN KEY (`rating_id`) REFERENCES `rating` (`rating_id`) ON DELETE CASCADE,
  CONSTRAINT `RATING_OPTION_VOTE_AGGREGATED_STORE_ID_STORE_STORE_ID` FOREIGN KEY (`store_id`) REFERENCES `store` (`store_id`) ON DELETE CASCADE
) ENGINE=InnoDB DEFAULT CHARSET=utf8 COMMENT='Rating vote aggregated';

--
-- Dumping data for table `rating_option_vote_aggregated`
--


--
-- Table structure for table `rating_store`
--

CREATE TABLE `rating_store` (
  `rating_id` smallint unsigned NOT NULL DEFAULT '0' COMMENT 'Rating ID',
  `store_id` smallint unsigned NOT NULL DEFAULT '0' COMMENT 'Store ID',
  PRIMARY KEY (`rating_id`,`store_id`),
  KEY `RATING_STORE_STORE_ID` (`store_id`),
  CONSTRAINT `RATING_STORE_RATING_ID_RATING_RATING_ID` FOREIGN KEY (`rating_id`) REFERENCES `rating` (`rating_id`) ON DELETE CASCADE,
  CONSTRAINT `RATING_STORE_STORE_ID_STORE_STORE_ID` FOREIGN KEY (`store_id`) REFERENCES `store` (`store_id`) ON DELETE CASCADE
) ENGINE=InnoDB DEFAULT CHARSET=utf8 COMMENT='Rating Store';

--
-- Dumping data for table `rating_store`
--


--
-- Table structure for table `rating_title`
--

CREATE TABLE `rating_title` (
  `rating_id` smallint unsigned NOT NULL DEFAULT '0' COMMENT 'Rating ID',
  `store_id` smallint unsigned NOT NULL DEFAULT '0' COMMENT 'Store ID',
  `value` varchar(255) NOT NULL COMMENT 'Rating Label',
  PRIMARY KEY (`rating_id`,`store_id`),
  KEY `RATING_TITLE_STORE_ID` (`store_id`),
  CONSTRAINT `RATING_TITLE_RATING_ID_RATING_RATING_ID` FOREIGN KEY (`rating_id`) REFERENCES `rating` (`rating_id`) ON DELETE CASCADE,
  CONSTRAINT `RATING_TITLE_STORE_ID_STORE_STORE_ID` FOREIGN KEY (`store_id`) REFERENCES `store` (`store_id`) ON DELETE CASCADE
) ENGINE=InnoDB DEFAULT CHARSET=utf8 COMMENT='Rating Title';

--
-- Dumping data for table `rating_title`
--


--
-- Table structure for table `release_notification_viewer_log`
--

CREATE TABLE `release_notification_viewer_log` (
  `id` int unsigned NOT NULL AUTO_INCREMENT COMMENT 'Log ID',
  `viewer_id` int unsigned NOT NULL COMMENT 'Viewer admin user ID',
  `last_view_version` varchar(16) NOT NULL COMMENT 'Viewer last view on product version',
  PRIMARY KEY (`id`),
  UNIQUE KEY `RELEASE_NOTIFICATION_VIEWER_LOG_VIEWER_ID` (`viewer_id`),
  CONSTRAINT `RELEASE_NOTIFICATION_VIEWER_LOG_VIEWER_ID_ADMIN_USER_USER_ID` FOREIGN KEY (`viewer_id`) REFERENCES `admin_user` (`user_id`) ON DELETE CASCADE
) ENGINE=InnoDB DEFAULT CHARSET=utf8 COMMENT='Release Notification Viewer Log Table';

--
-- Dumping data for table `release_notification_viewer_log`
--


--
-- Table structure for table `report_compared_product_index`
--

CREATE TABLE `report_compared_product_index` (
  `index_id` bigint unsigned NOT NULL AUTO_INCREMENT COMMENT 'Index ID',
  `visitor_id` int unsigned DEFAULT NULL COMMENT 'Visitor ID',
  `customer_id` int unsigned DEFAULT NULL COMMENT 'Customer ID',
  `product_id` int unsigned NOT NULL COMMENT 'Product ID',
  `store_id` smallint unsigned DEFAULT NULL COMMENT 'Store ID',
  `added_at` timestamp NOT NULL DEFAULT CURRENT_TIMESTAMP COMMENT 'Added At',
  PRIMARY KEY (`index_id`),
  UNIQUE KEY `REPORT_COMPARED_PRODUCT_INDEX_VISITOR_ID_PRODUCT_ID` (`visitor_id`,`product_id`),
  UNIQUE KEY `REPORT_COMPARED_PRODUCT_INDEX_CUSTOMER_ID_PRODUCT_ID` (`customer_id`,`product_id`),
  KEY `REPORT_COMPARED_PRODUCT_INDEX_STORE_ID` (`store_id`),
  KEY `REPORT_COMPARED_PRODUCT_INDEX_ADDED_AT` (`added_at`),
  KEY `REPORT_COMPARED_PRODUCT_INDEX_PRODUCT_ID` (`product_id`),
  CONSTRAINT `REPORT_CMPD_PRD_IDX_CSTR_ID_CSTR_ENTT_ENTT_ID` FOREIGN KEY (`customer_id`) REFERENCES `customer_entity` (`entity_id`) ON DELETE CASCADE,
  CONSTRAINT `REPORT_CMPD_PRD_IDX_PRD_ID_CAT_PRD_ENTT_ENTT_ID` FOREIGN KEY (`product_id`) REFERENCES `catalog_product_entity` (`entity_id`) ON DELETE CASCADE,
  CONSTRAINT `REPORT_COMPARED_PRODUCT_INDEX_STORE_ID_STORE_STORE_ID` FOREIGN KEY (`store_id`) REFERENCES `store` (`store_id`) ON DELETE SET NULL
) ENGINE=InnoDB DEFAULT CHARSET=utf8 COMMENT='Reports Compared Product Index Table';

--
-- Dumping data for table `report_compared_product_index`
--


--
-- Table structure for table `report_event`
--

CREATE TABLE `report_event` (
  `event_id` bigint unsigned NOT NULL AUTO_INCREMENT COMMENT 'Event ID',
  `logged_at` timestamp NOT NULL DEFAULT CURRENT_TIMESTAMP COMMENT 'Logged At',
  `event_type_id` smallint unsigned NOT NULL DEFAULT '0' COMMENT 'Event Type ID',
  `object_id` int unsigned NOT NULL DEFAULT '0' COMMENT 'Object ID',
  `subject_id` int unsigned NOT NULL DEFAULT '0' COMMENT 'Subject ID',
  `subtype` smallint unsigned NOT NULL DEFAULT '0' COMMENT 'Subtype',
  `store_id` smallint unsigned NOT NULL COMMENT 'Store ID',
  PRIMARY KEY (`event_id`),
  KEY `REPORT_EVENT_EVENT_TYPE_ID` (`event_type_id`),
  KEY `REPORT_EVENT_SUBJECT_ID` (`subject_id`),
  KEY `REPORT_EVENT_OBJECT_ID` (`object_id`),
  KEY `REPORT_EVENT_SUBTYPE` (`subtype`),
  KEY `REPORT_EVENT_STORE_ID` (`store_id`),
  CONSTRAINT `REPORT_EVENT_EVENT_TYPE_ID_REPORT_EVENT_TYPES_EVENT_TYPE_ID` FOREIGN KEY (`event_type_id`) REFERENCES `report_event_types` (`event_type_id`) ON DELETE CASCADE,
  CONSTRAINT `REPORT_EVENT_STORE_ID_STORE_STORE_ID` FOREIGN KEY (`store_id`) REFERENCES `store` (`store_id`) ON DELETE CASCADE
) ENGINE=InnoDB DEFAULT CHARSET=utf8 COMMENT='Reports Event Table';

--
-- Dumping data for table `report_event`
--


--
-- Table structure for table `report_event_types`
--

CREATE TABLE `report_event_types` (
  `event_type_id` smallint unsigned NOT NULL AUTO_INCREMENT COMMENT 'Event Type ID',
  `event_name` varchar(64) NOT NULL COMMENT 'Event Name',
  `customer_login` smallint unsigned NOT NULL DEFAULT '0' COMMENT 'Customer Login',
  PRIMARY KEY (`event_type_id`)
) ENGINE=InnoDB AUTO_INCREMENT=7 DEFAULT CHARSET=utf8 COMMENT='Reports Event Type Table';

--
-- Dumping data for table `report_event_types`
--

INSERT INTO `report_event_types` VALUES (1,'catalog_product_view',0),(2,'sendfriend_product',0),(3,'catalog_product_compare_add_product',0),(4,'checkout_cart_add_product',0),(5,'wishlist_add_product',0),(6,'wishlist_share',0);

--
-- Table structure for table `report_viewed_product_aggregated_daily`
--

CREATE TABLE `report_viewed_product_aggregated_daily` (
  `id` int unsigned NOT NULL AUTO_INCREMENT COMMENT 'ID',
  `period` date DEFAULT NULL COMMENT 'Period',
  `store_id` smallint unsigned DEFAULT NULL COMMENT 'Store ID',
  `product_id` int unsigned DEFAULT NULL COMMENT 'Product ID',
  `product_name` varchar(255) DEFAULT NULL COMMENT 'Product Name',
  `product_price` decimal(12,4) NOT NULL DEFAULT '0.0000' COMMENT 'Product Price',
  `views_num` int NOT NULL DEFAULT '0' COMMENT 'Number of Views',
  `rating_pos` smallint unsigned NOT NULL DEFAULT '0' COMMENT 'Rating Pos',
  PRIMARY KEY (`id`),
  UNIQUE KEY `REPORT_VIEWED_PRD_AGGRED_DAILY_PERIOD_STORE_ID_PRD_ID` (`period`,`store_id`,`product_id`),
  KEY `REPORT_VIEWED_PRODUCT_AGGREGATED_DAILY_STORE_ID` (`store_id`),
  KEY `REPORT_VIEWED_PRODUCT_AGGREGATED_DAILY_PRODUCT_ID` (`product_id`),
  CONSTRAINT `REPORT_VIEWED_PRD_AGGRED_DAILY_PRD_ID_CAT_PRD_ENTT_ENTT_ID` FOREIGN KEY (`product_id`) REFERENCES `catalog_product_entity` (`entity_id`) ON DELETE CASCADE,
  CONSTRAINT `REPORT_VIEWED_PRODUCT_AGGREGATED_DAILY_STORE_ID_STORE_STORE_ID` FOREIGN KEY (`store_id`) REFERENCES `store` (`store_id`) ON DELETE CASCADE
) ENGINE=InnoDB DEFAULT CHARSET=utf8 COMMENT='Most Viewed Products Aggregated Daily';

--
-- Dumping data for table `report_viewed_product_aggregated_daily`
--


--
-- Table structure for table `report_viewed_product_aggregated_monthly`
--

CREATE TABLE `report_viewed_product_aggregated_monthly` (
  `id` int unsigned NOT NULL AUTO_INCREMENT COMMENT 'ID',
  `period` date DEFAULT NULL COMMENT 'Period',
  `store_id` smallint unsigned DEFAULT NULL COMMENT 'Store ID',
  `product_id` int unsigned DEFAULT NULL COMMENT 'Product ID',
  `product_name` varchar(255) DEFAULT NULL COMMENT 'Product Name',
  `product_price` decimal(12,4) NOT NULL DEFAULT '0.0000' COMMENT 'Product Price',
  `views_num` int NOT NULL DEFAULT '0' COMMENT 'Number of Views',
  `rating_pos` smallint unsigned NOT NULL DEFAULT '0' COMMENT 'Rating Pos',
  PRIMARY KEY (`id`),
  UNIQUE KEY `REPORT_VIEWED_PRD_AGGRED_MONTHLY_PERIOD_STORE_ID_PRD_ID` (`period`,`store_id`,`product_id`),
  KEY `REPORT_VIEWED_PRODUCT_AGGREGATED_MONTHLY_STORE_ID` (`store_id`),
  KEY `REPORT_VIEWED_PRODUCT_AGGREGATED_MONTHLY_PRODUCT_ID` (`product_id`),
  CONSTRAINT `REPORT_VIEWED_PRD_AGGRED_MONTHLY_PRD_ID_CAT_PRD_ENTT_ENTT_ID` FOREIGN KEY (`product_id`) REFERENCES `catalog_product_entity` (`entity_id`) ON DELETE CASCADE,
  CONSTRAINT `REPORT_VIEWED_PRODUCT_AGGREGATED_MONTHLY_STORE_ID_STORE_STORE_ID` FOREIGN KEY (`store_id`) REFERENCES `store` (`store_id`) ON DELETE CASCADE
) ENGINE=InnoDB DEFAULT CHARSET=utf8 COMMENT='Most Viewed Products Aggregated Monthly';

--
-- Dumping data for table `report_viewed_product_aggregated_monthly`
--


--
-- Table structure for table `report_viewed_product_aggregated_yearly`
--

CREATE TABLE `report_viewed_product_aggregated_yearly` (
  `id` int unsigned NOT NULL AUTO_INCREMENT COMMENT 'ID',
  `period` date DEFAULT NULL COMMENT 'Period',
  `store_id` smallint unsigned DEFAULT NULL COMMENT 'Store ID',
  `product_id` int unsigned DEFAULT NULL COMMENT 'Product ID',
  `product_name` varchar(255) DEFAULT NULL COMMENT 'Product Name',
  `product_price` decimal(12,4) NOT NULL DEFAULT '0.0000' COMMENT 'Product Price',
  `views_num` int NOT NULL DEFAULT '0' COMMENT 'Number of Views',
  `rating_pos` smallint unsigned NOT NULL DEFAULT '0' COMMENT 'Rating Pos',
  PRIMARY KEY (`id`),
  UNIQUE KEY `REPORT_VIEWED_PRD_AGGRED_YEARLY_PERIOD_STORE_ID_PRD_ID` (`period`,`store_id`,`product_id`),
  KEY `REPORT_VIEWED_PRODUCT_AGGREGATED_YEARLY_STORE_ID` (`store_id`),
  KEY `REPORT_VIEWED_PRODUCT_AGGREGATED_YEARLY_PRODUCT_ID` (`product_id`),
  CONSTRAINT `REPORT_VIEWED_PRD_AGGRED_YEARLY_PRD_ID_CAT_PRD_ENTT_ENTT_ID` FOREIGN KEY (`product_id`) REFERENCES `catalog_product_entity` (`entity_id`) ON DELETE CASCADE,
  CONSTRAINT `REPORT_VIEWED_PRODUCT_AGGREGATED_YEARLY_STORE_ID_STORE_STORE_ID` FOREIGN KEY (`store_id`) REFERENCES `store` (`store_id`) ON DELETE CASCADE
) ENGINE=InnoDB DEFAULT CHARSET=utf8 COMMENT='Most Viewed Products Aggregated Yearly';

--
-- Dumping data for table `report_viewed_product_aggregated_yearly`
--


--
-- Table structure for table `report_viewed_product_index`
--

CREATE TABLE `report_viewed_product_index` (
  `index_id` bigint unsigned NOT NULL AUTO_INCREMENT COMMENT 'Index ID',
  `visitor_id` int unsigned DEFAULT NULL COMMENT 'Visitor ID',
  `customer_id` int unsigned DEFAULT NULL COMMENT 'Customer ID',
  `product_id` int unsigned NOT NULL COMMENT 'Product ID',
  `store_id` smallint unsigned DEFAULT NULL COMMENT 'Store ID',
  `added_at` timestamp NOT NULL DEFAULT CURRENT_TIMESTAMP COMMENT 'Added At',
  PRIMARY KEY (`index_id`),
  UNIQUE KEY `REPORT_VIEWED_PRODUCT_INDEX_VISITOR_ID_PRODUCT_ID` (`visitor_id`,`product_id`),
  UNIQUE KEY `REPORT_VIEWED_PRODUCT_INDEX_CUSTOMER_ID_PRODUCT_ID` (`customer_id`,`product_id`),
  KEY `REPORT_VIEWED_PRODUCT_INDEX_STORE_ID` (`store_id`),
  KEY `REPORT_VIEWED_PRODUCT_INDEX_ADDED_AT` (`added_at`),
  KEY `REPORT_VIEWED_PRODUCT_INDEX_PRODUCT_ID` (`product_id`),
  CONSTRAINT `REPORT_VIEWED_PRD_IDX_CSTR_ID_CSTR_ENTT_ENTT_ID` FOREIGN KEY (`customer_id`) REFERENCES `customer_entity` (`entity_id`) ON DELETE CASCADE,
  CONSTRAINT `REPORT_VIEWED_PRD_IDX_PRD_ID_CAT_PRD_ENTT_ENTT_ID` FOREIGN KEY (`product_id`) REFERENCES `catalog_product_entity` (`entity_id`) ON DELETE CASCADE,
  CONSTRAINT `REPORT_VIEWED_PRODUCT_INDEX_STORE_ID_STORE_STORE_ID` FOREIGN KEY (`store_id`) REFERENCES `store` (`store_id`) ON DELETE SET NULL
) ENGINE=InnoDB DEFAULT CHARSET=utf8 COMMENT='Reports Viewed Product Index Table';

--
-- Dumping data for table `report_viewed_product_index`
--


--
-- Table structure for table `reporting_counts`
--

CREATE TABLE `reporting_counts` (
  `entity_id` int unsigned NOT NULL AUTO_INCREMENT COMMENT 'Entity ID',
  `type` varchar(255) DEFAULT NULL COMMENT 'Item Reported',
  `count` int unsigned DEFAULT NULL COMMENT 'Count Value',
  `updated_at` timestamp NOT NULL DEFAULT CURRENT_TIMESTAMP ON UPDATE CURRENT_TIMESTAMP COMMENT 'Updated At',
  PRIMARY KEY (`entity_id`)
) ENGINE=InnoDB DEFAULT CHARSET=utf8 COMMENT='Reporting for all count related events generated via the cron job';

--
-- Dumping data for table `reporting_counts`
--


--
-- Table structure for table `reporting_module_status`
--

CREATE TABLE `reporting_module_status` (
  `entity_id` int unsigned NOT NULL AUTO_INCREMENT COMMENT 'Module ID',
  `name` varchar(255) DEFAULT NULL COMMENT 'Module Name',
  `active` varchar(255) DEFAULT NULL COMMENT 'Module Active Status',
  `setup_version` varchar(255) DEFAULT NULL COMMENT 'Module Version',
  `state` varchar(255) DEFAULT NULL COMMENT 'Module State',
  `updated_at` timestamp NOT NULL DEFAULT CURRENT_TIMESTAMP ON UPDATE CURRENT_TIMESTAMP COMMENT 'Updated At',
  PRIMARY KEY (`entity_id`)
) ENGINE=InnoDB DEFAULT CHARSET=utf8 COMMENT='Module Status Table';

--
-- Dumping data for table `reporting_module_status`
--


--
-- Table structure for table `reporting_orders`
--

CREATE TABLE `reporting_orders` (
  `entity_id` int unsigned NOT NULL AUTO_INCREMENT COMMENT 'Entity ID',
  `customer_id` int unsigned DEFAULT NULL COMMENT 'Customer ID',
  `total` decimal(20,4) unsigned DEFAULT NULL,
  `total_base` decimal(20,4) unsigned DEFAULT NULL,
  `item_count` int unsigned NOT NULL COMMENT 'Line Item Count',
  `updated_at` timestamp NOT NULL DEFAULT CURRENT_TIMESTAMP COMMENT 'Updated At',
  PRIMARY KEY (`entity_id`)
) ENGINE=InnoDB DEFAULT CHARSET=utf8 COMMENT='Reporting for all orders';

--
-- Dumping data for table `reporting_orders`
--


--
-- Table structure for table `reporting_system_updates`
--

CREATE TABLE `reporting_system_updates` (
  `entity_id` int unsigned NOT NULL AUTO_INCREMENT COMMENT 'Entity ID',
  `type` varchar(255) DEFAULT NULL COMMENT 'Update Type',
  `action` varchar(255) DEFAULT NULL COMMENT 'Action Performed',
  `updated_at` timestamp NOT NULL DEFAULT CURRENT_TIMESTAMP COMMENT 'Updated At',
  PRIMARY KEY (`entity_id`)
) ENGINE=InnoDB DEFAULT CHARSET=utf8 COMMENT='Reporting for system updates';

--
-- Dumping data for table `reporting_system_updates`
--


--
-- Table structure for table `reporting_users`
--

CREATE TABLE `reporting_users` (
  `entity_id` int unsigned NOT NULL AUTO_INCREMENT COMMENT 'Entity ID',
  `type` varchar(255) DEFAULT NULL COMMENT 'User Type',
  `action` varchar(255) DEFAULT NULL COMMENT 'Action Performed',
  `updated_at` timestamp NOT NULL DEFAULT CURRENT_TIMESTAMP COMMENT 'Updated At',
  PRIMARY KEY (`entity_id`)
) ENGINE=InnoDB DEFAULT CHARSET=utf8 COMMENT='Reporting for user actions';

--
-- Dumping data for table `reporting_users`
--


--
-- Table structure for table `review`
--

CREATE TABLE `review` (
  `review_id` bigint unsigned NOT NULL AUTO_INCREMENT COMMENT 'Review ID',
  `created_at` timestamp NOT NULL DEFAULT CURRENT_TIMESTAMP COMMENT 'Review create date',
  `entity_id` smallint unsigned NOT NULL DEFAULT '0' COMMENT 'Entity ID',
  `entity_pk_value` int unsigned NOT NULL DEFAULT '0' COMMENT 'Product ID',
  `status_id` smallint unsigned NOT NULL DEFAULT '0' COMMENT 'Status code',
  PRIMARY KEY (`review_id`),
  KEY `REVIEW_ENTITY_ID` (`entity_id`),
  KEY `REVIEW_STATUS_ID` (`status_id`),
  KEY `REVIEW_ENTITY_PK_VALUE` (`entity_pk_value`),
  CONSTRAINT `REVIEW_ENTITY_ID_REVIEW_ENTITY_ENTITY_ID` FOREIGN KEY (`entity_id`) REFERENCES `review_entity` (`entity_id`) ON DELETE CASCADE,
  CONSTRAINT `REVIEW_STATUS_ID_REVIEW_STATUS_STATUS_ID` FOREIGN KEY (`status_id`) REFERENCES `review_status` (`status_id`)
) ENGINE=InnoDB DEFAULT CHARSET=utf8 COMMENT='Review base information';

--
-- Dumping data for table `review`
--


--
-- Table structure for table `review_detail`
--

CREATE TABLE `review_detail` (
  `detail_id` bigint unsigned NOT NULL AUTO_INCREMENT COMMENT 'Review detail ID',
  `review_id` bigint unsigned NOT NULL DEFAULT '0' COMMENT 'Review ID',
  `store_id` smallint unsigned DEFAULT '0' COMMENT 'Store ID',
  `title` varchar(255) NOT NULL COMMENT 'Title',
  `detail` text NOT NULL COMMENT 'Detail description',
  `nickname` varchar(128) NOT NULL COMMENT 'User nickname',
  `customer_id` int unsigned DEFAULT NULL COMMENT 'Customer ID',
  PRIMARY KEY (`detail_id`),
  KEY `REVIEW_DETAIL_REVIEW_ID` (`review_id`),
  KEY `REVIEW_DETAIL_STORE_ID` (`store_id`),
  KEY `REVIEW_DETAIL_CUSTOMER_ID` (`customer_id`),
  CONSTRAINT `REVIEW_DETAIL_CUSTOMER_ID_CUSTOMER_ENTITY_ENTITY_ID` FOREIGN KEY (`customer_id`) REFERENCES `customer_entity` (`entity_id`) ON DELETE SET NULL,
  CONSTRAINT `REVIEW_DETAIL_REVIEW_ID_REVIEW_REVIEW_ID` FOREIGN KEY (`review_id`) REFERENCES `review` (`review_id`) ON DELETE CASCADE,
  CONSTRAINT `REVIEW_DETAIL_STORE_ID_STORE_STORE_ID` FOREIGN KEY (`store_id`) REFERENCES `store` (`store_id`) ON DELETE SET NULL
) ENGINE=InnoDB DEFAULT CHARSET=utf8 COMMENT='Review detail information';

--
-- Dumping data for table `review_detail`
--


--
-- Table structure for table `review_entity`
--

CREATE TABLE `review_entity` (
  `entity_id` smallint unsigned NOT NULL AUTO_INCREMENT COMMENT 'Review entity ID',
  `entity_code` varchar(32) NOT NULL COMMENT 'Review entity code',
  PRIMARY KEY (`entity_id`)
) ENGINE=InnoDB AUTO_INCREMENT=4 DEFAULT CHARSET=utf8 COMMENT='Review entities';

--
-- Dumping data for table `review_entity`
--

INSERT INTO `review_entity` VALUES (1,'product'),(2,'customer'),(3,'category');

--
-- Table structure for table `review_entity_summary`
--

CREATE TABLE `review_entity_summary` (
  `primary_id` bigint NOT NULL AUTO_INCREMENT COMMENT 'Summary review entity ID',
  `entity_pk_value` bigint NOT NULL DEFAULT '0' COMMENT 'Product ID',
  `entity_type` smallint NOT NULL DEFAULT '0' COMMENT 'Entity type ID',
  `reviews_count` smallint NOT NULL DEFAULT '0' COMMENT 'Qty of reviews',
  `rating_summary` smallint NOT NULL DEFAULT '0' COMMENT 'Summarized rating',
  `store_id` smallint unsigned NOT NULL DEFAULT '0' COMMENT 'Store ID',
  PRIMARY KEY (`primary_id`),
  UNIQUE KEY `REVIEW_ENTITY_SUMMARY_ENTITY_PK_VALUE_STORE_ID_ENTITY_TYPE` (`entity_pk_value`,`store_id`,`entity_type`),
  KEY `REVIEW_ENTITY_SUMMARY_STORE_ID` (`store_id`),
  CONSTRAINT `REVIEW_ENTITY_SUMMARY_STORE_ID_STORE_STORE_ID` FOREIGN KEY (`store_id`) REFERENCES `store` (`store_id`) ON DELETE CASCADE
) ENGINE=InnoDB DEFAULT CHARSET=utf8 COMMENT='Review aggregates';

--
-- Dumping data for table `review_entity_summary`
--


--
-- Table structure for table `review_status`
--

CREATE TABLE `review_status` (
  `status_id` smallint unsigned NOT NULL AUTO_INCREMENT COMMENT 'Status ID',
  `status_code` varchar(32) NOT NULL COMMENT 'Status code',
  PRIMARY KEY (`status_id`)
) ENGINE=InnoDB AUTO_INCREMENT=4 DEFAULT CHARSET=utf8 COMMENT='Review statuses';

--
-- Dumping data for table `review_status`
--

INSERT INTO `review_status` VALUES (1,'Approved'),(2,'Pending'),(3,'Not Approved');

--
-- Table structure for table `review_store`
--

CREATE TABLE `review_store` (
  `review_id` bigint unsigned NOT NULL COMMENT 'Review ID',
  `store_id` smallint unsigned NOT NULL COMMENT 'Store ID',
  PRIMARY KEY (`review_id`,`store_id`),
  KEY `REVIEW_STORE_STORE_ID` (`store_id`),
  CONSTRAINT `REVIEW_STORE_REVIEW_ID_REVIEW_REVIEW_ID` FOREIGN KEY (`review_id`) REFERENCES `review` (`review_id`) ON DELETE CASCADE,
  CONSTRAINT `REVIEW_STORE_STORE_ID_STORE_STORE_ID` FOREIGN KEY (`store_id`) REFERENCES `store` (`store_id`) ON DELETE CASCADE
) ENGINE=InnoDB DEFAULT CHARSET=utf8 COMMENT='Review Store';

--
-- Dumping data for table `review_store`
--


--
-- Table structure for table `sales_bestsellers_aggregated_daily`
--

CREATE TABLE `sales_bestsellers_aggregated_daily` (
  `id` int unsigned NOT NULL AUTO_INCREMENT COMMENT 'ID',
  `period` date DEFAULT NULL COMMENT 'Period',
  `store_id` smallint unsigned DEFAULT NULL COMMENT 'Store ID',
  `product_id` int unsigned DEFAULT NULL COMMENT 'Product ID',
  `product_name` varchar(255) DEFAULT NULL COMMENT 'Product Name',
  `product_price` decimal(12,4) NOT NULL DEFAULT '0.0000' COMMENT 'Product Price',
  `qty_ordered` decimal(12,4) NOT NULL DEFAULT '0.0000' COMMENT 'Qty Ordered',
  `rating_pos` smallint unsigned NOT NULL DEFAULT '0' COMMENT 'Rating Pos',
  PRIMARY KEY (`id`),
  UNIQUE KEY `SALES_BESTSELLERS_AGGREGATED_DAILY_PERIOD_STORE_ID_PRODUCT_ID` (`period`,`store_id`,`product_id`),
  KEY `SALES_BESTSELLERS_AGGREGATED_DAILY_STORE_ID` (`store_id`),
  KEY `SALES_BESTSELLERS_AGGREGATED_DAILY_PRODUCT_ID` (`product_id`),
  CONSTRAINT `SALES_BESTSELLERS_AGGREGATED_DAILY_STORE_ID_STORE_STORE_ID` FOREIGN KEY (`store_id`) REFERENCES `store` (`store_id`) ON DELETE CASCADE
) ENGINE=InnoDB DEFAULT CHARSET=utf8 COMMENT='Sales Bestsellers Aggregated Daily';

--
-- Dumping data for table `sales_bestsellers_aggregated_daily`
--


--
-- Table structure for table `sales_bestsellers_aggregated_monthly`
--

CREATE TABLE `sales_bestsellers_aggregated_monthly` (
  `id` int unsigned NOT NULL AUTO_INCREMENT COMMENT 'ID',
  `period` date DEFAULT NULL COMMENT 'Period',
  `store_id` smallint unsigned DEFAULT NULL COMMENT 'Store ID',
  `product_id` int unsigned DEFAULT NULL COMMENT 'Product ID',
  `product_name` varchar(255) DEFAULT NULL COMMENT 'Product Name',
  `product_price` decimal(12,4) NOT NULL DEFAULT '0.0000' COMMENT 'Product Price',
  `qty_ordered` decimal(12,4) NOT NULL DEFAULT '0.0000' COMMENT 'Qty Ordered',
  `rating_pos` smallint unsigned NOT NULL DEFAULT '0' COMMENT 'Rating Pos',
  PRIMARY KEY (`id`),
  UNIQUE KEY `SALES_BESTSELLERS_AGGREGATED_MONTHLY_PERIOD_STORE_ID_PRODUCT_ID` (`period`,`store_id`,`product_id`),
  KEY `SALES_BESTSELLERS_AGGREGATED_MONTHLY_STORE_ID` (`store_id`),
  KEY `SALES_BESTSELLERS_AGGREGATED_MONTHLY_PRODUCT_ID` (`product_id`),
  CONSTRAINT `SALES_BESTSELLERS_AGGREGATED_MONTHLY_STORE_ID_STORE_STORE_ID` FOREIGN KEY (`store_id`) REFERENCES `store` (`store_id`) ON DELETE CASCADE
) ENGINE=InnoDB DEFAULT CHARSET=utf8 COMMENT='Sales Bestsellers Aggregated Monthly';

--
-- Dumping data for table `sales_bestsellers_aggregated_monthly`
--


--
-- Table structure for table `sales_bestsellers_aggregated_yearly`
--

CREATE TABLE `sales_bestsellers_aggregated_yearly` (
  `id` int unsigned NOT NULL AUTO_INCREMENT COMMENT 'ID',
  `period` date DEFAULT NULL COMMENT 'Period',
  `store_id` smallint unsigned DEFAULT NULL COMMENT 'Store ID',
  `product_id` int unsigned DEFAULT NULL COMMENT 'Product ID',
  `product_name` varchar(255) DEFAULT NULL COMMENT 'Product Name',
  `product_price` decimal(12,4) NOT NULL DEFAULT '0.0000' COMMENT 'Product Price',
  `qty_ordered` decimal(12,4) NOT NULL DEFAULT '0.0000' COMMENT 'Qty Ordered',
  `rating_pos` smallint unsigned NOT NULL DEFAULT '0' COMMENT 'Rating Pos',
  PRIMARY KEY (`id`),
  UNIQUE KEY `SALES_BESTSELLERS_AGGREGATED_YEARLY_PERIOD_STORE_ID_PRODUCT_ID` (`period`,`store_id`,`product_id`),
  KEY `SALES_BESTSELLERS_AGGREGATED_YEARLY_STORE_ID` (`store_id`),
  KEY `SALES_BESTSELLERS_AGGREGATED_YEARLY_PRODUCT_ID` (`product_id`),
  CONSTRAINT `SALES_BESTSELLERS_AGGREGATED_YEARLY_STORE_ID_STORE_STORE_ID` FOREIGN KEY (`store_id`) REFERENCES `store` (`store_id`) ON DELETE CASCADE
) ENGINE=InnoDB DEFAULT CHARSET=utf8 COMMENT='Sales Bestsellers Aggregated Yearly';

--
-- Dumping data for table `sales_bestsellers_aggregated_yearly`
--


--
-- Table structure for table `sales_creditmemo`
--

CREATE TABLE `sales_creditmemo` (
  `entity_id` int unsigned NOT NULL AUTO_INCREMENT COMMENT 'Entity ID',
  `store_id` smallint unsigned DEFAULT NULL COMMENT 'Store ID',
  `adjustment_positive` decimal(20,4) DEFAULT NULL COMMENT 'Adjustment Positive',
  `base_shipping_tax_amount` decimal(20,4) DEFAULT NULL COMMENT 'Base Shipping Tax Amount',
  `store_to_order_rate` decimal(20,4) DEFAULT NULL COMMENT 'Store To Order Rate',
  `base_discount_amount` decimal(20,4) DEFAULT NULL COMMENT 'Base Discount Amount',
  `base_to_order_rate` decimal(20,4) DEFAULT NULL COMMENT 'Base To Order Rate',
  `grand_total` decimal(20,4) DEFAULT NULL COMMENT 'Grand Total',
  `base_adjustment_negative` decimal(20,4) DEFAULT NULL COMMENT 'Base Adjustment Negative',
  `base_subtotal_incl_tax` decimal(20,4) DEFAULT NULL COMMENT 'Base Subtotal Incl Tax',
  `shipping_amount` decimal(20,4) DEFAULT NULL COMMENT 'Shipping Amount',
  `subtotal_incl_tax` decimal(20,4) DEFAULT NULL COMMENT 'Subtotal Incl Tax',
  `adjustment_negative` decimal(20,4) DEFAULT NULL COMMENT 'Adjustment Negative',
  `base_shipping_amount` decimal(20,4) DEFAULT NULL COMMENT 'Base Shipping Amount',
  `store_to_base_rate` decimal(20,4) DEFAULT NULL COMMENT 'Store To Base Rate',
  `base_to_global_rate` decimal(20,4) DEFAULT NULL COMMENT 'Base To Global Rate',
  `base_adjustment` decimal(20,4) DEFAULT NULL COMMENT 'Base Adjustment',
  `base_subtotal` decimal(20,4) DEFAULT NULL COMMENT 'Base Subtotal',
  `discount_amount` decimal(20,4) DEFAULT NULL COMMENT 'Discount Amount',
  `subtotal` decimal(20,4) DEFAULT NULL COMMENT 'Subtotal',
  `adjustment` decimal(20,4) DEFAULT NULL COMMENT 'Adjustment',
  `base_grand_total` decimal(20,4) DEFAULT NULL COMMENT 'Base Grand Total',
  `base_adjustment_positive` decimal(20,4) DEFAULT NULL COMMENT 'Base Adjustment Positive',
  `base_tax_amount` decimal(20,4) DEFAULT NULL COMMENT 'Base Tax Amount',
  `shipping_tax_amount` decimal(20,4) DEFAULT NULL COMMENT 'Shipping Tax Amount',
  `tax_amount` decimal(20,4) DEFAULT NULL COMMENT 'Tax Amount',
  `order_id` int unsigned NOT NULL COMMENT 'Order ID',
  `email_sent` smallint unsigned DEFAULT NULL COMMENT 'Email Sent',
  `send_email` smallint unsigned DEFAULT NULL COMMENT 'Send Email',
  `creditmemo_status` int DEFAULT NULL COMMENT 'Creditmemo Status',
  `state` int DEFAULT NULL COMMENT 'State',
  `shipping_address_id` int DEFAULT NULL COMMENT 'Shipping Address ID',
  `billing_address_id` int DEFAULT NULL COMMENT 'Billing Address ID',
  `invoice_id` int DEFAULT NULL COMMENT 'Invoice ID',
  `store_currency_code` varchar(3) DEFAULT NULL COMMENT 'Store Currency Code',
  `order_currency_code` varchar(3) DEFAULT NULL COMMENT 'Order Currency Code',
  `base_currency_code` varchar(3) DEFAULT NULL COMMENT 'Base Currency Code',
  `global_currency_code` varchar(3) DEFAULT NULL COMMENT 'Global Currency Code',
  `transaction_id` varchar(255) DEFAULT NULL COMMENT 'Transaction ID',
  `increment_id` varchar(50) DEFAULT NULL COMMENT 'Increment ID',
  `created_at` timestamp NOT NULL DEFAULT CURRENT_TIMESTAMP COMMENT 'Created At',
  `updated_at` timestamp NOT NULL DEFAULT CURRENT_TIMESTAMP ON UPDATE CURRENT_TIMESTAMP COMMENT 'Updated At',
  `discount_tax_compensation_amount` decimal(20,4) DEFAULT NULL COMMENT 'Discount Tax Compensation Amount',
  `base_discount_tax_compensation_amount` decimal(20,4) DEFAULT NULL COMMENT 'Base Discount Tax Compensation Amount',
  `shipping_discount_tax_compensation_amount` decimal(20,4) DEFAULT NULL COMMENT 'Shipping Discount Tax Compensation Amount',
  `base_shipping_discount_tax_compensation_amnt` decimal(20,4) DEFAULT NULL COMMENT 'Base Shipping Discount Tax Compensation Amount',
  `shipping_incl_tax` decimal(20,4) DEFAULT NULL COMMENT 'Shipping Incl Tax',
  `base_shipping_incl_tax` decimal(20,4) DEFAULT NULL COMMENT 'Base Shipping Incl Tax',
  `discount_description` varchar(255) DEFAULT NULL COMMENT 'Discount Description',
  `customer_note` text COMMENT 'Customer Note',
  `customer_note_notify` smallint unsigned DEFAULT NULL COMMENT 'Customer Note Notify',
  PRIMARY KEY (`entity_id`),
  UNIQUE KEY `SALES_CREDITMEMO_INCREMENT_ID_STORE_ID` (`increment_id`,`store_id`),
  KEY `SALES_CREDITMEMO_STORE_ID` (`store_id`),
  KEY `SALES_CREDITMEMO_ORDER_ID` (`order_id`),
  KEY `SALES_CREDITMEMO_CREDITMEMO_STATUS` (`creditmemo_status`),
  KEY `SALES_CREDITMEMO_STATE` (`state`),
  KEY `SALES_CREDITMEMO_CREATED_AT` (`created_at`),
  KEY `SALES_CREDITMEMO_UPDATED_AT` (`updated_at`),
  KEY `SALES_CREDITMEMO_SEND_EMAIL` (`send_email`),
  KEY `SALES_CREDITMEMO_EMAIL_SENT` (`email_sent`),
  CONSTRAINT `SALES_CREDITMEMO_ORDER_ID_SALES_ORDER_ENTITY_ID` FOREIGN KEY (`order_id`) REFERENCES `sales_order` (`entity_id`) ON DELETE CASCADE,
  CONSTRAINT `SALES_CREDITMEMO_STORE_ID_STORE_STORE_ID` FOREIGN KEY (`store_id`) REFERENCES `store` (`store_id`) ON DELETE SET NULL
) ENGINE=InnoDB DEFAULT CHARSET=utf8 COMMENT='Sales Flat Creditmemo';

--
-- Dumping data for table `sales_creditmemo`
--


--
-- Table structure for table `sales_creditmemo_comment`
--

CREATE TABLE `sales_creditmemo_comment` (
  `entity_id` int unsigned NOT NULL AUTO_INCREMENT COMMENT 'Entity ID',
  `parent_id` int unsigned NOT NULL COMMENT 'Parent ID',
  `is_customer_notified` int DEFAULT NULL COMMENT 'Is Customer Notified',
  `is_visible_on_front` smallint unsigned NOT NULL DEFAULT '0' COMMENT 'Is Visible On Front',
  `comment` text COMMENT 'Comment',
  `created_at` timestamp NOT NULL DEFAULT CURRENT_TIMESTAMP COMMENT 'Created At',
  PRIMARY KEY (`entity_id`),
  KEY `SALES_CREDITMEMO_COMMENT_CREATED_AT` (`created_at`),
  KEY `SALES_CREDITMEMO_COMMENT_PARENT_ID` (`parent_id`),
  CONSTRAINT `SALES_CREDITMEMO_COMMENT_PARENT_ID_SALES_CREDITMEMO_ENTITY_ID` FOREIGN KEY (`parent_id`) REFERENCES `sales_creditmemo` (`entity_id`) ON DELETE CASCADE
) ENGINE=InnoDB DEFAULT CHARSET=utf8 COMMENT='Sales Flat Creditmemo Comment';

--
-- Dumping data for table `sales_creditmemo_comment`
--


--
-- Table structure for table `sales_creditmemo_grid`
--

CREATE TABLE `sales_creditmemo_grid` (
  `entity_id` int unsigned NOT NULL COMMENT 'Entity ID',
  `increment_id` varchar(50) DEFAULT NULL COMMENT 'Increment ID',
  `created_at` timestamp NULL DEFAULT NULL COMMENT 'Created At',
  `updated_at` timestamp NULL DEFAULT NULL COMMENT 'Updated At',
  `order_id` int unsigned NOT NULL COMMENT 'Order ID',
  `order_increment_id` varchar(50) DEFAULT NULL COMMENT 'Order Increment ID',
  `order_created_at` timestamp NULL DEFAULT NULL COMMENT 'Order Created At',
  `billing_name` varchar(255) DEFAULT NULL COMMENT 'Billing Name',
  `state` int DEFAULT NULL COMMENT 'Status',
  `base_grand_total` decimal(20,4) DEFAULT NULL COMMENT 'Base Grand Total',
  `order_status` varchar(32) DEFAULT NULL COMMENT 'Order Status',
  `store_id` smallint unsigned DEFAULT NULL COMMENT 'Store ID',
  `billing_address` varchar(255) DEFAULT NULL COMMENT 'Billing Address',
  `shipping_address` varchar(255) DEFAULT NULL COMMENT 'Shipping Address',
  `customer_name` varchar(128) NOT NULL COMMENT 'Customer Name',
  `customer_email` varchar(128) DEFAULT NULL COMMENT 'Customer Email',
  `customer_group_id` smallint DEFAULT NULL COMMENT 'Customer Group ID',
  `payment_method` varchar(32) DEFAULT NULL COMMENT 'Payment Method',
  `shipping_information` varchar(255) DEFAULT NULL COMMENT 'Shipping Method Name',
  `subtotal` decimal(20,4) DEFAULT NULL COMMENT 'Subtotal',
  `shipping_and_handling` decimal(20,4) DEFAULT NULL COMMENT 'Shipping and handling amount',
  `adjustment_positive` decimal(20,4) DEFAULT NULL COMMENT 'Adjustment Positive',
  `adjustment_negative` decimal(20,4) DEFAULT NULL COMMENT 'Adjustment Negative',
  `order_base_grand_total` decimal(20,4) DEFAULT NULL COMMENT 'Order Grand Total',
  PRIMARY KEY (`entity_id`),
  UNIQUE KEY `SALES_CREDITMEMO_GRID_INCREMENT_ID_STORE_ID` (`increment_id`,`store_id`),
  KEY `SALES_CREDITMEMO_GRID_ORDER_INCREMENT_ID` (`order_increment_id`),
  KEY `SALES_CREDITMEMO_GRID_CREATED_AT` (`created_at`),
  KEY `SALES_CREDITMEMO_GRID_UPDATED_AT` (`updated_at`),
  KEY `SALES_CREDITMEMO_GRID_ORDER_CREATED_AT` (`order_created_at`),
  KEY `SALES_CREDITMEMO_GRID_STATE` (`state`),
  KEY `SALES_CREDITMEMO_GRID_BILLING_NAME` (`billing_name`),
  KEY `SALES_CREDITMEMO_GRID_ORDER_STATUS` (`order_status`),
  KEY `SALES_CREDITMEMO_GRID_BASE_GRAND_TOTAL` (`base_grand_total`),
  KEY `SALES_CREDITMEMO_GRID_STORE_ID` (`store_id`),
  KEY `SALES_CREDITMEMO_GRID_ORDER_BASE_GRAND_TOTAL` (`order_base_grand_total`),
  KEY `SALES_CREDITMEMO_GRID_ORDER_ID` (`order_id`),
  FULLTEXT KEY `FTI_32B7BA885941A8254EE84AE650ABDC86` (`increment_id`,`order_increment_id`,`billing_name`,`billing_address`,`shipping_address`,`customer_name`,`customer_email`)
) ENGINE=InnoDB DEFAULT CHARSET=utf8 COMMENT='Sales Flat Creditmemo Grid';

--
-- Dumping data for table `sales_creditmemo_grid`
--


--
-- Table structure for table `sales_creditmemo_item`
--

CREATE TABLE `sales_creditmemo_item` (
  `entity_id` int unsigned NOT NULL AUTO_INCREMENT COMMENT 'Entity ID',
  `parent_id` int unsigned NOT NULL COMMENT 'Parent ID',
  `base_price` decimal(12,4) DEFAULT NULL COMMENT 'Base Price',
  `tax_amount` decimal(12,4) DEFAULT NULL COMMENT 'Tax Amount',
  `base_row_total` decimal(12,4) DEFAULT NULL COMMENT 'Base Row Total',
  `discount_amount` decimal(12,4) DEFAULT NULL COMMENT 'Discount Amount',
  `row_total` decimal(12,4) DEFAULT NULL COMMENT 'Row Total',
  `base_discount_amount` decimal(12,4) DEFAULT NULL COMMENT 'Base Discount Amount',
  `price_incl_tax` decimal(12,4) DEFAULT NULL COMMENT 'Price Incl Tax',
  `base_tax_amount` decimal(12,4) DEFAULT NULL COMMENT 'Base Tax Amount',
  `base_price_incl_tax` decimal(12,4) DEFAULT NULL COMMENT 'Base Price Incl Tax',
  `qty` decimal(12,4) DEFAULT NULL COMMENT 'Qty',
  `base_cost` decimal(12,4) DEFAULT NULL COMMENT 'Base Cost',
  `price` decimal(12,4) DEFAULT NULL COMMENT 'Price',
  `base_row_total_incl_tax` decimal(12,4) DEFAULT NULL COMMENT 'Base Row Total Incl Tax',
  `row_total_incl_tax` decimal(12,4) DEFAULT NULL COMMENT 'Row Total Incl Tax',
  `product_id` int DEFAULT NULL COMMENT 'Product ID',
  `order_item_id` int DEFAULT NULL COMMENT 'Order Item ID',
  `additional_data` text COMMENT 'Additional Data',
  `description` text COMMENT 'Description',
  `sku` varchar(255) DEFAULT NULL COMMENT 'Sku',
  `name` varchar(255) DEFAULT NULL COMMENT 'Name',
  `discount_tax_compensation_amount` decimal(12,4) DEFAULT NULL COMMENT 'Discount Tax Compensation Amount',
  `base_discount_tax_compensation_amount` decimal(12,4) DEFAULT NULL COMMENT 'Base Discount Tax Compensation Amount',
  `tax_ratio` text COMMENT 'Ratio of tax in the creditmemo item over tax of the order item',
  `weee_tax_applied` text COMMENT 'Weee Tax Applied',
  `weee_tax_applied_amount` decimal(12,4) DEFAULT NULL COMMENT 'Weee Tax Applied Amount',
  `weee_tax_applied_row_amount` decimal(12,4) DEFAULT NULL COMMENT 'Weee Tax Applied Row Amount',
  `weee_tax_disposition` decimal(12,4) DEFAULT NULL COMMENT 'Weee Tax Disposition',
  `weee_tax_row_disposition` decimal(12,4) DEFAULT NULL COMMENT 'Weee Tax Row Disposition',
  `base_weee_tax_applied_amount` decimal(12,4) DEFAULT NULL COMMENT 'Base Weee Tax Applied Amount',
  `base_weee_tax_applied_row_amnt` decimal(12,4) DEFAULT NULL COMMENT 'Base Weee Tax Applied Row Amnt',
  `base_weee_tax_disposition` decimal(12,4) DEFAULT NULL COMMENT 'Base Weee Tax Disposition',
  `base_weee_tax_row_disposition` decimal(12,4) DEFAULT NULL COMMENT 'Base Weee Tax Row Disposition',
  PRIMARY KEY (`entity_id`),
  KEY `SALES_CREDITMEMO_ITEM_PARENT_ID` (`parent_id`),
  CONSTRAINT `SALES_CREDITMEMO_ITEM_PARENT_ID_SALES_CREDITMEMO_ENTITY_ID` FOREIGN KEY (`parent_id`) REFERENCES `sales_creditmemo` (`entity_id`) ON DELETE CASCADE
) ENGINE=InnoDB DEFAULT CHARSET=utf8 COMMENT='Sales Flat Creditmemo Item';

--
-- Dumping data for table `sales_creditmemo_item`
--


--
-- Table structure for table `sales_invoice`
--

CREATE TABLE `sales_invoice` (
  `entity_id` int unsigned NOT NULL AUTO_INCREMENT COMMENT 'Entity ID',
  `store_id` smallint unsigned DEFAULT NULL COMMENT 'Store ID',
  `base_grand_total` decimal(20,4) DEFAULT NULL COMMENT 'Base Grand Total',
  `shipping_tax_amount` decimal(20,4) DEFAULT NULL COMMENT 'Shipping Tax Amount',
  `tax_amount` decimal(20,4) DEFAULT NULL COMMENT 'Tax Amount',
  `base_tax_amount` decimal(20,4) DEFAULT NULL COMMENT 'Base Tax Amount',
  `store_to_order_rate` decimal(20,4) DEFAULT NULL COMMENT 'Store To Order Rate',
  `base_shipping_tax_amount` decimal(20,4) DEFAULT NULL COMMENT 'Base Shipping Tax Amount',
  `base_discount_amount` decimal(20,4) DEFAULT NULL COMMENT 'Base Discount Amount',
  `base_to_order_rate` decimal(20,4) DEFAULT NULL COMMENT 'Base To Order Rate',
  `grand_total` decimal(20,4) DEFAULT NULL COMMENT 'Grand Total',
  `shipping_amount` decimal(20,4) DEFAULT NULL COMMENT 'Shipping Amount',
  `subtotal_incl_tax` decimal(20,4) DEFAULT NULL COMMENT 'Subtotal Incl Tax',
  `base_subtotal_incl_tax` decimal(20,4) DEFAULT NULL COMMENT 'Base Subtotal Incl Tax',
  `store_to_base_rate` decimal(20,4) DEFAULT NULL COMMENT 'Store To Base Rate',
  `base_shipping_amount` decimal(20,4) DEFAULT NULL COMMENT 'Base Shipping Amount',
  `total_qty` decimal(12,4) DEFAULT NULL COMMENT 'Total Qty',
  `base_to_global_rate` decimal(20,4) DEFAULT NULL COMMENT 'Base To Global Rate',
  `subtotal` decimal(20,4) DEFAULT NULL COMMENT 'Subtotal',
  `base_subtotal` decimal(20,4) DEFAULT NULL COMMENT 'Base Subtotal',
  `discount_amount` decimal(20,4) DEFAULT NULL COMMENT 'Discount Amount',
  `billing_address_id` int DEFAULT NULL COMMENT 'Billing Address ID',
  `is_used_for_refund` smallint unsigned DEFAULT NULL COMMENT 'Is Used For Refund',
  `order_id` int unsigned NOT NULL COMMENT 'Order ID',
  `email_sent` smallint unsigned DEFAULT NULL COMMENT 'Email Sent',
  `send_email` smallint unsigned DEFAULT NULL COMMENT 'Send Email',
  `can_void_flag` smallint unsigned DEFAULT NULL COMMENT 'Can Void Flag',
  `state` int DEFAULT NULL COMMENT 'State',
  `shipping_address_id` int DEFAULT NULL COMMENT 'Shipping Address ID',
  `store_currency_code` varchar(3) DEFAULT NULL COMMENT 'Store Currency Code',
  `transaction_id` varchar(255) DEFAULT NULL COMMENT 'Transaction ID',
  `order_currency_code` varchar(3) DEFAULT NULL COMMENT 'Order Currency Code',
  `base_currency_code` varchar(3) DEFAULT NULL COMMENT 'Base Currency Code',
  `global_currency_code` varchar(3) DEFAULT NULL COMMENT 'Global Currency Code',
  `increment_id` varchar(50) DEFAULT NULL COMMENT 'Increment ID',
  `created_at` timestamp NOT NULL DEFAULT CURRENT_TIMESTAMP COMMENT 'Created At',
  `updated_at` timestamp NOT NULL DEFAULT CURRENT_TIMESTAMP ON UPDATE CURRENT_TIMESTAMP COMMENT 'Updated At',
  `discount_tax_compensation_amount` decimal(20,4) DEFAULT NULL COMMENT 'Discount Tax Compensation Amount',
  `base_discount_tax_compensation_amount` decimal(20,4) DEFAULT NULL COMMENT 'Base Discount Tax Compensation Amount',
  `shipping_discount_tax_compensation_amount` decimal(20,4) DEFAULT NULL COMMENT 'Shipping Discount Tax Compensation Amount',
  `base_shipping_discount_tax_compensation_amnt` decimal(20,4) DEFAULT NULL COMMENT 'Base Shipping Discount Tax Compensation Amount',
  `shipping_incl_tax` decimal(20,4) DEFAULT NULL COMMENT 'Shipping Incl Tax',
  `base_shipping_incl_tax` decimal(20,4) DEFAULT NULL COMMENT 'Base Shipping Incl Tax',
  `base_total_refunded` decimal(20,4) DEFAULT NULL COMMENT 'Base Total Refunded',
  `discount_description` varchar(255) DEFAULT NULL COMMENT 'Discount Description',
  `customer_note` text COMMENT 'Customer Note',
  `customer_note_notify` smallint unsigned DEFAULT NULL COMMENT 'Customer Note Notify',
  PRIMARY KEY (`entity_id`),
  UNIQUE KEY `SALES_INVOICE_INCREMENT_ID_STORE_ID` (`increment_id`,`store_id`),
  KEY `SALES_INVOICE_STORE_ID` (`store_id`),
  KEY `SALES_INVOICE_GRAND_TOTAL` (`grand_total`),
  KEY `SALES_INVOICE_ORDER_ID` (`order_id`),
  KEY `SALES_INVOICE_STATE` (`state`),
  KEY `SALES_INVOICE_CREATED_AT` (`created_at`),
  KEY `SALES_INVOICE_UPDATED_AT` (`updated_at`),
  KEY `SALES_INVOICE_SEND_EMAIL` (`send_email`),
  KEY `SALES_INVOICE_EMAIL_SENT` (`email_sent`),
  CONSTRAINT `SALES_INVOICE_ORDER_ID_SALES_ORDER_ENTITY_ID` FOREIGN KEY (`order_id`) REFERENCES `sales_order` (`entity_id`) ON DELETE CASCADE,
  CONSTRAINT `SALES_INVOICE_STORE_ID_STORE_STORE_ID` FOREIGN KEY (`store_id`) REFERENCES `store` (`store_id`) ON DELETE SET NULL
) ENGINE=InnoDB DEFAULT CHARSET=utf8 COMMENT='Sales Flat Invoice';

--
-- Dumping data for table `sales_invoice`
--


--
-- Table structure for table `sales_invoice_comment`
--

CREATE TABLE `sales_invoice_comment` (
  `entity_id` int unsigned NOT NULL AUTO_INCREMENT COMMENT 'Entity ID',
  `parent_id` int unsigned NOT NULL COMMENT 'Parent ID',
  `is_customer_notified` smallint unsigned DEFAULT NULL COMMENT 'Is Customer Notified',
  `is_visible_on_front` smallint unsigned NOT NULL DEFAULT '0' COMMENT 'Is Visible On Front',
  `comment` text COMMENT 'Comment',
  `created_at` timestamp NOT NULL DEFAULT CURRENT_TIMESTAMP COMMENT 'Created At',
  PRIMARY KEY (`entity_id`),
  KEY `SALES_INVOICE_COMMENT_CREATED_AT` (`created_at`),
  KEY `SALES_INVOICE_COMMENT_PARENT_ID` (`parent_id`),
  CONSTRAINT `SALES_INVOICE_COMMENT_PARENT_ID_SALES_INVOICE_ENTITY_ID` FOREIGN KEY (`parent_id`) REFERENCES `sales_invoice` (`entity_id`) ON DELETE CASCADE
) ENGINE=InnoDB DEFAULT CHARSET=utf8 COMMENT='Sales Flat Invoice Comment';

--
-- Dumping data for table `sales_invoice_comment`
--


--
-- Table structure for table `sales_invoice_grid`
--

CREATE TABLE `sales_invoice_grid` (
  `entity_id` int unsigned NOT NULL COMMENT 'Entity ID',
  `increment_id` varchar(50) DEFAULT NULL COMMENT 'Increment ID',
  `state` int DEFAULT NULL COMMENT 'State',
  `store_id` smallint unsigned DEFAULT NULL COMMENT 'Store ID',
  `store_name` varchar(255) DEFAULT NULL COMMENT 'Store Name',
  `order_id` int unsigned NOT NULL COMMENT 'Order ID',
  `order_increment_id` varchar(50) DEFAULT NULL COMMENT 'Order Increment ID',
  `order_created_at` timestamp NULL DEFAULT NULL COMMENT 'Order Created At',
  `customer_name` varchar(255) DEFAULT NULL COMMENT 'Customer Name',
  `customer_email` varchar(255) DEFAULT NULL COMMENT 'Customer Email',
  `customer_group_id` int DEFAULT NULL,
  `payment_method` varchar(128) DEFAULT NULL COMMENT 'Payment Method',
  `store_currency_code` varchar(3) DEFAULT NULL COMMENT 'Store Currency Code',
  `order_currency_code` varchar(3) DEFAULT NULL COMMENT 'Order Currency Code',
  `base_currency_code` varchar(3) DEFAULT NULL COMMENT 'Base Currency Code',
  `global_currency_code` varchar(3) DEFAULT NULL COMMENT 'Global Currency Code',
  `billing_name` varchar(255) DEFAULT NULL COMMENT 'Billing Name',
  `billing_address` varchar(255) DEFAULT NULL COMMENT 'Billing Address',
  `shipping_address` varchar(255) DEFAULT NULL COMMENT 'Shipping Address',
  `shipping_information` varchar(255) DEFAULT NULL COMMENT 'Shipping Method Name',
  `subtotal` decimal(20,4) DEFAULT NULL COMMENT 'Subtotal',
  `shipping_and_handling` decimal(20,4) DEFAULT NULL COMMENT 'Shipping and handling amount',
  `grand_total` decimal(20,4) DEFAULT NULL COMMENT 'Grand Total',
  `created_at` timestamp NULL DEFAULT NULL COMMENT 'Created At',
  `updated_at` timestamp NULL DEFAULT NULL COMMENT 'Updated At',
  `base_grand_total` decimal(20,4) DEFAULT NULL COMMENT 'Base Grand Total',
  PRIMARY KEY (`entity_id`),
  UNIQUE KEY `SALES_INVOICE_GRID_INCREMENT_ID_STORE_ID` (`increment_id`,`store_id`),
  KEY `SALES_INVOICE_GRID_STORE_ID` (`store_id`),
  KEY `SALES_INVOICE_GRID_GRAND_TOTAL` (`grand_total`),
  KEY `SALES_INVOICE_GRID_ORDER_ID` (`order_id`),
  KEY `SALES_INVOICE_GRID_STATE` (`state`),
  KEY `SALES_INVOICE_GRID_ORDER_INCREMENT_ID` (`order_increment_id`),
  KEY `SALES_INVOICE_GRID_CREATED_AT` (`created_at`),
  KEY `SALES_INVOICE_GRID_UPDATED_AT` (`updated_at`),
  KEY `SALES_INVOICE_GRID_ORDER_CREATED_AT` (`order_created_at`),
  KEY `SALES_INVOICE_GRID_BILLING_NAME` (`billing_name`),
  KEY `SALES_INVOICE_GRID_BASE_GRAND_TOTAL` (`base_grand_total`),
  FULLTEXT KEY `FTI_95D9C924DD6A8734EB8B5D01D60F90DE` (`increment_id`,`order_increment_id`,`billing_name`,`billing_address`,`shipping_address`,`customer_name`,`customer_email`)
) ENGINE=InnoDB DEFAULT CHARSET=utf8 COMMENT='Sales Flat Invoice Grid';

--
-- Dumping data for table `sales_invoice_grid`
--


--
-- Table structure for table `sales_invoice_item`
--

CREATE TABLE `sales_invoice_item` (
  `entity_id` int unsigned NOT NULL AUTO_INCREMENT COMMENT 'Entity ID',
  `parent_id` int unsigned NOT NULL COMMENT 'Parent ID',
  `base_price` decimal(12,4) DEFAULT NULL COMMENT 'Base Price',
  `tax_amount` decimal(12,4) DEFAULT NULL COMMENT 'Tax Amount',
  `base_row_total` decimal(20,4) DEFAULT NULL COMMENT 'Base Row Total',
  `discount_amount` decimal(12,4) DEFAULT NULL COMMENT 'Discount Amount',
  `row_total` decimal(20,4) DEFAULT NULL COMMENT 'Row Total',
  `base_discount_amount` decimal(12,4) DEFAULT NULL COMMENT 'Base Discount Amount',
  `price_incl_tax` decimal(12,4) DEFAULT NULL COMMENT 'Price Incl Tax',
  `base_tax_amount` decimal(12,4) DEFAULT NULL COMMENT 'Base Tax Amount',
  `base_price_incl_tax` decimal(12,4) DEFAULT NULL COMMENT 'Base Price Incl Tax',
  `qty` decimal(12,4) DEFAULT NULL COMMENT 'Qty',
  `base_cost` decimal(12,4) DEFAULT NULL COMMENT 'Base Cost',
  `price` decimal(12,4) DEFAULT NULL COMMENT 'Price',
  `base_row_total_incl_tax` decimal(12,4) DEFAULT NULL COMMENT 'Base Row Total Incl Tax',
  `row_total_incl_tax` decimal(12,4) DEFAULT NULL COMMENT 'Row Total Incl Tax',
  `product_id` int DEFAULT NULL COMMENT 'Product ID',
  `order_item_id` int DEFAULT NULL COMMENT 'Order Item ID',
  `additional_data` text COMMENT 'Additional Data',
  `description` text COMMENT 'Description',
  `sku` varchar(255) DEFAULT NULL COMMENT 'Sku',
  `name` varchar(255) DEFAULT NULL COMMENT 'Name',
  `discount_tax_compensation_amount` decimal(12,4) DEFAULT NULL COMMENT 'Discount Tax Compensation Amount',
  `base_discount_tax_compensation_amount` decimal(12,4) DEFAULT NULL COMMENT 'Base Discount Tax Compensation Amount',
  `tax_ratio` text COMMENT 'Ratio of tax invoiced over tax of the order item',
  `weee_tax_applied` text COMMENT 'Weee Tax Applied',
  `weee_tax_applied_amount` decimal(12,4) DEFAULT NULL COMMENT 'Weee Tax Applied Amount',
  `weee_tax_applied_row_amount` decimal(12,4) DEFAULT NULL COMMENT 'Weee Tax Applied Row Amount',
  `weee_tax_disposition` decimal(12,4) DEFAULT NULL COMMENT 'Weee Tax Disposition',
  `weee_tax_row_disposition` decimal(12,4) DEFAULT NULL COMMENT 'Weee Tax Row Disposition',
  `base_weee_tax_applied_amount` decimal(12,4) DEFAULT NULL COMMENT 'Base Weee Tax Applied Amount',
  `base_weee_tax_applied_row_amnt` decimal(12,4) DEFAULT NULL COMMENT 'Base Weee Tax Applied Row Amnt',
  `base_weee_tax_disposition` decimal(12,4) DEFAULT NULL COMMENT 'Base Weee Tax Disposition',
  `base_weee_tax_row_disposition` decimal(12,4) DEFAULT NULL COMMENT 'Base Weee Tax Row Disposition',
  PRIMARY KEY (`entity_id`),
  KEY `SALES_INVOICE_ITEM_PARENT_ID` (`parent_id`),
  CONSTRAINT `SALES_INVOICE_ITEM_PARENT_ID_SALES_INVOICE_ENTITY_ID` FOREIGN KEY (`parent_id`) REFERENCES `sales_invoice` (`entity_id`) ON DELETE CASCADE
) ENGINE=InnoDB DEFAULT CHARSET=utf8 COMMENT='Sales Flat Invoice Item';

--
-- Dumping data for table `sales_invoice_item`
--


--
-- Table structure for table `sales_invoiced_aggregated`
--

CREATE TABLE `sales_invoiced_aggregated` (
  `id` int unsigned NOT NULL AUTO_INCREMENT COMMENT 'ID',
  `period` date DEFAULT NULL COMMENT 'Period',
  `store_id` smallint unsigned DEFAULT NULL COMMENT 'Store ID',
  `order_status` varchar(50) DEFAULT NULL COMMENT 'Order Status',
  `orders_count` int NOT NULL DEFAULT '0' COMMENT 'Orders Count',
  `orders_invoiced` decimal(12,4) DEFAULT NULL COMMENT 'Orders Invoiced',
  `invoiced` decimal(12,4) DEFAULT NULL COMMENT 'Invoiced',
  `invoiced_captured` decimal(12,4) DEFAULT NULL COMMENT 'Invoiced Captured',
  `invoiced_not_captured` decimal(12,4) DEFAULT NULL COMMENT 'Invoiced Not Captured',
  PRIMARY KEY (`id`),
  UNIQUE KEY `SALES_INVOICED_AGGREGATED_PERIOD_STORE_ID_ORDER_STATUS` (`period`,`store_id`,`order_status`),
  KEY `SALES_INVOICED_AGGREGATED_STORE_ID` (`store_id`),
  CONSTRAINT `SALES_INVOICED_AGGREGATED_STORE_ID_STORE_STORE_ID` FOREIGN KEY (`store_id`) REFERENCES `store` (`store_id`) ON DELETE SET NULL
) ENGINE=InnoDB DEFAULT CHARSET=utf8 COMMENT='Sales Invoiced Aggregated';

--
-- Dumping data for table `sales_invoiced_aggregated`
--


--
-- Table structure for table `sales_invoiced_aggregated_order`
--

CREATE TABLE `sales_invoiced_aggregated_order` (
  `id` int unsigned NOT NULL AUTO_INCREMENT COMMENT 'ID',
  `period` date DEFAULT NULL COMMENT 'Period',
  `store_id` smallint unsigned DEFAULT NULL COMMENT 'Store ID',
  `order_status` varchar(50) NOT NULL COMMENT 'Order Status',
  `orders_count` int NOT NULL DEFAULT '0' COMMENT 'Orders Count',
  `orders_invoiced` decimal(12,4) DEFAULT NULL COMMENT 'Orders Invoiced',
  `invoiced` decimal(12,4) DEFAULT NULL COMMENT 'Invoiced',
  `invoiced_captured` decimal(12,4) DEFAULT NULL COMMENT 'Invoiced Captured',
  `invoiced_not_captured` decimal(12,4) DEFAULT NULL COMMENT 'Invoiced Not Captured',
  PRIMARY KEY (`id`),
  UNIQUE KEY `SALES_INVOICED_AGGREGATED_ORDER_PERIOD_STORE_ID_ORDER_STATUS` (`period`,`store_id`,`order_status`),
  KEY `SALES_INVOICED_AGGREGATED_ORDER_STORE_ID` (`store_id`),
  CONSTRAINT `SALES_INVOICED_AGGREGATED_ORDER_STORE_ID_STORE_STORE_ID` FOREIGN KEY (`store_id`) REFERENCES `store` (`store_id`) ON DELETE SET NULL
) ENGINE=InnoDB DEFAULT CHARSET=utf8 COMMENT='Sales Invoiced Aggregated Order';

--
-- Dumping data for table `sales_invoiced_aggregated_order`
--


--
-- Table structure for table `sales_order`
--

CREATE TABLE `sales_order` (
  `entity_id` int unsigned NOT NULL AUTO_INCREMENT COMMENT 'Entity ID',
  `state` varchar(32) DEFAULT NULL COMMENT 'State',
  `status` varchar(32) DEFAULT NULL COMMENT 'Status',
  `coupon_code` varchar(255) DEFAULT NULL COMMENT 'Coupon Code',
  `protect_code` varchar(255) DEFAULT NULL COMMENT 'Protect Code',
  `shipping_description` varchar(255) DEFAULT NULL COMMENT 'Shipping Description',
  `is_virtual` smallint unsigned DEFAULT NULL COMMENT 'Is Virtual',
  `store_id` smallint unsigned DEFAULT NULL COMMENT 'Store ID',
  `customer_id` int unsigned DEFAULT NULL COMMENT 'Customer ID',
  `base_discount_amount` decimal(20,4) DEFAULT NULL COMMENT 'Base Discount Amount',
  `base_discount_canceled` decimal(20,4) DEFAULT NULL COMMENT 'Base Discount Canceled',
  `base_discount_invoiced` decimal(20,4) DEFAULT NULL COMMENT 'Base Discount Invoiced',
  `base_discount_refunded` decimal(20,4) DEFAULT NULL COMMENT 'Base Discount Refunded',
  `base_grand_total` decimal(20,4) DEFAULT NULL COMMENT 'Base Grand Total',
  `base_shipping_amount` decimal(20,4) DEFAULT NULL COMMENT 'Base Shipping Amount',
  `base_shipping_canceled` decimal(20,4) DEFAULT NULL COMMENT 'Base Shipping Canceled',
  `base_shipping_invoiced` decimal(20,4) DEFAULT NULL COMMENT 'Base Shipping Invoiced',
  `base_shipping_refunded` decimal(20,4) DEFAULT NULL COMMENT 'Base Shipping Refunded',
  `base_shipping_tax_amount` decimal(20,4) DEFAULT NULL COMMENT 'Base Shipping Tax Amount',
  `base_shipping_tax_refunded` decimal(20,4) DEFAULT NULL COMMENT 'Base Shipping Tax Refunded',
  `base_subtotal` decimal(20,4) DEFAULT NULL COMMENT 'Base Subtotal',
  `base_subtotal_canceled` decimal(20,4) DEFAULT NULL COMMENT 'Base Subtotal Canceled',
  `base_subtotal_invoiced` decimal(20,4) DEFAULT NULL COMMENT 'Base Subtotal Invoiced',
  `base_subtotal_refunded` decimal(20,4) DEFAULT NULL COMMENT 'Base Subtotal Refunded',
  `base_tax_amount` decimal(20,4) DEFAULT NULL COMMENT 'Base Tax Amount',
  `base_tax_canceled` decimal(20,4) DEFAULT NULL COMMENT 'Base Tax Canceled',
  `base_tax_invoiced` decimal(20,4) DEFAULT NULL COMMENT 'Base Tax Invoiced',
  `base_tax_refunded` decimal(20,4) DEFAULT NULL COMMENT 'Base Tax Refunded',
  `base_to_global_rate` decimal(20,4) DEFAULT NULL COMMENT 'Base To Global Rate',
  `base_to_order_rate` decimal(20,4) DEFAULT NULL COMMENT 'Base To Order Rate',
  `base_total_canceled` decimal(20,4) DEFAULT NULL COMMENT 'Base Total Canceled',
  `base_total_invoiced` decimal(20,4) DEFAULT NULL COMMENT 'Base Total Invoiced',
  `base_total_invoiced_cost` decimal(20,4) DEFAULT NULL COMMENT 'Base Total Invoiced Cost',
  `base_total_offline_refunded` decimal(20,4) DEFAULT NULL COMMENT 'Base Total Offline Refunded',
  `base_total_online_refunded` decimal(20,4) DEFAULT NULL COMMENT 'Base Total Online Refunded',
  `base_total_paid` decimal(20,4) DEFAULT NULL COMMENT 'Base Total Paid',
  `base_total_qty_ordered` decimal(12,4) DEFAULT NULL COMMENT 'Base Total Qty Ordered',
  `base_total_refunded` decimal(20,4) DEFAULT NULL COMMENT 'Base Total Refunded',
  `discount_amount` decimal(20,4) DEFAULT NULL COMMENT 'Discount Amount',
  `discount_canceled` decimal(20,4) DEFAULT NULL COMMENT 'Discount Canceled',
  `discount_invoiced` decimal(20,4) DEFAULT NULL COMMENT 'Discount Invoiced',
  `discount_refunded` decimal(20,4) DEFAULT NULL COMMENT 'Discount Refunded',
  `grand_total` decimal(20,4) DEFAULT NULL COMMENT 'Grand Total',
  `shipping_amount` decimal(20,4) DEFAULT NULL COMMENT 'Shipping Amount',
  `shipping_canceled` decimal(20,4) DEFAULT NULL COMMENT 'Shipping Canceled',
  `shipping_invoiced` decimal(20,4) DEFAULT NULL COMMENT 'Shipping Invoiced',
  `shipping_refunded` decimal(20,4) DEFAULT NULL COMMENT 'Shipping Refunded',
  `shipping_tax_amount` decimal(20,4) DEFAULT NULL COMMENT 'Shipping Tax Amount',
  `shipping_tax_refunded` decimal(20,4) DEFAULT NULL COMMENT 'Shipping Tax Refunded',
  `store_to_base_rate` decimal(12,4) DEFAULT NULL COMMENT 'Store To Base Rate',
  `store_to_order_rate` decimal(12,4) DEFAULT NULL COMMENT 'Store To Order Rate',
  `subtotal` decimal(20,4) DEFAULT NULL COMMENT 'Subtotal',
  `subtotal_canceled` decimal(20,4) DEFAULT NULL COMMENT 'Subtotal Canceled',
  `subtotal_invoiced` decimal(20,4) DEFAULT NULL COMMENT 'Subtotal Invoiced',
  `subtotal_refunded` decimal(20,4) DEFAULT NULL COMMENT 'Subtotal Refunded',
  `tax_amount` decimal(20,4) DEFAULT NULL COMMENT 'Tax Amount',
  `tax_canceled` decimal(20,4) DEFAULT NULL COMMENT 'Tax Canceled',
  `tax_invoiced` decimal(20,4) DEFAULT NULL COMMENT 'Tax Invoiced',
  `tax_refunded` decimal(20,4) DEFAULT NULL COMMENT 'Tax Refunded',
  `total_canceled` decimal(20,4) DEFAULT NULL COMMENT 'Total Canceled',
  `total_invoiced` decimal(20,4) DEFAULT NULL COMMENT 'Total Invoiced',
  `total_offline_refunded` decimal(20,4) DEFAULT NULL COMMENT 'Total Offline Refunded',
  `total_online_refunded` decimal(20,4) DEFAULT NULL COMMENT 'Total Online Refunded',
  `total_paid` decimal(20,4) DEFAULT NULL COMMENT 'Total Paid',
  `total_qty_ordered` decimal(12,4) DEFAULT NULL COMMENT 'Total Qty Ordered',
  `total_refunded` decimal(20,4) DEFAULT NULL COMMENT 'Total Refunded',
  `can_ship_partially` smallint unsigned DEFAULT NULL COMMENT 'Can Ship Partially',
  `can_ship_partially_item` smallint unsigned DEFAULT NULL COMMENT 'Can Ship Partially Item',
  `customer_is_guest` smallint unsigned DEFAULT NULL COMMENT 'Customer Is Guest',
  `customer_note_notify` smallint unsigned DEFAULT NULL COMMENT 'Customer Note Notify',
  `billing_address_id` int DEFAULT NULL COMMENT 'Billing Address ID',
  `customer_group_id` int DEFAULT NULL,
  `edit_increment` int DEFAULT NULL COMMENT 'Edit Increment',
  `email_sent` smallint unsigned DEFAULT NULL COMMENT 'Email Sent',
  `send_email` smallint unsigned DEFAULT NULL COMMENT 'Send Email',
  `forced_shipment_with_invoice` smallint unsigned DEFAULT NULL COMMENT 'Forced Do Shipment With Invoice',
  `payment_auth_expiration` int DEFAULT NULL COMMENT 'Payment Authorization Expiration',
  `quote_address_id` int DEFAULT NULL COMMENT 'Quote Address ID',
  `quote_id` int DEFAULT NULL COMMENT 'Quote ID',
  `shipping_address_id` int DEFAULT NULL COMMENT 'Shipping Address ID',
  `adjustment_negative` decimal(20,4) DEFAULT NULL COMMENT 'Adjustment Negative',
  `adjustment_positive` decimal(20,4) DEFAULT NULL COMMENT 'Adjustment Positive',
  `base_adjustment_negative` decimal(20,4) DEFAULT NULL COMMENT 'Base Adjustment Negative',
  `base_adjustment_positive` decimal(20,4) DEFAULT NULL COMMENT 'Base Adjustment Positive',
  `base_shipping_discount_amount` decimal(20,4) DEFAULT NULL COMMENT 'Base Shipping Discount Amount',
  `base_subtotal_incl_tax` decimal(20,4) DEFAULT NULL COMMENT 'Base Subtotal Incl Tax',
  `base_total_due` decimal(20,4) DEFAULT NULL COMMENT 'Base Total Due',
  `payment_authorization_amount` decimal(20,4) DEFAULT NULL COMMENT 'Payment Authorization Amount',
  `shipping_discount_amount` decimal(20,4) DEFAULT NULL COMMENT 'Shipping Discount Amount',
  `subtotal_incl_tax` decimal(20,4) DEFAULT NULL COMMENT 'Subtotal Incl Tax',
  `total_due` decimal(20,4) DEFAULT NULL COMMENT 'Total Due',
  `weight` decimal(12,4) DEFAULT NULL COMMENT 'Weight',
  `customer_dob` datetime DEFAULT NULL COMMENT 'Customer Dob',
  `increment_id` varchar(32) DEFAULT NULL COMMENT 'Increment ID',
  `applied_rule_ids` varchar(128) DEFAULT NULL COMMENT 'Applied Rule Ids',
  `base_currency_code` varchar(3) DEFAULT NULL COMMENT 'Base Currency Code',
  `customer_email` varchar(128) DEFAULT NULL COMMENT 'Customer Email',
  `customer_firstname` varchar(128) DEFAULT NULL COMMENT 'Customer Firstname',
  `customer_lastname` varchar(128) DEFAULT NULL COMMENT 'Customer Lastname',
  `customer_middlename` varchar(128) DEFAULT NULL COMMENT 'Customer Middlename',
  `customer_prefix` varchar(32) DEFAULT NULL COMMENT 'Customer Prefix',
  `customer_suffix` varchar(32) DEFAULT NULL COMMENT 'Customer Suffix',
  `customer_taxvat` varchar(32) DEFAULT NULL COMMENT 'Customer Taxvat',
  `discount_description` varchar(255) DEFAULT NULL COMMENT 'Discount Description',
  `ext_customer_id` varchar(32) DEFAULT NULL COMMENT 'Ext Customer ID',
  `ext_order_id` varchar(32) DEFAULT NULL COMMENT 'Ext Order ID',
  `global_currency_code` varchar(3) DEFAULT NULL COMMENT 'Global Currency Code',
  `hold_before_state` varchar(32) DEFAULT NULL COMMENT 'Hold Before State',
  `hold_before_status` varchar(32) DEFAULT NULL COMMENT 'Hold Before Status',
  `order_currency_code` varchar(3) DEFAULT NULL COMMENT 'Order Currency Code',
  `original_increment_id` varchar(32) DEFAULT NULL COMMENT 'Original Increment ID',
  `relation_child_id` varchar(32) DEFAULT NULL COMMENT 'Relation Child ID',
  `relation_child_real_id` varchar(32) DEFAULT NULL COMMENT 'Relation Child Real ID',
  `relation_parent_id` varchar(32) DEFAULT NULL COMMENT 'Relation Parent ID',
  `relation_parent_real_id` varchar(32) DEFAULT NULL COMMENT 'Relation Parent Real ID',
  `remote_ip` varchar(45) DEFAULT NULL COMMENT 'Remote Ip',
  `shipping_method` varchar(120) DEFAULT NULL,
  `store_currency_code` varchar(3) DEFAULT NULL COMMENT 'Store Currency Code',
  `store_name` varchar(255) DEFAULT NULL COMMENT 'Store Name',
  `x_forwarded_for` varchar(255) DEFAULT NULL COMMENT 'X Forwarded For',
  `customer_note` text COMMENT 'Customer Note',
  `created_at` timestamp NOT NULL DEFAULT CURRENT_TIMESTAMP COMMENT 'Created At',
  `updated_at` timestamp NOT NULL DEFAULT CURRENT_TIMESTAMP ON UPDATE CURRENT_TIMESTAMP COMMENT 'Updated At',
  `total_item_count` smallint unsigned NOT NULL DEFAULT '0' COMMENT 'Total Item Count',
  `customer_gender` int DEFAULT NULL COMMENT 'Customer Gender',
  `discount_tax_compensation_amount` decimal(20,4) DEFAULT NULL COMMENT 'Discount Tax Compensation Amount',
  `base_discount_tax_compensation_amount` decimal(20,4) DEFAULT NULL COMMENT 'Base Discount Tax Compensation Amount',
  `shipping_discount_tax_compensation_amount` decimal(20,4) DEFAULT NULL COMMENT 'Shipping Discount Tax Compensation Amount',
  `base_shipping_discount_tax_compensation_amnt` decimal(20,4) DEFAULT NULL COMMENT 'Base Shipping Discount Tax Compensation Amount',
  `discount_tax_compensation_invoiced` decimal(20,4) DEFAULT NULL COMMENT 'Discount Tax Compensation Invoiced',
  `base_discount_tax_compensation_invoiced` decimal(20,4) DEFAULT NULL COMMENT 'Base Discount Tax Compensation Invoiced',
  `discount_tax_compensation_refunded` decimal(20,4) DEFAULT NULL COMMENT 'Discount Tax Compensation Refunded',
  `base_discount_tax_compensation_refunded` decimal(20,4) DEFAULT NULL COMMENT 'Base Discount Tax Compensation Refunded',
  `shipping_incl_tax` decimal(20,4) DEFAULT NULL COMMENT 'Shipping Incl Tax',
  `base_shipping_incl_tax` decimal(20,4) DEFAULT NULL COMMENT 'Base Shipping Incl Tax',
  `coupon_rule_name` varchar(255) DEFAULT NULL COMMENT 'Coupon Sales Rule Name',
  `gift_message_id` int DEFAULT NULL COMMENT 'Gift Message ID',
  `paypal_ipn_customer_notified` int DEFAULT '0' COMMENT 'Paypal Ipn Customer Notified',
  PRIMARY KEY (`entity_id`),
  UNIQUE KEY `SALES_ORDER_INCREMENT_ID_STORE_ID` (`increment_id`,`store_id`),
  KEY `SALES_ORDER_STATUS` (`status`),
  KEY `SALES_ORDER_STATE` (`state`),
  KEY `SALES_ORDER_STORE_ID` (`store_id`),
  KEY `SALES_ORDER_CREATED_AT` (`created_at`),
  KEY `SALES_ORDER_CUSTOMER_ID` (`customer_id`),
  KEY `SALES_ORDER_EXT_ORDER_ID` (`ext_order_id`),
  KEY `SALES_ORDER_QUOTE_ID` (`quote_id`),
  KEY `SALES_ORDER_UPDATED_AT` (`updated_at`),
  KEY `SALES_ORDER_SEND_EMAIL` (`send_email`),
  KEY `SALES_ORDER_EMAIL_SENT` (`email_sent`),
  CONSTRAINT `SALES_ORDER_CUSTOMER_ID_CUSTOMER_ENTITY_ENTITY_ID` FOREIGN KEY (`customer_id`) REFERENCES `customer_entity` (`entity_id`) ON DELETE SET NULL,
  CONSTRAINT `SALES_ORDER_STORE_ID_STORE_STORE_ID` FOREIGN KEY (`store_id`) REFERENCES `store` (`store_id`) ON DELETE SET NULL
) ENGINE=InnoDB DEFAULT CHARSET=utf8 COMMENT='Sales Flat Order';

--
-- Dumping data for table `sales_order`
--


--
-- Table structure for table `sales_order_address`
--

CREATE TABLE `sales_order_address` (
  `entity_id` int unsigned NOT NULL AUTO_INCREMENT COMMENT 'Entity ID',
  `parent_id` int unsigned DEFAULT NULL COMMENT 'Parent ID',
  `customer_address_id` int DEFAULT NULL COMMENT 'Customer Address ID',
  `quote_address_id` int DEFAULT NULL COMMENT 'Quote Address ID',
  `region_id` int DEFAULT NULL COMMENT 'Region ID',
  `customer_id` int DEFAULT NULL COMMENT 'Customer ID',
  `fax` varchar(255) DEFAULT NULL COMMENT 'Fax',
  `region` varchar(255) DEFAULT NULL COMMENT 'Region',
  `postcode` varchar(255) DEFAULT NULL COMMENT 'Postcode',
  `lastname` varchar(255) DEFAULT NULL COMMENT 'Lastname',
  `street` varchar(255) DEFAULT NULL COMMENT 'Street',
  `city` varchar(255) DEFAULT NULL COMMENT 'City',
  `email` varchar(255) DEFAULT NULL COMMENT 'Email',
  `telephone` varchar(255) DEFAULT NULL COMMENT 'Phone Number',
  `country_id` varchar(2) DEFAULT NULL COMMENT 'Country ID',
  `firstname` varchar(255) DEFAULT NULL COMMENT 'Firstname',
  `address_type` varchar(255) DEFAULT NULL COMMENT 'Address Type',
  `prefix` varchar(255) DEFAULT NULL COMMENT 'Prefix',
  `middlename` varchar(255) DEFAULT NULL COMMENT 'Middlename',
  `suffix` varchar(255) DEFAULT NULL COMMENT 'Suffix',
  `company` varchar(255) DEFAULT NULL COMMENT 'Company',
  `vat_id` text COMMENT 'Vat ID',
  `vat_is_valid` smallint DEFAULT NULL COMMENT 'Vat Is Valid',
  `vat_request_id` text COMMENT 'Vat Request ID',
  `vat_request_date` text COMMENT 'Vat Request Date',
  `vat_request_success` smallint DEFAULT NULL COMMENT 'Vat Request Success',
  PRIMARY KEY (`entity_id`),
  KEY `SALES_ORDER_ADDRESS_PARENT_ID` (`parent_id`),
  CONSTRAINT `SALES_ORDER_ADDRESS_PARENT_ID_SALES_ORDER_ENTITY_ID` FOREIGN KEY (`parent_id`) REFERENCES `sales_order` (`entity_id`) ON DELETE CASCADE
) ENGINE=InnoDB DEFAULT CHARSET=utf8 COMMENT='Sales Flat Order Address';

--
-- Dumping data for table `sales_order_address`
--


--
-- Table structure for table `sales_order_aggregated_created`
--

CREATE TABLE `sales_order_aggregated_created` (
  `id` int unsigned NOT NULL AUTO_INCREMENT COMMENT 'ID',
  `period` date DEFAULT NULL COMMENT 'Period',
  `store_id` smallint unsigned DEFAULT NULL COMMENT 'Store ID',
  `order_status` varchar(50) NOT NULL COMMENT 'Order Status',
  `orders_count` int NOT NULL DEFAULT '0' COMMENT 'Orders Count',
  `total_qty_ordered` decimal(12,4) NOT NULL DEFAULT '0.0000' COMMENT 'Total Qty Ordered',
  `total_qty_invoiced` decimal(12,4) NOT NULL DEFAULT '0.0000' COMMENT 'Total Qty Invoiced',
  `total_income_amount` decimal(20,4) NOT NULL DEFAULT '0.0000' COMMENT 'Total Income Amount',
  `total_revenue_amount` decimal(20,4) NOT NULL DEFAULT '0.0000' COMMENT 'Total Revenue Amount',
  `total_profit_amount` decimal(20,4) NOT NULL DEFAULT '0.0000' COMMENT 'Total Profit Amount',
  `total_invoiced_amount` decimal(20,4) NOT NULL DEFAULT '0.0000' COMMENT 'Total Invoiced Amount',
  `total_canceled_amount` decimal(20,4) NOT NULL DEFAULT '0.0000' COMMENT 'Total Canceled Amount',
  `total_paid_amount` decimal(20,4) NOT NULL DEFAULT '0.0000' COMMENT 'Total Paid Amount',
  `total_refunded_amount` decimal(20,4) NOT NULL DEFAULT '0.0000' COMMENT 'Total Refunded Amount',
  `total_tax_amount` decimal(20,4) NOT NULL DEFAULT '0.0000' COMMENT 'Total Tax Amount',
  `total_tax_amount_actual` decimal(20,4) NOT NULL DEFAULT '0.0000' COMMENT 'Total Tax Amount Actual',
  `total_shipping_amount` decimal(20,4) NOT NULL DEFAULT '0.0000' COMMENT 'Total Shipping Amount',
  `total_shipping_amount_actual` decimal(20,4) NOT NULL DEFAULT '0.0000' COMMENT 'Total Shipping Amount Actual',
  `total_discount_amount` decimal(20,4) NOT NULL DEFAULT '0.0000' COMMENT 'Total Discount Amount',
  `total_discount_amount_actual` decimal(20,4) NOT NULL DEFAULT '0.0000' COMMENT 'Total Discount Amount Actual',
  PRIMARY KEY (`id`),
  UNIQUE KEY `SALES_ORDER_AGGREGATED_CREATED_PERIOD_STORE_ID_ORDER_STATUS` (`period`,`store_id`,`order_status`),
  KEY `SALES_ORDER_AGGREGATED_CREATED_STORE_ID` (`store_id`),
  CONSTRAINT `SALES_ORDER_AGGREGATED_CREATED_STORE_ID_STORE_STORE_ID` FOREIGN KEY (`store_id`) REFERENCES `store` (`store_id`) ON DELETE SET NULL
) ENGINE=InnoDB DEFAULT CHARSET=utf8 COMMENT='Sales Order Aggregated Created';

--
-- Dumping data for table `sales_order_aggregated_created`
--


--
-- Table structure for table `sales_order_aggregated_updated`
--

CREATE TABLE `sales_order_aggregated_updated` (
  `id` int unsigned NOT NULL AUTO_INCREMENT COMMENT 'ID',
  `period` date DEFAULT NULL COMMENT 'Period',
  `store_id` smallint unsigned DEFAULT NULL COMMENT 'Store ID',
  `order_status` varchar(50) NOT NULL COMMENT 'Order Status',
  `orders_count` int NOT NULL DEFAULT '0' COMMENT 'Orders Count',
  `total_qty_ordered` decimal(12,4) NOT NULL DEFAULT '0.0000' COMMENT 'Total Qty Ordered',
  `total_qty_invoiced` decimal(12,4) NOT NULL DEFAULT '0.0000' COMMENT 'Total Qty Invoiced',
  `total_income_amount` decimal(20,4) NOT NULL DEFAULT '0.0000' COMMENT 'Total Income Amount',
  `total_revenue_amount` decimal(20,4) NOT NULL DEFAULT '0.0000' COMMENT 'Total Revenue Amount',
  `total_profit_amount` decimal(20,4) NOT NULL DEFAULT '0.0000' COMMENT 'Total Profit Amount',
  `total_invoiced_amount` decimal(20,4) NOT NULL DEFAULT '0.0000' COMMENT 'Total Invoiced Amount',
  `total_canceled_amount` decimal(20,4) NOT NULL DEFAULT '0.0000' COMMENT 'Total Canceled Amount',
  `total_paid_amount` decimal(20,4) NOT NULL DEFAULT '0.0000' COMMENT 'Total Paid Amount',
  `total_refunded_amount` decimal(20,4) NOT NULL DEFAULT '0.0000' COMMENT 'Total Refunded Amount',
  `total_tax_amount` decimal(20,4) NOT NULL DEFAULT '0.0000' COMMENT 'Total Tax Amount',
  `total_tax_amount_actual` decimal(20,4) NOT NULL DEFAULT '0.0000' COMMENT 'Total Tax Amount Actual',
  `total_shipping_amount` decimal(20,4) NOT NULL DEFAULT '0.0000' COMMENT 'Total Shipping Amount',
  `total_shipping_amount_actual` decimal(20,4) NOT NULL DEFAULT '0.0000' COMMENT 'Total Shipping Amount Actual',
  `total_discount_amount` decimal(20,4) NOT NULL DEFAULT '0.0000' COMMENT 'Total Discount Amount',
  `total_discount_amount_actual` decimal(20,4) NOT NULL DEFAULT '0.0000' COMMENT 'Total Discount Amount Actual',
  PRIMARY KEY (`id`),
  UNIQUE KEY `SALES_ORDER_AGGREGATED_UPDATED_PERIOD_STORE_ID_ORDER_STATUS` (`period`,`store_id`,`order_status`),
  KEY `SALES_ORDER_AGGREGATED_UPDATED_STORE_ID` (`store_id`),
  CONSTRAINT `SALES_ORDER_AGGREGATED_UPDATED_STORE_ID_STORE_STORE_ID` FOREIGN KEY (`store_id`) REFERENCES `store` (`store_id`) ON DELETE SET NULL
) ENGINE=InnoDB DEFAULT CHARSET=utf8 COMMENT='Sales Order Aggregated Updated';

--
-- Dumping data for table `sales_order_aggregated_updated`
--


--
-- Table structure for table `sales_order_grid`
--

CREATE TABLE `sales_order_grid` (
  `entity_id` int unsigned NOT NULL COMMENT 'Entity ID',
  `status` varchar(32) DEFAULT NULL COMMENT 'Status',
  `store_id` smallint unsigned DEFAULT NULL COMMENT 'Store ID',
  `store_name` varchar(255) DEFAULT NULL COMMENT 'Store Name',
  `customer_id` int unsigned DEFAULT NULL COMMENT 'Customer ID',
  `base_grand_total` decimal(20,4) DEFAULT NULL COMMENT 'Base Grand Total',
  `base_total_paid` decimal(20,4) DEFAULT NULL COMMENT 'Base Total Paid',
  `grand_total` decimal(20,4) DEFAULT NULL COMMENT 'Grand Total',
  `total_paid` decimal(20,4) DEFAULT NULL COMMENT 'Total Paid',
  `increment_id` varchar(50) DEFAULT NULL COMMENT 'Increment ID',
  `base_currency_code` varchar(3) DEFAULT NULL COMMENT 'Base Currency Code',
  `order_currency_code` varchar(255) DEFAULT NULL COMMENT 'Order Currency Code',
  `shipping_name` varchar(255) DEFAULT NULL COMMENT 'Shipping Name',
  `billing_name` varchar(255) DEFAULT NULL COMMENT 'Billing Name',
  `created_at` timestamp NULL DEFAULT NULL COMMENT 'Created At',
  `updated_at` timestamp NULL DEFAULT NULL COMMENT 'Updated At',
  `billing_address` varchar(255) DEFAULT NULL COMMENT 'Billing Address',
  `shipping_address` varchar(255) DEFAULT NULL COMMENT 'Shipping Address',
  `shipping_information` varchar(255) DEFAULT NULL COMMENT 'Shipping Method Name',
  `customer_email` varchar(255) DEFAULT NULL COMMENT 'Customer Email',
  `customer_group` varchar(255) DEFAULT NULL COMMENT 'Customer Group',
  `subtotal` decimal(20,4) DEFAULT NULL COMMENT 'Subtotal',
  `shipping_and_handling` decimal(20,4) DEFAULT NULL COMMENT 'Shipping and handling amount',
  `customer_name` varchar(255) DEFAULT NULL COMMENT 'Customer Name',
  `payment_method` varchar(255) DEFAULT NULL COMMENT 'Payment Method',
  `total_refunded` decimal(20,4) DEFAULT NULL COMMENT 'Total Refunded',
  `pickup_location_code` varchar(255) DEFAULT NULL COMMENT 'Pickup Location Code',
  PRIMARY KEY (`entity_id`),
  UNIQUE KEY `SALES_ORDER_GRID_INCREMENT_ID_STORE_ID` (`increment_id`,`store_id`),
  KEY `SALES_ORDER_GRID_STATUS` (`status`),
  KEY `SALES_ORDER_GRID_STORE_ID` (`store_id`),
  KEY `SALES_ORDER_GRID_BASE_GRAND_TOTAL` (`base_grand_total`),
  KEY `SALES_ORDER_GRID_BASE_TOTAL_PAID` (`base_total_paid`),
  KEY `SALES_ORDER_GRID_GRAND_TOTAL` (`grand_total`),
  KEY `SALES_ORDER_GRID_TOTAL_PAID` (`total_paid`),
  KEY `SALES_ORDER_GRID_SHIPPING_NAME` (`shipping_name`),
  KEY `SALES_ORDER_GRID_BILLING_NAME` (`billing_name`),
  KEY `SALES_ORDER_GRID_CREATED_AT` (`created_at`),
  KEY `SALES_ORDER_GRID_CUSTOMER_ID` (`customer_id`),
  KEY `SALES_ORDER_GRID_UPDATED_AT` (`updated_at`),
  KEY `SALES_ORDER_GRID_PICKUP_LOCATION_CODE` (`pickup_location_code`),
  FULLTEXT KEY `FTI_65B9E9925EC58F0C7C2E2F6379C233E7` (`increment_id`,`billing_name`,`shipping_name`,`shipping_address`,`billing_address`,`customer_name`,`customer_email`)
) ENGINE=InnoDB DEFAULT CHARSET=utf8 COMMENT='Sales Flat Order Grid';

--
-- Dumping data for table `sales_order_grid`
--


--
-- Table structure for table `sales_order_item`
--

CREATE TABLE `sales_order_item` (
  `item_id` int unsigned NOT NULL AUTO_INCREMENT COMMENT 'Item ID',
  `order_id` int unsigned NOT NULL DEFAULT '0' COMMENT 'Order ID',
  `parent_item_id` int unsigned DEFAULT NULL COMMENT 'Parent Item ID',
  `quote_item_id` int unsigned DEFAULT NULL COMMENT 'Quote Item ID',
  `store_id` smallint unsigned DEFAULT NULL COMMENT 'Store ID',
  `created_at` timestamp NOT NULL DEFAULT CURRENT_TIMESTAMP COMMENT 'Created At',
  `updated_at` timestamp NOT NULL DEFAULT CURRENT_TIMESTAMP ON UPDATE CURRENT_TIMESTAMP COMMENT 'Updated At',
  `product_id` int unsigned DEFAULT NULL COMMENT 'Product ID',
  `product_type` varchar(255) DEFAULT NULL COMMENT 'Product Type',
  `product_options` text COMMENT 'Product Options',
  `weight` decimal(12,4) DEFAULT '0.0000' COMMENT 'Weight',
  `is_virtual` smallint unsigned DEFAULT NULL COMMENT 'Is Virtual',
  `sku` varchar(255) DEFAULT NULL COMMENT 'Sku',
  `name` varchar(255) DEFAULT NULL COMMENT 'Name',
  `description` text COMMENT 'Description',
  `applied_rule_ids` text COMMENT 'Applied Rule Ids',
  `additional_data` text COMMENT 'Additional Data',
  `is_qty_decimal` smallint unsigned DEFAULT NULL COMMENT 'Is Qty Decimal',
  `no_discount` smallint unsigned NOT NULL DEFAULT '0' COMMENT 'No Discount',
  `qty_backordered` decimal(12,4) DEFAULT '0.0000' COMMENT 'Qty Backordered',
  `qty_canceled` decimal(12,4) DEFAULT '0.0000' COMMENT 'Qty Canceled',
  `qty_invoiced` decimal(12,4) DEFAULT '0.0000' COMMENT 'Qty Invoiced',
  `qty_ordered` decimal(12,4) DEFAULT '0.0000' COMMENT 'Qty Ordered',
  `qty_refunded` decimal(12,4) DEFAULT '0.0000' COMMENT 'Qty Refunded',
  `qty_shipped` decimal(12,4) DEFAULT '0.0000' COMMENT 'Qty Shipped',
  `base_cost` decimal(12,4) DEFAULT '0.0000' COMMENT 'Base Cost',
  `price` decimal(12,4) NOT NULL DEFAULT '0.0000' COMMENT 'Price',
  `base_price` decimal(12,4) NOT NULL DEFAULT '0.0000' COMMENT 'Base Price',
  `original_price` decimal(12,4) DEFAULT NULL COMMENT 'Original Price',
  `base_original_price` decimal(12,4) DEFAULT NULL COMMENT 'Base Original Price',
  `tax_percent` decimal(12,4) DEFAULT '0.0000' COMMENT 'Tax Percent',
  `tax_amount` decimal(20,4) DEFAULT '0.0000' COMMENT 'Tax Amount',
  `base_tax_amount` decimal(20,4) DEFAULT '0.0000' COMMENT 'Base Tax Amount',
  `tax_invoiced` decimal(20,4) DEFAULT '0.0000' COMMENT 'Tax Invoiced',
  `base_tax_invoiced` decimal(20,4) DEFAULT '0.0000' COMMENT 'Base Tax Invoiced',
  `discount_percent` decimal(12,4) DEFAULT '0.0000' COMMENT 'Discount Percent',
  `discount_amount` decimal(20,4) DEFAULT '0.0000' COMMENT 'Discount Amount',
  `base_discount_amount` decimal(20,4) DEFAULT '0.0000' COMMENT 'Base Discount Amount',
  `discount_invoiced` decimal(20,4) DEFAULT '0.0000' COMMENT 'Discount Invoiced',
  `base_discount_invoiced` decimal(20,4) DEFAULT '0.0000' COMMENT 'Base Discount Invoiced',
  `amount_refunded` decimal(20,4) DEFAULT '0.0000' COMMENT 'Amount Refunded',
  `base_amount_refunded` decimal(20,4) DEFAULT '0.0000' COMMENT 'Base Amount Refunded',
  `row_total` decimal(20,4) NOT NULL DEFAULT '0.0000' COMMENT 'Row Total',
  `base_row_total` decimal(20,4) NOT NULL DEFAULT '0.0000' COMMENT 'Base Row Total',
  `row_invoiced` decimal(20,4) NOT NULL DEFAULT '0.0000' COMMENT 'Row Invoiced',
  `base_row_invoiced` decimal(20,4) NOT NULL DEFAULT '0.0000' COMMENT 'Base Row Invoiced',
  `row_weight` decimal(12,4) DEFAULT '0.0000' COMMENT 'Row Weight',
  `base_tax_before_discount` decimal(20,4) DEFAULT NULL COMMENT 'Base Tax Before Discount',
  `tax_before_discount` decimal(20,4) DEFAULT NULL COMMENT 'Tax Before Discount',
  `ext_order_item_id` varchar(255) DEFAULT NULL COMMENT 'Ext Order Item ID',
  `locked_do_invoice` smallint unsigned DEFAULT NULL COMMENT 'Locked Do Invoice',
  `locked_do_ship` smallint unsigned DEFAULT NULL COMMENT 'Locked Do Ship',
  `price_incl_tax` decimal(20,4) DEFAULT NULL COMMENT 'Price Incl Tax',
  `base_price_incl_tax` decimal(20,4) DEFAULT NULL COMMENT 'Base Price Incl Tax',
  `row_total_incl_tax` decimal(20,4) DEFAULT NULL COMMENT 'Row Total Incl Tax',
  `base_row_total_incl_tax` decimal(20,4) DEFAULT NULL COMMENT 'Base Row Total Incl Tax',
  `discount_tax_compensation_amount` decimal(20,4) DEFAULT NULL COMMENT 'Discount Tax Compensation Amount',
  `base_discount_tax_compensation_amount` decimal(20,4) DEFAULT NULL COMMENT 'Base Discount Tax Compensation Amount',
  `discount_tax_compensation_invoiced` decimal(20,4) DEFAULT NULL COMMENT 'Discount Tax Compensation Invoiced',
  `base_discount_tax_compensation_invoiced` decimal(20,4) DEFAULT NULL COMMENT 'Base Discount Tax Compensation Invoiced',
  `discount_tax_compensation_refunded` decimal(20,4) DEFAULT NULL COMMENT 'Discount Tax Compensation Refunded',
  `base_discount_tax_compensation_refunded` decimal(20,4) DEFAULT NULL COMMENT 'Base Discount Tax Compensation Refunded',
  `tax_canceled` decimal(12,4) DEFAULT NULL COMMENT 'Tax Canceled',
  `discount_tax_compensation_canceled` decimal(20,4) DEFAULT NULL COMMENT 'Discount Tax Compensation Canceled',
  `tax_refunded` decimal(20,4) DEFAULT NULL COMMENT 'Tax Refunded',
  `base_tax_refunded` decimal(20,4) DEFAULT NULL COMMENT 'Base Tax Refunded',
  `discount_refunded` decimal(20,4) DEFAULT NULL COMMENT 'Discount Refunded',
  `base_discount_refunded` decimal(20,4) DEFAULT NULL COMMENT 'Base Discount Refunded',
  `gift_message_id` int DEFAULT NULL COMMENT 'Gift Message ID',
  `gift_message_available` int DEFAULT NULL COMMENT 'Gift Message Available',
  `free_shipping` smallint unsigned NOT NULL DEFAULT '0' COMMENT 'Free Shipping',
  `weee_tax_applied` text COMMENT 'Weee Tax Applied',
  `weee_tax_applied_amount` decimal(12,4) DEFAULT NULL COMMENT 'Weee Tax Applied Amount',
  `weee_tax_applied_row_amount` decimal(12,4) DEFAULT NULL COMMENT 'Weee Tax Applied Row Amount',
  `weee_tax_disposition` decimal(12,4) DEFAULT NULL COMMENT 'Weee Tax Disposition',
  `weee_tax_row_disposition` decimal(12,4) DEFAULT NULL COMMENT 'Weee Tax Row Disposition',
  `base_weee_tax_applied_amount` decimal(12,4) DEFAULT NULL COMMENT 'Base Weee Tax Applied Amount',
  `base_weee_tax_applied_row_amnt` decimal(12,4) DEFAULT NULL COMMENT 'Base Weee Tax Applied Row Amnt',
  `base_weee_tax_disposition` decimal(12,4) DEFAULT NULL COMMENT 'Base Weee Tax Disposition',
  `base_weee_tax_row_disposition` decimal(12,4) DEFAULT NULL COMMENT 'Base Weee Tax Row Disposition',
  PRIMARY KEY (`item_id`),
  KEY `SALES_ORDER_ITEM_ORDER_ID` (`order_id`),
  KEY `SALES_ORDER_ITEM_STORE_ID` (`store_id`),
  CONSTRAINT `SALES_ORDER_ITEM_ORDER_ID_SALES_ORDER_ENTITY_ID` FOREIGN KEY (`order_id`) REFERENCES `sales_order` (`entity_id`) ON DELETE CASCADE,
  CONSTRAINT `SALES_ORDER_ITEM_STORE_ID_STORE_STORE_ID` FOREIGN KEY (`store_id`) REFERENCES `store` (`store_id`) ON DELETE SET NULL
) ENGINE=InnoDB DEFAULT CHARSET=utf8 COMMENT='Sales Flat Order Item';

--
-- Dumping data for table `sales_order_item`
--


--
-- Table structure for table `sales_order_payment`
--

CREATE TABLE `sales_order_payment` (
  `entity_id` int unsigned NOT NULL AUTO_INCREMENT COMMENT 'Entity ID',
  `parent_id` int unsigned NOT NULL COMMENT 'Parent ID',
  `base_shipping_captured` decimal(20,4) DEFAULT NULL COMMENT 'Base Shipping Captured',
  `shipping_captured` decimal(20,4) DEFAULT NULL COMMENT 'Shipping Captured',
  `amount_refunded` decimal(20,4) DEFAULT NULL COMMENT 'Amount Refunded',
  `base_amount_paid` decimal(20,4) DEFAULT NULL COMMENT 'Base Amount Paid',
  `amount_canceled` decimal(20,4) DEFAULT NULL COMMENT 'Amount Canceled',
  `base_amount_authorized` decimal(20,4) DEFAULT NULL COMMENT 'Base Amount Authorized',
  `base_amount_paid_online` decimal(20,4) DEFAULT NULL COMMENT 'Base Amount Paid Online',
  `base_amount_refunded_online` decimal(20,4) DEFAULT NULL COMMENT 'Base Amount Refunded Online',
  `base_shipping_amount` decimal(20,4) DEFAULT NULL COMMENT 'Base Shipping Amount',
  `shipping_amount` decimal(20,4) DEFAULT NULL COMMENT 'Shipping Amount',
  `amount_paid` decimal(20,4) DEFAULT NULL COMMENT 'Amount Paid',
  `amount_authorized` decimal(20,4) DEFAULT NULL COMMENT 'Amount Authorized',
  `base_amount_ordered` decimal(20,4) DEFAULT NULL COMMENT 'Base Amount Ordered',
  `base_shipping_refunded` decimal(20,4) DEFAULT NULL COMMENT 'Base Shipping Refunded',
  `shipping_refunded` decimal(20,4) DEFAULT NULL COMMENT 'Shipping Refunded',
  `base_amount_refunded` decimal(20,4) DEFAULT NULL COMMENT 'Base Amount Refunded',
  `amount_ordered` decimal(20,4) DEFAULT NULL COMMENT 'Amount Ordered',
  `base_amount_canceled` decimal(20,4) DEFAULT NULL COMMENT 'Base Amount Canceled',
  `quote_payment_id` int DEFAULT NULL COMMENT 'Quote Payment ID',
  `additional_data` text COMMENT 'Additional Data',
  `cc_exp_month` varchar(12) DEFAULT NULL COMMENT 'Cc Exp Month',
  `cc_ss_start_year` varchar(12) DEFAULT NULL COMMENT 'Cc Ss Start Year',
  `echeck_bank_name` varchar(128) DEFAULT NULL COMMENT 'Echeck Bank Name',
  `method` varchar(128) DEFAULT NULL COMMENT 'Method',
  `cc_debug_request_body` varchar(32) DEFAULT NULL COMMENT 'Cc Debug Request Body',
  `cc_secure_verify` varchar(32) DEFAULT NULL COMMENT 'Cc Secure Verify',
  `protection_eligibility` varchar(32) DEFAULT NULL COMMENT 'Protection Eligibility',
  `cc_approval` varchar(32) DEFAULT NULL COMMENT 'Cc Approval',
  `cc_last_4` varchar(100) DEFAULT NULL COMMENT 'Cc Last 4',
  `cc_status_description` varchar(32) DEFAULT NULL COMMENT 'Cc Status Description',
  `echeck_type` varchar(32) DEFAULT NULL COMMENT 'Echeck Type',
  `cc_debug_response_serialized` varchar(32) DEFAULT NULL COMMENT 'Cc Debug Response Serialized',
  `cc_ss_start_month` varchar(128) DEFAULT NULL COMMENT 'Cc Ss Start Month',
  `echeck_account_type` varchar(255) DEFAULT NULL COMMENT 'Echeck Account Type',
  `last_trans_id` varchar(255) DEFAULT NULL COMMENT 'Last Trans ID',
  `cc_cid_status` varchar(32) DEFAULT NULL COMMENT 'Cc Cid Status',
  `cc_owner` varchar(128) DEFAULT NULL COMMENT 'Cc Owner',
  `cc_type` varchar(32) DEFAULT NULL COMMENT 'Cc Type',
  `po_number` varchar(32) DEFAULT NULL COMMENT 'Po Number',
  `cc_exp_year` varchar(4) DEFAULT NULL COMMENT 'Cc Exp Year',
  `cc_status` varchar(4) DEFAULT NULL COMMENT 'Cc Status',
  `echeck_routing_number` varchar(32) DEFAULT NULL COMMENT 'Echeck Routing Number',
  `account_status` varchar(32) DEFAULT NULL COMMENT 'Account Status',
  `anet_trans_method` varchar(32) DEFAULT NULL COMMENT 'Anet Trans Method',
  `cc_debug_response_body` varchar(32) DEFAULT NULL COMMENT 'Cc Debug Response Body',
  `cc_ss_issue` varchar(32) DEFAULT NULL COMMENT 'Cc Ss Issue',
  `echeck_account_name` varchar(32) DEFAULT NULL COMMENT 'Echeck Account Name',
  `cc_avs_status` varchar(32) DEFAULT NULL COMMENT 'Cc Avs Status',
  `cc_number_enc` varchar(128) DEFAULT NULL,
  `cc_trans_id` varchar(32) DEFAULT NULL COMMENT 'Cc Trans ID',
  `address_status` varchar(32) DEFAULT NULL COMMENT 'Address Status',
  `additional_information` text COMMENT 'Additional Information',
  PRIMARY KEY (`entity_id`),
  KEY `SALES_ORDER_PAYMENT_PARENT_ID` (`parent_id`),
  CONSTRAINT `SALES_ORDER_PAYMENT_PARENT_ID_SALES_ORDER_ENTITY_ID` FOREIGN KEY (`parent_id`) REFERENCES `sales_order` (`entity_id`) ON DELETE CASCADE
) ENGINE=InnoDB DEFAULT CHARSET=utf8 COMMENT='Sales Flat Order Payment';

--
-- Dumping data for table `sales_order_payment`
--


--
-- Table structure for table `sales_order_status`
--

CREATE TABLE `sales_order_status` (
  `status` varchar(32) NOT NULL COMMENT 'Status',
  `label` varchar(128) NOT NULL COMMENT 'Label',
  PRIMARY KEY (`status`)
) ENGINE=InnoDB DEFAULT CHARSET=utf8 COMMENT='Sales Order Status Table';

--
-- Dumping data for table `sales_order_status`
--

INSERT INTO `sales_order_status` VALUES ('canceled','Canceled'),('closed','Closed'),('complete','Complete'),('fraud','Suspected Fraud'),('holded','On Hold'),('payment_review','Payment Review'),('paypal_canceled_reversal','PayPal Canceled Reversal'),('paypal_reversed','PayPal Reversed'),('pending','Pending'),('pending_payment','Pending Payment'),('pending_paypal','Pending PayPal'),('processing','Processing');

--
-- Table structure for table `sales_order_status_history`
--

CREATE TABLE `sales_order_status_history` (
  `entity_id` int unsigned NOT NULL AUTO_INCREMENT COMMENT 'Entity ID',
  `parent_id` int unsigned NOT NULL COMMENT 'Parent ID',
  `is_customer_notified` int DEFAULT NULL COMMENT 'Is Customer Notified',
  `is_visible_on_front` smallint unsigned NOT NULL DEFAULT '0' COMMENT 'Is Visible On Front',
  `comment` text COMMENT 'Comment',
  `status` varchar(32) DEFAULT NULL COMMENT 'Status',
  `created_at` timestamp NOT NULL DEFAULT CURRENT_TIMESTAMP COMMENT 'Created At',
  `entity_name` varchar(32) DEFAULT NULL COMMENT 'Shows what entity history is bind to.',
  PRIMARY KEY (`entity_id`),
  KEY `SALES_ORDER_STATUS_HISTORY_PARENT_ID` (`parent_id`),
  KEY `SALES_ORDER_STATUS_HISTORY_CREATED_AT` (`created_at`),
  CONSTRAINT `SALES_ORDER_STATUS_HISTORY_PARENT_ID_SALES_ORDER_ENTITY_ID` FOREIGN KEY (`parent_id`) REFERENCES `sales_order` (`entity_id`) ON DELETE CASCADE
) ENGINE=InnoDB DEFAULT CHARSET=utf8 COMMENT='Sales Flat Order Status History';

--
-- Dumping data for table `sales_order_status_history`
--


--
-- Table structure for table `sales_order_status_label`
--

CREATE TABLE `sales_order_status_label` (
  `status` varchar(32) NOT NULL COMMENT 'Status',
  `store_id` smallint unsigned NOT NULL COMMENT 'Store ID',
  `label` varchar(128) NOT NULL COMMENT 'Label',
  PRIMARY KEY (`status`,`store_id`),
  KEY `SALES_ORDER_STATUS_LABEL_STORE_ID` (`store_id`),
  CONSTRAINT `SALES_ORDER_STATUS_LABEL_STATUS_SALES_ORDER_STATUS_STATUS` FOREIGN KEY (`status`) REFERENCES `sales_order_status` (`status`) ON DELETE CASCADE,
  CONSTRAINT `SALES_ORDER_STATUS_LABEL_STORE_ID_STORE_STORE_ID` FOREIGN KEY (`store_id`) REFERENCES `store` (`store_id`) ON DELETE CASCADE
) ENGINE=InnoDB DEFAULT CHARSET=utf8 COMMENT='Sales Order Status Label Table';

--
-- Dumping data for table `sales_order_status_label`
--


--
-- Table structure for table `sales_order_status_state`
--

CREATE TABLE `sales_order_status_state` (
  `status` varchar(32) NOT NULL COMMENT 'Status',
  `state` varchar(32) NOT NULL COMMENT 'Label',
  `is_default` smallint unsigned NOT NULL DEFAULT '0' COMMENT 'Is Default',
  `visible_on_front` smallint unsigned NOT NULL DEFAULT '0' COMMENT 'Visible on front',
  PRIMARY KEY (`status`,`state`),
  CONSTRAINT `SALES_ORDER_STATUS_STATE_STATUS_SALES_ORDER_STATUS_STATUS` FOREIGN KEY (`status`) REFERENCES `sales_order_status` (`status`) ON DELETE CASCADE
) ENGINE=InnoDB DEFAULT CHARSET=utf8 COMMENT='Sales Order Status Table';

--
-- Dumping data for table `sales_order_status_state`
--

INSERT INTO `sales_order_status_state` VALUES ('canceled','canceled',1,1),('closed','closed',1,1),('complete','complete',1,1),('fraud','payment_review',0,1),('fraud','processing',0,1),('holded','holded',1,1),('payment_review','payment_review',1,1),('pending','new',1,1),('pending_payment','pending_payment',1,0),('processing','processing',1,1);

--
-- Table structure for table `sales_order_tax`
--

CREATE TABLE `sales_order_tax` (
  `tax_id` int unsigned NOT NULL AUTO_INCREMENT COMMENT 'Tax ID',
  `order_id` int unsigned NOT NULL COMMENT 'Order ID',
  `code` varchar(255) DEFAULT NULL COMMENT 'Code',
  `title` varchar(255) DEFAULT NULL COMMENT 'Title',
  `percent` decimal(12,4) DEFAULT NULL COMMENT 'Percent',
  `amount` decimal(20,4) DEFAULT NULL COMMENT 'Amount',
  `priority` int NOT NULL COMMENT 'Priority',
  `position` int NOT NULL COMMENT 'Position',
  `base_amount` decimal(20,4) DEFAULT NULL COMMENT 'Base Amount',
  `process` smallint NOT NULL COMMENT 'Process',
  `base_real_amount` decimal(20,4) DEFAULT NULL COMMENT 'Base Real Amount',
  PRIMARY KEY (`tax_id`),
  KEY `SALES_ORDER_TAX_ORDER_ID_PRIORITY_POSITION` (`order_id`,`priority`,`position`)
) ENGINE=InnoDB DEFAULT CHARSET=utf8 COMMENT='Sales Order Tax Table';

--
-- Dumping data for table `sales_order_tax`
--


--
-- Table structure for table `sales_order_tax_item`
--

CREATE TABLE `sales_order_tax_item` (
  `tax_item_id` int unsigned NOT NULL AUTO_INCREMENT COMMENT 'Tax Item ID',
  `tax_id` int unsigned NOT NULL COMMENT 'Tax ID',
  `item_id` int unsigned DEFAULT NULL COMMENT 'Item ID',
  `tax_percent` decimal(12,4) NOT NULL COMMENT 'Real Tax Percent For Item',
  `amount` decimal(20,4) NOT NULL COMMENT 'Tax amount for the item and tax rate',
  `base_amount` decimal(20,4) NOT NULL COMMENT 'Base tax amount for the item and tax rate',
  `real_amount` decimal(20,4) NOT NULL COMMENT 'Real tax amount for the item and tax rate',
  `real_base_amount` decimal(20,4) NOT NULL COMMENT 'Real base tax amount for the item and tax rate',
  `associated_item_id` int unsigned DEFAULT NULL COMMENT 'Id of the associated item',
  `taxable_item_type` varchar(32) NOT NULL COMMENT 'Type of the taxable item',
  PRIMARY KEY (`tax_item_id`),
  UNIQUE KEY `SALES_ORDER_TAX_ITEM_TAX_ID_ITEM_ID` (`tax_id`,`item_id`),
  KEY `SALES_ORDER_TAX_ITEM_ASSOCIATED_ITEM_ID_SALES_ORDER_ITEM_ITEM_ID` (`associated_item_id`),
  KEY `SALES_ORDER_TAX_ITEM_ITEM_ID` (`item_id`),
  CONSTRAINT `SALES_ORDER_TAX_ITEM_ASSOCIATED_ITEM_ID_SALES_ORDER_ITEM_ITEM_ID` FOREIGN KEY (`associated_item_id`) REFERENCES `sales_order_item` (`item_id`) ON DELETE CASCADE,
  CONSTRAINT `SALES_ORDER_TAX_ITEM_ITEM_ID_SALES_ORDER_ITEM_ITEM_ID` FOREIGN KEY (`item_id`) REFERENCES `sales_order_item` (`item_id`) ON DELETE CASCADE,
  CONSTRAINT `SALES_ORDER_TAX_ITEM_TAX_ID_SALES_ORDER_TAX_TAX_ID` FOREIGN KEY (`tax_id`) REFERENCES `sales_order_tax` (`tax_id`) ON DELETE CASCADE
) ENGINE=InnoDB DEFAULT CHARSET=utf8 COMMENT='Sales Order Tax Item';

--
-- Dumping data for table `sales_order_tax_item`
--


--
-- Table structure for table `sales_payment_transaction`
--

CREATE TABLE `sales_payment_transaction` (
  `transaction_id` int unsigned NOT NULL AUTO_INCREMENT COMMENT 'Transaction ID',
  `parent_id` int unsigned DEFAULT NULL COMMENT 'Parent ID',
  `order_id` int unsigned NOT NULL DEFAULT '0' COMMENT 'Order ID',
  `payment_id` int unsigned NOT NULL DEFAULT '0' COMMENT 'Payment ID',
  `txn_id` varchar(100) DEFAULT NULL COMMENT 'Txn ID',
  `parent_txn_id` varchar(100) DEFAULT NULL COMMENT 'Parent Txn ID',
  `txn_type` varchar(15) DEFAULT NULL COMMENT 'Txn Type',
  `is_closed` smallint unsigned NOT NULL DEFAULT '1' COMMENT 'Is Closed',
  `additional_information` blob COMMENT 'Additional Information',
  `created_at` timestamp NOT NULL DEFAULT CURRENT_TIMESTAMP COMMENT 'Created At',
  PRIMARY KEY (`transaction_id`),
  UNIQUE KEY `SALES_PAYMENT_TRANSACTION_ORDER_ID_PAYMENT_ID_TXN_ID` (`order_id`,`payment_id`,`txn_id`),
  KEY `SALES_PAYMENT_TRANSACTION_PARENT_ID` (`parent_id`),
  KEY `SALES_PAYMENT_TRANSACTION_PAYMENT_ID` (`payment_id`),
  CONSTRAINT `FK_B99FF1A06402D725EBDB0F3A7ECD47A2` FOREIGN KEY (`parent_id`) REFERENCES `sales_payment_transaction` (`transaction_id`) ON DELETE CASCADE,
  CONSTRAINT `SALES_PAYMENT_TRANSACTION_ORDER_ID_SALES_ORDER_ENTITY_ID` FOREIGN KEY (`order_id`) REFERENCES `sales_order` (`entity_id`) ON DELETE CASCADE,
  CONSTRAINT `SALES_PAYMENT_TRANSACTION_PAYMENT_ID_SALES_ORDER_PAYMENT_ENTT_ID` FOREIGN KEY (`payment_id`) REFERENCES `sales_order_payment` (`entity_id`) ON DELETE CASCADE
) ENGINE=InnoDB DEFAULT CHARSET=utf8 COMMENT='Sales Payment Transaction';

--
-- Dumping data for table `sales_payment_transaction`
--


--
-- Table structure for table `sales_refunded_aggregated`
--

CREATE TABLE `sales_refunded_aggregated` (
  `id` int unsigned NOT NULL AUTO_INCREMENT COMMENT 'ID',
  `period` date DEFAULT NULL COMMENT 'Period',
  `store_id` smallint unsigned DEFAULT NULL COMMENT 'Store ID',
  `order_status` varchar(50) NOT NULL COMMENT 'Order Status',
  `orders_count` int NOT NULL DEFAULT '0' COMMENT 'Orders Count',
  `refunded` decimal(20,4) DEFAULT NULL COMMENT 'Refunded',
  `online_refunded` decimal(20,4) DEFAULT NULL COMMENT 'Online Refunded',
  `offline_refunded` decimal(20,4) DEFAULT NULL COMMENT 'Offline Refunded',
  PRIMARY KEY (`id`),
  UNIQUE KEY `SALES_REFUNDED_AGGREGATED_PERIOD_STORE_ID_ORDER_STATUS` (`period`,`store_id`,`order_status`),
  KEY `SALES_REFUNDED_AGGREGATED_STORE_ID` (`store_id`),
  CONSTRAINT `SALES_REFUNDED_AGGREGATED_STORE_ID_STORE_STORE_ID` FOREIGN KEY (`store_id`) REFERENCES `store` (`store_id`) ON DELETE SET NULL
) ENGINE=InnoDB DEFAULT CHARSET=utf8 COMMENT='Sales Refunded Aggregated';

--
-- Dumping data for table `sales_refunded_aggregated`
--


--
-- Table structure for table `sales_refunded_aggregated_order`
--

CREATE TABLE `sales_refunded_aggregated_order` (
  `id` int unsigned NOT NULL AUTO_INCREMENT COMMENT 'ID',
  `period` date DEFAULT NULL COMMENT 'Period',
  `store_id` smallint unsigned DEFAULT NULL COMMENT 'Store ID',
  `order_status` varchar(50) DEFAULT NULL COMMENT 'Order Status',
  `orders_count` int NOT NULL DEFAULT '0' COMMENT 'Orders Count',
  `refunded` decimal(20,4) DEFAULT NULL COMMENT 'Refunded',
  `online_refunded` decimal(20,4) DEFAULT NULL COMMENT 'Online Refunded',
  `offline_refunded` decimal(20,4) DEFAULT NULL COMMENT 'Offline Refunded',
  PRIMARY KEY (`id`),
  UNIQUE KEY `SALES_REFUNDED_AGGREGATED_ORDER_PERIOD_STORE_ID_ORDER_STATUS` (`period`,`store_id`,`order_status`),
  KEY `SALES_REFUNDED_AGGREGATED_ORDER_STORE_ID` (`store_id`),
  CONSTRAINT `SALES_REFUNDED_AGGREGATED_ORDER_STORE_ID_STORE_STORE_ID` FOREIGN KEY (`store_id`) REFERENCES `store` (`store_id`) ON DELETE SET NULL
) ENGINE=InnoDB DEFAULT CHARSET=utf8 COMMENT='Sales Refunded Aggregated Order';

--
-- Dumping data for table `sales_refunded_aggregated_order`
--


--
-- Table structure for table `sales_sequence_meta`
--

CREATE TABLE `sales_sequence_meta` (
  `meta_id` int unsigned NOT NULL AUTO_INCREMENT COMMENT 'ID',
  `entity_type` varchar(32) NOT NULL COMMENT 'Prefix',
  `store_id` smallint unsigned NOT NULL COMMENT 'Store ID',
  `sequence_table` varchar(64) NOT NULL COMMENT 'table for sequence',
  PRIMARY KEY (`meta_id`),
  UNIQUE KEY `SALES_SEQUENCE_META_ENTITY_TYPE_STORE_ID` (`entity_type`,`store_id`)
) ENGINE=InnoDB AUTO_INCREMENT=9 DEFAULT CHARSET=utf8 COMMENT='sales_sequence_meta';

--
-- Dumping data for table `sales_sequence_meta`
--

INSERT INTO `sales_sequence_meta` VALUES (1,'order',0,'sequence_order_0'),(2,'invoice',0,'sequence_invoice_0'),(3,'creditmemo',0,'sequence_creditmemo_0'),(4,'shipment',0,'sequence_shipment_0'),(5,'order',1,'sequence_order_1'),(6,'invoice',1,'sequence_invoice_1'),(7,'creditmemo',1,'sequence_creditmemo_1'),(8,'shipment',1,'sequence_shipment_1');

--
-- Table structure for table `sales_sequence_profile`
--

CREATE TABLE `sales_sequence_profile` (
  `profile_id` int unsigned NOT NULL AUTO_INCREMENT COMMENT 'ID',
  `meta_id` int unsigned NOT NULL COMMENT 'Meta_id',
  `prefix` varchar(32) DEFAULT NULL COMMENT 'Prefix',
  `suffix` varchar(32) DEFAULT NULL COMMENT 'Suffix',
  `start_value` int unsigned NOT NULL DEFAULT '1' COMMENT 'Start value for sequence',
  `step` int unsigned NOT NULL DEFAULT '1' COMMENT 'Step for sequence',
  `max_value` int unsigned NOT NULL COMMENT 'MaxValue for sequence',
  `warning_value` int unsigned NOT NULL COMMENT 'WarningValue for sequence',
  `is_active` tinyint(1) NOT NULL DEFAULT '0' COMMENT 'isActive flag',
  PRIMARY KEY (`profile_id`),
  UNIQUE KEY `SALES_SEQUENCE_PROFILE_META_ID_PREFIX_SUFFIX` (`meta_id`,`prefix`,`suffix`),
  CONSTRAINT `SALES_SEQUENCE_PROFILE_META_ID_SALES_SEQUENCE_META_META_ID` FOREIGN KEY (`meta_id`) REFERENCES `sales_sequence_meta` (`meta_id`) ON DELETE CASCADE
) ENGINE=InnoDB AUTO_INCREMENT=9 DEFAULT CHARSET=utf8 COMMENT='sales_sequence_profile';

--
-- Dumping data for table `sales_sequence_profile`
--

INSERT INTO `sales_sequence_profile` VALUES (1,1,NULL,NULL,1,1,4294967295,4294966295,1),(2,2,NULL,NULL,1,1,4294967295,4294966295,1),(3,3,NULL,NULL,1,1,4294967295,4294966295,1),(4,4,NULL,NULL,1,1,4294967295,4294966295,1),(5,5,NULL,NULL,1,1,4294967295,4294966295,1),(6,6,NULL,NULL,1,1,4294967295,4294966295,1),(7,7,NULL,NULL,1,1,4294967295,4294966295,1),(8,8,NULL,NULL,1,1,4294967295,4294966295,1);

--
-- Table structure for table `sales_shipment`
--

CREATE TABLE `sales_shipment` (
  `entity_id` int unsigned NOT NULL AUTO_INCREMENT COMMENT 'Entity ID',
  `store_id` smallint unsigned DEFAULT NULL COMMENT 'Store ID',
  `total_weight` decimal(12,4) DEFAULT NULL COMMENT 'Total Weight',
  `total_qty` decimal(12,4) DEFAULT NULL COMMENT 'Total Qty',
  `email_sent` smallint unsigned DEFAULT NULL COMMENT 'Email Sent',
  `send_email` smallint unsigned DEFAULT NULL COMMENT 'Send Email',
  `order_id` int unsigned NOT NULL COMMENT 'Order ID',
  `customer_id` int DEFAULT NULL COMMENT 'Customer ID',
  `shipping_address_id` int DEFAULT NULL COMMENT 'Shipping Address ID',
  `billing_address_id` int DEFAULT NULL COMMENT 'Billing Address ID',
  `shipment_status` int DEFAULT NULL COMMENT 'Shipment Status',
  `increment_id` varchar(50) DEFAULT NULL COMMENT 'Increment ID',
  `created_at` timestamp NOT NULL DEFAULT CURRENT_TIMESTAMP COMMENT 'Created At',
  `updated_at` timestamp NOT NULL DEFAULT CURRENT_TIMESTAMP ON UPDATE CURRENT_TIMESTAMP COMMENT 'Updated At',
  `packages` text COMMENT 'Packed Products in Packages',
  `shipping_label` mediumblob COMMENT 'Shipping Label Content',
  `customer_note` text COMMENT 'Customer Note',
  `customer_note_notify` smallint unsigned DEFAULT NULL COMMENT 'Customer Note Notify',
  PRIMARY KEY (`entity_id`),
  UNIQUE KEY `SALES_SHIPMENT_INCREMENT_ID_STORE_ID` (`increment_id`,`store_id`),
  KEY `SALES_SHIPMENT_STORE_ID` (`store_id`),
  KEY `SALES_SHIPMENT_TOTAL_QTY` (`total_qty`),
  KEY `SALES_SHIPMENT_ORDER_ID` (`order_id`),
  KEY `SALES_SHIPMENT_CREATED_AT` (`created_at`),
  KEY `SALES_SHIPMENT_UPDATED_AT` (`updated_at`),
  KEY `SALES_SHIPMENT_SEND_EMAIL` (`send_email`),
  KEY `SALES_SHIPMENT_EMAIL_SENT` (`email_sent`),
  CONSTRAINT `SALES_SHIPMENT_ORDER_ID_SALES_ORDER_ENTITY_ID` FOREIGN KEY (`order_id`) REFERENCES `sales_order` (`entity_id`) ON DELETE CASCADE,
  CONSTRAINT `SALES_SHIPMENT_STORE_ID_STORE_STORE_ID` FOREIGN KEY (`store_id`) REFERENCES `store` (`store_id`) ON DELETE SET NULL
) ENGINE=InnoDB DEFAULT CHARSET=utf8 COMMENT='Sales Flat Shipment';

--
-- Dumping data for table `sales_shipment`
--


--
-- Table structure for table `sales_shipment_comment`
--

CREATE TABLE `sales_shipment_comment` (
  `entity_id` int unsigned NOT NULL AUTO_INCREMENT COMMENT 'Entity ID',
  `parent_id` int unsigned NOT NULL COMMENT 'Parent ID',
  `is_customer_notified` int DEFAULT NULL COMMENT 'Is Customer Notified',
  `is_visible_on_front` smallint unsigned NOT NULL DEFAULT '0' COMMENT 'Is Visible On Front',
  `comment` text COMMENT 'Comment',
  `created_at` timestamp NOT NULL DEFAULT CURRENT_TIMESTAMP COMMENT 'Created At',
  PRIMARY KEY (`entity_id`),
  KEY `SALES_SHIPMENT_COMMENT_CREATED_AT` (`created_at`),
  KEY `SALES_SHIPMENT_COMMENT_PARENT_ID` (`parent_id`),
  CONSTRAINT `SALES_SHIPMENT_COMMENT_PARENT_ID_SALES_SHIPMENT_ENTITY_ID` FOREIGN KEY (`parent_id`) REFERENCES `sales_shipment` (`entity_id`) ON DELETE CASCADE
) ENGINE=InnoDB DEFAULT CHARSET=utf8 COMMENT='Sales Flat Shipment Comment';

--
-- Dumping data for table `sales_shipment_comment`
--


--
-- Table structure for table `sales_shipment_grid`
--

CREATE TABLE `sales_shipment_grid` (
  `entity_id` int unsigned NOT NULL COMMENT 'Entity ID',
  `increment_id` varchar(50) DEFAULT NULL COMMENT 'Increment ID',
  `store_id` smallint unsigned DEFAULT NULL COMMENT 'Store ID',
  `order_increment_id` varchar(32) NOT NULL COMMENT 'Order Increment ID',
  `order_id` int unsigned NOT NULL COMMENT 'Order ID',
  `order_created_at` timestamp NOT NULL DEFAULT CURRENT_TIMESTAMP COMMENT 'Order Increment ID',
  `customer_name` varchar(128) NOT NULL COMMENT 'Customer Name',
  `total_qty` decimal(12,4) DEFAULT NULL COMMENT 'Total Qty',
  `shipment_status` int DEFAULT NULL COMMENT 'Shipment Status',
  `order_status` varchar(32) DEFAULT NULL COMMENT 'Order',
  `billing_address` varchar(255) DEFAULT NULL COMMENT 'Billing Address',
  `shipping_address` varchar(255) DEFAULT NULL COMMENT 'Shipping Address',
  `billing_name` varchar(128) DEFAULT NULL COMMENT 'Billing Name',
  `shipping_name` varchar(128) DEFAULT NULL COMMENT 'Shipping Name',
  `customer_email` varchar(128) DEFAULT NULL COMMENT 'Customer Email',
  `customer_group_id` int DEFAULT NULL,
  `payment_method` varchar(32) DEFAULT NULL COMMENT 'Payment Method',
  `shipping_information` varchar(255) DEFAULT NULL COMMENT 'Shipping Method Name',
  `created_at` timestamp NULL DEFAULT NULL COMMENT 'Created At',
  `updated_at` timestamp NULL DEFAULT NULL COMMENT 'Updated At',
  PRIMARY KEY (`entity_id`),
  UNIQUE KEY `SALES_SHIPMENT_GRID_INCREMENT_ID_STORE_ID` (`increment_id`,`store_id`),
  KEY `SALES_SHIPMENT_GRID_STORE_ID` (`store_id`),
  KEY `SALES_SHIPMENT_GRID_TOTAL_QTY` (`total_qty`),
  KEY `SALES_SHIPMENT_GRID_ORDER_INCREMENT_ID` (`order_increment_id`),
  KEY `SALES_SHIPMENT_GRID_SHIPMENT_STATUS` (`shipment_status`),
  KEY `SALES_SHIPMENT_GRID_ORDER_STATUS` (`order_status`),
  KEY `SALES_SHIPMENT_GRID_CREATED_AT` (`created_at`),
  KEY `SALES_SHIPMENT_GRID_UPDATED_AT` (`updated_at`),
  KEY `SALES_SHIPMENT_GRID_ORDER_CREATED_AT` (`order_created_at`),
  KEY `SALES_SHIPMENT_GRID_SHIPPING_NAME` (`shipping_name`),
  KEY `SALES_SHIPMENT_GRID_BILLING_NAME` (`billing_name`),
  KEY `SALES_SHIPMENT_GRID_ORDER_ID` (`order_id`),
  FULLTEXT KEY `FTI_086B40C8955F167B8EA76653437879B4` (`increment_id`,`order_increment_id`,`shipping_name`,`customer_name`,`customer_email`,`billing_address`,`shipping_address`)
) ENGINE=InnoDB DEFAULT CHARSET=utf8 COMMENT='Sales Flat Shipment Grid';

--
-- Dumping data for table `sales_shipment_grid`
--


--
-- Table structure for table `sales_shipment_item`
--

CREATE TABLE `sales_shipment_item` (
  `entity_id` int unsigned NOT NULL AUTO_INCREMENT COMMENT 'Entity ID',
  `parent_id` int unsigned NOT NULL COMMENT 'Parent ID',
  `row_total` decimal(20,4) DEFAULT NULL COMMENT 'Row Total',
  `price` decimal(20,4) DEFAULT NULL COMMENT 'Price',
  `weight` decimal(12,4) DEFAULT NULL COMMENT 'Weight',
  `qty` decimal(12,4) DEFAULT NULL COMMENT 'Qty',
  `product_id` int DEFAULT NULL COMMENT 'Product ID',
  `order_item_id` int DEFAULT NULL COMMENT 'Order Item ID',
  `additional_data` text COMMENT 'Additional Data',
  `description` text COMMENT 'Description',
  `name` varchar(255) DEFAULT NULL COMMENT 'Name',
  `sku` varchar(255) DEFAULT NULL COMMENT 'Sku',
  PRIMARY KEY (`entity_id`),
  KEY `SALES_SHIPMENT_ITEM_PARENT_ID` (`parent_id`),
  CONSTRAINT `SALES_SHIPMENT_ITEM_PARENT_ID_SALES_SHIPMENT_ENTITY_ID` FOREIGN KEY (`parent_id`) REFERENCES `sales_shipment` (`entity_id`) ON DELETE CASCADE
) ENGINE=InnoDB DEFAULT CHARSET=utf8 COMMENT='Sales Flat Shipment Item';

--
-- Dumping data for table `sales_shipment_item`
--


--
-- Table structure for table `sales_shipment_track`
--

CREATE TABLE `sales_shipment_track` (
  `entity_id` int unsigned NOT NULL AUTO_INCREMENT COMMENT 'Entity ID',
  `parent_id` int unsigned NOT NULL COMMENT 'Parent ID',
  `weight` decimal(12,4) DEFAULT NULL COMMENT 'Weight',
  `qty` decimal(12,4) DEFAULT NULL COMMENT 'Qty',
  `order_id` int unsigned NOT NULL COMMENT 'Order ID',
  `track_number` text COMMENT 'Number',
  `description` text COMMENT 'Description',
  `title` varchar(255) DEFAULT NULL COMMENT 'Title',
  `carrier_code` varchar(32) DEFAULT NULL COMMENT 'Carrier Code',
  `created_at` timestamp NOT NULL DEFAULT CURRENT_TIMESTAMP COMMENT 'Created At',
  `updated_at` timestamp NOT NULL DEFAULT CURRENT_TIMESTAMP ON UPDATE CURRENT_TIMESTAMP COMMENT 'Updated At',
  PRIMARY KEY (`entity_id`),
  KEY `SALES_SHIPMENT_TRACK_PARENT_ID` (`parent_id`),
  KEY `SALES_SHIPMENT_TRACK_ORDER_ID` (`order_id`),
  KEY `SALES_SHIPMENT_TRACK_CREATED_AT` (`created_at`),
  CONSTRAINT `SALES_SHIPMENT_TRACK_PARENT_ID_SALES_SHIPMENT_ENTITY_ID` FOREIGN KEY (`parent_id`) REFERENCES `sales_shipment` (`entity_id`) ON DELETE CASCADE
) ENGINE=InnoDB DEFAULT CHARSET=utf8 COMMENT='Sales Flat Shipment Track';

--
-- Dumping data for table `sales_shipment_track`
--


--
-- Table structure for table `sales_shipping_aggregated`
--

CREATE TABLE `sales_shipping_aggregated` (
  `id` int unsigned NOT NULL AUTO_INCREMENT COMMENT 'ID',
  `period` date DEFAULT NULL COMMENT 'Period',
  `store_id` smallint unsigned DEFAULT NULL COMMENT 'Store ID',
  `order_status` varchar(50) DEFAULT NULL COMMENT 'Order Status',
  `shipping_description` varchar(255) DEFAULT NULL COMMENT 'Shipping Description',
  `orders_count` int NOT NULL DEFAULT '0' COMMENT 'Orders Count',
  `total_shipping` decimal(20,4) DEFAULT NULL COMMENT 'Total Shipping',
  `total_shipping_actual` decimal(20,4) DEFAULT NULL COMMENT 'Total Shipping Actual',
  PRIMARY KEY (`id`),
  UNIQUE KEY `SALES_SHPP_AGGRED_PERIOD_STORE_ID_ORDER_STS_SHPP_DESCRIPTION` (`period`,`store_id`,`order_status`,`shipping_description`),
  KEY `SALES_SHIPPING_AGGREGATED_STORE_ID` (`store_id`),
  CONSTRAINT `SALES_SHIPPING_AGGREGATED_STORE_ID_STORE_STORE_ID` FOREIGN KEY (`store_id`) REFERENCES `store` (`store_id`) ON DELETE SET NULL
) ENGINE=InnoDB DEFAULT CHARSET=utf8 COMMENT='Sales Shipping Aggregated';

--
-- Dumping data for table `sales_shipping_aggregated`
--


--
-- Table structure for table `sales_shipping_aggregated_order`
--

CREATE TABLE `sales_shipping_aggregated_order` (
  `id` int unsigned NOT NULL AUTO_INCREMENT COMMENT 'ID',
  `period` date DEFAULT NULL COMMENT 'Period',
  `store_id` smallint unsigned DEFAULT NULL COMMENT 'Store ID',
  `order_status` varchar(50) DEFAULT NULL COMMENT 'Order Status',
  `shipping_description` varchar(255) DEFAULT NULL COMMENT 'Shipping Description',
  `orders_count` int NOT NULL DEFAULT '0' COMMENT 'Orders Count',
  `total_shipping` decimal(20,4) DEFAULT NULL COMMENT 'Total Shipping',
  `total_shipping_actual` decimal(20,4) DEFAULT NULL COMMENT 'Total Shipping Actual',
  PRIMARY KEY (`id`),
  UNIQUE KEY `UNQ_C05FAE47282EEA68654D0924E946761F` (`period`,`store_id`,`order_status`,`shipping_description`),
  KEY `SALES_SHIPPING_AGGREGATED_ORDER_STORE_ID` (`store_id`),
  CONSTRAINT `SALES_SHIPPING_AGGREGATED_ORDER_STORE_ID_STORE_STORE_ID` FOREIGN KEY (`store_id`) REFERENCES `store` (`store_id`) ON DELETE SET NULL
) ENGINE=InnoDB DEFAULT CHARSET=utf8 COMMENT='Sales Shipping Aggregated Order';

--
-- Dumping data for table `sales_shipping_aggregated_order`
--


--
-- Table structure for table `salesrule`
--

CREATE TABLE `salesrule` (
  `rule_id` int unsigned NOT NULL AUTO_INCREMENT COMMENT 'Entity ID',
  `name` varchar(255) DEFAULT NULL COMMENT 'Name',
  `description` text COMMENT 'Description',
  `from_date` date DEFAULT NULL COMMENT 'From',
  `to_date` date DEFAULT NULL COMMENT 'To',
  `uses_per_customer` int NOT NULL DEFAULT '0' COMMENT 'Uses Per Customer',
  `is_active` smallint NOT NULL DEFAULT '0' COMMENT 'Is Active',
  `conditions_serialized` mediumtext COMMENT 'Conditions Serialized',
  `actions_serialized` mediumtext COMMENT 'Actions Serialized',
  `stop_rules_processing` smallint NOT NULL DEFAULT '1' COMMENT 'Stop Rules Processing',
  `is_advanced` smallint unsigned NOT NULL DEFAULT '1' COMMENT 'Is Advanced',
  `product_ids` text COMMENT 'Product Ids',
  `sort_order` int unsigned NOT NULL DEFAULT '0' COMMENT 'Sort Order',
  `simple_action` varchar(32) DEFAULT NULL COMMENT 'Simple Action',
  `discount_amount` decimal(12,4) NOT NULL DEFAULT '0.0000' COMMENT 'Discount Amount',
  `discount_qty` decimal(12,4) DEFAULT NULL COMMENT 'Discount Qty',
  `discount_step` int unsigned NOT NULL DEFAULT '0' COMMENT 'Discount Step',
  `apply_to_shipping` smallint unsigned NOT NULL DEFAULT '0' COMMENT 'Apply To Shipping',
  `times_used` int unsigned NOT NULL DEFAULT '0' COMMENT 'Times Used',
  `is_rss` smallint NOT NULL DEFAULT '0' COMMENT 'Is Rss',
  `coupon_type` smallint unsigned NOT NULL DEFAULT '1' COMMENT 'Coupon Type',
  `use_auto_generation` smallint NOT NULL DEFAULT '0' COMMENT 'Use Auto Generation',
  `uses_per_coupon` int NOT NULL DEFAULT '0' COMMENT 'User Per Coupon',
  `simple_free_shipping` smallint unsigned NOT NULL DEFAULT '0' COMMENT 'Simple Free Shipping',
  PRIMARY KEY (`rule_id`),
  KEY `SALESRULE_IS_ACTIVE_SORT_ORDER_TO_DATE_FROM_DATE` (`is_active`,`sort_order`,`to_date`,`from_date`)
) ENGINE=InnoDB DEFAULT CHARSET=utf8 COMMENT='Salesrule';

--
-- Dumping data for table `salesrule`
--


--
-- Table structure for table `salesrule_coupon`
--

CREATE TABLE `salesrule_coupon` (
  `coupon_id` int unsigned NOT NULL AUTO_INCREMENT COMMENT 'Coupon ID',
  `rule_id` int unsigned NOT NULL COMMENT 'Rule ID',
  `code` varchar(255) DEFAULT NULL COMMENT 'Code',
  `usage_limit` int unsigned DEFAULT NULL COMMENT 'Usage Limit',
  `usage_per_customer` int unsigned DEFAULT NULL COMMENT 'Usage Per Customer',
  `times_used` int unsigned NOT NULL DEFAULT '0' COMMENT 'Times Used',
  `expiration_date` datetime DEFAULT NULL COMMENT 'Expiration Date',
  `is_primary` smallint unsigned DEFAULT NULL COMMENT 'Is Primary',
  `created_at` timestamp NULL DEFAULT NULL COMMENT 'Coupon Code Creation Date',
  `type` smallint DEFAULT '0' COMMENT 'Coupon Code Type',
  PRIMARY KEY (`coupon_id`),
  UNIQUE KEY `SALESRULE_COUPON_CODE` (`code`),
  UNIQUE KEY `SALESRULE_COUPON_RULE_ID_IS_PRIMARY` (`rule_id`,`is_primary`),
  KEY `SALESRULE_COUPON_RULE_ID` (`rule_id`),
  CONSTRAINT `SALESRULE_COUPON_RULE_ID_SALESRULE_RULE_ID` FOREIGN KEY (`rule_id`) REFERENCES `salesrule` (`rule_id`) ON DELETE CASCADE
) ENGINE=InnoDB DEFAULT CHARSET=utf8 COMMENT='Salesrule Coupon';

--
-- Dumping data for table `salesrule_coupon`
--


--
-- Table structure for table `salesrule_coupon_aggregated`
--

CREATE TABLE `salesrule_coupon_aggregated` (
  `id` int unsigned NOT NULL AUTO_INCREMENT COMMENT 'ID',
  `period` date NOT NULL COMMENT 'Period',
  `store_id` smallint unsigned DEFAULT NULL COMMENT 'Store ID',
  `order_status` varchar(50) DEFAULT NULL COMMENT 'Order Status',
  `coupon_code` varchar(50) DEFAULT NULL COMMENT 'Coupon Code',
  `coupon_uses` int NOT NULL DEFAULT '0' COMMENT 'Coupon Uses',
  `subtotal_amount` decimal(20,4) NOT NULL DEFAULT '0.0000' COMMENT 'Subtotal Amount',
  `discount_amount` decimal(12,4) NOT NULL DEFAULT '0.0000' COMMENT 'Discount Amount',
  `total_amount` decimal(20,4) NOT NULL DEFAULT '0.0000' COMMENT 'Total Amount',
  `subtotal_amount_actual` decimal(20,4) NOT NULL DEFAULT '0.0000' COMMENT 'Subtotal Amount Actual',
  `discount_amount_actual` decimal(12,4) NOT NULL DEFAULT '0.0000' COMMENT 'Discount Amount Actual',
  `total_amount_actual` decimal(20,4) NOT NULL DEFAULT '0.0000' COMMENT 'Total Amount Actual',
  `rule_name` varchar(255) DEFAULT NULL COMMENT 'Rule Name',
  PRIMARY KEY (`id`),
  UNIQUE KEY `SALESRULE_COUPON_AGGRED_PERIOD_STORE_ID_ORDER_STS_COUPON_CODE` (`period`,`store_id`,`order_status`,`coupon_code`),
  KEY `SALESRULE_COUPON_AGGREGATED_STORE_ID` (`store_id`),
  KEY `SALESRULE_COUPON_AGGREGATED_RULE_NAME` (`rule_name`),
  CONSTRAINT `SALESRULE_COUPON_AGGREGATED_STORE_ID_STORE_STORE_ID` FOREIGN KEY (`store_id`) REFERENCES `store` (`store_id`) ON DELETE CASCADE
) ENGINE=InnoDB DEFAULT CHARSET=utf8 COMMENT='Coupon Aggregated';

--
-- Dumping data for table `salesrule_coupon_aggregated`
--


--
-- Table structure for table `salesrule_coupon_aggregated_order`
--

CREATE TABLE `salesrule_coupon_aggregated_order` (
  `id` int unsigned NOT NULL AUTO_INCREMENT COMMENT 'ID',
  `period` date NOT NULL COMMENT 'Period',
  `store_id` smallint unsigned DEFAULT NULL COMMENT 'Store ID',
  `order_status` varchar(50) DEFAULT NULL COMMENT 'Order Status',
  `coupon_code` varchar(50) DEFAULT NULL COMMENT 'Coupon Code',
  `coupon_uses` int NOT NULL DEFAULT '0' COMMENT 'Coupon Uses',
  `subtotal_amount` decimal(20,4) NOT NULL DEFAULT '0.0000' COMMENT 'Subtotal Amount',
  `discount_amount` decimal(12,4) NOT NULL DEFAULT '0.0000' COMMENT 'Discount Amount',
  `total_amount` decimal(20,4) NOT NULL DEFAULT '0.0000' COMMENT 'Total Amount',
  `rule_name` varchar(255) DEFAULT NULL COMMENT 'Rule Name',
  PRIMARY KEY (`id`),
  UNIQUE KEY `UNQ_1094D1FBBCBB11704A29DEF3ACC37D2B` (`period`,`store_id`,`order_status`,`coupon_code`),
  KEY `SALESRULE_COUPON_AGGREGATED_ORDER_STORE_ID` (`store_id`),
  KEY `SALESRULE_COUPON_AGGREGATED_ORDER_RULE_NAME` (`rule_name`),
  CONSTRAINT `SALESRULE_COUPON_AGGREGATED_ORDER_STORE_ID_STORE_STORE_ID` FOREIGN KEY (`store_id`) REFERENCES `store` (`store_id`) ON DELETE CASCADE
) ENGINE=InnoDB DEFAULT CHARSET=utf8 COMMENT='Coupon Aggregated Order';

--
-- Dumping data for table `salesrule_coupon_aggregated_order`
--


--
-- Table structure for table `salesrule_coupon_aggregated_updated`
--

CREATE TABLE `salesrule_coupon_aggregated_updated` (
  `id` int unsigned NOT NULL AUTO_INCREMENT COMMENT 'ID',
  `period` date NOT NULL COMMENT 'Period',
  `store_id` smallint unsigned DEFAULT NULL COMMENT 'Store ID',
  `order_status` varchar(50) DEFAULT NULL COMMENT 'Order Status',
  `coupon_code` varchar(50) DEFAULT NULL COMMENT 'Coupon Code',
  `coupon_uses` int NOT NULL DEFAULT '0' COMMENT 'Coupon Uses',
  `subtotal_amount` decimal(20,4) NOT NULL DEFAULT '0.0000' COMMENT 'Subtotal Amount',
  `discount_amount` decimal(12,4) NOT NULL DEFAULT '0.0000' COMMENT 'Discount Amount',
  `total_amount` decimal(20,4) NOT NULL DEFAULT '0.0000' COMMENT 'Total Amount',
  `subtotal_amount_actual` decimal(20,4) NOT NULL DEFAULT '0.0000' COMMENT 'Subtotal Amount Actual',
  `discount_amount_actual` decimal(12,4) NOT NULL DEFAULT '0.0000' COMMENT 'Discount Amount Actual',
  `total_amount_actual` decimal(20,4) NOT NULL DEFAULT '0.0000' COMMENT 'Total Amount Actual',
  `rule_name` varchar(255) DEFAULT NULL COMMENT 'Rule Name',
  PRIMARY KEY (`id`),
  UNIQUE KEY `UNQ_7196FA120A4F0F84E1B66605E87E213E` (`period`,`store_id`,`order_status`,`coupon_code`),
  KEY `SALESRULE_COUPON_AGGREGATED_UPDATED_STORE_ID` (`store_id`),
  KEY `SALESRULE_COUPON_AGGREGATED_UPDATED_RULE_NAME` (`rule_name`),
  CONSTRAINT `SALESRULE_COUPON_AGGREGATED_UPDATED_STORE_ID_STORE_STORE_ID` FOREIGN KEY (`store_id`) REFERENCES `store` (`store_id`) ON DELETE CASCADE
) ENGINE=InnoDB DEFAULT CHARSET=utf8 COMMENT='Salesrule Coupon Aggregated Updated';

--
-- Dumping data for table `salesrule_coupon_aggregated_updated`
--


--
-- Table structure for table `salesrule_coupon_usage`
--

CREATE TABLE `salesrule_coupon_usage` (
  `coupon_id` int unsigned NOT NULL COMMENT 'Coupon ID',
  `customer_id` int unsigned NOT NULL COMMENT 'Customer ID',
  `times_used` int unsigned NOT NULL DEFAULT '0' COMMENT 'Times Used',
  PRIMARY KEY (`coupon_id`,`customer_id`),
  KEY `SALESRULE_COUPON_USAGE_CUSTOMER_ID` (`customer_id`),
  CONSTRAINT `SALESRULE_COUPON_USAGE_COUPON_ID_SALESRULE_COUPON_COUPON_ID` FOREIGN KEY (`coupon_id`) REFERENCES `salesrule_coupon` (`coupon_id`) ON DELETE CASCADE,
  CONSTRAINT `SALESRULE_COUPON_USAGE_CUSTOMER_ID_CUSTOMER_ENTITY_ENTITY_ID` FOREIGN KEY (`customer_id`) REFERENCES `customer_entity` (`entity_id`) ON DELETE CASCADE
) ENGINE=InnoDB DEFAULT CHARSET=utf8 COMMENT='Salesrule Coupon Usage';

--
-- Dumping data for table `salesrule_coupon_usage`
--


--
-- Table structure for table `salesrule_customer`
--

CREATE TABLE `salesrule_customer` (
  `rule_customer_id` int unsigned NOT NULL AUTO_INCREMENT COMMENT 'Rule Customer ID',
  `rule_id` int unsigned NOT NULL DEFAULT '0' COMMENT 'Rule ID',
  `customer_id` int unsigned NOT NULL DEFAULT '0' COMMENT 'Customer ID',
  `times_used` smallint unsigned NOT NULL DEFAULT '0' COMMENT 'Times Used',
  PRIMARY KEY (`rule_customer_id`),
  KEY `SALESRULE_CUSTOMER_RULE_ID_CUSTOMER_ID` (`rule_id`,`customer_id`),
  KEY `SALESRULE_CUSTOMER_CUSTOMER_ID_RULE_ID` (`customer_id`,`rule_id`),
  CONSTRAINT `SALESRULE_CUSTOMER_CUSTOMER_ID_CUSTOMER_ENTITY_ENTITY_ID` FOREIGN KEY (`customer_id`) REFERENCES `customer_entity` (`entity_id`) ON DELETE CASCADE,
  CONSTRAINT `SALESRULE_CUSTOMER_RULE_ID_SALESRULE_RULE_ID` FOREIGN KEY (`rule_id`) REFERENCES `salesrule` (`rule_id`) ON DELETE CASCADE
) ENGINE=InnoDB DEFAULT CHARSET=utf8 COMMENT='Salesrule Customer';

--
-- Dumping data for table `salesrule_customer`
--


--
-- Table structure for table `salesrule_customer_group`
--

CREATE TABLE `salesrule_customer_group` (
  `rule_id` int unsigned NOT NULL COMMENT 'Rule ID',
  `customer_group_id` int unsigned NOT NULL COMMENT 'Customer Group ID',
  PRIMARY KEY (`rule_id`,`customer_group_id`),
  KEY `SALESRULE_CUSTOMER_GROUP_CUSTOMER_GROUP_ID` (`customer_group_id`),
  CONSTRAINT `SALESRULE_CSTR_GROUP_CSTR_GROUP_ID_CSTR_GROUP_CSTR_GROUP_ID` FOREIGN KEY (`customer_group_id`) REFERENCES `customer_group` (`customer_group_id`) ON DELETE CASCADE,
  CONSTRAINT `SALESRULE_CUSTOMER_GROUP_RULE_ID_SALESRULE_RULE_ID` FOREIGN KEY (`rule_id`) REFERENCES `salesrule` (`rule_id`) ON DELETE CASCADE
) ENGINE=InnoDB DEFAULT CHARSET=utf8 COMMENT='Sales Rules To Customer Groups Relations';

--
-- Dumping data for table `salesrule_customer_group`
--


--
-- Table structure for table `salesrule_label`
--

CREATE TABLE `salesrule_label` (
  `label_id` int unsigned NOT NULL AUTO_INCREMENT COMMENT 'Label ID',
  `rule_id` int unsigned NOT NULL COMMENT 'Rule ID',
  `store_id` smallint unsigned NOT NULL COMMENT 'Store ID',
  `label` varchar(255) DEFAULT NULL COMMENT 'Label',
  PRIMARY KEY (`label_id`),
  UNIQUE KEY `SALESRULE_LABEL_RULE_ID_STORE_ID` (`rule_id`,`store_id`),
  KEY `SALESRULE_LABEL_STORE_ID` (`store_id`),
  CONSTRAINT `SALESRULE_LABEL_RULE_ID_SALESRULE_RULE_ID` FOREIGN KEY (`rule_id`) REFERENCES `salesrule` (`rule_id`) ON DELETE CASCADE,
  CONSTRAINT `SALESRULE_LABEL_STORE_ID_STORE_STORE_ID` FOREIGN KEY (`store_id`) REFERENCES `store` (`store_id`) ON DELETE CASCADE
) ENGINE=InnoDB DEFAULT CHARSET=utf8 COMMENT='Salesrule Label';

--
-- Dumping data for table `salesrule_label`
--


--
-- Table structure for table `salesrule_product_attribute`
--

CREATE TABLE `salesrule_product_attribute` (
  `rule_id` int unsigned NOT NULL COMMENT 'Rule ID',
  `website_id` smallint unsigned NOT NULL COMMENT 'Website ID',
  `customer_group_id` int unsigned NOT NULL COMMENT 'Customer Group ID',
  `attribute_id` smallint unsigned NOT NULL COMMENT 'Attribute ID',
  PRIMARY KEY (`rule_id`,`website_id`,`customer_group_id`,`attribute_id`),
  KEY `SALESRULE_PRODUCT_ATTRIBUTE_WEBSITE_ID` (`website_id`),
  KEY `SALESRULE_PRODUCT_ATTRIBUTE_CUSTOMER_GROUP_ID` (`customer_group_id`),
  KEY `SALESRULE_PRODUCT_ATTRIBUTE_ATTRIBUTE_ID` (`attribute_id`),
  CONSTRAINT `SALESRULE_PRD_ATTR_ATTR_ID_EAV_ATTR_ATTR_ID` FOREIGN KEY (`attribute_id`) REFERENCES `eav_attribute` (`attribute_id`) ON DELETE CASCADE,
  CONSTRAINT `SALESRULE_PRD_ATTR_CSTR_GROUP_ID_CSTR_GROUP_CSTR_GROUP_ID` FOREIGN KEY (`customer_group_id`) REFERENCES `customer_group` (`customer_group_id`) ON DELETE CASCADE,
  CONSTRAINT `SALESRULE_PRODUCT_ATTRIBUTE_RULE_ID_SALESRULE_RULE_ID` FOREIGN KEY (`rule_id`) REFERENCES `salesrule` (`rule_id`) ON DELETE CASCADE,
  CONSTRAINT `SALESRULE_PRODUCT_ATTRIBUTE_WEBSITE_ID_STORE_WEBSITE_WEBSITE_ID` FOREIGN KEY (`website_id`) REFERENCES `store_website` (`website_id`) ON DELETE CASCADE
) ENGINE=InnoDB DEFAULT CHARSET=utf8 COMMENT='Salesrule Product Attribute';

--
-- Dumping data for table `salesrule_product_attribute`
--


--
-- Table structure for table `salesrule_website`
--

CREATE TABLE `salesrule_website` (
  `rule_id` int unsigned NOT NULL COMMENT 'Rule ID',
  `website_id` smallint unsigned NOT NULL COMMENT 'Website ID',
  PRIMARY KEY (`rule_id`,`website_id`),
  KEY `SALESRULE_WEBSITE_WEBSITE_ID` (`website_id`),
  CONSTRAINT `SALESRULE_WEBSITE_RULE_ID_SALESRULE_RULE_ID` FOREIGN KEY (`rule_id`) REFERENCES `salesrule` (`rule_id`) ON DELETE CASCADE,
  CONSTRAINT `SALESRULE_WEBSITE_WEBSITE_ID_STORE_WEBSITE_WEBSITE_ID` FOREIGN KEY (`website_id`) REFERENCES `store_website` (`website_id`) ON DELETE CASCADE
) ENGINE=InnoDB DEFAULT CHARSET=utf8 COMMENT='Sales Rules To Websites Relations';

--
-- Dumping data for table `salesrule_website`
--


--
-- Table structure for table `search_query`
--

CREATE TABLE `search_query` (
  `query_id` int unsigned NOT NULL AUTO_INCREMENT COMMENT 'Query ID',
  `query_text` varchar(255) DEFAULT NULL COMMENT 'Query text',
  `num_results` int unsigned NOT NULL DEFAULT '0' COMMENT 'Num results',
  `popularity` int unsigned NOT NULL DEFAULT '0' COMMENT 'Popularity',
  `redirect` varchar(255) DEFAULT NULL COMMENT 'Redirect',
  `store_id` smallint unsigned NOT NULL DEFAULT '0' COMMENT 'Store ID',
  `display_in_terms` smallint NOT NULL DEFAULT '1' COMMENT 'Display in terms',
  `is_active` smallint DEFAULT '1' COMMENT 'Active status',
  `is_processed` smallint DEFAULT '0' COMMENT 'Processed status',
  `updated_at` timestamp NOT NULL DEFAULT CURRENT_TIMESTAMP ON UPDATE CURRENT_TIMESTAMP COMMENT 'Updated at',
  PRIMARY KEY (`query_id`),
  UNIQUE KEY `SEARCH_QUERY_QUERY_TEXT_STORE_ID` (`query_text`,`store_id`),
  KEY `SEARCH_QUERY_QUERY_TEXT_STORE_ID_POPULARITY` (`query_text`,`store_id`,`popularity`),
  KEY `SEARCH_QUERY_STORE_ID` (`store_id`),
  KEY `SEARCH_QUERY_IS_PROCESSED` (`is_processed`),
  KEY `SEARCH_QUERY_STORE_ID_POPULARITY` (`store_id`,`popularity`),
  CONSTRAINT `SEARCH_QUERY_STORE_ID_STORE_STORE_ID` FOREIGN KEY (`store_id`) REFERENCES `store` (`store_id`) ON DELETE CASCADE
) ENGINE=InnoDB DEFAULT CHARSET=utf8 COMMENT='Search query table';

--
-- Dumping data for table `search_query`
--


--
-- Table structure for table `search_synonyms`
--

CREATE TABLE `search_synonyms` (
  `group_id` bigint unsigned NOT NULL AUTO_INCREMENT COMMENT 'Synonyms Group ID',
  `synonyms` text NOT NULL COMMENT 'list of synonyms making up this group',
  `store_id` smallint unsigned NOT NULL DEFAULT '0' COMMENT 'Store ID - identifies the store view these synonyms belong to',
  `website_id` smallint unsigned NOT NULL DEFAULT '0' COMMENT 'Website ID - identifies the website ID these synonyms belong to',
  PRIMARY KEY (`group_id`),
  KEY `SEARCH_SYNONYMS_STORE_ID` (`store_id`),
  KEY `SEARCH_SYNONYMS_WEBSITE_ID` (`website_id`),
  FULLTEXT KEY `SEARCH_SYNONYMS_SYNONYMS` (`synonyms`),
  CONSTRAINT `SEARCH_SYNONYMS_STORE_ID_STORE_STORE_ID` FOREIGN KEY (`store_id`) REFERENCES `store` (`store_id`) ON DELETE CASCADE,
  CONSTRAINT `SEARCH_SYNONYMS_WEBSITE_ID_STORE_WEBSITE_WEBSITE_ID` FOREIGN KEY (`website_id`) REFERENCES `store_website` (`website_id`) ON DELETE CASCADE
) ENGINE=InnoDB DEFAULT CHARSET=utf8 COMMENT='table storing various synonyms groups';

--
-- Dumping data for table `search_synonyms`
--


--
-- Table structure for table `sendfriend_log`
--

CREATE TABLE `sendfriend_log` (
  `log_id` int unsigned NOT NULL AUTO_INCREMENT COMMENT 'Log ID',
  `ip` bigint unsigned NOT NULL DEFAULT '0' COMMENT 'Customer IP address',
  `time` int unsigned NOT NULL DEFAULT '0' COMMENT 'Log time',
  `website_id` smallint unsigned NOT NULL DEFAULT '0' COMMENT 'Website ID',
  PRIMARY KEY (`log_id`),
  KEY `SENDFRIEND_LOG_IP` (`ip`),
  KEY `SENDFRIEND_LOG_TIME` (`time`)
) ENGINE=InnoDB DEFAULT CHARSET=utf8 COMMENT='Send to friend function log storage table';

--
-- Dumping data for table `sendfriend_log`
--


--
-- Table structure for table `sequence_creditmemo_0`
--

CREATE TABLE `sequence_creditmemo_0` (
  `sequence_value` int unsigned NOT NULL AUTO_INCREMENT,
  PRIMARY KEY (`sequence_value`)
) ENGINE=InnoDB DEFAULT CHARSET=utf8mb4 COLLATE=utf8mb4_0900_ai_ci;

--
-- Dumping data for table `sequence_creditmemo_0`
--


--
-- Table structure for table `sequence_creditmemo_1`
--

CREATE TABLE `sequence_creditmemo_1` (
  `sequence_value` int unsigned NOT NULL AUTO_INCREMENT,
  PRIMARY KEY (`sequence_value`)
) ENGINE=InnoDB DEFAULT CHARSET=utf8mb4 COLLATE=utf8mb4_0900_ai_ci;

--
-- Dumping data for table `sequence_creditmemo_1`
--


--
-- Table structure for table `sequence_invoice_0`
--

CREATE TABLE `sequence_invoice_0` (
  `sequence_value` int unsigned NOT NULL AUTO_INCREMENT,
  PRIMARY KEY (`sequence_value`)
) ENGINE=InnoDB DEFAULT CHARSET=utf8mb4 COLLATE=utf8mb4_0900_ai_ci;

--
-- Dumping data for table `sequence_invoice_0`
--


--
-- Table structure for table `sequence_invoice_1`
--

CREATE TABLE `sequence_invoice_1` (
  `sequence_value` int unsigned NOT NULL AUTO_INCREMENT,
  PRIMARY KEY (`sequence_value`)
) ENGINE=InnoDB DEFAULT CHARSET=utf8mb4 COLLATE=utf8mb4_0900_ai_ci;

--
-- Dumping data for table `sequence_invoice_1`
--


--
-- Table structure for table `sequence_order_0`
--

CREATE TABLE `sequence_order_0` (
  `sequence_value` int unsigned NOT NULL AUTO_INCREMENT,
  PRIMARY KEY (`sequence_value`)
) ENGINE=InnoDB DEFAULT CHARSET=utf8mb4 COLLATE=utf8mb4_0900_ai_ci;

--
-- Dumping data for table `sequence_order_0`
--


--
-- Table structure for table `sequence_order_1`
--

CREATE TABLE `sequence_order_1` (
  `sequence_value` int unsigned NOT NULL AUTO_INCREMENT,
  PRIMARY KEY (`sequence_value`)
) ENGINE=InnoDB DEFAULT CHARSET=utf8mb4 COLLATE=utf8mb4_0900_ai_ci;

--
-- Dumping data for table `sequence_order_1`
--


--
-- Table structure for table `sequence_shipment_0`
--

CREATE TABLE `sequence_shipment_0` (
  `sequence_value` int unsigned NOT NULL AUTO_INCREMENT,
  PRIMARY KEY (`sequence_value`)
) ENGINE=InnoDB DEFAULT CHARSET=utf8mb4 COLLATE=utf8mb4_0900_ai_ci;

--
-- Dumping data for table `sequence_shipment_0`
--


--
-- Table structure for table `sequence_shipment_1`
--

CREATE TABLE `sequence_shipment_1` (
  `sequence_value` int unsigned NOT NULL AUTO_INCREMENT,
  PRIMARY KEY (`sequence_value`)
) ENGINE=InnoDB DEFAULT CHARSET=utf8mb4 COLLATE=utf8mb4_0900_ai_ci;

--
-- Dumping data for table `sequence_shipment_1`
--


--
-- Table structure for table `session`
--

CREATE TABLE `session` (
  `session_id` varchar(255) NOT NULL COMMENT 'Session Id',
  `session_expires` int unsigned NOT NULL DEFAULT '0' COMMENT 'Date of Session Expiration',
  `session_data` mediumblob NOT NULL COMMENT 'Session Data',
  PRIMARY KEY (`session_id`)
) ENGINE=InnoDB DEFAULT CHARSET=utf8 COMMENT='Database Sessions Storage';

--
-- Dumping data for table `session`
--


--
-- Table structure for table `setup_module`
--

CREATE TABLE `setup_module` (
  `module` varchar(50) NOT NULL COMMENT 'Module',
  `schema_version` varchar(50) DEFAULT NULL COMMENT 'Schema Version',
  `data_version` varchar(50) DEFAULT NULL COMMENT 'Data Version',
  PRIMARY KEY (`module`)
) ENGINE=InnoDB DEFAULT CHARSET=utf8 COMMENT='Module versions registry';

--
-- Dumping data for table `setup_module`
--

INSERT INTO `setup_module` VALUES ('Magento_GoogleShoppingAds','4.0.1','4.0.1'),('Magento_Securitytxt','1.0.0','1.0.0'),('PayPal_Braintree','4.0.3','4.0.3');

--
-- Table structure for table `shipping_tablerate`
--

CREATE TABLE `shipping_tablerate` (
  `pk` int unsigned NOT NULL AUTO_INCREMENT COMMENT 'Primary key',
  `website_id` int NOT NULL DEFAULT '0' COMMENT 'Website ID',
  `dest_country_id` varchar(4) NOT NULL DEFAULT '0' COMMENT 'Destination coutry ISO/2 or ISO/3 code',
  `dest_region_id` int NOT NULL DEFAULT '0' COMMENT 'Destination Region ID',
  `dest_zip` varchar(10) NOT NULL DEFAULT '*' COMMENT 'Destination Post Code (Zip)',
  `condition_name` varchar(30) NOT NULL COMMENT 'Rate Condition name',
  `condition_value` decimal(12,4) NOT NULL DEFAULT '0.0000' COMMENT 'Rate condition value',
  `price` decimal(12,4) NOT NULL DEFAULT '0.0000' COMMENT 'Price',
  `cost` decimal(12,4) NOT NULL DEFAULT '0.0000' COMMENT 'Cost',
  PRIMARY KEY (`pk`),
  UNIQUE KEY `UNQ_D60821CDB2AFACEE1566CFC02D0D4CAA` (`website_id`,`dest_country_id`,`dest_region_id`,`dest_zip`,`condition_name`,`condition_value`)
) ENGINE=InnoDB DEFAULT CHARSET=utf8 COMMENT='Shipping Tablerate';

--
-- Dumping data for table `shipping_tablerate`
--


--
-- Table structure for table `sitemap`
--

CREATE TABLE `sitemap` (
  `sitemap_id` int unsigned NOT NULL AUTO_INCREMENT COMMENT 'Sitemap ID',
  `sitemap_type` varchar(32) DEFAULT NULL COMMENT 'Sitemap Type',
  `sitemap_filename` varchar(32) DEFAULT NULL COMMENT 'Sitemap Filename',
  `sitemap_path` varchar(255) DEFAULT NULL COMMENT 'Sitemap Path',
  `sitemap_time` timestamp NULL DEFAULT NULL COMMENT 'Sitemap Time',
  `store_id` smallint unsigned NOT NULL DEFAULT '0' COMMENT 'Store ID',
  PRIMARY KEY (`sitemap_id`),
  KEY `SITEMAP_STORE_ID` (`store_id`),
  CONSTRAINT `SITEMAP_STORE_ID_STORE_STORE_ID` FOREIGN KEY (`store_id`) REFERENCES `store` (`store_id`) ON DELETE CASCADE
) ENGINE=InnoDB DEFAULT CHARSET=utf8 COMMENT='XML Sitemap';

--
-- Dumping data for table `sitemap`
--


--
-- Table structure for table `store`
--

CREATE TABLE `store` (
  `store_id` smallint unsigned NOT NULL AUTO_INCREMENT COMMENT 'Store ID',
  `code` varchar(32) DEFAULT NULL COMMENT 'Code',
  `website_id` smallint unsigned NOT NULL DEFAULT '0' COMMENT 'Website ID',
  `group_id` smallint unsigned NOT NULL DEFAULT '0' COMMENT 'Group ID',
  `name` varchar(255) NOT NULL COMMENT 'Store Name',
  `sort_order` smallint unsigned NOT NULL DEFAULT '0' COMMENT 'Store Sort Order',
  `is_active` smallint unsigned NOT NULL DEFAULT '0' COMMENT 'Store Activity',
  PRIMARY KEY (`store_id`),
  UNIQUE KEY `STORE_CODE` (`code`),
  KEY `STORE_WEBSITE_ID` (`website_id`),
  KEY `STORE_IS_ACTIVE_SORT_ORDER` (`is_active`,`sort_order`),
  KEY `STORE_GROUP_ID` (`group_id`),
  CONSTRAINT `STORE_GROUP_ID_STORE_GROUP_GROUP_ID` FOREIGN KEY (`group_id`) REFERENCES `store_group` (`group_id`) ON DELETE CASCADE,
  CONSTRAINT `STORE_WEBSITE_ID_STORE_WEBSITE_WEBSITE_ID` FOREIGN KEY (`website_id`) REFERENCES `store_website` (`website_id`) ON DELETE CASCADE
) ENGINE=InnoDB AUTO_INCREMENT=2 DEFAULT CHARSET=utf8 COMMENT='Stores';

--
-- Dumping data for table `store`
--

INSERT INTO `store` VALUES (0,'admin',0,0,'Admin',0,1),(1,'default',1,1,'Default Store View',0,1);

--
-- Table structure for table `store_group`
--

CREATE TABLE `store_group` (
  `group_id` smallint unsigned NOT NULL AUTO_INCREMENT COMMENT 'Group ID',
  `website_id` smallint unsigned NOT NULL DEFAULT '0' COMMENT 'Website ID',
  `name` varchar(255) NOT NULL COMMENT 'Store Group Name',
  `root_category_id` int unsigned NOT NULL DEFAULT '0' COMMENT 'Root Category ID',
  `default_store_id` smallint unsigned NOT NULL DEFAULT '0' COMMENT 'Default Store ID',
  `code` varchar(32) DEFAULT NULL COMMENT 'Store group unique code',
  PRIMARY KEY (`group_id`),
  UNIQUE KEY `STORE_GROUP_CODE` (`code`),
  KEY `STORE_GROUP_WEBSITE_ID` (`website_id`),
  KEY `STORE_GROUP_DEFAULT_STORE_ID` (`default_store_id`),
  CONSTRAINT `STORE_GROUP_WEBSITE_ID_STORE_WEBSITE_WEBSITE_ID` FOREIGN KEY (`website_id`) REFERENCES `store_website` (`website_id`) ON DELETE CASCADE
) ENGINE=InnoDB AUTO_INCREMENT=2 DEFAULT CHARSET=utf8 COMMENT='Store Groups';

--
-- Dumping data for table `store_group`
--

INSERT INTO `store_group` VALUES (0,0,'Default',0,0,'default'),(1,1,'Main Website Store',2,1,'main_website_store');

--
-- Table structure for table `store_website`
--

CREATE TABLE `store_website` (
  `website_id` smallint unsigned NOT NULL AUTO_INCREMENT COMMENT 'Website ID',
  `code` varchar(32) DEFAULT NULL COMMENT 'Code',
  `name` varchar(64) DEFAULT NULL COMMENT 'Website Name',
  `sort_order` smallint unsigned NOT NULL DEFAULT '0' COMMENT 'Sort Order',
  `default_group_id` smallint unsigned NOT NULL DEFAULT '0' COMMENT 'Default Group ID',
  `is_default` smallint unsigned DEFAULT '0' COMMENT 'Defines Is Website Default',
  PRIMARY KEY (`website_id`),
  UNIQUE KEY `STORE_WEBSITE_CODE` (`code`),
  KEY `STORE_WEBSITE_SORT_ORDER` (`sort_order`),
  KEY `STORE_WEBSITE_DEFAULT_GROUP_ID` (`default_group_id`)
) ENGINE=InnoDB AUTO_INCREMENT=2 DEFAULT CHARSET=utf8 COMMENT='Websites';

--
-- Dumping data for table `store_website`
--

INSERT INTO `store_website` VALUES (0,'admin','Admin',0,0,0),(1,'base','Main Website',0,1,1);

--
-- Table structure for table `tax_calculation`
--

CREATE TABLE `tax_calculation` (
  `tax_calculation_id` int NOT NULL AUTO_INCREMENT COMMENT 'Tax Calculation ID',
  `tax_calculation_rate_id` int NOT NULL COMMENT 'Tax Calculation Rate ID',
  `tax_calculation_rule_id` int NOT NULL COMMENT 'Tax Calculation Rule ID',
  `customer_tax_class_id` smallint NOT NULL COMMENT 'Customer Tax Class ID',
  `product_tax_class_id` smallint NOT NULL COMMENT 'Product Tax Class ID',
  PRIMARY KEY (`tax_calculation_id`),
  KEY `TAX_CALCULATION_TAX_CALCULATION_RULE_ID` (`tax_calculation_rule_id`),
  KEY `TAX_CALCULATION_CUSTOMER_TAX_CLASS_ID` (`customer_tax_class_id`),
  KEY `TAX_CALCULATION_PRODUCT_TAX_CLASS_ID` (`product_tax_class_id`),
  KEY `TAX_CALC_TAX_CALC_RATE_ID_CSTR_TAX_CLASS_ID_PRD_TAX_CLASS_ID` (`tax_calculation_rate_id`,`customer_tax_class_id`,`product_tax_class_id`),
  CONSTRAINT `TAX_CALC_TAX_CALC_RATE_ID_TAX_CALC_RATE_TAX_CALC_RATE_ID` FOREIGN KEY (`tax_calculation_rate_id`) REFERENCES `tax_calculation_rate` (`tax_calculation_rate_id`) ON DELETE CASCADE,
  CONSTRAINT `TAX_CALC_TAX_CALC_RULE_ID_TAX_CALC_RULE_TAX_CALC_RULE_ID` FOREIGN KEY (`tax_calculation_rule_id`) REFERENCES `tax_calculation_rule` (`tax_calculation_rule_id`) ON DELETE CASCADE,
  CONSTRAINT `TAX_CALCULATION_CUSTOMER_TAX_CLASS_ID_TAX_CLASS_CLASS_ID` FOREIGN KEY (`customer_tax_class_id`) REFERENCES `tax_class` (`class_id`) ON DELETE CASCADE,
  CONSTRAINT `TAX_CALCULATION_PRODUCT_TAX_CLASS_ID_TAX_CLASS_CLASS_ID` FOREIGN KEY (`product_tax_class_id`) REFERENCES `tax_class` (`class_id`) ON DELETE CASCADE
) ENGINE=InnoDB DEFAULT CHARSET=utf8 COMMENT='Tax Calculation';

--
-- Dumping data for table `tax_calculation`
--


--
-- Table structure for table `tax_calculation_rate`
--

CREATE TABLE `tax_calculation_rate` (
  `tax_calculation_rate_id` int NOT NULL AUTO_INCREMENT COMMENT 'Tax Calculation Rate ID',
  `tax_country_id` varchar(2) NOT NULL COMMENT 'Tax Country ID',
  `tax_region_id` int NOT NULL COMMENT 'Tax Region ID',
  `tax_postcode` varchar(21) DEFAULT NULL COMMENT 'Tax Postcode',
  `code` varchar(255) NOT NULL COMMENT 'Code',
  `rate` decimal(12,4) NOT NULL COMMENT 'Rate',
  `zip_is_range` smallint DEFAULT NULL COMMENT 'Zip Is Range',
  `zip_from` int unsigned DEFAULT NULL COMMENT 'Zip From',
  `zip_to` int unsigned DEFAULT NULL COMMENT 'Zip To',
  PRIMARY KEY (`tax_calculation_rate_id`),
  KEY `TAX_CALCULATION_RATE_TAX_COUNTRY_ID_TAX_REGION_ID_TAX_POSTCODE` (`tax_country_id`,`tax_region_id`,`tax_postcode`),
  KEY `TAX_CALCULATION_RATE_CODE` (`code`),
  KEY `IDX_CA799F1E2CB843495F601E56C84A626D` (`tax_calculation_rate_id`,`tax_country_id`,`tax_region_id`,`zip_is_range`,`tax_postcode`)
) ENGINE=InnoDB AUTO_INCREMENT=3 DEFAULT CHARSET=utf8 COMMENT='Tax Calculation Rate';

--
-- Dumping data for table `tax_calculation_rate`
--

INSERT INTO `tax_calculation_rate` VALUES (1,'US',12,'*','US-CA-*-Rate 1',8.2500,NULL,NULL,NULL),(2,'US',43,'*','US-NY-*-Rate 1',8.3750,NULL,NULL,NULL);

--
-- Table structure for table `tax_calculation_rate_title`
--

CREATE TABLE `tax_calculation_rate_title` (
  `tax_calculation_rate_title_id` int NOT NULL AUTO_INCREMENT COMMENT 'Tax Calculation Rate Title ID',
  `tax_calculation_rate_id` int NOT NULL COMMENT 'Tax Calculation Rate ID',
  `store_id` smallint unsigned NOT NULL COMMENT 'Store ID',
  `value` varchar(255) NOT NULL COMMENT 'Value',
  PRIMARY KEY (`tax_calculation_rate_title_id`),
  KEY `TAX_CALCULATION_RATE_TITLE_TAX_CALCULATION_RATE_ID_STORE_ID` (`tax_calculation_rate_id`,`store_id`),
  KEY `TAX_CALCULATION_RATE_TITLE_STORE_ID` (`store_id`),
  CONSTRAINT `FK_37FB965F786AD5897BB3AE90470C42AB` FOREIGN KEY (`tax_calculation_rate_id`) REFERENCES `tax_calculation_rate` (`tax_calculation_rate_id`) ON DELETE CASCADE,
  CONSTRAINT `TAX_CALCULATION_RATE_TITLE_STORE_ID_STORE_STORE_ID` FOREIGN KEY (`store_id`) REFERENCES `store` (`store_id`) ON DELETE CASCADE
) ENGINE=InnoDB DEFAULT CHARSET=utf8 COMMENT='Tax Calculation Rate Title';

--
-- Dumping data for table `tax_calculation_rate_title`
--


--
-- Table structure for table `tax_calculation_rule`
--

CREATE TABLE `tax_calculation_rule` (
  `tax_calculation_rule_id` int NOT NULL AUTO_INCREMENT COMMENT 'Tax Calculation Rule ID',
  `code` varchar(255) NOT NULL COMMENT 'Code',
  `priority` int NOT NULL COMMENT 'Priority',
  `position` int NOT NULL COMMENT 'Position',
  `calculate_subtotal` int NOT NULL COMMENT 'Calculate off subtotal option',
  PRIMARY KEY (`tax_calculation_rule_id`),
  KEY `TAX_CALCULATION_RULE_PRIORITY_POSITION` (`priority`,`position`),
  KEY `TAX_CALCULATION_RULE_CODE` (`code`)
) ENGINE=InnoDB DEFAULT CHARSET=utf8 COMMENT='Tax Calculation Rule';

--
-- Dumping data for table `tax_calculation_rule`
--


--
-- Table structure for table `tax_class`
--

CREATE TABLE `tax_class` (
  `class_id` smallint NOT NULL AUTO_INCREMENT COMMENT 'Class ID',
  `class_name` varchar(255) NOT NULL COMMENT 'Class Name',
  `class_type` varchar(8) NOT NULL DEFAULT 'CUSTOMER' COMMENT 'Class Type',
  PRIMARY KEY (`class_id`)
) ENGINE=InnoDB AUTO_INCREMENT=4 DEFAULT CHARSET=utf8 COMMENT='Tax Class';

--
-- Dumping data for table `tax_class`
--

INSERT INTO `tax_class` VALUES (2,'Taxable Goods','PRODUCT'),(3,'Retail Customer','CUSTOMER');

--
-- Table structure for table `tax_order_aggregated_created`
--

CREATE TABLE `tax_order_aggregated_created` (
  `id` int unsigned NOT NULL AUTO_INCREMENT COMMENT 'ID',
  `period` date DEFAULT NULL COMMENT 'Period',
  `store_id` smallint unsigned DEFAULT NULL COMMENT 'Store ID',
  `code` varchar(255) NOT NULL COMMENT 'Code',
  `order_status` varchar(50) NOT NULL COMMENT 'Order Status',
  `percent` float DEFAULT NULL COMMENT 'Percent',
  `orders_count` int unsigned NOT NULL DEFAULT '0' COMMENT 'Orders Count',
  `tax_base_amount_sum` float DEFAULT NULL COMMENT 'Tax Base Amount Sum',
  PRIMARY KEY (`id`),
  UNIQUE KEY `TAX_ORDER_AGGRED_CREATED_PERIOD_STORE_ID_CODE_PERCENT_ORDER_STS` (`period`,`store_id`,`code`,`percent`,`order_status`),
  KEY `TAX_ORDER_AGGREGATED_CREATED_STORE_ID` (`store_id`),
  CONSTRAINT `TAX_ORDER_AGGREGATED_CREATED_STORE_ID_STORE_STORE_ID` FOREIGN KEY (`store_id`) REFERENCES `store` (`store_id`) ON DELETE CASCADE
) ENGINE=InnoDB DEFAULT CHARSET=utf8 COMMENT='Tax Order Aggregation';

--
-- Dumping data for table `tax_order_aggregated_created`
--


--
-- Table structure for table `tax_order_aggregated_updated`
--

CREATE TABLE `tax_order_aggregated_updated` (
  `id` int unsigned NOT NULL AUTO_INCREMENT COMMENT 'ID',
  `period` date DEFAULT NULL COMMENT 'Period',
  `store_id` smallint unsigned DEFAULT NULL COMMENT 'Store ID',
  `code` varchar(255) NOT NULL COMMENT 'Code',
  `order_status` varchar(50) NOT NULL COMMENT 'Order Status',
  `percent` float DEFAULT NULL COMMENT 'Percent',
  `orders_count` int unsigned NOT NULL DEFAULT '0' COMMENT 'Orders Count',
  `tax_base_amount_sum` float DEFAULT NULL COMMENT 'Tax Base Amount Sum',
  PRIMARY KEY (`id`),
  UNIQUE KEY `TAX_ORDER_AGGRED_UPDATED_PERIOD_STORE_ID_CODE_PERCENT_ORDER_STS` (`period`,`store_id`,`code`,`percent`,`order_status`),
  KEY `TAX_ORDER_AGGREGATED_UPDATED_STORE_ID` (`store_id`),
  CONSTRAINT `TAX_ORDER_AGGREGATED_UPDATED_STORE_ID_STORE_STORE_ID` FOREIGN KEY (`store_id`) REFERENCES `store` (`store_id`) ON DELETE CASCADE
) ENGINE=InnoDB DEFAULT CHARSET=utf8 COMMENT='Tax Order Aggregated Updated';

--
-- Dumping data for table `tax_order_aggregated_updated`
--


--
-- Table structure for table `tfa_country_codes`
--

CREATE TABLE `tfa_country_codes` (
  `country_id` int unsigned NOT NULL AUTO_INCREMENT COMMENT 'TFA admin user ID',
  `code` varchar(2) NOT NULL COMMENT 'Country code',
  `name` varchar(255) NOT NULL COMMENT 'Country name',
  `dial_code` varchar(255) NOT NULL COMMENT 'Prefix',
  PRIMARY KEY (`country_id`),
  KEY `TFA_COUNTRY_CODES_CODE` (`code`)
) ENGINE=InnoDB AUTO_INCREMENT=242 DEFAULT CHARSET=utf8 COMMENT='tfa_country_codes';

--
-- Dumping data for table `tfa_country_codes`
--

INSERT INTO `tfa_country_codes` VALUES (1,'IL','Israel','+972'),(2,'AF','Afghanistan','+93'),(3,'AL','Albania','+355'),(4,'DZ','Algeria','+213'),(5,'AS','AmericanSamoa','+1 684'),(6,'AD','Andorra','+376'),(7,'AO','Angola','+244'),(8,'AI','Anguilla','+1 264'),(9,'AG','Antigua and Barbuda','+1268'),(10,'AR','Argentina','+54'),(11,'AM','Armenia','+374'),(12,'AW','Aruba','+297'),(13,'AU','Australia','+61'),(14,'AT','Austria','+43'),(15,'AZ','Azerbaijan','+994'),(16,'BS','Bahamas','+1 242'),(17,'BH','Bahrain','+973'),(18,'BD','Bangladesh','+880'),(19,'BB','Barbados','+1 246'),(20,'BY','Belarus','+375'),(21,'BE','Belgium','+32'),(22,'BZ','Belize','+501'),(23,'BJ','Benin','+229'),(24,'BM','Bermuda','+1 441'),(25,'BT','Bhutan','+975'),(26,'BA','Bosnia and Herzegovina','+387'),(27,'BW','Botswana','+267'),(28,'BR','Brazil','+55'),(29,'IO','British Indian Ocean Territory','+246'),(30,'BG','Bulgaria','+359'),(31,'BF','Burkina Faso','+226'),(32,'BI','Burundi','+257'),(33,'KH','Cambodia','+855'),(34,'CM','Cameroon','+237'),(35,'CA','Canada','+1'),(36,'CV','Cape Verde','+238'),(37,'KY','Cayman Islands','+ 345'),(38,'CF','Central African Republic','+236'),(39,'TD','Chad','+235'),(40,'CL','Chile','+56'),(41,'CN','China','+86'),(42,'CX','Christmas Island','+61'),(43,'CO','Colombia','+57'),(44,'KM','Comoros','+269'),(45,'CG','Congo','+242'),(46,'CK','Cook Islands','+682'),(47,'CR','Costa Rica','+506'),(48,'HR','Croatia','+385'),(49,'CU','Cuba','+53'),(50,'CY','Cyprus','+537'),(51,'CZ','Czech Republic','+420'),(52,'DK','Denmark','+45'),(53,'DJ','Djibouti','+253'),(54,'DM','Dominica','+1 767'),(55,'DO','Dominican Republic','+1 849'),(56,'EC','Ecuador','+593'),(57,'EG','Egypt','+20'),(58,'SV','El Salvador','+503'),(59,'GQ','Equatorial Guinea','+240'),(60,'ER','Eritrea','+291'),(61,'EE','Estonia','+372'),(62,'ET','Ethiopia','+251'),(63,'FO','Faroe Islands','+298'),(64,'FJ','Fiji','+679'),(65,'FI','Finland','+358'),(66,'FR','France','+33'),(67,'GF','French Guiana','+594'),(68,'PF','French Polynesia','+689'),(69,'GA','Gabon','+241'),(70,'GM','Gambia','+220'),(71,'GE','Georgia','+995'),(72,'DE','Germany','+49'),(73,'GH','Ghana','+233'),(74,'GI','Gibraltar','+350'),(75,'GR','Greece','+30'),(76,'GL','Greenland','+299'),(77,'GD','Grenada','+1 473'),(78,'GP','Guadeloupe','+590'),(79,'GU','Guam','+1 671'),(80,'GT','Guatemala','+502'),(81,'GN','Guinea','+224'),(82,'GW','Guinea-Bissau','+245'),(83,'GY','Guyana','+595'),(84,'HT','Haiti','+509'),(85,'HN','Honduras','+504'),(86,'HU','Hungary','+36'),(87,'IS','Iceland','+354'),(88,'IN','India','+91'),(89,'ID','Indonesia','+62'),(90,'IQ','Iraq','+964'),(91,'IE','Ireland','+353'),(92,'IL','Israel','+972'),(93,'IT','Italy','+39'),(94,'JM','Jamaica','+1 876'),(95,'JP','Japan','+81'),(96,'JO','Jordan','+962'),(97,'KZ','Kazakhstan','+7 7'),(98,'KE','Kenya','+254'),(99,'KI','Kiribati','+686'),(100,'KW','Kuwait','+965'),(101,'KG','Kyrgyzstan','+996'),(102,'LV','Latvia','+371'),(103,'LB','Lebanon','+961'),(104,'LS','Lesotho','+266'),(105,'LR','Liberia','+231'),(106,'LI','Liechtenstein','+423'),(107,'LT','Lithuania','+370'),(108,'LU','Luxembourg','+352'),(109,'MG','Madagascar','+261'),(110,'MW','Malawi','+265'),(111,'MY','Malaysia','+60'),(112,'MV','Maldives','+960'),(113,'ML','Mali','+223'),(114,'MT','Malta','+356'),(115,'MH','Marshall Islands','+692'),(116,'MQ','Martinique','+596'),(117,'MR','Mauritania','+222'),(118,'MU','Mauritius','+230'),(119,'YT','Mayotte','+262'),(120,'MX','Mexico','+52'),(121,'MC','Monaco','+377'),(122,'MN','Mongolia','+976'),(123,'ME','Montenegro','+382'),(124,'MS','Montserrat','+1664'),(125,'MA','Morocco','+212'),(126,'MM','Myanmar','+95'),(127,'NA','Namibia','+264'),(128,'NR','Nauru','+674'),(129,'NP','Nepal','+977'),(130,'NL','Netherlands','+31'),(131,'AN','Netherlands Antilles','+599'),(132,'NC','New Caledonia','+687'),(133,'NZ','New Zealand','+64'),(134,'NI','Nicaragua','+505'),(135,'NE','Niger','+227'),(136,'NG','Nigeria','+234'),(137,'NU','Niue','+683'),(138,'NF','Norfolk Island','+672'),(139,'MP','Northern Mariana Islands','+1 670'),(140,'NO','Norway','+47'),(141,'OM','Oman','+968'),(142,'PK','Pakistan','+92'),(143,'PW','Palau','+680'),(144,'PA','Panama','+507'),(145,'PG','Papua New Guinea','+675'),(146,'PY','Paraguay','+595'),(147,'PE','Peru','+51'),(148,'PH','Philippines','+63'),(149,'PL','Poland','+48'),(150,'PT','Portugal','+351'),(151,'PR','Puerto Rico','+1 939'),(152,'QA','Qatar','+974'),(153,'RO','Romania','+40'),(154,'RW','Rwanda','+250'),(155,'WS','Samoa','+685'),(156,'SM','San Marino','+378'),(157,'SA','Saudi Arabia','+966'),(158,'SN','Senegal','+221'),(159,'RS','Serbia','+381'),(160,'SC','Seychelles','+248'),(161,'SL','Sierra Leone','+232'),(162,'SG','Singapore','+65'),(163,'SK','Slovakia','+421'),(164,'SI','Slovenia','+386'),(165,'SB','Solomon Islands','+677'),(166,'ZA','South Africa','+27'),(167,'GS','South Georgia and the South Sandwich Islands','+500'),(168,'ES','Spain','+34'),(169,'LK','Sri Lanka','+94'),(170,'SD','Sudan','+249'),(171,'SR','Suriname','+597'),(172,'SZ','Swaziland','+268'),(173,'SE','Sweden','+46'),(174,'CH','Switzerland','+41'),(175,'TJ','Tajikistan','+992'),(176,'TH','Thailand','+66'),(177,'TG','Togo','+228'),(178,'TK','Tokelau','+690'),(179,'TO','Tonga','+676'),(180,'TT','Trinidad and Tobago','+1 868'),(181,'TN','Tunisia','+216'),(182,'TR','Turkey','+90'),(183,'TM','Turkmenistan','+993'),(184,'TC','Turks and Caicos Islands','+1 649'),(185,'TV','Tuvalu','+688'),(186,'UG','Uganda','+256'),(187,'UA','Ukraine','+380'),(188,'AE','United Arab Emirates','+971'),(189,'GB','United Kingdom','+44'),(190,'US','United States','+1'),(191,'UY','Uruguay','+598'),(192,'UZ','Uzbekistan','+998'),(193,'VU','Vanuatu','+678'),(194,'WF','Wallis and Futuna','+681'),(195,'YE','Yemen','+967'),(196,'ZM','Zambia','+260'),(197,'ZW','Zimbabwe','+263'),(198,'AX','land Islands',''),(199,'BO','Bolivia, Plurinational State of','+591'),(200,'BN','Brunei Darussalam','+673'),(201,'CC','Cocos (Keeling) Islands','+61'),(202,'CD','Congo, The Democratic Republic of the','+243'),(203,'CI','Cote d\'Ivoire','+225'),(204,'FK','Falkland Islands (Malvinas)','+500'),(205,'GG','Guernsey','+44'),(206,'VA','Holy See (Vatican City State)','+379'),(207,'HK','Hong Kong','+852'),(208,'IR','Iran, Islamic Republic of','+98'),(209,'IM','Isle of Man','+44'),(210,'JE','Jersey','+44'),(211,'KP','Korea, Democratic People\'s Republic of','+850'),(212,'KR','Korea, Republic of','+82'),(213,'LA','Lao People\'s Democratic Republic','+856'),(214,'LY','Libyan Arab Jamahiriya','+218'),(215,'MO','Macao','+853'),(216,'MK','Macedonia, The Former Yugoslav Republic of','+389'),(217,'FM','Micronesia, Federated States of','+691'),(218,'MD','Moldova, Republic of','+373'),(219,'MZ','Mozambique','+258'),(220,'PS','Palestinian Territory, Occupied','+970'),(221,'PN','Pitcairn','+872'),(222,'RE','Réunion','+262'),(223,'RU','Russia','+7'),(224,'BL','Saint Barthélemy','+590'),(225,'SH','Saint Helena, Ascension and Tristan Da Cunha','+290'),(226,'KN','Saint Kitts and Nevis','+1 869'),(227,'LC','Saint Lucia','+1 758'),(228,'MF','Saint Martin','+590'),(229,'PM','Saint Pierre and Miquelon','+508'),(230,'VC','Saint Vincent and the Grenadines','+1 784'),(231,'ST','Sao Tome and Principe','+239'),(232,'SO','Somalia','+252'),(233,'SJ','Svalbard and Jan Mayen','+47'),(234,'SY','Syrian Arab Republic','+963'),(235,'TW','Taiwan, Province of China','+886'),(236,'TZ','Tanzania, United Republic of','+255'),(237,'TL','Timor-Leste','+670'),(238,'VE','Venezuela, Bolivarian Republic of','+58'),(239,'VN','Viet Nam','+84'),(240,'VG','Virgin Islands, British','+1 284'),(241,'VI','Virgin Islands, U.S.','+1 340');

--
-- Table structure for table `tfa_user_config`
--

CREATE TABLE `tfa_user_config` (
  `config_id` int unsigned NOT NULL AUTO_INCREMENT COMMENT 'TFA admin user ID',
  `user_id` int unsigned NOT NULL COMMENT 'User ID',
  `encoded_providers` text COMMENT 'Encoded providers list',
  `encoded_config` text COMMENT 'Encoded providers configuration',
  `default_provider` varchar(255) DEFAULT NULL COMMENT 'Default provider',
  PRIMARY KEY (`config_id`),
  KEY `TFA_USER_CONFIG_USER_ID_ADMIN_USER_USER_ID` (`user_id`),
  CONSTRAINT `TFA_USER_CONFIG_USER_ID_ADMIN_USER_USER_ID` FOREIGN KEY (`user_id`) REFERENCES `admin_user` (`user_id`) ON DELETE CASCADE
) ENGINE=InnoDB DEFAULT CHARSET=utf8 COMMENT='tfa_user_config';

--
-- Dumping data for table `tfa_user_config`
--


--
-- Table structure for table `theme`
--

CREATE TABLE `theme` (
  `theme_id` int unsigned NOT NULL AUTO_INCREMENT COMMENT 'Theme identifier',
  `parent_id` int DEFAULT NULL COMMENT 'Parent ID',
  `theme_path` varchar(255) DEFAULT NULL COMMENT 'Theme Path',
  `theme_title` varchar(255) NOT NULL COMMENT 'Theme Title',
  `preview_image` varchar(255) DEFAULT NULL COMMENT 'Preview Image',
  `is_featured` tinyint(1) NOT NULL DEFAULT '0' COMMENT 'Is Theme Featured',
  `area` varchar(255) NOT NULL COMMENT 'Theme Area',
  `type` smallint NOT NULL COMMENT 'Theme type: 0:physical, 1:virtual, 2:staging',
  `code` text COMMENT 'Full theme code, including package',
  PRIMARY KEY (`theme_id`)
) ENGINE=InnoDB AUTO_INCREMENT=4 DEFAULT CHARSET=utf8 COMMENT='Core theme';

--
-- Dumping data for table `theme`
--

INSERT INTO `theme` VALUES (1,NULL,'Magento/blank','Magento Blank','preview_image_62e13471d8dd1.jpeg',0,'frontend',0,'Magento/blank'),(2,NULL,'Magento/backend','Magento 2 backend',NULL,0,'adminhtml',0,'Magento/backend'),(3,1,'Magento/luma','Magento Luma','preview_image_62e13471edc52.jpeg',0,'frontend',0,'Magento/luma');

--
-- Table structure for table `theme_file`
--

CREATE TABLE `theme_file` (
  `theme_files_id` int unsigned NOT NULL AUTO_INCREMENT COMMENT 'Theme files identifier',
  `theme_id` int unsigned NOT NULL COMMENT 'Theme ID',
  `file_path` varchar(255) DEFAULT NULL COMMENT 'Relative path to file',
  `file_type` varchar(32) NOT NULL COMMENT 'File Type',
  `content` longtext NOT NULL COMMENT 'File Content',
  `sort_order` smallint NOT NULL DEFAULT '0' COMMENT 'Sort Order',
  `is_temporary` tinyint(1) NOT NULL DEFAULT '0' COMMENT 'Is Temporary File',
  PRIMARY KEY (`theme_files_id`),
  KEY `THEME_FILE_THEME_ID_THEME_THEME_ID` (`theme_id`),
  CONSTRAINT `THEME_FILE_THEME_ID_THEME_THEME_ID` FOREIGN KEY (`theme_id`) REFERENCES `theme` (`theme_id`) ON DELETE CASCADE
) ENGINE=InnoDB DEFAULT CHARSET=utf8 COMMENT='Core theme files';

--
-- Dumping data for table `theme_file`
--


--
-- Table structure for table `translation`
--

CREATE TABLE `translation` (
  `key_id` int unsigned NOT NULL AUTO_INCREMENT COMMENT 'Key ID of Translation',
  `string` varchar(255) NOT NULL DEFAULT 'Translate String' COMMENT 'Translation String',
  `store_id` smallint unsigned NOT NULL DEFAULT '0' COMMENT 'Store ID',
  `translate` varchar(255) DEFAULT NULL COMMENT 'Translate',
  `locale` varchar(20) NOT NULL DEFAULT 'en_US' COMMENT 'Locale',
  `crc_string` bigint NOT NULL DEFAULT '1591228201' COMMENT 'Translation String CRC32 Hash',
  PRIMARY KEY (`key_id`),
  UNIQUE KEY `TRANSLATION_STORE_ID_LOCALE_CRC_STRING_STRING` (`store_id`,`locale`,`crc_string`,`string`),
  CONSTRAINT `TRANSLATION_STORE_ID_STORE_STORE_ID` FOREIGN KEY (`store_id`) REFERENCES `store` (`store_id`) ON DELETE CASCADE
) ENGINE=InnoDB DEFAULT CHARSET=utf8 COMMENT='Translations';

--
-- Dumping data for table `translation`
--


--
-- Table structure for table `ui_bookmark`
--

CREATE TABLE `ui_bookmark` (
  `bookmark_id` int unsigned NOT NULL AUTO_INCREMENT COMMENT 'Bookmark identifier',
  `user_id` int unsigned NOT NULL COMMENT 'User ID',
  `namespace` varchar(255) NOT NULL COMMENT 'Bookmark namespace',
  `identifier` varchar(255) NOT NULL COMMENT 'Bookmark Identifier',
  `current` smallint NOT NULL COMMENT 'Mark current bookmark per user and identifier',
  `title` varchar(255) DEFAULT NULL COMMENT 'Bookmark title',
  `config` longtext COMMENT 'Bookmark config',
  `created_at` datetime NOT NULL DEFAULT CURRENT_TIMESTAMP COMMENT 'Bookmark created at',
  `updated_at` datetime NOT NULL DEFAULT CURRENT_TIMESTAMP ON UPDATE CURRENT_TIMESTAMP COMMENT 'Bookmark updated at',
  PRIMARY KEY (`bookmark_id`),
  KEY `UI_BOOKMARK_USER_ID_NAMESPACE_IDENTIFIER` (`user_id`,`namespace`,`identifier`),
  CONSTRAINT `UI_BOOKMARK_USER_ID_ADMIN_USER_USER_ID` FOREIGN KEY (`user_id`) REFERENCES `admin_user` (`user_id`) ON DELETE CASCADE
) ENGINE=InnoDB DEFAULT CHARSET=utf8 COMMENT='Bookmark';

--
